Test-Unit v0.25 Perl 5 v5.34.0 x86_64-linux-gnu-thread-multi
- Status
- Fail
- From
- Slaven Rezić
- Dist
-
Test-Unit v0.25
- Platform
- Perl 5 v5.34.0 x86_64-linux-gnu-thread-multi
- Date
- 2023-02-13 22:44:38
- ID
- ff3fcc64-abef-11ed-b38d-24156e8775ea
This distribution has been tested as part of the CPAN Testers
project, supporting the Perl programming language. See
http://wiki.cpantesters.org/ for more information or email
questions to cpan-testers-discuss@perl.org
--
Dear Matthew Astley,
This is a computer-generated report for Test-Unit-0.25
on perl 5.34.0, created by CPAN-Reporter-1.2018.
Thank you for uploading your work to CPAN. However, there was a problem
testing your distribution.
If you think this report is invalid, please consult the CPAN Testers Wiki
for suggestions on how to avoid getting FAIL reports for missing library
or binary dependencies, unsupported operating systems, and so on:
http://wiki.cpantesters.org/wiki/CPANAuthorNotes
Sections of this report:
* Tester comments
* Program output
* Prerequisites
* Environment and other context
------------------------------
TESTER COMMENTS
------------------------------
Additional comments from tester:
none provided
------------------------------
PROGRAM OUTPUT
------------------------------
Output from '/usr/bin/make test':
PERL_DL_NONLAZY=1 "/usr/bin/perl" "-MExtUtils::Command::MM" "-MTest::Harness" "-e" "undef *Test::Harness::Switches; test_harness(0, 'blib/lib', 'blib/arch')" t/*.t
Can't use 'defined(@array)' (Maybe you should just omit the defined()?) at /home/cpansand/.cpan/build/2023021321/Test-Unit-0.25-2/blib/lib/Test/Unit/TestCase.pm line 106.
Compilation failed in require at /home/cpansand/.cpan/build/2023021321/Test-Unit-0.25-2/blib/lib/Test/Unit/TestSuite.pm line 15.
BEGIN failed--compilation aborted at /home/cpansand/.cpan/build/2023021321/Test-Unit-0.25-2/blib/lib/Test/Unit/TestSuite.pm line 15.
Compilation failed in require at /home/cpansand/.cpan/build/2023021321/Test-Unit-0.25-2/blib/lib/Test/Unit/Loader.pm line 7.
BEGIN failed--compilation aborted at /home/cpansand/.cpan/build/2023021321/Test-Unit-0.25-2/blib/lib/Test/Unit/Loader.pm line 7.
Compilation failed in require at /home/cpansand/.cpan/build/2023021321/Test-Unit-0.25-2/blib/lib/Test/Unit/Listener.pm line 2.
BEGIN failed--compilation aborted at /home/cpansand/.cpan/build/2023021321/Test-Unit-0.25-2/blib/lib/Test/Unit/Listener.pm line 2.
Compilation failed in require at /usr/lib/x86_64-linux-gnu/perl-base/base.pm line 135.
...propagated at /usr/lib/x86_64-linux-gnu/perl-base/base.pm line 157.
BEGIN failed--compilation aborted at /home/cpansand/.cpan/build/2023021321/Test-Unit-0.25-2/blib/lib/Test/Unit/Runner.pm line 25.
Compilation failed in require at /usr/lib/x86_64-linux-gnu/perl-base/base.pm line 135.
...propagated at /usr/lib/x86_64-linux-gnu/perl-base/base.pm line 157.
BEGIN failed--compilation aborted at /home/cpansand/.cpan/build/2023021321/Test-Unit-0.25-2/blib/lib/Test/Unit/HarnessUnit.pm line 6.
Compilation failed in require at t/all_tests.t line 6.
BEGIN failed--compilation aborted at t/all_tests.t line 6.
t/all_tests.t .....
Dubious, test returned 255 (wstat 65280, 0xff00)
No subtests run
Can't use 'defined(@array)' (Maybe you should just omit the defined()?) at /home/cpansand/.cpan/build/2023021321/Test-Unit-0.25-2/blib/lib/Test/Unit/TestCase.pm line 106.
Compilation failed in require at /home/cpansand/.cpan/build/2023021321/Test-Unit-0.25-2/blib/lib/Test/Unit/TestSuite.pm line 15.
BEGIN failed--compilation aborted at /home/cpansand/.cpan/build/2023021321/Test-Unit-0.25-2/blib/lib/Test/Unit/TestSuite.pm line 15.
Compilation failed in require at /home/cpansand/.cpan/build/2023021321/Test-Unit-0.25-2/blib/lib/Test/Unit/Loader.pm line 7.
BEGIN failed--compilation aborted at /home/cpansand/.cpan/build/2023021321/Test-Unit-0.25-2/blib/lib/Test/Unit/Loader.pm line 7.
Compilation failed in require at /home/cpansand/.cpan/build/2023021321/Test-Unit-0.25-2/blib/lib/Test/Unit/Listener.pm line 2.
BEGIN failed--compilation aborted at /home/cpansand/.cpan/build/2023021321/Test-Unit-0.25-2/blib/lib/Test/Unit/Listener.pm line 2.
Compilation failed in require at /usr/lib/x86_64-linux-gnu/perl-base/base.pm line 135.
...propagated at /usr/lib/x86_64-linux-gnu/perl-base/base.pm line 157.
BEGIN failed--compilation aborted at /home/cpansand/.cpan/build/2023021321/Test-Unit-0.25-2/blib/lib/Test/Unit/Runner.pm line 25.
Compilation failed in require at /usr/lib/x86_64-linux-gnu/perl-base/base.pm line 135.
...propagated at /usr/lib/x86_64-linux-gnu/perl-base/base.pm line 157.
BEGIN failed--compilation aborted at /home/cpansand/.cpan/build/2023021321/Test-Unit-0.25-2/blib/lib/Test/Unit/HarnessUnit.pm line 6.
Compilation failed in require at t/assert.t line 5.
BEGIN failed--compilation aborted at t/assert.t line 5.
t/assert.t ........
Dubious, test returned 255 (wstat 65280, 0xff00)
No subtests run
# Test 1 got: "Can't use 'defined(@array)' (Maybe you should just omit the defined()?) at /home/cpansand/.cpan/build/2023021321/Test-Unit-0.25-2/blib/lib/Test/Unit/TestCase.pm line 106.\n# Compilation failed in require at /home/cpansand/.cpan/build/2023021321/Test-Unit-0.25-2/blib/lib/Test/Unit/TestSuite.pm line 15.\n# BEGIN failed--compilation aborted at /home/cpansand/.cpan/build/2023021321/Test-Unit-0.25-2/blib/lib/Test/Unit/TestSuite.pm line 15.\n# Compilation failed in require at /home/cpansand/.cpan/build/2023021321/Test-Unit-0.25-2/blib/lib/Test/Unit/Loader.pm line 7.\n# BEGIN failed--compilation aborted at /home/cpansand/.cpan/build/2023021321/Test-Unit-0.25-2/blib/lib/Test/Unit/Loader.pm line 7.\n# Compilation failed in require at /home/cpansand/.cpan/build/2023021321/Test-Unit-0.25-2/blib/lib/Test/Unit/Listener.pm line 2.\n# BEGIN failed--compilation aborted at /home/cpansand/.cpan/build/2023021321/Test-Unit-0.25-2/blib/lib/Test/Unit/Listener.pm line 2.\n# Compilation failed in require at /usr/lib/x86_64-linux-gnu/perl-base/base.pm line 135.\n# \t...propagated at /usr/lib/x86_64-linux-gnu/perl-base/base.pm line 157.\n# BEGIN failed--compilation aborted at /home/cpansand/.cpan/build/2023021321/Test-Unit-0.25-2/blib/lib/Test/Unit/Runner.pm line 25.\n# Compilation failed in require at /usr/lib/x86_64-linux-gnu/perl-base/base.pm line 135.\n# \t...propagated at /usr/lib/x86_64-linux-gnu/perl-base/base.pm line 157.\n# BEGIN failed--compilation aborted at /home/cpansand/.cpan/build/2023021321/Test-Unit-0.25-2/blib/lib/Test/Unit/TestRunner.pm line 4.\n# Compilation failed in require at ./TestRunner.pl line 6.\n# BEGIN failed--compilation aborted at ./TestRunner.pl line 6.\n# " (t/try_examples.t at line 106)
# Expected: "Suite setup\n# TEST-RUN-SUMMARY\n# \n# TIME-SUMMARY\n# \n# !!!FAILURES!!!\n# Test Results:\n# Run: 2, Failures: 1, Errors: 0\n# \n# There was 1 failure:\n# 1) examples/fail_example.pm:19 - test_fail(fail_example)\n# Born to lose ...\n# \n# Test was not successful.\n# "
# Lines 1-14 are changed:
# - "Suite setup\n"
# + "Can't use 'defined(@array)' (Maybe you should just omit the defined()?) at /home/cpansand/.cpan/build/2023021321/Test-Unit-0.25-2/blib/lib/Test/Unit/TestCase.pm line 106.\n"
# - "# TEST-RUN-SUMMARY\n"
# + "# Compilation failed in require at /home/cpansand/.cpan/build/2023021321/Test-Unit-0.25-2/blib/lib/Test/Unit/TestSuite.pm line 15.\n"
# - "# \n"
# + "# BEGIN failed--compilation aborted at /home/cpansand/.cpan/build/2023021321/Test-Unit-0.25-2/blib/lib/Test/Unit/TestSuite.pm line 15.\n"
# - "# TIME-SUMMARY\n"
# + "# Compilation failed in require at /home/cpansand/.cpan/build/2023021321/Test-Unit-0.25-2/blib/lib/Test/Unit/Loader.pm line 7.\n"
# - "# \n"
# + "# BEGIN failed--compilation aborted at /home/cpansand/.cpan/build/2023021321/Test-Unit-0.25-2/blib/lib/Test/Unit/Loader.pm line 7.\n"
# - "# !!!FAILURES!!!\n"
# + "# Compilation failed in require at /home/cpansand/.cpan/build/2023021321/Test-Unit-0.25-2/blib/lib/Test/Unit/Listener.pm line 2.\n"
# - "# Test Results:\n"
# + "# BEGIN failed--compilation aborted at /home/cpansand/.cpan/build/2023021321/Test-Unit-0.25-2/blib/lib/Test/Unit/Listener.pm line 2.\n"
# - "# Run: 2, Failures: 1, Errors: 0\n"
# + "# Compilation failed in require at /usr/lib/x86_64-linux-gnu/perl-base/base.pm line 135.\n"
# - "# \n"
# + "# \t...propagated at /usr/lib/x86_64-linux-gnu/perl-base/base.pm line 157.\n"
# - "# There was 1 failure:\n"
# + "# BEGIN failed--compilation aborted at /home/cpansand/.cpan/build/2023021321/Test-Unit-0.25-2/blib/lib/Test/Unit/Runner.pm line 25.\n"
# - "# 1) examples/fail_example.pm:19 - test_fail(fail_example)\n"
# + "# Compilation failed in require at /usr/lib/x86_64-linux-gnu/perl-base/base.pm line 135.\n"
# - "# Born to lose ...\n"
# + "# \t...propagated at /usr/lib/x86_64-linux-gnu/perl-base/base.pm line 157.\n"
# - "# \n"
# + "# BEGIN failed--compilation aborted at /home/cpansand/.cpan/build/2023021321/Test-Unit-0.25-2/blib/lib/Test/Unit/TestRunner.pm line 4.\n"
# - "# Test was not successful.\n"
# + "# Compilation failed in require at ./TestRunner.pl line 6.\n"
# Got 1 extra line at line 15:
# + "# BEGIN failed--compilation aborted at ./TestRunner.pl line 6.\n"
# t/try_examples.t line 106 is: ok($out, $guru_checked{$e});
# Test 2 got: "Can't use 'defined(@array)' (Maybe you should just omit the defined()?) at /home/cpansand/.cpan/build/2023021321/Test-Unit-0.25-2/blib/lib/Test/Unit/TestCase.pm line 106.\n# Compilation failed in require at /home/cpansand/.cpan/build/2023021321/Test-Unit-0.25-2/blib/lib/Test/Unit/TestSuite.pm line 15.\n# BEGIN failed--compilation aborted at /home/cpansand/.cpan/build/2023021321/Test-Unit-0.25-2/blib/lib/Test/Unit/TestSuite.pm line 15.\n# Compilation failed in require at /home/cpansand/.cpan/build/2023021321/Test-Unit-0.25-2/blib/lib/Test/Unit/Procedural.pm line 5.\n# BEGIN failed--compilation aborted at /home/cpansand/.cpan/build/2023021321/Test-Unit-0.25-2/blib/lib/Test/Unit/Procedural.pm line 5.\n# Compilation failed in require at examples/patch100132 line 6.\n# BEGIN failed--compilation aborted at examples/patch100132 line 6.\n# " (t/try_examples.t at line 106 fail #2)
# Expected: "...\n# TIME-SUMMARY\n# \n# OK (3 tests)\n# "
# Lines 1-4 are changed:
# - "...\n"
# + "Can't use 'defined(@array)' (Maybe you should just omit the defined()?) at /home/cpansand/.cpan/build/2023021321/Test-Unit-0.25-2/blib/lib/Test/Unit/TestCase.pm line 106.\n"
# - "# TIME-SUMMARY\n"
# + "# Compilation failed in require at /home/cpansand/.cpan/build/2023021321/Test-Unit-0.25-2/blib/lib/Test/Unit/TestSuite.pm line 15.\n"
# - "# \n"
# + "# BEGIN failed--compilation aborted at /home/cpansand/.cpan/build/2023021321/Test-Unit-0.25-2/blib/lib/Test/Unit/TestSuite.pm line 15.\n"
# - "# OK (3 tests)\n"
# + "# Compilation failed in require at /home/cpansand/.cpan/build/2023021321/Test-Unit-0.25-2/blib/lib/Test/Unit/Procedural.pm line 5.\n"
# Got 3 extra lines at line 5:
# + "# BEGIN failed--compilation aborted at /home/cpansand/.cpan/build/2023021321/Test-Unit-0.25-2/blib/lib/Test/Unit/Procedural.pm line 5.\n"
# + "# Compilation failed in require at examples/patch100132 line 6.\n"
# + "# BEGIN failed--compilation aborted at examples/patch100132 line 6.\n"
# Test 3 got: "Can't use 'defined(@array)' (Maybe you should just omit the defined()?) at /home/cpansand/.cpan/build/2023021321/Test-Unit-0.25-2/blib/lib/Test/Unit/TestCase.pm line 106.\n# Compilation failed in require at /home/cpansand/.cpan/build/2023021321/Test-Unit-0.25-2/blib/lib/Test/Unit/TestSuite.pm line 15.\n# BEGIN failed--compilation aborted at /home/cpansand/.cpan/build/2023021321/Test-Unit-0.25-2/blib/lib/Test/Unit/TestSuite.pm line 15.\n# Compilation failed in require at /home/cpansand/.cpan/build/2023021321/Test-Unit-0.25-2/blib/lib/Test/Unit/Procedural.pm line 5.\n# BEGIN failed--compilation aborted at /home/cpansand/.cpan/build/2023021321/Test-Unit-0.25-2/blib/lib/Test/Unit/Procedural.pm line 5.\n# Compilation failed in require at examples/patch100132-1 line 6.\n# BEGIN failed--compilation aborted at examples/patch100132-1 line 6.\n# " (t/try_examples.t at line 106 fail #3)
# Expected: "...\n# TIME-SUMMARY\n# \n# OK (3 tests)\n# "
# Lines 1-4 are changed:
# - "...\n"
# + "Can't use 'defined(@array)' (Maybe you should just omit the defined()?) at /home/cpansand/.cpan/build/2023021321/Test-Unit-0.25-2/blib/lib/Test/Unit/TestCase.pm line 106.\n"
# - "# TIME-SUMMARY\n"
# + "# Compilation failed in require at /home/cpansand/.cpan/build/2023021321/Test-Unit-0.25-2/blib/lib/Test/Unit/TestSuite.pm line 15.\n"
# - "# \n"
# + "# BEGIN failed--compilation aborted at /home/cpansand/.cpan/build/2023021321/Test-Unit-0.25-2/blib/lib/Test/Unit/TestSuite.pm line 15.\n"
# - "# OK (3 tests)\n"
# + "# Compilation failed in require at /home/cpansand/.cpan/build/2023021321/Test-Unit-0.25-2/blib/lib/Test/Unit/Procedural.pm line 5.\n"
# Got 3 extra lines at line 5:
# + "# BEGIN failed--compilation aborted at /home/cpansand/.cpan/build/2023021321/Test-Unit-0.25-2/blib/lib/Test/Unit/Procedural.pm line 5.\n"
# + "# Compilation failed in require at examples/patch100132-1 line 6.\n"
# + "# BEGIN failed--compilation aborted at examples/patch100132-1 line 6.\n"
# Test 4 got: "Can't use 'defined(@array)' (Maybe you should just omit the defined()?) at /home/cpansand/.cpan/build/2023021321/Test-Unit-0.25-2/blib/lib/Test/Unit/TestCase.pm line 106.\n# Compilation failed in require at /home/cpansand/.cpan/build/2023021321/Test-Unit-0.25-2/blib/lib/Test/Unit/TestSuite.pm line 15.\n# BEGIN failed--compilation aborted at /home/cpansand/.cpan/build/2023021321/Test-Unit-0.25-2/blib/lib/Test/Unit/TestSuite.pm line 15.\n# Compilation failed in require at /home/cpansand/.cpan/build/2023021321/Test-Unit-0.25-2/blib/lib/Test/Unit/Procedural.pm line 5.\n# BEGIN failed--compilation aborted at /home/cpansand/.cpan/build/2023021321/Test-Unit-0.25-2/blib/lib/Test/Unit/Procedural.pm line 5.\n# Compilation failed in require at examples/patch100132-2 line 6.\n# BEGIN failed--compilation aborted at examples/patch100132-2 line 6.\n# " (t/try_examples.t at line 106 fail #4)
# Expected: "...\n# TIME-SUMMARY\n# \n# OK (3 tests)\n# "
# Lines 1-4 are changed:
# - "...\n"
# + "Can't use 'defined(@array)' (Maybe you should just omit the defined()?) at /home/cpansand/.cpan/build/2023021321/Test-Unit-0.25-2/blib/lib/Test/Unit/TestCase.pm line 106.\n"
# - "# TIME-SUMMARY\n"
# + "# Compilation failed in require at /home/cpansand/.cpan/build/2023021321/Test-Unit-0.25-2/blib/lib/Test/Unit/TestSuite.pm line 15.\n"
# - "# \n"
# + "# BEGIN failed--compilation aborted at /home/cpansand/.cpan/build/2023021321/Test-Unit-0.25-2/blib/lib/Test/Unit/TestSuite.pm line 15.\n"
# - "# OK (3 tests)\n"
# + "# Compilation failed in require at /home/cpansand/.cpan/build/2023021321/Test-Unit-0.25-2/blib/lib/Test/Unit/Procedural.pm line 5.\n"
# Got 3 extra lines at line 5:
# + "# BEGIN failed--compilation aborted at /home/cpansand/.cpan/build/2023021321/Test-Unit-0.25-2/blib/lib/Test/Unit/Procedural.pm line 5.\n"
# + "# Compilation failed in require at examples/patch100132-2 line 6.\n"
# + "# BEGIN failed--compilation aborted at examples/patch100132-2 line 6.\n"
t/try_examples.t ..
Failed 4/4 subtests
Test Summary Report
-------------------
t/all_tests.t (Wstat: 65280 Tests: 0 Failed: 0)
Non-zero exit status: 255
Parse errors: No plan found in TAP output
t/assert.t (Wstat: 65280 Tests: 0 Failed: 0)
Non-zero exit status: 255
Parse errors: No plan found in TAP output
t/try_examples.t (Wstat: 0 Tests: 4 Failed: 4)
Failed tests: 1-4
Files=3, Tests=4, 1 wallclock secs ( 0.01 usr 0.01 sys + 0.14 cusr 0.02 csys = 0.18 CPU)
Result: FAIL
Failed 3/3 test programs. 4/4 subtests failed.
make: *** [Makefile:932: test_dynamic] Error 255
------------------------------
PREREQUISITES
------------------------------
Prerequisite modules loaded:
requires:
Module Need Have
------------------- ---- --------
base 1 2.27
Class::Inner 0 0.200001
Devel::Symdump 0 2.18
Error 0 0.17029
build_requires:
Module Need Have
------------------- ---- --------
ExtUtils::MakeMaker 0 7.62
------------------------------
ENVIRONMENT AND OTHER CONTEXT
------------------------------
Environment variables:
LANG = en_US.UTF-8
PATH = /usr/local/bin:/usr/bin:/bin:/usr/local/sbin:/usr/sbin:/sbin:/home/cpansand/bin/linux-gnu:/home/cpansand/bin/sh:/home/cpansand/bin:/usr/games:/home/cpansand/devel:/home/eserte/src/srezic-misc/scripts
PERL5LIB = /home/cpansand/.local/share/.cpan/build/2023021321/Devel-Symdump-2.18-0/blib/arch:/home/cpansand/.local/share/.cpan/build/2023021321/Devel-Symdump-2.18-0/blib/lib:/home/cpansand/.local/share/.cpan/build/2023021321/Class-Inner-0.200001-2/blib/arch:/home/cpansand/.local/share/.cpan/build/2023021321/Class-Inner-0.200001-2/blib/lib:/home/cpansand/.local/share/.cpan/build/2023021321/Encode-Detect-1.01-2/blib/arch:/home/cpansand/.local/share/.cpan/build/2023021321/Encode-Detect-1.01-2/blib/lib:/home/cpansand/.local/share/.cpan/build/2023021321/DBD-mysql-4.050-2/blib/arch:/home/cpansand/.local/share/.cpan/build/2023021321/DBD-mysql-4.050-2/blib/lib:/home/cpansand/.local/share/.cpan/build/2023021321/Devel-CheckLib-1.16-0/blib/arch:/home/cpansand/.local/share/.cpan/build/2023021321/Devel-CheckLib-1.16-0/blib/lib:/home/cpansand/.local/share/.cpan/build/2023021321/Mock-Config-0.03-0/blib/arch:/home/cpansand/.local/share/.cpan/build/2023021321/Mock-Config-0.03-0/blib/lib
PERL5OPT =
PERL5_CPANPLUS_IS_RUNNING = 657999
PERL5_CPAN_IS_RUNNING = 657999
PERL5_CPAN_IS_RUNNING_IN_RECURSION = 657883,657999
PERLDOC = -MPod::Perldoc::ToTextOverstrike
PERL_BATCH = yes
PERL_CANARY_STABILITY_NOPROMPT = 1
PERL_CPAN_REPORTER_CONFIG = /var/tmp/cpansmoker-1023/2023021321/cpanreporter_000_config.ini
PERL_EXTUTILS_AUTOINSTALL = --defaultdeps
PERL_USE_UNSAFE_INC = 1
SHELL = /usr/bin/zsh
TERM = screen
TMPDIR = /var/tmp/cpansmoker-1023/2023021321
Perl special variables (and OS-specific diagnostics, for MSWin32):
$^X = /usr/bin/perl
$UID/$EUID = 1023 / 1023
$GID = 1023 1023
$EGID = 1023 1023
Perl module toolchain versions installed:
Module Have
------------------- --------
CPAN 2.28
CPAN::Meta 2.150010
Cwd 3.80
ExtUtils::CBuilder 0.280236
ExtUtils::Command 7.62
ExtUtils::Install 2.20
ExtUtils::MakeMaker 7.62
ExtUtils::Manifest 1.73
ExtUtils::ParseXS 3.43
File::Spec 3.80
JSON 4.04
JSON::PP 4.06
Module::Build 0.4231
Module::Signature 0.88
Parse::CPAN::Meta 2.150010
Test::Harness 3.43
Test::More 1.302183
YAML 1.30
YAML::Syck 1.34
version 0.9928
--
Summary of my perl5 (revision 5 version 34 subversion 0) configuration:
Platform:
osname=linux
osvers=4.19.0
archname=x86_64-linux-gnu-thread-multi
uname='linux localhost 4.19.0 #1 smp debian 4.19.0 x86_64 gnulinux '
config_args='-Dmksymlinks -Dusethreads -Duselargefiles -Dcc=x86_64-linux-gnu-gcc -Dcpp=x86_64-linux-gnu-cpp -Dld=x86_64-linux-gnu-gcc -Dccflags=-DDEBIAN -Wdate-time -D_FORTIFY_SOURCE=2 -g -O2 -ffile-prefix-map=/dummy/build/dir=. -flto=auto -ffat-lto-objects -flto=auto -ffat-lto-objects -fstack-protector-strong -Wformat -Werror=format-security -Dldflags= -Wl,-Bsymbolic-functions -flto=auto -ffat-lto-objects -flto=auto -Wl,-z,relro -Dlddlflags=-shared -Wl,-Bsymbolic-functions -flto=auto -ffat-lto-objects -flto=auto -Wl,-z,relro -Dcccdlflags=-fPIC -Darchname=x86_64-linux-gnu -Dprefix=/usr -Dprivlib=/usr/share/perl/5.34 -Darchlib=/usr/lib/x86_64-linux-gnu/perl/5.34 -Dvendorprefix=/usr -Dvendorlib=/usr/share/perl5 -Dvendorarch=/usr/lib/x86_64-linux-gnu/perl5/5.34 -Dsiteprefix=/usr/local -Dsitelib=/usr/local/share/perl/5.34.0 -Dsitearch=/usr/local/lib/x86_64-linux-gnu/perl/5.34.0 -Dman1dir=/usr/share/man/man1 -Dman3dir=/usr/share/man/man3 -Dsiteman1dir=/usr/local/man/man1 -Dsiteman3dir=/usr/local/man/man3 -Duse64bitint -Dman1ext=1 -Dman3ext=3perl -Dpager=/usr/bin/sensible-pager -Uafs -Ud_csh -Ud_ualarm -Uusesfio -Uusenm -Ui_libutil -Ui_xlocale -Uversiononly -DDEBUGGING=-g -Doptimize=-O2 -dEs -Duseshrplib -Dlibperl=libperl.so.5.34.0'
hint=recommended
useposix=true
d_sigaction=define
useithreads=define
usemultiplicity=define
use64bitint=define
use64bitall=define
uselongdouble=undef
usemymalloc=n
default_inc_excludes_dot=define
Compiler:
cc='x86_64-linux-gnu-gcc'
ccflags ='-D_REENTRANT -D_GNU_SOURCE -DDEBIAN -fwrapv -fno-strict-aliasing -pipe -I/usr/local/include -D_LARGEFILE_SOURCE -D_FILE_OFFSET_BITS=64'
optimize='-O2 -g'
cppflags='-D_REENTRANT -D_GNU_SOURCE -DDEBIAN -fwrapv -fno-strict-aliasing -pipe -I/usr/local/include'
ccversion=''
gccversion='11.2.0'
gccosandvers=''
intsize=4
longsize=8
ptrsize=8
doublesize=8
byteorder=12345678
doublekind=3
d_longlong=define
longlongsize=8
d_longdbl=define
longdblsize=16
longdblkind=3
ivtype='long'
ivsize=8
nvtype='double'
nvsize=8
Off_t='off_t'
lseeksize=8
alignbytes=8
prototype=define
Linker and Libraries:
ld='x86_64-linux-gnu-gcc'
ldflags =' -fstack-protector-strong -L/usr/local/lib'
libpth=/usr/local/lib /usr/lib/x86_64-linux-gnu /usr/lib /lib/x86_64-linux-gnu /lib
libs=-lgdbm -lgdbm_compat -ldb -ldl -lm -lpthread -lc -lcrypt
perllibs=-ldl -lm -lpthread -lc -lcrypt
libc=/lib/x86_64-linux-gnu/libc.so.6
so=so
useshrplib=true
libperl=libperl.so.5.34
gnulibc_version='2.35'
Dynamic Linking:
dlsrc=dl_dlopen.xs
dlext=so
d_dlsymun=undef
ccdlflags='-Wl,-E'
cccdlflags='-fPIC'
lddlflags='-shared -L/usr/local/lib -fstack-protector-strong'
Characteristics of this binary (from libperl):
Compile-time options:
HAS_TIMES
MULTIPLICITY
PERLIO_LAYERS
PERL_COPY_ON_WRITE
PERL_DONT_CREATE_GVSV
PERL_IMPLICIT_CONTEXT
PERL_MALLOC_WRAP
PERL_OP_PARENT
PERL_PRESERVE_IVUV
USE_64_BIT_ALL
USE_64_BIT_INT
USE_ITHREADS
USE_LARGE_FILES
USE_LOCALE
USE_LOCALE_COLLATE
USE_LOCALE_CTYPE
USE_LOCALE_NUMERIC
USE_LOCALE_TIME
USE_PERLIO
USE_PERL_ATOF
USE_REENTRANT_API
USE_THREAD_SAFE_LOCALE
Locally applied patches:
DEBPKG:debian/cpan_definstalldirs - Provide a sensible INSTALLDIRS default for modules installed from CPAN.
DEBPKG:debian/db_file_ver - https://bugs.debian.org/340047 Remove overly restrictive DB_File version check.
DEBPKG:debian/doc_info - Replace generic man(1) instructions with Debian-specific information.
DEBPKG:debian/enc2xs_inc - https://bugs.debian.org/290336 Tweak enc2xs to follow symlinks and ignore missing @INC directories.
DEBPKG:debian/errno_ver - https://bugs.debian.org/343351 Remove Errno version check due to upgrade problems with long-running processes.
DEBPKG:debian/libperl_embed_doc - https://bugs.debian.org/186778 Note that libperl-dev package is required for embedded linking
DEBPKG:fixes/respect_umask - Respect umask during installation
DEBPKG:debian/writable_site_dirs - Set umask approproately for site install directories
DEBPKG:debian/extutils_set_libperl_path - EU:MM: set location of libperl.a under /usr/lib
DEBPKG:debian/no_packlist_perllocal - Don't install .packlist or perllocal.pod for perl or vendor
DEBPKG:debian/fakeroot - Postpone LD_LIBRARY_PATH evaluation to the binary targets.
DEBPKG:debian/instmodsh_doc - Debian policy doesn't install .packlist files for core or vendor.
DEBPKG:debian/ld_run_path - Remove standard libs from LD_RUN_PATH as per Debian policy.
DEBPKG:debian/libnet_config_path - Set location of libnet.cfg to /etc/perl/Net as /usr may not be writable.
DEBPKG:debian/perlivp - https://bugs.debian.org/510895 Make perlivp skip include directories in /usr/local
DEBPKG:debian/squelch-locale-warnings - https://bugs.debian.org/508764 Squelch locale warnings in Debian package maintainer scripts
DEBPKG:debian/patchlevel - https://bugs.debian.org/567489 List packaged patches for 5.34.0-3ubuntu1.1 in patchlevel.h
DEBPKG:fixes/document_makemaker_ccflags - https://bugs.debian.org/628522 [rt.cpan.org #68613] Document that CCFLAGS should include $Config{ccflags}
DEBPKG:debian/find_html2text - https://bugs.debian.org/640479 Configure CPAN::Distribution with correct name of html2text
DEBPKG:debian/perl5db-x-terminal-emulator.patch - https://bugs.debian.org/668490 Invoke x-terminal-emulator rather than xterm in perl5db.pl
DEBPKG:debian/cpan-missing-site-dirs - https://bugs.debian.org/688842 Fix CPAN::FirstTime defaults with nonexisting site dirs if a parent is writable
DEBPKG:fixes/memoize_storable_nstore - [rt.cpan.org #77790] https://bugs.debian.org/587650 Memoize::Storable: respect 'nstore' option not respected
DEBPKG:debian/makemaker-pasthru - https://bugs.debian.org/758471 Pass LD settings through to subdirectories
DEBPKG:debian/makemaker-manext - https://bugs.debian.org/247370 Make EU::MakeMaker honour MANnEXT settings in generated manpage headers
DEBPKG:debian/kfreebsd-softupdates - https://bugs.debian.org/796798 Work around Debian Bug#796798
DEBPKG:fixes/memoize-pod - [rt.cpan.org #89441] Fix POD errors in Memoize
DEBPKG:debian/hurd-softupdates - https://bugs.debian.org/822735 Fix t/op/stat.t failures on hurd
DEBPKG:fixes/math_complex_doc_great_circle - https://bugs.debian.org/697567 [rt.cpan.org #114104] Math::Trig: clarify definition of great_circle_midpoint
DEBPKG:fixes/math_complex_doc_see_also - https://bugs.debian.org/697568 [rt.cpan.org #114105] Math::Trig: add missing SEE ALSO
DEBPKG:fixes/math_complex_doc_angle_units - https://bugs.debian.org/731505 [rt.cpan.org #114106] Math::Trig: document angle units
DEBPKG:fixes/cpan_web_link - https://bugs.debian.org/367291 CPAN: Add link to main CPAN web site
DEBPKG:debian/hppa_op_optimize_workaround - https://bugs.debian.org/838613 Temporarily lower the optimization of op.c on hppa due to gcc-6 problems
DEBPKG:debian/installman-utf8 - https://bugs.debian.org/840211 Generate man pages with UTF-8 characters
DEBPKG:debian/hppa_opmini_optimize_workaround - https://bugs.debian.org/869122 Lower the optimization level of opmini.c on hppa
DEBPKG:debian/sh4_op_optimize_workaround - https://bugs.debian.org/869373 Also lower the optimization level of op.c and opmini.c on sh4
DEBPKG:debian/perldoc-pager - https://bugs.debian.org/870340 [rt.cpan.org #120229] Fix perldoc terminal escapes when sensible-pager is less
DEBPKG:debian/prune_libs - https://bugs.debian.org/128355 Prune the list of libraries wanted to what we actually need.
DEBPKG:debian/mod_paths - Tweak @INC ordering for Debian
DEBPKG:debian/deprecate-with-apt - https://bugs.debian.org/747628 Point users to Debian packages of deprecated core modules
DEBPKG:debian/disable-stack-check - https://bugs.debian.org/902779 [GH #16607] Disable debugperl stack extension checks for binary compatibility with perl
DEBPKG:debian/perlbug-editor - https://bugs.debian.org/922609 Use "editor" as the default perlbug editor, as per Debian policy
DEBPKG:debian/eu-mm-perl-base - https://bugs.debian.org/962138 Suppress an ExtUtils::MakeMaker warning about our non-default @INC
DEBPKG:fixes/io_socket_ip_ipv6 - Disable getaddrinfo(3) AI_ADDRCONFIG for localhost and IPv4 numeric addresses
DEBPKG:debian/usrmerge-lib64 - https://bugs.debian.org/914128 Configure / libpth.U: Do not adjust glibpth when /usr/lib64 is present.
DEBPKG:debian/usrmerge-realpath - https://bugs.debian.org/914128 Configure / libpth.U: use realpath --no-symlinks on Debian
DEBPKG:debian/configure-regen - https://bugs.debian.org/762638 Regenerate Configure et al. after probe unit changes
DEBPKG:fixes/x32-io-msg-skip - https://bugs.debian.org/922609 Skip io/msg.t on x32 due to broken System V message queues
DEBPKG:fixes/encode-CVE-2021-36770 - mitigate @INC pollution when loading ConfigLocal
DEBPKG:fixes/gdbm-1.20 - https://bugs.debian.org/993514 [GH #18915] Fix GDBM_File to compile with version 1.20 and earlier
DEBPKG:disable-libperl-tests -
DEBPKG:CVE-2020-16156-1.patch - [PATCH] bugfix: signature verification type CANNOT_VERIFY was not recognized
DEBPKG:CVE-2020-16156-2.patch - [PATCH] Add two new failure modes based on cpan_path
DEBPKG:CVE-2020-16156-3.patch - [PATCH] use gpg --verify --output ... to disentangle data and signature
DEBPKG:CVE-2020-16156-4.patch - [PATCH] replacing die with mydie in three spots
DEBPKG:CVE-2020-16156-5.patch - [PATCH] disambiguate the call to gpg --output by adding --verify
DEBPKG:CVE-2020-16156-6.patch - [PATCH] s/gpg/$gpg/ in system, add quotes where needed
DEBPKG:CVE-2020-16156-7.patch - [PATCH] s,/dev/null,$devnull,
Built under linux
Compiled at Oct 4 2022 18:16:23
%ENV:
PERL5LIB="/home/cpansand/.local/share/.cpan/build/2023021321/Devel-Symdump-2.18-0/blib/arch:/home/cpansand/.local/share/.cpan/build/2023021321/Devel-Symdump-2.18-0/blib/lib:/home/cpansand/.local/share/.cpan/build/2023021321/Class-Inner-0.200001-2/blib/arch:/home/cpansand/.local/share/.cpan/build/2023021321/Class-Inner-0.200001-2/blib/lib:/home/cpansand/.local/share/.cpan/build/2023021321/Encode-Detect-1.01-2/blib/arch:/home/cpansand/.local/share/.cpan/build/2023021321/Encode-Detect-1.01-2/blib/lib:/home/cpansand/.local/share/.cpan/build/2023021321/DBD-mysql-4.050-2/blib/arch:/home/cpansand/.local/share/.cpan/build/2023021321/DBD-mysql-4.050-2/blib/lib:/home/cpansand/.local/share/.cpan/build/2023021321/Devel-CheckLib-1.16-0/blib/arch:/home/cpansand/.local/share/.cpan/build/2023021321/Devel-CheckLib-1.16-0/blib/lib:/home/cpansand/.local/share/.cpan/build/2023021321/Mock-Config-0.03-0/blib/arch:/home/cpansand/.local/share/.cpan/build/2023021321/Mock-Config-0.03-0/blib/lib"
PERL5OPT=""
PERL5_CPANPLUS_IS_RUNNING="657999"
PERL5_CPAN_IS_RUNNING="657999"
PERL5_CPAN_IS_RUNNING_IN_RECURSION="657883,657999"
PERLDOC="-MPod::Perldoc::ToTextOverstrike"
PERL_BATCH="yes"
PERL_CANARY_STABILITY_NOPROMPT="1"
PERL_CPAN_REPORTER_CONFIG="/var/tmp/cpansmoker-1023/2023021321/cpanreporter_000_config.ini"
PERL_EXTUTILS_AUTOINSTALL="--defaultdeps"
PERL_USE_UNSAFE_INC="1"
@INC:
/home/cpansand/.local/share/.cpan/build/2023021321/Devel-Symdump-2.18-0/blib/arch
/home/cpansand/.local/share/.cpan/build/2023021321/Devel-Symdump-2.18-0/blib/lib
/home/cpansand/.local/share/.cpan/build/2023021321/Class-Inner-0.200001-2/blib/arch
/home/cpansand/.local/share/.cpan/build/2023021321/Class-Inner-0.200001-2/blib/lib
/home/cpansand/.local/share/.cpan/build/2023021321/Encode-Detect-1.01-2/blib/arch
/home/cpansand/.local/share/.cpan/build/2023021321/Encode-Detect-1.01-2/blib/lib
/home/cpansand/.local/share/.cpan/build/2023021321/DBD-mysql-4.050-2/blib/arch
/home/cpansand/.local/share/.cpan/build/2023021321/DBD-mysql-4.050-2/blib/lib
/home/cpansand/.local/share/.cpan/build/2023021321/Devel-CheckLib-1.16-0/blib/arch
/home/cpansand/.local/share/.cpan/build/2023021321/Devel-CheckLib-1.16-0/blib/lib
/home/cpansand/.local/share/.cpan/build/2023021321/Mock-Config-0.03-0/blib/arch
/home/cpansand/.local/share/.cpan/build/2023021321/Mock-Config-0.03-0/blib/lib
/etc/perl
/usr/local/lib/x86_64-linux-gnu/perl/5.34.0
/usr/local/share/perl/5.34.0
/usr/lib/x86_64-linux-gnu/perl5/5.34
/usr/share/perl5
/usr/lib/x86_64-linux-gnu/perl-base
/usr/lib/x86_64-linux-gnu/perl/5.34
/usr/share/perl/5.34
/usr/local/lib/site_perl
.