Beekeeper v0.04 Perl 5 v5.14.2 x86_64-linux-thread-multi
- Status
- Fail
- From
- Chris Williams (BINGOS)
- Dist
-
Beekeeper v0.04
- Platform
- Perl 5 v5.14.2 x86_64-linux-thread-multi
- Date
- 2021-06-12 16:41:11
- ID
- fea0286a-cb9c-11eb-bc66-57723b537541
This distribution has been tested as part of the CPAN Testers
project, supporting the Perl programming language. See
http://wiki.cpantesters.org/ for more information or email
questions to cpan-testers-discuss@perl.org
--
Dear JMICO,
This is a computer-generated error report created automatically by
CPANPLUS, version 0.9910. Testers personal comments may appear
at the end of this report.
Thank you for uploading your work to CPAN. However, it appears that
there were some problems testing your distribution.
TEST RESULTS:
Below is the error stack from stage 'make test':
Skip blib/lib/auto/share/dist/Beekeeper/websocket/config/client.config.json (unchanged)
Skip blib/lib/auto/share/dist/Beekeeper/chat/config/toybroker.config.json (unchanged)
Skip blib/lib/auto/share/dist/Beekeeper/chat/lib/MyApp/Service/Base.pm (unchanged)
Skip blib/lib/auto/share/dist/Beekeeper/chat/config/client.config.json (unchanged)
Skip blib/lib/auto/share/dist/Beekeeper/basic/setup.sh (unchanged)
Skip blib/lib/auto/share/dist/Beekeeper/basic/run.sh (unchanged)
Skip blib/lib/auto/share/dist/Beekeeper/basic/config/pool.config.json (unchanged)
Skip blib/lib/auto/share/dist/Beekeeper/chat/js/config.js (unchanged)
Skip blib/lib/auto/share/dist/Beekeeper/chat/run.sh (unchanged)
Skip blib/lib/auto/share/dist/Beekeeper/basic/README.md (unchanged)
Skip blib/lib/auto/share/dist/Beekeeper/websocket/lib/MyApp/Calculator.pm (unchanged)
Skip blib/lib/auto/share/dist/Beekeeper/chat/chat.pl (unchanged)
Skip blib/lib/auto/share/dist/Beekeeper/chat/config/bus.config.json (unchanged)
Skip blib/lib/auto/share/dist/Beekeeper/flood/lib/TestWorker.pm (unchanged)
Skip blib/lib/auto/share/dist/Beekeeper/flood/config/toybroker.config.json (unchanged)
Skip blib/lib/auto/share/dist/Beekeeper/chat/config/pool.config.json (unchanged)
Skip blib/lib/auto/share/dist/Beekeeper/chat/setup.sh (unchanged)
Skip blib/lib/auto/share/dist/Beekeeper/websocket/client.html (unchanged)
Skip blib/lib/auto/share/dist/Beekeeper/basic/client.pl (unchanged)
Skip blib/lib/auto/share/dist/Beekeeper/websocket/js/beekeeper.js (unchanged)
Skip blib/lib/auto/share/dist/Beekeeper/flood/setup.sh (unchanged)
Skip blib/lib/auto/share/dist/Beekeeper/basic/config/toybroker.config.json (unchanged)
Skip blib/lib/auto/share/dist/Beekeeper/websocket/lib/MyApp/Service/Calculator.pm (unchanged)
Skip blib/lib/auto/share/dist/Beekeeper/chat/lib/MyApp/Bot.pm (unchanged)
Skip blib/lib/auto/share/dist/Beekeeper/chat/lib/MyApp/Service/Auth.pm (unchanged)
Skip blib/lib/auto/share/dist/Beekeeper/basic/config/bus.config.json (unchanged)
Skip blib/lib/auto/share/dist/Beekeeper/chat/README.md (unchanged)
Skip blib/lib/auto/share/dist/Beekeeper/flood/run.sh (unchanged)
Skip blib/lib/auto/share/dist/Beekeeper/chat/js/chat.js (unchanged)
Skip blib/lib/auto/share/dist/Beekeeper/websocket/js/config.js (unchanged)
Skip blib/lib/auto/share/dist/Beekeeper/flood/flood.pl (unchanged)
Skip blib/lib/auto/share/dist/Beekeeper/websocket/run.sh (unchanged)
Skip blib/lib/auto/share/dist/Beekeeper/flood/README.md (unchanged)
Skip blib/lib/auto/share/dist/Beekeeper/chat/lib/MyApp/Client.pm (unchanged)
Skip blib/lib/auto/share/dist/Beekeeper/chat/js/beekeeper.js (unchanged)
Skip blib/lib/auto/share/dist/Beekeeper/chat/lib/MyApp/Service/Auth/Worker.pm (unchanged)
Skip blib/lib/auto/share/dist/Beekeeper/chat/lib/MyApp/Service/Chat.pm (unchanged)
Skip blib/lib/auto/share/dist/Beekeeper/websocket/js/calculator.js (unchanged)
Skip blib/lib/auto/share/dist/Beekeeper/websocket/config/pool.config.json (unchanged)
Skip blib/lib/auto/share/dist/Beekeeper/websocket/config/bus.config.json (unchanged)
Skip blib/lib/auto/share/dist/Beekeeper/flood/config/pool.config.json (unchanged)
Skip blib/lib/auto/share/dist/Beekeeper/websocket/setup.sh (unchanged)
Skip blib/lib/auto/share/dist/Beekeeper/flood/lib/TestClient.pm (unchanged)
Skip blib/lib/auto/share/dist/Beekeeper/websocket/README.md (unchanged)
Skip blib/lib/auto/share/dist/Beekeeper/chat/chat.html (unchanged)
Skip blib/lib/auto/share/dist/Beekeeper/websocket/client.pl (unchanged)
Skip blib/lib/auto/share/dist/Beekeeper/websocket/config/toybroker.config.json (unchanged)
Skip blib/lib/auto/share/dist/Beekeeper/basic/lib/MyClient.pm (unchanged)
Skip blib/lib/auto/share/dist/Beekeeper/flood/config/bus.config.json (unchanged)
Skip blib/lib/auto/share/dist/Beekeeper/chat/lib/MyApp/Service/Chat/Worker.pm (unchanged)
Skip blib/lib/auto/share/dist/Beekeeper/basic/lib/MyWorker.pm (unchanged)
Skip blib/lib/auto/share/dist/Beekeeper/chat/flood.pl (unchanged)
PERL_DL_NONLAZY=1 "/home/cpan/pit/thr/perl-5.14.2/bin/perl" "-MExtUtils::Command::MM" "-MTest::Harness" "-e" "undef *Test::Harness::Switches; test_harness(0, 'blib/lib', 'blib/arch')" t/*.t
# Testing Beekeeper 0.04, Perl 5.014002
t/00-compile.t ....... ok
[2021-06-12 17:33:54.995][3497][warning] Could not connect to MQTT broker at localhost:58955: Connection refused
Could not connect to MQTT broker at localhost:54154: Connection refused
# Failed test 'Could not start supervisor'
# at /home/cpan/pit/thr/conf/perl-5.14.2/.cpanplus/5.14.2/build/aGzjRCluTC/Beekeeper-0.04/t/lib/Tests/Service/Base.pm line 151.
# (in Tests::TestBase->test_01_spawn_workers)
# Failed test 'Could not start supervisor'
# at /home/cpan/pit/thr/conf/perl-5.14.2/.cpanplus/5.14.2/build/aGzjRCluTC/Beekeeper-0.04/t/lib/Tests/Service/Base.pm line 151.
# (in Tests::TestBase->test_01_spawn_workers)
# Failed test 'Could not start supervisor'
# at /home/cpan/pit/thr/conf/perl-5.14.2/.cpanplus/5.14.2/build/aGzjRCluTC/Beekeeper-0.04/t/lib/Tests/Service/Base.pm line 151.
# (in Tests::TestBase->test_01_spawn_workers)
# Failed test 'Could not start supervisor'
# at /home/cpan/pit/thr/conf/perl-5.14.2/.cpanplus/5.14.2/build/aGzjRCluTC/Beekeeper-0.04/t/lib/Tests/Service/Base.pm line 151.
# (in Tests::TestBase->test_01_spawn_workers)
# Failed test 'Could not start supervisor'
# at /home/cpan/pit/thr/conf/perl-5.14.2/.cpanplus/5.14.2/build/aGzjRCluTC/Beekeeper-0.04/t/lib/Tests/Service/Base.pm line 151.
# (in Tests::TestBase->test_01_spawn_workers)
# Looks like your test exited with 5 just after 7.
t/01-test_base.t .....
Dubious, test returned 5 (wstat 1280, 0x500)
Failed 5/7 subtests
[2021-06-12 17:34:39.101][3538][warning] Could not connect to MQTT broker at localhost:58186: Connection refused
Could not connect to MQTT broker at localhost:56834: Connection refused
# Failed test 'Could not start supervisor'
# at /home/cpan/pit/thr/conf/perl-5.14.2/.cpanplus/5.14.2/build/aGzjRCluTC/Beekeeper-0.04/t/lib/Tests/Service/Base.pm line 151.
# (in Tests::Basic->start_test_workers)
# Failed test 'Could not start supervisor'
# at /home/cpan/pit/thr/conf/perl-5.14.2/.cpanplus/5.14.2/build/aGzjRCluTC/Beekeeper-0.04/t/lib/Tests/Service/Base.pm line 151.
# (in Tests::Basic->start_test_workers)
# Failed test 'Could not start supervisor'
# at /home/cpan/pit/thr/conf/perl-5.14.2/.cpanplus/5.14.2/build/aGzjRCluTC/Beekeeper-0.04/t/lib/Tests/Service/Base.pm line 151.
# (in Tests::Basic->start_test_workers)
# Failed test 'Could not start supervisor'
# at /home/cpan/pit/thr/conf/perl-5.14.2/.cpanplus/5.14.2/build/aGzjRCluTC/Beekeeper-0.04/t/lib/Tests/Service/Base.pm line 151.
# (in Tests::Basic->start_test_workers)
# Failed test 'Could not start supervisor'
# at /home/cpan/pit/thr/conf/perl-5.14.2/.cpanplus/5.14.2/build/aGzjRCluTC/Beekeeper-0.04/t/lib/Tests/Service/Base.pm line 151.
# (in Tests::Basic->start_test_workers)
# Failed test 'Could not start supervisor'
# at /home/cpan/pit/thr/conf/perl-5.14.2/.cpanplus/5.14.2/build/aGzjRCluTC/Beekeeper-0.04/t/lib/Tests/Service/Base.pm line 151.
# (in Tests::Basic->start_test_workers)
# Failed test 'Could not start supervisor'
# at /home/cpan/pit/thr/conf/perl-5.14.2/.cpanplus/5.14.2/build/aGzjRCluTC/Beekeeper-0.04/t/lib/Tests/Service/Base.pm line 151.
# (in Tests::Basic->start_test_workers)
# Failed test 'Could not start supervisor'
# at /home/cpan/pit/thr/conf/perl-5.14.2/.cpanplus/5.14.2/build/aGzjRCluTC/Beekeeper-0.04/t/lib/Tests/Service/Base.pm line 151.
# (in Tests::Basic->start_test_workers)
# Failed test 'Could not start supervisor'
# at /home/cpan/pit/thr/conf/perl-5.14.2/.cpanplus/5.14.2/build/aGzjRCluTC/Beekeeper-0.04/t/lib/Tests/Service/Base.pm line 151.
# (in Tests::Basic->start_test_workers)
# Failed test 'Could not start supervisor'
# at /home/cpan/pit/thr/conf/perl-5.14.2/.cpanplus/5.14.2/build/aGzjRCluTC/Beekeeper-0.04/t/lib/Tests/Service/Base.pm line 151.
# (in Tests::Basic->start_test_workers)
# Failed test 'Could not start supervisor'
# at /home/cpan/pit/thr/conf/perl-5.14.2/.cpanplus/5.14.2/build/aGzjRCluTC/Beekeeper-0.04/t/lib/Tests/Service/Base.pm line 151.
# (in Tests::Basic->start_test_workers)
# Failed test 'Could not start supervisor'
# at /home/cpan/pit/thr/conf/perl-5.14.2/.cpanplus/5.14.2/build/aGzjRCluTC/Beekeeper-0.04/t/lib/Tests/Service/Base.pm line 151.
# (in Tests::Basic->start_test_workers)
# Failed test 'Could not start supervisor'
# at /home/cpan/pit/thr/conf/perl-5.14.2/.cpanplus/5.14.2/build/aGzjRCluTC/Beekeeper-0.04/t/lib/Tests/Service/Base.pm line 151.
# (in Tests::Basic->start_test_workers)
# Failed test 'Could not start supervisor'
# at /home/cpan/pit/thr/conf/perl-5.14.2/.cpanplus/5.14.2/build/aGzjRCluTC/Beekeeper-0.04/t/lib/Tests/Service/Base.pm line 151.
# (in Tests::Basic->start_test_workers)
# Failed test 'Could not start supervisor'
# at /home/cpan/pit/thr/conf/perl-5.14.2/.cpanplus/5.14.2/build/aGzjRCluTC/Beekeeper-0.04/t/lib/Tests/Service/Base.pm line 151.
# (in Tests::Basic->start_test_workers)
# Failed test 'Could not start supervisor'
# at /home/cpan/pit/thr/conf/perl-5.14.2/.cpanplus/5.14.2/build/aGzjRCluTC/Beekeeper-0.04/t/lib/Tests/Service/Base.pm line 151.
# (in Tests::Basic->start_test_workers)
# Failed test 'Could not start supervisor'
# at /home/cpan/pit/thr/conf/perl-5.14.2/.cpanplus/5.14.2/build/aGzjRCluTC/Beekeeper-0.04/t/lib/Tests/Service/Base.pm line 151.
# (in Tests::Basic->start_test_workers)
# Failed test 'Could not start supervisor'
# at /home/cpan/pit/thr/conf/perl-5.14.2/.cpanplus/5.14.2/build/aGzjRCluTC/Beekeeper-0.04/t/lib/Tests/Service/Base.pm line 151.
# (in Tests::Basic->start_test_workers)
# Failed test 'Could not start supervisor'
# at /home/cpan/pit/thr/conf/perl-5.14.2/.cpanplus/5.14.2/build/aGzjRCluTC/Beekeeper-0.04/t/lib/Tests/Service/Base.pm line 151.
# (in Tests::Basic->start_test_workers)
# Failed test 'Could not start supervisor'
# at /home/cpan/pit/thr/conf/perl-5.14.2/.cpanplus/5.14.2/build/aGzjRCluTC/Beekeeper-0.04/t/lib/Tests/Service/Base.pm line 151.
# (in Tests::Basic->start_test_workers)
# Failed test 'Could not start supervisor'
# at /home/cpan/pit/thr/conf/perl-5.14.2/.cpanplus/5.14.2/build/aGzjRCluTC/Beekeeper-0.04/t/lib/Tests/Service/Base.pm line 151.
# (in Tests::Basic->start_test_workers)
# Failed test 'Could not start supervisor'
# at /home/cpan/pit/thr/conf/perl-5.14.2/.cpanplus/5.14.2/build/aGzjRCluTC/Beekeeper-0.04/t/lib/Tests/Service/Base.pm line 151.
# (in Tests::Basic->start_test_workers)
# Failed test 'Could not start supervisor'
# at /home/cpan/pit/thr/conf/perl-5.14.2/.cpanplus/5.14.2/build/aGzjRCluTC/Beekeeper-0.04/t/lib/Tests/Service/Base.pm line 151.
# (in Tests::Basic->start_test_workers)
# Failed test 'Could not start supervisor'
# at /home/cpan/pit/thr/conf/perl-5.14.2/.cpanplus/5.14.2/build/aGzjRCluTC/Beekeeper-0.04/t/lib/Tests/Service/Base.pm line 151.
# (in Tests::Basic->start_test_workers)
# Failed test 'Could not start supervisor'
# at /home/cpan/pit/thr/conf/perl-5.14.2/.cpanplus/5.14.2/build/aGzjRCluTC/Beekeeper-0.04/t/lib/Tests/Service/Base.pm line 151.
# (in Tests::Basic->start_test_workers)
# Failed test 'Could not start supervisor'
# at /home/cpan/pit/thr/conf/perl-5.14.2/.cpanplus/5.14.2/build/aGzjRCluTC/Beekeeper-0.04/t/lib/Tests/Service/Base.pm line 151.
# (in Tests::Basic->start_test_workers)
# Failed test 'Could not start supervisor'
# at /home/cpan/pit/thr/conf/perl-5.14.2/.cpanplus/5.14.2/build/aGzjRCluTC/Beekeeper-0.04/t/lib/Tests/Service/Base.pm line 151.
# (in Tests::Basic->start_test_workers)
# Failed test 'Could not start supervisor'
# at /home/cpan/pit/thr/conf/perl-5.14.2/.cpanplus/5.14.2/build/aGzjRCluTC/Beekeeper-0.04/t/lib/Tests/Service/Base.pm line 151.
# (in Tests::Basic->start_test_workers)
# Failed test 'Could not start supervisor'
# at /home/cpan/pit/thr/conf/perl-5.14.2/.cpanplus/5.14.2/build/aGzjRCluTC/Beekeeper-0.04/t/lib/Tests/Service/Base.pm line 151.
# (in Tests::Basic->start_test_workers)
# Failed test 'Could not start supervisor'
# at /home/cpan/pit/thr/conf/perl-5.14.2/.cpanplus/5.14.2/build/aGzjRCluTC/Beekeeper-0.04/t/lib/Tests/Service/Base.pm line 151.
# (in Tests::Basic->start_test_workers)
# Failed test 'Could not start supervisor'
# at /home/cpan/pit/thr/conf/perl-5.14.2/.cpanplus/5.14.2/build/aGzjRCluTC/Beekeeper-0.04/t/lib/Tests/Service/Base.pm line 151.
# (in Tests::Basic->start_test_workers)
# Failed test 'Could not start supervisor'
# at /home/cpan/pit/thr/conf/perl-5.14.2/.cpanplus/5.14.2/build/aGzjRCluTC/Beekeeper-0.04/t/lib/Tests/Service/Base.pm line 151.
# (in Tests::Basic->start_test_workers)
# Failed test 'Could not start supervisor'
# at /home/cpan/pit/thr/conf/perl-5.14.2/.cpanplus/5.14.2/build/aGzjRCluTC/Beekeeper-0.04/t/lib/Tests/Service/Base.pm line 151.
# (in Tests::Basic->start_test_workers)
# Failed test 'Could not start supervisor'
# at /home/cpan/pit/thr/conf/perl-5.14.2/.cpanplus/5.14.2/build/aGzjRCluTC/Beekeeper-0.04/t/lib/Tests/Service/Base.pm line 151.
# (in Tests::Basic->start_test_workers)
# Failed test 'Could not start supervisor'
# at /home/cpan/pit/thr/conf/perl-5.14.2/.cpanplus/5.14.2/build/aGzjRCluTC/Beekeeper-0.04/t/lib/Tests/Service/Base.pm line 151.
# (in Tests::Basic->start_test_workers)
# Failed test 'Could not start supervisor'
# at /home/cpan/pit/thr/conf/perl-5.14.2/.cpanplus/5.14.2/build/aGzjRCluTC/Beekeeper-0.04/t/lib/Tests/Service/Base.pm line 151.
# (in Tests::Basic->start_test_workers)
# Failed test 'Could not start supervisor'
# at /home/cpan/pit/thr/conf/perl-5.14.2/.cpanplus/5.14.2/build/aGzjRCluTC/Beekeeper-0.04/t/lib/Tests/Service/Base.pm line 151.
# (in Tests::Basic->start_test_workers)
# Failed test 'Could not start supervisor'
# at /home/cpan/pit/thr/conf/perl-5.14.2/.cpanplus/5.14.2/build/aGzjRCluTC/Beekeeper-0.04/t/lib/Tests/Service/Base.pm line 151.
# (in Tests::Basic->start_test_workers)
# Failed test 'Could not start supervisor'
# at /home/cpan/pit/thr/conf/perl-5.14.2/.cpanplus/5.14.2/build/aGzjRCluTC/Beekeeper-0.04/t/lib/Tests/Service/Base.pm line 151.
# (in Tests::Basic->start_test_workers)
# Failed test 'Could not start supervisor'
# at /home/cpan/pit/thr/conf/perl-5.14.2/.cpanplus/5.14.2/build/aGzjRCluTC/Beekeeper-0.04/t/lib/Tests/Service/Base.pm line 151.
# (in Tests::Basic->start_test_workers)
# Failed test 'Could not start supervisor'
# at /home/cpan/pit/thr/conf/perl-5.14.2/.cpanplus/5.14.2/build/aGzjRCluTC/Beekeeper-0.04/t/lib/Tests/Service/Base.pm line 151.
# (in Tests::Basic->start_test_workers)
# Failed test 'Could not start supervisor'
# at /home/cpan/pit/thr/conf/perl-5.14.2/.cpanplus/5.14.2/build/aGzjRCluTC/Beekeeper-0.04/t/lib/Tests/Service/Base.pm line 151.
# (in Tests::Basic->start_test_workers)
# Failed test 'Could not start supervisor'
# at /home/cpan/pit/thr/conf/perl-5.14.2/.cpanplus/5.14.2/build/aGzjRCluTC/Beekeeper-0.04/t/lib/Tests/Service/Base.pm line 151.
# (in Tests::Basic->start_test_workers)
# Failed test 'Could not start supervisor'
# at /home/cpan/pit/thr/conf/perl-5.14.2/.cpanplus/5.14.2/build/aGzjRCluTC/Beekeeper-0.04/t/lib/Tests/Service/Base.pm line 151.
# (in Tests::Basic->start_test_workers)
# Failed test 'Could not start supervisor'
# at /home/cpan/pit/thr/conf/perl-5.14.2/.cpanplus/5.14.2/build/aGzjRCluTC/Beekeeper-0.04/t/lib/Tests/Service/Base.pm line 151.
# (in Tests::Basic->start_test_workers)
# Failed test 'Could not start supervisor'
# at /home/cpan/pit/thr/conf/perl-5.14.2/.cpanplus/5.14.2/build/aGzjRCluTC/Beekeeper-0.04/t/lib/Tests/Service/Base.pm line 151.
# (in Tests::Basic->start_test_workers)
# Failed test 'Could not start supervisor'
# at /home/cpan/pit/thr/conf/perl-5.14.2/.cpanplus/5.14.2/build/aGzjRCluTC/Beekeeper-0.04/t/lib/Tests/Service/Base.pm line 151.
# (in Tests::Basic->start_test_workers)
# Failed test 'Could not start supervisor'
# at /home/cpan/pit/thr/conf/perl-5.14.2/.cpanplus/5.14.2/build/aGzjRCluTC/Beekeeper-0.04/t/lib/Tests/Service/Base.pm line 151.
# (in Tests::Basic->start_test_workers)
# Failed test 'Could not start supervisor'
# at /home/cpan/pit/thr/conf/perl-5.14.2/.cpanplus/5.14.2/build/aGzjRCluTC/Beekeeper-0.04/t/lib/Tests/Service/Base.pm line 151.
# (in Tests::Basic->start_test_workers)
# Failed test 'Could not start supervisor'
# at /home/cpan/pit/thr/conf/perl-5.14.2/.cpanplus/5.14.2/build/aGzjRCluTC/Beekeeper-0.04/t/lib/Tests/Service/Base.pm line 151.
# (in Tests::Basic->start_test_workers)
# Looks like your test exited with 50 just after 52.
t/02-basic.t .........
Dubious, test returned 50 (wstat 12800, 0x3200)
Failed 50/52 subtests
[2021-06-12 17:35:23.259][3579][warning] Could not connect to MQTT broker at localhost:51855: Connection refused
Could not connect to MQTT broker at localhost:52803: Connection refused
# Failed test 'Could not start supervisor'
# at /home/cpan/pit/thr/conf/perl-5.14.2/.cpanplus/5.14.2/build/aGzjRCluTC/Beekeeper-0.04/t/lib/Tests/Service/Base.pm line 151.
# (in Tests::Supervisor->test_01_client)
# Failed test 'Could not start supervisor'
# at /home/cpan/pit/thr/conf/perl-5.14.2/.cpanplus/5.14.2/build/aGzjRCluTC/Beekeeper-0.04/t/lib/Tests/Service/Base.pm line 151.
# (in Tests::Supervisor->test_01_client)
# Failed test 'Could not start supervisor'
# at /home/cpan/pit/thr/conf/perl-5.14.2/.cpanplus/5.14.2/build/aGzjRCluTC/Beekeeper-0.04/t/lib/Tests/Service/Base.pm line 151.
# (in Tests::Supervisor->test_01_client)
# Failed test 'Could not start supervisor'
# at /home/cpan/pit/thr/conf/perl-5.14.2/.cpanplus/5.14.2/build/aGzjRCluTC/Beekeeper-0.04/t/lib/Tests/Service/Base.pm line 151.
# (in Tests::Supervisor->test_01_client)
# Failed test 'Could not start supervisor'
# at /home/cpan/pit/thr/conf/perl-5.14.2/.cpanplus/5.14.2/build/aGzjRCluTC/Beekeeper-0.04/t/lib/Tests/Service/Base.pm line 151.
# (in Tests::Supervisor->test_01_client)
# Failed test 'Could not start supervisor'
# at /home/cpan/pit/thr/conf/perl-5.14.2/.cpanplus/5.14.2/build/aGzjRCluTC/Beekeeper-0.04/t/lib/Tests/Service/Base.pm line 151.
# (in Tests::Supervisor->test_01_client)
# Failed test 'Could not start supervisor'
# at /home/cpan/pit/thr/conf/perl-5.14.2/.cpanplus/5.14.2/build/aGzjRCluTC/Beekeeper-0.04/t/lib/Tests/Service/Base.pm line 151.
# (in Tests::Supervisor->test_01_client)
# Failed test 'Could not start supervisor'
# at /home/cpan/pit/thr/conf/perl-5.14.2/.cpanplus/5.14.2/build/aGzjRCluTC/Beekeeper-0.04/t/lib/Tests/Service/Base.pm line 151.
# (in Tests::Supervisor->test_01_client)
# Failed test 'Could not start supervisor'
# at /home/cpan/pit/thr/conf/perl-5.14.2/.cpanplus/5.14.2/build/aGzjRCluTC/Beekeeper-0.04/t/lib/Tests/Service/Base.pm line 151.
# (in Tests::Supervisor->test_01_client)
# Looks like your test exited with 9 just after 11.
t/03-supervisor.t ....
Dubious, test returned 9 (wstat 2304, 0x900)
Failed 9/11 subtests
[2021-06-12 17:36:07.368][3620][warning] Could not connect to MQTT broker at localhost:55897: Connection refused
Could not connect to MQTT broker at localhost:57646: Connection refused
# Failed test 'Could not start supervisor'
# at /home/cpan/pit/thr/conf/perl-5.14.2/.cpanplus/5.14.2/build/aGzjRCluTC/Beekeeper-0.04/t/lib/Tests/Service/Base.pm line 151.
# (in Tests::LogTail->start_test_workers)
# Failed test 'Could not start supervisor'
# at /home/cpan/pit/thr/conf/perl-5.14.2/.cpanplus/5.14.2/build/aGzjRCluTC/Beekeeper-0.04/t/lib/Tests/Service/Base.pm line 151.
# (in Tests::LogTail->start_test_workers)
# Failed test 'Could not start supervisor'
# at /home/cpan/pit/thr/conf/perl-5.14.2/.cpanplus/5.14.2/build/aGzjRCluTC/Beekeeper-0.04/t/lib/Tests/Service/Base.pm line 151.
# (in Tests::LogTail->start_test_workers)
# Failed test 'Could not start supervisor'
# at /home/cpan/pit/thr/conf/perl-5.14.2/.cpanplus/5.14.2/build/aGzjRCluTC/Beekeeper-0.04/t/lib/Tests/Service/Base.pm line 151.
# (in Tests::LogTail->start_test_workers)
# Failed test 'Could not start supervisor'
# at /home/cpan/pit/thr/conf/perl-5.14.2/.cpanplus/5.14.2/build/aGzjRCluTC/Beekeeper-0.04/t/lib/Tests/Service/Base.pm line 151.
# (in Tests::LogTail->start_test_workers)
# Failed test 'Could not start supervisor'
# at /home/cpan/pit/thr/conf/perl-5.14.2/.cpanplus/5.14.2/build/aGzjRCluTC/Beekeeper-0.04/t/lib/Tests/Service/Base.pm line 151.
# (in Tests::LogTail->start_test_workers)
# Failed test 'Could not start supervisor'
# at /home/cpan/pit/thr/conf/perl-5.14.2/.cpanplus/5.14.2/build/aGzjRCluTC/Beekeeper-0.04/t/lib/Tests/Service/Base.pm line 151.
# (in Tests::LogTail->start_test_workers)
# Failed test 'Could not start supervisor'
# at /home/cpan/pit/thr/conf/perl-5.14.2/.cpanplus/5.14.2/build/aGzjRCluTC/Beekeeper-0.04/t/lib/Tests/Service/Base.pm line 151.
# (in Tests::LogTail->start_test_workers)
# Failed test 'Could not start supervisor'
# at /home/cpan/pit/thr/conf/perl-5.14.2/.cpanplus/5.14.2/build/aGzjRCluTC/Beekeeper-0.04/t/lib/Tests/Service/Base.pm line 151.
# (in Tests::LogTail->start_test_workers)
# Failed test 'Could not start supervisor'
# at /home/cpan/pit/thr/conf/perl-5.14.2/.cpanplus/5.14.2/build/aGzjRCluTC/Beekeeper-0.04/t/lib/Tests/Service/Base.pm line 151.
# (in Tests::LogTail->start_test_workers)
# Failed test 'Could not start supervisor'
# at /home/cpan/pit/thr/conf/perl-5.14.2/.cpanplus/5.14.2/build/aGzjRCluTC/Beekeeper-0.04/t/lib/Tests/Service/Base.pm line 151.
# (in Tests::LogTail->start_test_workers)
# Failed test 'Could not start supervisor'
# at /home/cpan/pit/thr/conf/perl-5.14.2/.cpanplus/5.14.2/build/aGzjRCluTC/Beekeeper-0.04/t/lib/Tests/Service/Base.pm line 151.
# (in Tests::LogTail->start_test_workers)
# Failed test 'Could not start supervisor'
# at /home/cpan/pit/thr/conf/perl-5.14.2/.cpanplus/5.14.2/build/aGzjRCluTC/Beekeeper-0.04/t/lib/Tests/Service/Base.pm line 151.
# (in Tests::LogTail->start_test_workers)
# Looks like your test exited with 13 just after 15.
t/04-log_tail.t ......
Dubious, test returned 13 (wstat 3328, 0xd00)
Failed 13/15 subtests
[2021-06-12 17:36:51.479][3661][warning] Could not connect to MQTT broker at localhost:52223: Connection refused
Could not connect to MQTT broker at localhost:58874: Connection refused
# Failed test 'Could not start supervisor'
# at /home/cpan/pit/thr/conf/perl-5.14.2/.cpanplus/5.14.2/build/aGzjRCluTC/Beekeeper-0.04/t/lib/Tests/Service/Base.pm line 151.
# (in Tests::Recursion->start_test_workers)
# Failed test 'Could not start supervisor'
# at /home/cpan/pit/thr/conf/perl-5.14.2/.cpanplus/5.14.2/build/aGzjRCluTC/Beekeeper-0.04/t/lib/Tests/Service/Base.pm line 151.
# (in Tests::Recursion->start_test_workers)
# Failed test 'Could not start supervisor'
# at /home/cpan/pit/thr/conf/perl-5.14.2/.cpanplus/5.14.2/build/aGzjRCluTC/Beekeeper-0.04/t/lib/Tests/Service/Base.pm line 151.
# (in Tests::Recursion->start_test_workers)
# Failed test 'Could not start supervisor'
# at /home/cpan/pit/thr/conf/perl-5.14.2/.cpanplus/5.14.2/build/aGzjRCluTC/Beekeeper-0.04/t/lib/Tests/Service/Base.pm line 151.
# (in Tests::Recursion->start_test_workers)
# Failed test 'Could not start supervisor'
# at /home/cpan/pit/thr/conf/perl-5.14.2/.cpanplus/5.14.2/build/aGzjRCluTC/Beekeeper-0.04/t/lib/Tests/Service/Base.pm line 151.
# (in Tests::Recursion->start_test_workers)
# Failed test 'Could not start supervisor'
# at /home/cpan/pit/thr/conf/perl-5.14.2/.cpanplus/5.14.2/build/aGzjRCluTC/Beekeeper-0.04/t/lib/Tests/Service/Base.pm line 151.
# (in Tests::Recursion->start_test_workers)
# Failed test 'Could not start supervisor'
# at /home/cpan/pit/thr/conf/perl-5.14.2/.cpanplus/5.14.2/build/aGzjRCluTC/Beekeeper-0.04/t/lib/Tests/Service/Base.pm line 151.
# (in Tests::Recursion->start_test_workers)
# Failed test 'Could not start supervisor'
# at /home/cpan/pit/thr/conf/perl-5.14.2/.cpanplus/5.14.2/build/aGzjRCluTC/Beekeeper-0.04/t/lib/Tests/Service/Base.pm line 151.
# (in Tests::Recursion->start_test_workers)
# Failed test 'Could not start supervisor'
# at /home/cpan/pit/thr/conf/perl-5.14.2/.cpanplus/5.14.2/build/aGzjRCluTC/Beekeeper-0.04/t/lib/Tests/Service/Base.pm line 151.
# (in Tests::Recursion->start_test_workers)
# Failed test 'Could not start supervisor'
# at /home/cpan/pit/thr/conf/perl-5.14.2/.cpanplus/5.14.2/build/aGzjRCluTC/Beekeeper-0.04/t/lib/Tests/Service/Base.pm line 151.
# (in Tests::Recursion->start_test_workers)
# Failed test 'Could not start supervisor'
# at /home/cpan/pit/thr/conf/perl-5.14.2/.cpanplus/5.14.2/build/aGzjRCluTC/Beekeeper-0.04/t/lib/Tests/Service/Base.pm line 151.
# (in Tests::Recursion->start_test_workers)
# Failed test 'Could not start supervisor'
# at /home/cpan/pit/thr/conf/perl-5.14.2/.cpanplus/5.14.2/build/aGzjRCluTC/Beekeeper-0.04/t/lib/Tests/Service/Base.pm line 151.
# (in Tests::Recursion->start_test_workers)
# Failed test 'Could not start supervisor'
# at /home/cpan/pit/thr/conf/perl-5.14.2/.cpanplus/5.14.2/build/aGzjRCluTC/Beekeeper-0.04/t/lib/Tests/Service/Base.pm line 151.
# (in Tests::Recursion->start_test_workers)
# Failed test 'Could not start supervisor'
# at /home/cpan/pit/thr/conf/perl-5.14.2/.cpanplus/5.14.2/build/aGzjRCluTC/Beekeeper-0.04/t/lib/Tests/Service/Base.pm line 151.
# (in Tests::Recursion->start_test_workers)
# Failed test 'Could not start supervisor'
# at /home/cpan/pit/thr/conf/perl-5.14.2/.cpanplus/5.14.2/build/aGzjRCluTC/Beekeeper-0.04/t/lib/Tests/Service/Base.pm line 151.
# (in Tests::Recursion->start_test_workers)
# Failed test 'Could not start supervisor'
# at /home/cpan/pit/thr/conf/perl-5.14.2/.cpanplus/5.14.2/build/aGzjRCluTC/Beekeeper-0.04/t/lib/Tests/Service/Base.pm line 151.
# (in Tests::Recursion->start_test_workers)
# Failed test 'Could not start supervisor'
# at /home/cpan/pit/thr/conf/perl-5.14.2/.cpanplus/5.14.2/build/aGzjRCluTC/Beekeeper-0.04/t/lib/Tests/Service/Base.pm line 151.
# (in Tests::Recursion->start_test_workers)
# Failed test 'Could not start supervisor'
# at /home/cpan/pit/thr/conf/perl-5.14.2/.cpanplus/5.14.2/build/aGzjRCluTC/Beekeeper-0.04/t/lib/Tests/Service/Base.pm line 151.
# (in Tests::Recursion->start_test_workers)
# Failed test 'Could not start supervisor'
# at /home/cpan/pit/thr/conf/perl-5.14.2/.cpanplus/5.14.2/build/aGzjRCluTC/Beekeeper-0.04/t/lib/Tests/Service/Base.pm line 151.
# (in Tests::Recursion->start_test_workers)
# Failed test 'Could not start supervisor'
# at /home/cpan/pit/thr/conf/perl-5.14.2/.cpanplus/5.14.2/build/aGzjRCluTC/Beekeeper-0.04/t/lib/Tests/Service/Base.pm line 151.
# (in Tests::Recursion->start_test_workers)
# Looks like your test exited with 20 just after 22.
t/05-recursion.t .....
Dubious, test returned 20 (wstat 5120, 0x1400)
Failed 20/22 subtests
[2021-06-12 17:37:35.607][3702][warning] Could not connect to MQTT broker at localhost:51491: Connection refused
Could not connect to MQTT broker at localhost:55630: Connection refused
# Failed test 'Could not start supervisor'
# at /home/cpan/pit/thr/conf/perl-5.14.2/.cpanplus/5.14.2/build/aGzjRCluTC/Beekeeper-0.04/t/lib/Tests/Service/Base.pm line 151.
# (in Tests::SharedCache->start_test_workers)
# Failed test 'Could not start supervisor'
# at /home/cpan/pit/thr/conf/perl-5.14.2/.cpanplus/5.14.2/build/aGzjRCluTC/Beekeeper-0.04/t/lib/Tests/Service/Base.pm line 151.
# (in Tests::SharedCache->start_test_workers)
# Failed test 'Could not start supervisor'
# at /home/cpan/pit/thr/conf/perl-5.14.2/.cpanplus/5.14.2/build/aGzjRCluTC/Beekeeper-0.04/t/lib/Tests/Service/Base.pm line 151.
# (in Tests::SharedCache->start_test_workers)
# Failed test 'Could not start supervisor'
# at /home/cpan/pit/thr/conf/perl-5.14.2/.cpanplus/5.14.2/build/aGzjRCluTC/Beekeeper-0.04/t/lib/Tests/Service/Base.pm line 151.
# (in Tests::SharedCache->start_test_workers)
# Failed test 'Could not start supervisor'
# at /home/cpan/pit/thr/conf/perl-5.14.2/.cpanplus/5.14.2/build/aGzjRCluTC/Beekeeper-0.04/t/lib/Tests/Service/Base.pm line 151.
# (in Tests::SharedCache->start_test_workers)
# Failed test 'Could not start supervisor'
# at /home/cpan/pit/thr/conf/perl-5.14.2/.cpanplus/5.14.2/build/aGzjRCluTC/Beekeeper-0.04/t/lib/Tests/Service/Base.pm line 151.
# (in Tests::SharedCache->start_test_workers)
# Failed test 'Could not start supervisor'
# at /home/cpan/pit/thr/conf/perl-5.14.2/.cpanplus/5.14.2/build/aGzjRCluTC/Beekeeper-0.04/t/lib/Tests/Service/Base.pm line 151.
# (in Tests::SharedCache->start_test_workers)
# Failed test 'Could not start supervisor'
# at /home/cpan/pit/thr/conf/perl-5.14.2/.cpanplus/5.14.2/build/aGzjRCluTC/Beekeeper-0.04/t/lib/Tests/Service/Base.pm line 151.
# (in Tests::SharedCache->start_test_workers)
# Failed test 'Could not start supervisor'
# at /home/cpan/pit/thr/conf/perl-5.14.2/.cpanplus/5.14.2/build/aGzjRCluTC/Beekeeper-0.04/t/lib/Tests/Service/Base.pm line 151.
# (in Tests::SharedCache->start_test_workers)
# Failed test 'Could not start supervisor'
# at /home/cpan/pit/thr/conf/perl-5.14.2/.cpanplus/5.14.2/build/aGzjRCluTC/Beekeeper-0.04/t/lib/Tests/Service/Base.pm line 151.
# (in Tests::SharedCache->start_test_workers)
# Failed test 'Could not start supervisor'
# at /home/cpan/pit/thr/conf/perl-5.14.2/.cpanplus/5.14.2/build/aGzjRCluTC/Beekeeper-0.04/t/lib/Tests/Service/Base.pm line 151.
# (in Tests::SharedCache->start_test_workers)
# Failed test 'Could not start supervisor'
# at /home/cpan/pit/thr/conf/perl-5.14.2/.cpanplus/5.14.2/build/aGzjRCluTC/Beekeeper-0.04/t/lib/Tests/Service/Base.pm line 151.
# (in Tests::SharedCache->start_test_workers)
# Failed test 'Could not start supervisor'
# at /home/cpan/pit/thr/conf/perl-5.14.2/.cpanplus/5.14.2/build/aGzjRCluTC/Beekeeper-0.04/t/lib/Tests/Service/Base.pm line 151.
# (in Tests::SharedCache->start_test_workers)
# Failed test 'Could not start supervisor'
# at /home/cpan/pit/thr/conf/perl-5.14.2/.cpanplus/5.14.2/build/aGzjRCluTC/Beekeeper-0.04/t/lib/Tests/Service/Base.pm line 151.
# (in Tests::SharedCache->start_test_workers)
# Failed test 'Could not start supervisor'
# at /home/cpan/pit/thr/conf/perl-5.14.2/.cpanplus/5.14.2/build/aGzjRCluTC/Beekeeper-0.04/t/lib/Tests/Service/Base.pm line 151.
# (in Tests::SharedCache->start_test_workers)
# Failed test 'Could not start supervisor'
# at /home/cpan/pit/thr/conf/perl-5.14.2/.cpanplus/5.14.2/build/aGzjRCluTC/Beekeeper-0.04/t/lib/Tests/Service/Base.pm line 151.
# (in Tests::SharedCache->start_test_workers)
# Failed test 'Could not start supervisor'
# at /home/cpan/pit/thr/conf/perl-5.14.2/.cpanplus/5.14.2/build/aGzjRCluTC/Beekeeper-0.04/t/lib/Tests/Service/Base.pm line 151.
# (in Tests::SharedCache->start_test_workers)
# Failed test 'Could not start supervisor'
# at /home/cpan/pit/thr/conf/perl-5.14.2/.cpanplus/5.14.2/build/aGzjRCluTC/Beekeeper-0.04/t/lib/Tests/Service/Base.pm line 151.
# (in Tests::SharedCache->start_test_workers)
# Failed test 'Could not start supervisor'
# at /home/cpan/pit/thr/conf/perl-5.14.2/.cpanplus/5.14.2/build/aGzjRCluTC/Beekeeper-0.04/t/lib/Tests/Service/Base.pm line 151.
# (in Tests::SharedCache->start_test_workers)
# Failed test 'Could not start supervisor'
# at /home/cpan/pit/thr/conf/perl-5.14.2/.cpanplus/5.14.2/build/aGzjRCluTC/Beekeeper-0.04/t/lib/Tests/Service/Base.pm line 151.
# (in Tests::SharedCache->start_test_workers)
# Failed test 'Could not start supervisor'
# at /home/cpan/pit/thr/conf/perl-5.14.2/.cpanplus/5.14.2/build/aGzjRCluTC/Beekeeper-0.04/t/lib/Tests/Service/Base.pm line 151.
# (in Tests::SharedCache->start_test_workers)
# Failed test 'Could not start supervisor'
# at /home/cpan/pit/thr/conf/perl-5.14.2/.cpanplus/5.14.2/build/aGzjRCluTC/Beekeeper-0.04/t/lib/Tests/Service/Base.pm line 151.
# (in Tests::SharedCache->start_test_workers)
# Failed test 'Could not start supervisor'
# at /home/cpan/pit/thr/conf/perl-5.14.2/.cpanplus/5.14.2/build/aGzjRCluTC/Beekeeper-0.04/t/lib/Tests/Service/Base.pm line 151.
# (in Tests::SharedCache->start_test_workers)
# Failed test 'Could not start supervisor'
# at /home/cpan/pit/thr/conf/perl-5.14.2/.cpanplus/5.14.2/build/aGzjRCluTC/Beekeeper-0.04/t/lib/Tests/Service/Base.pm line 151.
# (in Tests::SharedCache->start_test_workers)
# Failed test 'Could not start supervisor'
# at /home/cpan/pit/thr/conf/perl-5.14.2/.cpanplus/5.14.2/build/aGzjRCluTC/Beekeeper-0.04/t/lib/Tests/Service/Base.pm line 151.
# (in Tests::SharedCache->start_test_workers)
# Failed test 'Could not start supervisor'
# at /home/cpan/pit/thr/conf/perl-5.14.2/.cpanplus/5.14.2/build/aGzjRCluTC/Beekeeper-0.04/t/lib/Tests/Service/Base.pm line 151.
# (in Tests::SharedCache->start_test_workers)
# Failed test 'Could not start supervisor'
# at /home/cpan/pit/thr/conf/perl-5.14.2/.cpanplus/5.14.2/build/aGzjRCluTC/Beekeeper-0.04/t/lib/Tests/Service/Base.pm line 151.
# (in Tests::SharedCache->start_test_workers)
# Failed test 'Could not start supervisor'
# at /home/cpan/pit/thr/conf/perl-5.14.2/.cpanplus/5.14.2/build/aGzjRCluTC/Beekeeper-0.04/t/lib/Tests/Service/Base.pm line 151.
# (in Tests::SharedCache->start_test_workers)
# Failed test 'Could not start supervisor'
# at /home/cpan/pit/thr/conf/perl-5.14.2/.cpanplus/5.14.2/build/aGzjRCluTC/Beekeeper-0.04/t/lib/Tests/Service/Base.pm line 151.
# (in Tests::SharedCache->start_test_workers)
# Failed test 'Could not start supervisor'
# at /home/cpan/pit/thr/conf/perl-5.14.2/.cpanplus/5.14.2/build/aGzjRCluTC/Beekeeper-0.04/t/lib/Tests/Service/Base.pm line 151.
# (in Tests::SharedCache->start_test_workers)
# Failed test 'Could not start supervisor'
# at /home/cpan/pit/thr/conf/perl-5.14.2/.cpanplus/5.14.2/build/aGzjRCluTC/Beekeeper-0.04/t/lib/Tests/Service/Base.pm line 151.
# (in Tests::SharedCache->start_test_workers)
# Failed test 'Could not start supervisor'
# at /home/cpan/pit/thr/conf/perl-5.14.2/.cpanplus/5.14.2/build/aGzjRCluTC/Beekeeper-0.04/t/lib/Tests/Service/Base.pm line 151.
# (in Tests::SharedCache->start_test_workers)
# Looks like your test exited with 32 just after 34.
t/06-shared_cache.t ..
Dubious, test returned 32 (wstat 8192, 0x2000)
Failed 32/34 subtests
t/07-load_balance.t .. ok
t/08-term_signal.t ... ok
t/09-int_signal.t .... ok
Could not connect to MQTT broker at localhost:54585: Connection refused
# Failed test 'test_01_topic died ((Beekeeper::MQTT) Could not connect to MQTT broker after 30 seconds)'
# at t/10-mqtt.t line 15.
# (in Tests::Mqtt->test_01_topic)
Could not connect to MQTT broker at localhost:54585: Connection refused
# Failed test 'test_02_topic_wildcard died ((Beekeeper::MQTT) Could not connect to MQTT broker after 30 seconds)'
# at t/10-mqtt.t line 15.
# (in Tests::Mqtt->test_02_topic_wildcard)
Could not connect to MQTT broker at localhost:54585: Connection refused
# Failed test 'test_03_shared_topic died ((Beekeeper::MQTT) Could not connect to MQTT broker after 30 seconds)'
# at t/10-mqtt.t line 15.
# (in Tests::Mqtt->test_03_shared_topic)
Could not connect to MQTT broker at localhost:54585: Connection refused
# Failed test 'test_04_private_topic died ((Beekeeper::MQTT) Could not connect to MQTT broker after 30 seconds)'
# at t/10-mqtt.t line 15.
# (in Tests::Mqtt->test_04_private_topic)
Could not connect to MQTT broker at localhost:54585: Connection refused
# Failed test 'test_05_shared_topic_queuing died ((Beekeeper::MQTT) Could not connect to MQTT broker after 30 seconds)'
# at t/10-mqtt.t line 15.
# (in Tests::Mqtt->test_05_shared_topic_queuing)
# Looks like you failed 5 tests of 30.
t/10-mqtt.t ..........
Dubious, test returned 5 (wstat 1280, 0x500)
Failed 5/30 subtests
(less 22 skipped subtests: 3 okay)
Test Summary Report
-------------------
t/01-test_base.t (Wstat: 1280 Tests: 7 Failed: 5)
Failed tests: 3-7
Non-zero exit status: 5
t/02-basic.t (Wstat: 12800 Tests: 52 Failed: 50)
Failed tests: 3-52
Non-zero exit status: 50
t/03-supervisor.t (Wstat: 2304 Tests: 11 Failed: 9)
Failed tests: 3-11
Non-zero exit status: 9
t/04-log_tail.t (Wstat: 3328 Tests: 15 Failed: 13)
Failed tests: 3-15
Non-zero exit status: 13
t/05-recursion.t (Wstat: 5120 Tests: 22 Failed: 20)
Failed tests: 3-22
Non-zero exit status: 20
t/06-shared_cache.t (Wstat: 8192 Tests: 34 Failed: 32)
Failed tests: 3-34
Non-zero exit status: 32
t/10-mqtt.t (Wstat: 1280 Tests: 30 Failed: 5)
Failed tests: 4, 7, 14, 18, 24
Non-zero exit status: 5
Files=11, Tests=257, 442 wallclock secs ( 0.06 usr 0.01 sys + 1.03 cusr 0.21 csys = 1.31 CPU)
Result: FAIL
Failed 7/11 test programs. 134/257 subtests failed.
make: *** [Makefile:995: test_dynamic] Error 5
PREREQUISITES:
Here is a list of prerequisites you specified and versions we
managed to load:
Module Name Have Want
AnyEvent 7.17 0
ExtUtils::MakeMaker 7.62 0
JSON::XS 4.03 0
Term::ReadKey 2.38 0
Test::Class 0.52 0
Test::More 1.302185 0
Perl module toolchain versions installed:
Module Name Have
CPANPLUS 0.9910
CPANPLUS::Dist::Build 0.90
Cwd 3.75
ExtUtils::CBuilder 0.280236
ExtUtils::Command 7.62
ExtUtils::Install 2.20
ExtUtils::MakeMaker 7.62
ExtUtils::Manifest 1.73
ExtUtils::ParseXS 3.35
File::Spec 3.75
Module::Build 0.4231
Pod::Parser 1.37
Pod::Simple 3.16
Test2 1.302185
Test::Harness 3.42
Test::More 1.302185
version 0.9929
******************************** NOTE ********************************
The comments above are created mechanically, possibly without manual
checking by the sender. As there are many people performing automatic
tests on each upload to CPAN, it is likely that you will receive
identical messages about the same problem.
If you believe that the message is mistaken, please reply to the first
one with correction and/or additional informations, and do not take
it personally. We appreciate your patience. :)
**********************************************************************
Additional comments:
This report was machine-generated by CPANPLUS::Dist::YACSmoke 1.08.
Powered by minismokebox version 0.68
CPANPLUS is prefering Build.PL
------------------------------
ENVIRONMENT AND OTHER CONTEXT
------------------------------
Environment variables:
AUTOMATED_TESTING = 1
LANG = C.UTF-8
LC_COLLATE = C
NONINTERACTIVE_TESTING = 1
PATH = /home/cpan/pit/thr/conf/perl-5.14.2/.cpanplus/5.14.2/build/aGzjRCluTC/Beekeeper-0.04/blib/script:/usr/local/sbin:/usr/local/bin:/usr/sbin:/usr/bin:/sbin:/bin
PERL5LIB = /home/cpan/pit/jail/JvPVef3pye/lib/perl5:/home/cpan/pit/thr/conf/perl-5.14.2/.cpanplus/5.14.2/build/aGzjRCluTC/Beekeeper-0.04/blib/lib:/home/cpan/pit/thr/conf/perl-5.14.2/.cpanplus/5.14.2/build/aGzjRCluTC/Beekeeper-0.04/blib/arch
PERL5_CPANPLUS_IS_RUNNING = 2358
PERL5_CPANPLUS_IS_VERSION = 0.9910
PERL5_MINISMOKEBOX = 0.68
PERL5_YACSMOKE_BASE = /home/cpan/pit/thr/conf/perl-5.14.2
PERL_EXTUTILS_AUTOINSTALL = --defaultdeps
PERL_LOCAL_LIB_ROOT = /home/cpan/pit/jail/JvPVef3pye
PERL_MB_OPT = --install_base "/home/cpan/pit/jail/JvPVef3pye"
PERL_MM_OPT = INSTALL_BASE=/home/cpan/pit/jail/JvPVef3pye
PERL_MM_USE_DEFAULT = 1
SHELL = /bin/bash
TERM = screen
Perl special variables (and OS-specific diagnostics, for MSWin32):
Perl: $^X = /home/cpan/pit/thr/perl-5.14.2/bin/perl
UID: $< = 1001
EUID: $> = 1001
GID: $( = 1001 1001
EGID: $) = 1001 1001
-------------------------------
--
Summary of my perl5 (revision 5 version 14 subversion 2) configuration:
Platform:
osname=linux, osvers=5.10.16-0-lts, archname=x86_64-linux-thread-multi
uname='linux agaric 5.10.16-0-lts #1-alpine smp wed, 17 feb 2021 08:17:06 utc x86_64 linux '
config_args='-des -Dprefix=/home/cpan/pit/thr/perl-5.14.2 -Dusethreads'
hint=recommended, useposix=true, d_sigaction=define
useithreads=define, usemultiplicity=define
useperlio=define, d_sfio=undef, uselargefiles=define, usesocks=undef
use64bitint=define, use64bitall=define, uselongdouble=undef
usemymalloc=n, bincompat5005=undef
Compiler:
cc='cc', ccflags ='-D_REENTRANT -D_GNU_SOURCE -D_GNU_SOURCE -fwrapv -fno-strict-aliasing -pipe -fstack-protector -D_LARGEFILE_SOURCE -D_FILE_OFFSET_BITS=64',
optimize='-O2',
cppflags='-D_REENTRANT -D_GNU_SOURCE -D_GNU_SOURCE -fwrapv -fno-strict-aliasing -pipe -fstack-protector'
ccversion='', gccversion='10.2.1 20201203', gccosandvers=''
intsize=4, longsize=8, ptrsize=8, doublesize=8, byteorder=12345678
d_longlong=define, longlongsize=8, d_longdbl=define, longdblsize=16
ivtype='long', ivsize=8, nvtype='double', nvsize=8, Off_t='off_t', lseeksize=8
alignbytes=8, prototype=define
Linker and Libraries:
ld='cc', ldflags =' -fstack-protector -L/usr/local/lib'
libpth=/usr/local/lib /lib/../lib /usr/lib/../lib /lib /usr/lib
libs=-lgdbm -ldl -lm -lcrypt -lutil -lpthread -lc -lgdbm_compat
perllibs=-ldl -lm -lcrypt -lutil -lpthread -lc
libc=/usr/lib/libc.a, so=so, useshrplib=false, libperl=libperl.a
gnulibc_version=''
Dynamic Linking:
dlsrc=dl_dlopen.xs, dlext=so, d_dlsymun=undef, ccdlflags='-Wl,-E'
cccdlflags='-fPIC', lddlflags='-shared -O2 -L/usr/local/lib -fstack-protector'
Characteristics of this binary (from libperl):
Compile-time options: MULTIPLICITY PERL_DONT_CREATE_GVSV
PERL_IMPLICIT_CONTEXT PERL_MALLOC_WRAP
PERL_PRESERVE_IVUV USE_64_BIT_ALL USE_64_BIT_INT
USE_ITHREADS USE_LARGE_FILES USE_PERLIO USE_PERL_ATOF
USE_REENTRANT_API
Locally applied patches:
Devel::PatchPerl 2.08
Built under linux
Compiled at Mar 12 2021 14:55:35
%ENV:
PERL5LIB="/home/cpan/pit/jail/JvPVef3pye/lib/perl5:/home/cpan/pit/thr/conf/perl-5.14.2/.cpanplus/5.14.2/build/aGzjRCluTC/Beekeeper-0.04/blib/lib:/home/cpan/pit/thr/conf/perl-5.14.2/.cpanplus/5.14.2/build/aGzjRCluTC/Beekeeper-0.04/blib/arch"
PERL5_CPANPLUS_IS_RUNNING="2358"
PERL5_CPANPLUS_IS_VERSION="0.9910"
PERL5_MINISMOKEBOX="0.68"
PERL5_YACSMOKE_BASE="/home/cpan/pit/thr/conf/perl-5.14.2"
PERL_EXTUTILS_AUTOINSTALL="--defaultdeps"
PERL_LOCAL_LIB_ROOT="/home/cpan/pit/jail/JvPVef3pye"
PERL_MB_OPT="--install_base "/home/cpan/pit/jail/JvPVef3pye""
PERL_MM_OPT="INSTALL_BASE=/home/cpan/pit/jail/JvPVef3pye"
PERL_MM_USE_DEFAULT="1"
@INC:
/home/cpan/pit/jail/JvPVef3pye/lib/perl5/5.14.2/x86_64-linux-thread-multi
/home/cpan/pit/jail/JvPVef3pye/lib/perl5/5.14.2
/home/cpan/pit/jail/JvPVef3pye/lib/perl5/x86_64-linux-thread-multi
/home/cpan/pit/jail/JvPVef3pye/lib/perl5
/home/cpan/pit/thr/conf/perl-5.14.2/.cpanplus/5.14.2/build/aGzjRCluTC/Beekeeper-0.04/blib/lib
/home/cpan/pit/thr/conf/perl-5.14.2/.cpanplus/5.14.2/build/aGzjRCluTC/Beekeeper-0.04/blib/arch
/home/cpan/pit/thr/perl-5.14.2/lib/site_perl/5.14.2/x86_64-linux-thread-multi
/home/cpan/pit/thr/perl-5.14.2/lib/site_perl/5.14.2
/home/cpan/pit/thr/perl-5.14.2/lib/5.14.2/x86_64-linux-thread-multi
/home/cpan/pit/thr/perl-5.14.2/lib/5.14.2
.