Test-Class-Moose v0.98 Perl 5 v5.16.0 MSWin32-x86-multi-thread

Status
Fail
From
Alexandr Ciornii (CHORNY)
Dist
Test-Class-Moose v0.98
Platform
Perl 5 v5.16.0 MSWin32-x86-multi-thread
Date
2019-11-01 22:09:34
ID
fde46304-6c19-1014-bda1-2c8b7e81cb5f
This distribution has been tested as part of the CPAN Testers
project, supporting the Perl programming language.  See
http://wiki.cpantesters.org/ for more information or email
questions to cpan-testers-discuss@perl.org


--
Dear Dave Rolsky,

This is a computer-generated report for Test-Class-Moose-0.98
on perl 5.16.0, created by CPAN-Reporter-1.2018.

Thank you for uploading your work to CPAN.  However, there was a problem
testing your distribution.

If you think this report is invalid, please consult the CPAN Testers Wiki
for suggestions on how to avoid getting FAIL reports for missing library
or binary dependencies, unsupported operating systems, and so on:

http://wiki.cpantesters.org/wiki/CPANAuthorNotes

Sections of this report:

    * Tester comments
    * Program output
    * Prerequisites
    * Environment and other context

------------------------------
TESTER COMMENTS
------------------------------

Additional comments from tester:

this report is from an automated smoke testing program
and was not reviewed by a human for accuracy

------------------------------
PROGRAM OUTPUT
------------------------------

Output from 'C:\strawberry160\c\bin\dmake.exe test':

C:\strawberry160\perl\bin\perl.exe "-MExtUtils::Command::MM" "-MTest::Harness" "-e" "undef *Test::Harness::Switches; test_harness(0, 'blib\lib', 'blib\arch')" t/*.t
# 
# Versions for all modules listed in MYMETA.json (including optional ones):
# 
# === Configure Requires ===
# 
#     Module              Want Have
#     ------------------- ---- ----
#     ExtUtils::MakeMaker  any 6.84
# 
# === Build Requires ===
# 
#     Module              Want Have
#     ------------------- ---- ----
#     ExtUtils::MakeMaker  any 6.84
# 
# === Test Requires ===
# 
#     Module                    Want     Have
#     --------------------- -------- --------
#     ExtUtils::MakeMaker        any     6.84
#     File::Spec                 any     3.40
#     File::Temp                 any     0.22
#     Test2::Tools::Basic        any 0.000127
#     Test2::Tools::Class        any 0.000127
#     Test2::Tools::Compare      any 0.000127
#     Test2::Tools::Subtest      any 0.000127
#     Test2::V0                  any 0.000127
#     Test::Builder              any 1.302168
#     Test::More            1.302015 1.302168
#     Test::Requires             any     0.07
#     Test::Warnings             any    0.012
#     lib                        any     0.63
# 
# === Test Recommends ===
# 
#     Module           Want     Have
#     ------------ -------- --------
#     CPAN::Meta   2.120900 2.133380
#     Test::Output   0.0005     1.02
# 
# === Runtime Requires ===
# 
#     Module                           Want     Have
#     ---------------------------- -------- --------
#     Benchmark                         any     1.13
#     Carp                              any     1.26
#     Class::MOP                        any   2.1005
#     Exporter                          any     5.68
#     File::Find                        any     1.20
#     File::Spec                        any     3.40
#     Import::Into                      any 1.002000
#     JSON::MaybeXS                     any 1.001000
#     List::SomeUtils                   any     0.58
#     List::Util                        any     1.35
#     Module::Runtime                   any    0.013
#     Module::Util                      any     1.09
#     Moose                          2.0000   2.1005
#     Moose::Role                    2.0000   2.1005
#     Moose::Util                       any   2.1005
#     Moose::Util::TypeConstraints      any   2.1005
#     MooseX::Getopt                   0.71     0.74
#     MooseX::Getopt::Dashes            any     0.74
#     Package::DeprecationManager      0.16     0.17
#     Parallel::ForkManager             any     1.05
#     Scalar::Util                      any     1.35
#     Sub::Attribute                    any     0.07
#     TAP::Formatter::Color            3.29     3.30
#     Test2                        1.302118 1.302168
#     Test2::API                        any 1.302168
#     Test2::AsyncSubtest          0.000018 0.000127
#     Test2::IPC                        any 1.302168
#     Test2::Tools::AsyncSubtest        any 0.000127
#     Test::Most                        any     0.31
#     Try::Tiny                         any     0.18
#     namespace::autoclean              any     0.13
#     strict                            any     1.07
#     warnings                          any     1.13
# 
# === Runtime Recommends ===
# 
#     Module                  Want Have
#     --------------------- ------ ----
#     Parallel::ForkManager v0.7.6 1.05
# 
t/00-report-prereqs.t .......... ok
t/autouse.t .................... ok

# Failed test 'error message mentions 1 base class(es) - single parent that does not exist'
# at t/bad_subclass.t line 49.
# +---------------------------------+----+---------------------------------+
# | GOT                             | OP | CHECK                           |
# +---------------------------------+----+---------------------------------+
# | Can't locate This/Class/Does/No | =~ | (?^x:\bParentDoesNotExist\b  #  |
# | t/Exist.pm in @INC (@INC contai |    | Bogus module\n                  |
# | ns: t/badlib t/lib C:\strawberr |    |                    .*?\bThis::C |
# | y160\cpan\build\Test-Class-Moos |    | lass::Does::Not::Exist\b      # |
# | e-0.98-0\blib\lib C:\strawberry |    |  Base classes\n                 |
# | 160\cpan\build\Test-Class-Moose |    |                    .*?\bTest::C |
# | -0.98-0\blib\arch C:\strawberry |    | lass::Moose\b # Required parent |
# | 160\cpan\build\Test2-Suite-0.00 |    | \n                              |
# | 0127-10/blib/arch C:\strawberry |    |                    .*?ParentDoe |
# | 160\cpan\build\Test2-Suite-0.00 |    | sNotExist)                      |
# | 0127-10/blib/lib C:\strawberry1 |    |                                 |
# | 60\cpan\build\Term-Table-0.014- |    |                                 |
# | 10/blib/arch C:\strawberry160\c |    |                                 |
# | pan\build\Term-Table-0.014-10/b |    |                                 |
# | lib/lib C:\strawberry160\cpan\b |    |                                 |
# | uild\Sub-Info-0.002-10/blib/arc |    |                                 |
# | h C:\strawberry160\cpan\build\S |    |                                 |
# | ub-Info-0.002-10/blib/lib C:\st |    |                                 |
# | rawberry160\cpan\build\Importer |    |                                 |
# | -0.025-10/blib/arch C:\strawber |    |                                 |
# | ry160\cpan\build\Importer-0.025 |    |                                 |
# | -10/blib/lib C:\strawberry160\c |    |                                 |
# | pan\build\Test-Simple-1.302168- |    |                                 |
# | 14/blib/arch C:\strawberry160\c |    |                                 |
# | pan\build\Test-Simple-1.302168- |    |                                 |
# | 14/blib/lib C:\strawberry160\cp |    |                                 |
# | an\build\Sub-Attribute-0.07-0/b |    |                                 |
# | lib/arch C:\strawberry160\cpan\ |    |                                 |
# | build\Sub-Attribute-0.07-0/blib |    |                                 |
# | /lib C:\strawberry160\cpan\buil |    |                                 |
# | d\Package-DeprecationManager-0. |    |                                 |
# | 17-0/blib/arch C:\strawberry160 |    |                                 |
# | \cpan\build\Package-Deprecation |    |                                 |
# | Manager-0.17-0/blib/lib C:\stra |    |                                 |
# | wberry160\cpan\build\MooseX-Get |    |                                 |
# | opt-0.74-0/blib/arch C:\strawbe |    |                                 |
# | rry160\cpan\build\MooseX-Getopt |    |                                 |
# | -0.74-0/blib/lib C:\strawberry1 |    |                                 |
# | 60\cpan\build\MooseX-Role-Param |    |                                 |
# | eterized-1.11-1/blib/arch C:\st |    |                                 |
# | rawberry160\cpan\build\MooseX-R |    |                                 |
# | ole-Parameterized-1.11-1/blib/l |    |                                 |
# | ib C:\strawberry160\cpan\build\ |    |                                 |
# | Test-Needs-0.002006-9/blib/arch |    |                                 |
# |  C:\strawberry160\cpan\build\Te |    |                                 |
# | st-Needs-0.002006-9/blib/lib C: |    |                                 |
# | \strawberry160\cpan\build\CPAN- |    |                                 |
# | Meta-Check-0.014-5/blib/arch C: |    |                                 |
# | \strawberry160\cpan\build\CPAN- |    |                                 |
# | Meta-Check-0.014-5/blib/lib C:\ |    |                                 |
# | strawberry160\cpan\build\Module |    |                                 |
# | -Metadata-1.000037-5/blib/arch  |    |                                 |
# | C:\strawberry160\cpan\build\Mod |    |                                 |
# | ule-Metadata-1.000037-5/blib/li |    |                                 |
# | b C:\strawberry160\cpan\build\M |    |                                 |
# | odule-Build-Tiny-0.039-15/blib/ |    |                                 |
# | arch C:\strawberry160\cpan\buil |    |                                 |
# | d\Module-Build-Tiny-0.039-15/bl |    |                                 |
# | ib/lib C:\strawberry160\cpan\bu |    |                                 |
# | ild\List-SomeUtils-0.58-1/blib/ |    |                                 |
# | arch C:\strawberry160\cpan\buil |    |                                 |
# | d\List-SomeUtils-0.58-1/blib/li |    |                                 |
# | b C:\strawberry160\cpan\build\L |    |                                 |
# | ist-SomeUtils-XS-0.58-1/blib/ar |    |                                 |
# | ch C:\strawberry160\cpan\build\ |    |                                 |
# | List-SomeUtils-XS-0.58-1/blib/l |    |                                 |
# | ib C:/strawberry160/perl/site/l |    |                                 |
# | ib/MSWin32-x86-multi-thread C:/ |    |                                 |
# | strawberry160/perl/site/lib C:/ |    |                                 |
# | strawberry160/perl/vendor/lib C |    |                                 |
# | :/strawberry160/perl/lib .) at  |    |                                 |
# | t/badlib/ParentDoesNotExist.pm  |    |                                 |
# | line 7.\n                       |    |                                 |
# | BEGIN failed--compilation abort |    |                                 |
# | ed at t/badlib/ParentDoesNotExi |    |                                 |
# | st.pm line 7.\n                 |    |                                 |
# | Compilation failed in require a |    |                                 |
# | t (eval 454) line 1.\n          |    |                                 |
# | BEGIN failed--compilation abort |    |                                 |
# | ed at (eval 454) line 1.\n      |    |                                 |
# +---------------------------------+----+---------------------------------+
# Seeded srand with seed '20191102' from local date.
# Looks like you failed 1 test of 4.

You have loaded versions of test modules known to have problems with Test2.
This could explain some test failures.
 * Module 'Test::Exception' is outdated, we recommend updating above 0.42.

t/bad_subclass.t ............... 
Dubious, test returned 1 (wstat 256, 0x100)
Failed 1/4 subtests 
t/bare.t ....................... ok
t/basic.t ...................... ok
Can't stat t\lib\Local: No such file or directory
 at C:\strawberry160\cpan\build\Test-Class-Moose-0.98-0\blib\lib/Test/Class/Moose/Load.pm line 73.
t/cli.t ........................ ok
t/environment.t ................ ok
t/executor_roles.t ............. ok
t/include_classes.t ............ ok
t/include_exclude.t ............ ok
t/load-special-characters.t .... ok
t/load.t ....................... ok
t/no_tests_run.t ............... ok
t/non_randomize_classes.t ...... ok
t/parallel.t ................... skipped: These tests currently fail on Windows for reasons we do not understand. Patches welcome.
t/parameterized.t .............. ok
t/plans.t ...................... ok
t/process_name.t ............... ok
t/reportpassed.t ............... ok
t/skip.t ....................... ok
You can only consume roles, TestsFor::Basic::Role is not a Moose role at C:/strawberry160/perl/site/lib/Moose/Util.pm line 138.
	Moose::Util::_apply_all_roles('Moose::Meta::Class=HASH(0x1eb05ac)', undef, 'TestsFor::Basic::Role') called at C:/strawberry160/perl/site/lib/Moose/Util.pm line 99
	Moose::Util::apply_all_roles('Moose::Meta::Class=HASH(0x1eb05ac)', 'TestsFor::Basic::Role') called at C:/strawberry160/perl/site/lib/Moose.pm line 66
	Moose::with('Moose::Meta::Class=HASH(0x1eb05ac)', 'TestsFor::Basic::Role') called at C:/strawberry160/perl/site/lib/Moose/Exporter.pm line 409
	Moose::with('TestsFor::Basic::Role') called at t/taglib/TestsFor/Basic/WithRole.pm line 4
	require TestsFor/Basic/WithRole.pm called at (eval 448) line 2
	Test::Class::Moose::Load::BEGIN() called at t/taglib/TestsFor/Basic/WithRole.pm line 0
	eval {...} called at t/taglib/TestsFor/Basic/WithRole.pm line 0
	eval 'use TestsFor::Basic::WithRole ()
;' called at C:\strawberry160\cpan\build\Test-Class-Moose-0.98-0\blib\lib/Test/Class/Moose/Load.pm line 54
	Test::Class::Moose::Load::_load('Test::Class::Moose::Load', 't\taglib/TestsFor/Basic/WithRole.pm', 't\taglib') called at C:\strawberry160\cpan\build\Test-Class-Moose-0.98-0\blib\lib/Test/Class/Moose/Load.pm line 68
	Test::Class::Moose::Load::__ANON__() called at C:/strawberry160/perl/lib/File/Find.pm line 781
	File::Find::_find_dir('HASH(0x19f4fc4)', 't\taglib', 1) called at C:/strawberry160/perl/lib/File/Find.pm line 569
	File::Find::_find_opt('HASH(0x19f4fc4)', 't\taglib') called at C:/strawberry160/perl/lib/File/Find.pm line 1070
	File::Find::find('HASH(0x19f4fc4)', 't\taglib') called at C:\strawberry160\cpan\build\Test-Class-Moose-0.98-0\blib\lib/Test/Class/Moose/Load.pm line 73
	Test::Class::Moose::Load::import('Test::Class::Moose::Load', 't/taglib') called at t/tags.t line 8
	main::BEGIN() called at t/taglib/TestsFor/Basic/WithRole.pm line 0
	eval {...} called at t/taglib/TestsFor/Basic/WithRole.pm line 0
 at C:/strawberry160/perl/site/lib/Moose/Util.pm line 138.
	Moose::Util::_apply_all_roles('Moose::Meta::Class=HASH(0x1eb05ac)', undef, 'TestsFor::Basic::Role') called at C:/strawberry160/perl/site/lib/Moose/Util.pm line 99
	Moose::Util::apply_all_roles('Moose::Meta::Class=HASH(0x1eb05ac)', 'TestsFor::Basic::Role') called at C:/strawberry160/perl/site/lib/Moose.pm line 66
	Moose::with('Moose::Meta::Class=HASH(0x1eb05ac)', 'TestsFor::Basic::Role') called at C:/strawberry160/perl/site/lib/Moose/Exporter.pm line 409
	Moose::with('TestsFor::Basic::Role') called at t/taglib/TestsFor/Basic/WithRole.pm line 4
	require TestsFor/Basic/WithRole.pm called at (eval 448) line 2
	Test::Class::Moose::Load::BEGIN() called at t/taglib/TestsFor/Basic/WithRole.pm line 0
	eval {...} called at t/taglib/TestsFor/Basic/WithRole.pm line 0
	eval 'use TestsFor::Basic::WithRole ()
;' called at C:\strawberry160\cpan\build\Test-Class-Moose-0.98-0\blib\lib/Test/Class/Moose/Load.pm line 54
	Test::Class::Moose::Load::_load('Test::Class::Moose::Load', 't\taglib/TestsFor/Basic/WithRole.pm', 't\taglib') called at C:\strawberry160\cpan\build\Test-Class-Moose-0.98-0\blib\lib/Test/Class/Moose/Load.pm line 68
	Test::Class::Moose::Load::__ANON__() called at C:/strawberry160/perl/lib/File/Find.pm line 781
	File::Find::_find_dir('HASH(0x19f4fc4)', 't\taglib', 1) called at C:/strawberry160/perl/lib/File/Find.pm line 569
	File::Find::_find_opt('HASH(0x19f4fc4)', 't\taglib') called at C:/strawberry160/perl/lib/File/Find.pm line 1070
	File::Find::find('HASH(0x19f4fc4)', 't\taglib') called at C:\strawberry160\cpan\build\Test-Class-Moose-0.98-0\blib\lib/Test/Class/Moose/Load.pm line 73
	Test::Class::Moose::Load::import('Test::Class::Moose::Load', 't/taglib') called at t/tags.t line 8
	main::BEGIN() called at t/taglib/TestsFor/Basic/WithRole.pm line 0
	eval {...} called at t/taglib/TestsFor/Basic/WithRole.pm line 0
Compilation failed in require at (eval 448) line 2.
BEGIN failed--compilation aborted at (eval 448) line 2.
BEGIN failed--compilation aborted at t/tags.t line 8.
t/tags.t ....................... 
Dubious, test returned 255 (wstat 65280, 0xff00)
No subtests run 
t/test_class_is_not_loaded.t ... ok
t/test_control_methods.t ....... ok
t/test_control_methods_skip.t .. ok
t/timing.t ..................... ok
t/todo.t ....................... ok

Test Summary Report
-------------------
t/bad_subclass.t             (Wstat: 256 Tests: 4 Failed: 1)
  Failed test:  4
  Non-zero exit status: 1
t/tags.t                     (Wstat: 65280 Tests: 0 Failed: 0)
  Non-zero exit status: 255
  Parse errors: No plan found in TAP output
Files=26, Tests=181, 58 wallclock secs ( 0.23 usr +  0.18 sys =  0.41 CPU)
Result: FAIL
Failed 2/26 test programs. 1/181 subtests failed.
dmake.exe:  Error code 255, while making 'test_dynamic'

------------------------------
PREREQUISITES
------------------------------

Prerequisite modules loaded:

requires:

    Module                       Need     Have    
    ---------------------------- -------- --------
    Benchmark                    0        1.13    
    Carp                         0        1.26    
    Class::MOP                   0        2.1005  
    Exporter                     0        5.68    
    File::Find                   0        1.20    
    File::Spec                   0        3.40    
    Import::Into                 0        1.002000
    JSON::MaybeXS                0        1.001000
    List::SomeUtils              0        0.58    
    List::Util                   0        1.35    
    Module::Runtime              0        0.013   
    Module::Util                 0        1.09    
    Moose                        2.0000   2.1005  
    Moose::Role                  2.0000   2.1005  
    Moose::Util                  0        2.1005  
    Moose::Util::TypeConstraints 0        2.1005  
    MooseX::Getopt               0.71     0.74    
    MooseX::Getopt::Dashes       0        0.74    
    namespace::autoclean         0        0.13    
    Package::DeprecationManager  0.16     0.17    
    Parallel::ForkManager        0        1.05    
    perl                         5.010000 5.016000
    Scalar::Util                 0        1.35    
    strict                       0        1.07    
    Sub::Attribute               0        0.07    
    TAP::Formatter::Color        3.29     3.30    
    Test2                        1.302118 1.302168
    Test2::API                   0        1.302168
    Test2::AsyncSubtest          0.000018 0.000127
    Test2::IPC                   0        1.302168
    Test2::Tools::AsyncSubtest   0        0.000127
    Test::Most                   0        0.31    
    Try::Tiny                    0        0.18    
    warnings                     0        1.13    

build_requires:

    Module                       Need     Have    
    ---------------------------- -------- --------
    ExtUtils::MakeMaker          0        6.84    
    File::Spec                   0        3.40    
    File::Temp                   0        0.22    
    lib                          0        0.63    
    Test2::Tools::Basic          0        0.000127
    Test2::Tools::Class          0        0.000127
    Test2::Tools::Compare        0        0.000127
    Test2::Tools::Subtest        0        0.000127
    Test2::V0                    0        0.000127
    Test::Builder                0        1.302168
    Test::More                   1.302015 1.302168
    Test::Requires               0        0.07    
    Test::Warnings               0        0.012   

configure_requires:

    Module                       Need     Have    
    ---------------------------- -------- --------
    ExtUtils::MakeMaker          0        6.84    


------------------------------
ENVIRONMENT AND OTHER CONTEXT
------------------------------

Environment variables:

    AUTOMATED_TESTING = 1
    COMSPEC = C:\WINDOWS\system32\cmd.exe
    NUMBER_OF_PROCESSORS = 1
    PATH = C:\WINDOWS\system32;C:\WINDOWS;C:\WINDOWS\System32\Wbem;C:\strawberry160\c\bin;C:\strawberry160\perl\site\bin;C:\strawberry160\perl\bin
    PERL5LIB = C:\strawberry160\cpan\build\Test2-Suite-0.000127-10/blib/arch;C:\strawberry160\cpan\build\Test2-Suite-0.000127-10/blib/lib;C:\strawberry160\cpan\build\Term-Table-0.014-10/blib/arch;C:\strawberry160\cpan\build\Term-Table-0.014-10/blib/lib;C:\strawberry160\cpan\build\Sub-Info-0.002-10/blib/arch;C:\strawberry160\cpan\build\Sub-Info-0.002-10/blib/lib;C:\strawberry160\cpan\build\Importer-0.025-10/blib/arch;C:\strawberry160\cpan\build\Importer-0.025-10/blib/lib;C:\strawberry160\cpan\build\Test-Simple-1.302168-14/blib/arch;C:\strawberry160\cpan\build\Test-Simple-1.302168-14/blib/lib;C:\strawberry160\cpan\build\Sub-Attribute-0.07-0/blib/arch;C:\strawberry160\cpan\build\Sub-Attribute-0.07-0/blib/lib;C:\strawberry160\cpan\build\Package-DeprecationManager-0.17-0/blib/arch;C:\strawberry160\cpan\build\Package-DeprecationManager-0.17-0/blib/lib;C:\strawberry160\cpan\build\MooseX-Getopt-0.74-0/blib/arch;C:\strawberry160\cpan\build\MooseX-Getopt-0.74-0/blib/lib;C:\strawberry160\cpan\build\MooseX-Role-Parameterized-1.11-1/blib/arch;C:\strawberry160\cpan\build\MooseX-Role-Parameterized-1.11-1/blib/lib;C:\strawberry160\cpan\build\Test-Needs-0.002006-9/blib/arch;C:\strawberry160\cpan\build\Test-Needs-0.002006-9/blib/lib;C:\strawberry160\cpan\build\CPAN-Meta-Check-0.014-5/blib/arch;C:\strawberry160\cpan\build\CPAN-Meta-Check-0.014-5/blib/lib;C:\strawberry160\cpan\build\Module-Metadata-1.000037-5/blib/arch;C:\strawberry160\cpan\build\Module-Metadata-1.000037-5/blib/lib;C:\strawberry160\cpan\build\Module-Build-Tiny-0.039-15/blib/arch;C:\strawberry160\cpan\build\Module-Build-Tiny-0.039-15/blib/lib;C:\strawberry160\cpan\build\List-SomeUtils-0.58-1/blib/arch;C:\strawberry160\cpan\build\List-SomeUtils-0.58-1/blib/lib;C:\strawberry160\cpan\build\List-SomeUtils-XS-0.58-1/blib/arch;C:\strawberry160\cpan\build\List-SomeUtils-XS-0.58-1/blib/lib
    PERL5OPT = 
    PERL5_CPANPLUS_IS_RUNNING = 37000
    PERL5_CPAN_IS_RUNNING = 37000
    PERL5_CPAN_IS_RUNNING_IN_RECURSION = 6912,37000
    PERL_CR_SMOKER_CURRENT = Test-Class-Moose-0.98
    PERL_CR_SMOKER_RUNONCE = 1
    PERL_EXTUTILS_AUTOINSTALL = --defaultdeps
    PERL_JSON_BACKEND = JSON::XS
    PERL_MM_USE_DEFAULT = 1
    PERL_YAML_BACKEND = YAML
    PROCESSOR_IDENTIFIER = x86 Family 18 Model 1 Stepping 0, AuthenticAMD
    TEMP = C:\DOCUME~1\a\LOCALS~1\Temp
    TERM = dumb

Perl special variables (and OS-specific diagnostics, for MSWin32):

    $^X = C:\strawberry160\perl\bin\perl.exe
    $UID/$EUID = 0 / 0
    $GID = 0
    $EGID = 0
    Win32::GetOSName = WinXP/.Net
    Win32::GetOSVersion = Service Pack 3, 5, 1, 2600, 2, 3, 0, 256, 1
    Win32::FsType = NTFS
    Win32::IsAdminUser = 1

Perl module toolchain versions installed:

    Module              Have    
    ------------------- --------
    CPAN                2.16    
    CPAN::Meta          2.133380
    Cwd                 3.40    
    ExtUtils::CBuilder  0.280206
    ExtUtils::Command   1.17    
    ExtUtils::Install   1.58    
    ExtUtils::MakeMaker 6.84    
    ExtUtils::Manifest  1.61    
    ExtUtils::ParseXS   3.22    
    File::Spec          3.40    
    JSON                2.53    
    JSON::PP            2.27203 
    Module::Build       0.4203  
    Module::Signature   0.68    
    Parse::CPAN::Meta   1.4405  
    Test::Harness       3.30    
    Test::More          1.302168
    YAML                0.88    
    YAML::Syck          1.27    
    version             0.9904  


--

Summary of my perl5 (revision 5 version 16 subversion 0) configuration:
   
  Platform:
    osname=MSWin32, osvers=4.0, archname=MSWin32-x86-multi-thread
    uname='Win32 strawberry-perl 5.16.0.1 #1 Mon May 21 22:07:30 2012 i386'
    config_args='undef'
    hint=recommended, useposix=true, d_sigaction=undef
    useithreads=define, usemultiplicity=define
    useperlio=define, d_sfio=undef, uselargefiles=define, usesocks=undef
    use64bitint=undef, use64bitall=undef, uselongdouble=undef
    usemymalloc=n, bincompat5005=undef
  Compiler:
    cc='gcc', ccflags =' -s -O2 -DWIN32  -DPERL_TEXTMODE_SCRIPTS -DPERL_IMPLICIT_CONTEXT -DPERL_IMPLICIT_SYS -fno-strict-aliasing -mms-bitfields',
    optimize='-s -O2',
    cppflags='-DWIN32'
    ccversion='', gccversion='4.6.3', gccosandvers=''
    intsize=4, longsize=4, ptrsize=4, doublesize=8, byteorder=1234
    d_longlong=undef, longlongsize=8, d_longdbl=define, longdblsize=12
    ivtype='long', ivsize=4, nvtype='double', nvsize=8, Off_t='long long', lseeksize=8
    alignbytes=8, prototype=define
  Linker and Libraries:
    ld='g++', ldflags ='-s -L"C:\strawberry160\perl\lib\CORE" -L"C:\strawberry160\c\lib"'
    libpth=C:\strawberry160\c\lib C:\strawberry160\c\i686-w64-mingw32\lib
    libs=-lmoldname -lkernel32 -luser32 -lgdi32 -lwinspool -lcomdlg32 -ladvapi32 -lshell32 -lole32 -loleaut32 -lnetapi32 -luuid -lws2_32 -lmpr -lwinmm -lversion -lodbc32 -lodbccp32 -lcomctl32
    perllibs=-lmoldname -lkernel32 -luser32 -lgdi32 -lwinspool -lcomdlg32 -ladvapi32 -lshell32 -lole32 -loleaut32 -lnetapi32 -luuid -lws2_32 -lmpr -lwinmm -lversion -lodbc32 -lodbccp32 -lcomctl32
    libc=, so=dll, useshrplib=true, libperl=libperl516.a
    gnulibc_version=''
  Dynamic Linking:
    dlsrc=dl_win32.xs, dlext=dll, d_dlsymun=undef, ccdlflags=' '
    cccdlflags=' ', lddlflags='-mdll -s -L"C:\strawberry160\perl\lib\CORE" -L"C:\strawberry160\c\lib"'


Characteristics of this binary (from libperl): 
  Compile-time options: HAS_TIMES HAVE_INTERP_INTERN MULTIPLICITY
                        PERLIO_LAYERS PERL_DONT_CREATE_GVSV
                        PERL_IMPLICIT_CONTEXT PERL_IMPLICIT_SYS
                        PERL_MALLOC_WRAP PERL_PRESERVE_IVUV PL_OP_SLAB_ALLOC
                        USE_ITHREADS USE_LARGE_FILES USE_LOCALE
                        USE_LOCALE_COLLATE USE_LOCALE_CTYPE
                        USE_LOCALE_NUMERIC USE_PERLIO USE_PERL_ATOF
  Built under MSWin32
  Compiled at May 21 2012 22:15:38
  %ENV:
    PERL5LIB="C:\strawberry160\cpan\build\Test2-Suite-0.000127-10/blib/arch;C:\strawberry160\cpan\build\Test2-Suite-0.000127-10/blib/lib;C:\strawberry160\cpan\build\Term-Table-0.014-10/blib/arch;C:\strawberry160\cpan\build\Term-Table-0.014-10/blib/lib;C:\strawberry160\cpan\build\Sub-Info-0.002-10/blib/arch;C:\strawberry160\cpan\build\Sub-Info-0.002-10/blib/lib;C:\strawberry160\cpan\build\Importer-0.025-10/blib/arch;C:\strawberry160\cpan\build\Importer-0.025-10/blib/lib;C:\strawberry160\cpan\build\Test-Simple-1.302168-14/blib/arch;C:\strawberry160\cpan\build\Test-Simple-1.302168-14/blib/lib;C:\strawberry160\cpan\build\Sub-Attribute-0.07-0/blib/arch;C:\strawberry160\cpan\build\Sub-Attribute-0.07-0/blib/lib;C:\strawberry160\cpan\build\Package-DeprecationManager-0.17-0/blib/arch;C:\strawberry160\cpan\build\Package-DeprecationManager-0.17-0/blib/lib;C:\strawberry160\cpan\build\MooseX-Getopt-0.74-0/blib/arch;C:\strawberry160\cpan\build\MooseX-Getopt-0.74-0/blib/lib;C:\strawberry160\cpan\build\MooseX-Role-Parameterized-1.11-1/blib/arch;C:\strawberry160\cpan\build\MooseX-Role-Parameterized-1.11-1/blib/lib;C:\strawberry160\cpan\build\Test-Needs-0.002006-9/blib/arch;C:\strawberry160\cpan\build\Test-Needs-0.002006-9/blib/lib;C:\strawberry160\cpan\build\CPAN-Meta-Check-0.014-5/blib/arch;C:\strawberry160\cpan\build\CPAN-Meta-Check-0.014-5/blib/lib;C:\strawberry160\cpan\build\Module-Metadata-1.000037-5/blib/arch;C:\strawberry160\cpan\build\Module-Metadata-1.000037-5/blib/lib;C:\strawberry160\cpan\build\Module-Build-Tiny-0.039-15/blib/arch;C:\strawberry160\cpan\build\Module-Build-Tiny-0.039-15/blib/lib;C:\strawberry160\cpan\build\List-SomeUtils-0.58-1/blib/arch;C:\strawberry160\cpan\build\List-SomeUtils-0.58-1/blib/lib;C:\strawberry160\cpan\build\List-SomeUtils-XS-0.58-1/blib/arch;C:\strawberry160\cpan\build\List-SomeUtils-XS-0.58-1/blib/lib"
    PERL5_CPANPLUS_IS_RUNNING="37000"
    PERL5_CPAN_IS_RUNNING="37000"
    PERL5_CPAN_IS_RUNNING_IN_RECURSION="6912,37000"
    PERL_CR_SMOKER_CURRENT="Test-Class-Moose-0.98"
    PERL_CR_SMOKER_RUNONCE="1"
    PERL_EXTUTILS_AUTOINSTALL="--defaultdeps"
    PERL_JSON_BACKEND="JSON::XS"
    PERL_MM_USE_DEFAULT="1"
    PERL_YAML_BACKEND="YAML"
  @INC:
    C:\strawberry160\cpan\build\Test2-Suite-0.000127-10/blib/arch
    C:\strawberry160\cpan\build\Test2-Suite-0.000127-10/blib/lib
    C:\strawberry160\cpan\build\Term-Table-0.014-10/blib/arch
    C:\strawberry160\cpan\build\Term-Table-0.014-10/blib/lib
    C:\strawberry160\cpan\build\Sub-Info-0.002-10/blib/arch
    C:\strawberry160\cpan\build\Sub-Info-0.002-10/blib/lib
    C:\strawberry160\cpan\build\Importer-0.025-10/blib/arch
    C:\strawberry160\cpan\build\Importer-0.025-10/blib/lib
    C:\strawberry160\cpan\build\Test-Simple-1.302168-14/blib/arch
    C:\strawberry160\cpan\build\Test-Simple-1.302168-14/blib/lib
    C:\strawberry160\cpan\build\Sub-Attribute-0.07-0/blib/arch
    C:\strawberry160\cpan\build\Sub-Attribute-0.07-0/blib/lib
    C:\strawberry160\cpan\build\Package-DeprecationManager-0.17-0/blib/arch
    C:\strawberry160\cpan\build\Package-DeprecationManager-0.17-0/blib/lib
    C:\strawberry160\cpan\build\MooseX-Getopt-0.74-0/blib/arch
    C:\strawberry160\cpan\build\MooseX-Getopt-0.74-0/blib/lib
    C:\strawberry160\cpan\build\MooseX-Role-Parameterized-1.11-1/blib/arch
    C:\strawberry160\cpan\build\MooseX-Role-Parameterized-1.11-1/blib/lib
    C:\strawberry160\cpan\build\Test-Needs-0.002006-9/blib/arch
    C:\strawberry160\cpan\build\Test-Needs-0.002006-9/blib/lib
    C:\strawberry160\cpan\build\CPAN-Meta-Check-0.014-5/blib/arch
    C:\strawberry160\cpan\build\CPAN-Meta-Check-0.014-5/blib/lib
    C:\strawberry160\cpan\build\Module-Metadata-1.000037-5/blib/arch
    C:\strawberry160\cpan\build\Module-Metadata-1.000037-5/blib/lib
    C:\strawberry160\cpan\build\Module-Build-Tiny-0.039-15/blib/arch
    C:\strawberry160\cpan\build\Module-Build-Tiny-0.039-15/blib/lib
    C:\strawberry160\cpan\build\List-SomeUtils-0.58-1/blib/arch
    C:\strawberry160\cpan\build\List-SomeUtils-0.58-1/blib/lib
    C:\strawberry160\cpan\build\List-SomeUtils-XS-0.58-1/blib/arch
    C:\strawberry160\cpan\build\List-SomeUtils-XS-0.58-1/blib/lib
    C:/strawberry160/perl/site/lib/MSWin32-x86-multi-thread
    C:/strawberry160/perl/site/lib
    C:/strawberry160/perl/vendor/lib
    C:/strawberry160/perl/lib
    .