Test-Unit v0.25 Perl 5 v5.36.0 x86_64-linux-ld
- Status
- Fail
- From
- Slaven Rezić
- Dist
-
Test-Unit v0.25
- Platform
- Perl 5 v5.36.0 x86_64-linux-ld
- Date
- 2023-02-15 03:58:19
- ID
- fb94e0cc-ace4-11ed-b7ad-39e46d8775ea
This distribution has been tested as part of the CPAN Testers
project, supporting the Perl programming language. See
http://wiki.cpantesters.org/ for more information or email
questions to cpan-testers-discuss@perl.org
--
Dear Matthew Astley,
This is a computer-generated report for Test-Unit-0.25
on perl 5.36.0, created by CPAN-Reporter-1.2018.
Thank you for uploading your work to CPAN. However, there was a problem
testing your distribution.
If you think this report is invalid, please consult the CPAN Testers Wiki
for suggestions on how to avoid getting FAIL reports for missing library
or binary dependencies, unsupported operating systems, and so on:
http://wiki.cpantesters.org/wiki/CPANAuthorNotes
Sections of this report:
* Tester comments
* Program output
* Prerequisites
* Environment and other context
------------------------------
TESTER COMMENTS
------------------------------
Additional comments from tester:
none provided
------------------------------
PROGRAM OUTPUT
------------------------------
Output from '/usr/bin/make test':
PERL_DL_NONLAZY=1 "/opt/perl-5.36.0D/bin/perl" "-MExtUtils::Command::MM" "-MTest::Harness" "-e" "undef *Test::Harness::Switches; test_harness(0, 'blib/lib', 'blib/arch')" t/*.t
Can't use 'defined(@array)' (Maybe you should just omit the defined()?) at /home/cpansand/.cpan/build/2023021503/Test-Unit-0.25-1/blib/lib/Test/Unit/TestCase.pm line 106.
Compilation failed in require at /home/cpansand/.cpan/build/2023021503/Test-Unit-0.25-1/blib/lib/Test/Unit/TestSuite.pm line 15.
BEGIN failed--compilation aborted at /home/cpansand/.cpan/build/2023021503/Test-Unit-0.25-1/blib/lib/Test/Unit/TestSuite.pm line 15.
Compilation failed in require at /home/cpansand/.cpan/build/2023021503/Test-Unit-0.25-1/blib/lib/Test/Unit/Loader.pm line 7.
BEGIN failed--compilation aborted at /home/cpansand/.cpan/build/2023021503/Test-Unit-0.25-1/blib/lib/Test/Unit/Loader.pm line 7.
Compilation failed in require at /home/cpansand/.cpan/build/2023021503/Test-Unit-0.25-1/blib/lib/Test/Unit/Listener.pm line 2.
BEGIN failed--compilation aborted at /home/cpansand/.cpan/build/2023021503/Test-Unit-0.25-1/blib/lib/Test/Unit/Listener.pm line 2.
Compilation failed in require at /opt/perl-5.36.0D/lib/5.36.0/base.pm line 137.
...propagated at /opt/perl-5.36.0D/lib/5.36.0/base.pm line 159.
BEGIN failed--compilation aborted at /home/cpansand/.cpan/build/2023021503/Test-Unit-0.25-1/blib/lib/Test/Unit/Runner.pm line 25.
Compilation failed in require at /opt/perl-5.36.0D/lib/5.36.0/base.pm line 137.
...propagated at /opt/perl-5.36.0D/lib/5.36.0/base.pm line 159.
BEGIN failed--compilation aborted at /home/cpansand/.cpan/build/2023021503/Test-Unit-0.25-1/blib/lib/Test/Unit/HarnessUnit.pm line 6.
Compilation failed in require at t/all_tests.t line 6.
BEGIN failed--compilation aborted at t/all_tests.t line 6.
t/all_tests.t .....
Dubious, test returned 255 (wstat 65280, 0xff00)
No subtests run
Can't use 'defined(@array)' (Maybe you should just omit the defined()?) at /home/cpansand/.cpan/build/2023021503/Test-Unit-0.25-1/blib/lib/Test/Unit/TestCase.pm line 106.
Compilation failed in require at /home/cpansand/.cpan/build/2023021503/Test-Unit-0.25-1/blib/lib/Test/Unit/TestSuite.pm line 15.
BEGIN failed--compilation aborted at /home/cpansand/.cpan/build/2023021503/Test-Unit-0.25-1/blib/lib/Test/Unit/TestSuite.pm line 15.
Compilation failed in require at /home/cpansand/.cpan/build/2023021503/Test-Unit-0.25-1/blib/lib/Test/Unit/Loader.pm line 7.
BEGIN failed--compilation aborted at /home/cpansand/.cpan/build/2023021503/Test-Unit-0.25-1/blib/lib/Test/Unit/Loader.pm line 7.
Compilation failed in require at /home/cpansand/.cpan/build/2023021503/Test-Unit-0.25-1/blib/lib/Test/Unit/Listener.pm line 2.
BEGIN failed--compilation aborted at /home/cpansand/.cpan/build/2023021503/Test-Unit-0.25-1/blib/lib/Test/Unit/Listener.pm line 2.
Compilation failed in require at /opt/perl-5.36.0D/lib/5.36.0/base.pm line 137.
...propagated at /opt/perl-5.36.0D/lib/5.36.0/base.pm line 159.
BEGIN failed--compilation aborted at /home/cpansand/.cpan/build/2023021503/Test-Unit-0.25-1/blib/lib/Test/Unit/Runner.pm line 25.
Compilation failed in require at /opt/perl-5.36.0D/lib/5.36.0/base.pm line 137.
...propagated at /opt/perl-5.36.0D/lib/5.36.0/base.pm line 159.
BEGIN failed--compilation aborted at /home/cpansand/.cpan/build/2023021503/Test-Unit-0.25-1/blib/lib/Test/Unit/HarnessUnit.pm line 6.
Compilation failed in require at t/assert.t line 5.
BEGIN failed--compilation aborted at t/assert.t line 5.
t/assert.t ........
Dubious, test returned 255 (wstat 65280, 0xff00)
No subtests run
# Test 1 got: "Can't use 'defined(@array)' (Maybe you should just omit the defined()?) at /home/cpansand/.cpan/build/2023021503/Test-Unit-0.25-1/blib/lib/Test/Unit/TestCase.pm line 106.\n# Compilation failed in require at /home/cpansand/.cpan/build/2023021503/Test-Unit-0.25-1/blib/lib/Test/Unit/TestSuite.pm line 15.\n# BEGIN failed--compilation aborted at /home/cpansand/.cpan/build/2023021503/Test-Unit-0.25-1/blib/lib/Test/Unit/TestSuite.pm line 15.\n# Compilation failed in require at /home/cpansand/.cpan/build/2023021503/Test-Unit-0.25-1/blib/lib/Test/Unit/Loader.pm line 7.\n# BEGIN failed--compilation aborted at /home/cpansand/.cpan/build/2023021503/Test-Unit-0.25-1/blib/lib/Test/Unit/Loader.pm line 7.\n# Compilation failed in require at /home/cpansand/.cpan/build/2023021503/Test-Unit-0.25-1/blib/lib/Test/Unit/Listener.pm line 2.\n# BEGIN failed--compilation aborted at /home/cpansand/.cpan/build/2023021503/Test-Unit-0.25-1/blib/lib/Test/Unit/Listener.pm line 2.\n# Compilation failed in require at /opt/perl-5.36.0D/lib/5.36.0/base.pm line 137.\n# \t...propagated at /opt/perl-5.36.0D/lib/5.36.0/base.pm line 159.\n# BEGIN failed--compilation aborted at /home/cpansand/.cpan/build/2023021503/Test-Unit-0.25-1/blib/lib/Test/Unit/Runner.pm line 25.\n# Compilation failed in require at /opt/perl-5.36.0D/lib/5.36.0/base.pm line 137.\n# \t...propagated at /opt/perl-5.36.0D/lib/5.36.0/base.pm line 159.\n# BEGIN failed--compilation aborted at /home/cpansand/.cpan/build/2023021503/Test-Unit-0.25-1/blib/lib/Test/Unit/TestRunner.pm line 4.\n# Compilation failed in require at ./TestRunner.pl line 6.\n# BEGIN failed--compilation aborted at ./TestRunner.pl line 6.\n# " (t/try_examples.t at line 106)
# Expected: "Suite setup\n# TEST-RUN-SUMMARY\n# \n# TIME-SUMMARY\n# \n# !!!FAILURES!!!\n# Test Results:\n# Run: 2, Failures: 1, Errors: 0\n# \n# There was 1 failure:\n# 1) examples/fail_example.pm:19 - test_fail(fail_example)\n# Born to lose ...\n# \n# Test was not successful.\n# "
# Lines 1-14 are changed:
# - "Suite setup\n"
# + "Can't use 'defined(@array)' (Maybe you should just omit the defined()?) at /home/cpansand/.cpan/build/2023021503/Test-Unit-0.25-1/blib/lib/Test/Unit/TestCase.pm line 106.\n"
# - "# TEST-RUN-SUMMARY\n"
# + "# Compilation failed in require at /home/cpansand/.cpan/build/2023021503/Test-Unit-0.25-1/blib/lib/Test/Unit/TestSuite.pm line 15.\n"
# - "# \n"
# + "# BEGIN failed--compilation aborted at /home/cpansand/.cpan/build/2023021503/Test-Unit-0.25-1/blib/lib/Test/Unit/TestSuite.pm line 15.\n"
# - "# TIME-SUMMARY\n"
# + "# Compilation failed in require at /home/cpansand/.cpan/build/2023021503/Test-Unit-0.25-1/blib/lib/Test/Unit/Loader.pm line 7.\n"
# - "# \n"
# + "# BEGIN failed--compilation aborted at /home/cpansand/.cpan/build/2023021503/Test-Unit-0.25-1/blib/lib/Test/Unit/Loader.pm line 7.\n"
# - "# !!!FAILURES!!!\n"
# + "# Compilation failed in require at /home/cpansand/.cpan/build/2023021503/Test-Unit-0.25-1/blib/lib/Test/Unit/Listener.pm line 2.\n"
# - "# Test Results:\n"
# + "# BEGIN failed--compilation aborted at /home/cpansand/.cpan/build/2023021503/Test-Unit-0.25-1/blib/lib/Test/Unit/Listener.pm line 2.\n"
# - "# Run: 2, Failures: 1, Errors: 0\n"
# + "# Compilation failed in require at /opt/perl-5.36.0D/lib/5.36.0/base.pm line 137.\n"
# - "# \n"
# + "# \t...propagated at /opt/perl-5.36.0D/lib/5.36.0/base.pm line 159.\n"
# - "# There was 1 failure:\n"
# + "# BEGIN failed--compilation aborted at /home/cpansand/.cpan/build/2023021503/Test-Unit-0.25-1/blib/lib/Test/Unit/Runner.pm line 25.\n"
# - "# 1) examples/fail_example.pm:19 - test_fail(fail_example)\n"
# + "# Compilation failed in require at /opt/perl-5.36.0D/lib/5.36.0/base.pm line 137.\n"
# - "# Born to lose ...\n"
# + "# \t...propagated at /opt/perl-5.36.0D/lib/5.36.0/base.pm line 159.\n"
# - "# \n"
# + "# BEGIN failed--compilation aborted at /home/cpansand/.cpan/build/2023021503/Test-Unit-0.25-1/blib/lib/Test/Unit/TestRunner.pm line 4.\n"
# - "# Test was not successful.\n"
# + "# Compilation failed in require at ./TestRunner.pl line 6.\n"
# Got 1 extra line at line 15:
# + "# BEGIN failed--compilation aborted at ./TestRunner.pl line 6.\n"
# t/try_examples.t line 106 is: ok($out, $guru_checked{$e});
# Test 2 got: "Can't use 'defined(@array)' (Maybe you should just omit the defined()?) at /home/cpansand/.cpan/build/2023021503/Test-Unit-0.25-1/blib/lib/Test/Unit/TestCase.pm line 106.\n# Compilation failed in require at /home/cpansand/.cpan/build/2023021503/Test-Unit-0.25-1/blib/lib/Test/Unit/TestSuite.pm line 15.\n# BEGIN failed--compilation aborted at /home/cpansand/.cpan/build/2023021503/Test-Unit-0.25-1/blib/lib/Test/Unit/TestSuite.pm line 15.\n# Compilation failed in require at /home/cpansand/.cpan/build/2023021503/Test-Unit-0.25-1/blib/lib/Test/Unit/Procedural.pm line 5.\n# BEGIN failed--compilation aborted at /home/cpansand/.cpan/build/2023021503/Test-Unit-0.25-1/blib/lib/Test/Unit/Procedural.pm line 5.\n# Compilation failed in require at examples/patch100132 line 6.\n# BEGIN failed--compilation aborted at examples/patch100132 line 6.\n# " (t/try_examples.t at line 106 fail #2)
# Expected: "...\n# TIME-SUMMARY\n# \n# OK (3 tests)\n# "
# Lines 1-4 are changed:
# - "...\n"
# + "Can't use 'defined(@array)' (Maybe you should just omit the defined()?) at /home/cpansand/.cpan/build/2023021503/Test-Unit-0.25-1/blib/lib/Test/Unit/TestCase.pm line 106.\n"
# - "# TIME-SUMMARY\n"
# + "# Compilation failed in require at /home/cpansand/.cpan/build/2023021503/Test-Unit-0.25-1/blib/lib/Test/Unit/TestSuite.pm line 15.\n"
# - "# \n"
# + "# BEGIN failed--compilation aborted at /home/cpansand/.cpan/build/2023021503/Test-Unit-0.25-1/blib/lib/Test/Unit/TestSuite.pm line 15.\n"
# - "# OK (3 tests)\n"
# + "# Compilation failed in require at /home/cpansand/.cpan/build/2023021503/Test-Unit-0.25-1/blib/lib/Test/Unit/Procedural.pm line 5.\n"
# Got 3 extra lines at line 5:
# + "# BEGIN failed--compilation aborted at /home/cpansand/.cpan/build/2023021503/Test-Unit-0.25-1/blib/lib/Test/Unit/Procedural.pm line 5.\n"
# + "# Compilation failed in require at examples/patch100132 line 6.\n"
# + "# BEGIN failed--compilation aborted at examples/patch100132 line 6.\n"
# Test 3 got: "Can't use 'defined(@array)' (Maybe you should just omit the defined()?) at /home/cpansand/.cpan/build/2023021503/Test-Unit-0.25-1/blib/lib/Test/Unit/TestCase.pm line 106.\n# Compilation failed in require at /home/cpansand/.cpan/build/2023021503/Test-Unit-0.25-1/blib/lib/Test/Unit/TestSuite.pm line 15.\n# BEGIN failed--compilation aborted at /home/cpansand/.cpan/build/2023021503/Test-Unit-0.25-1/blib/lib/Test/Unit/TestSuite.pm line 15.\n# Compilation failed in require at /home/cpansand/.cpan/build/2023021503/Test-Unit-0.25-1/blib/lib/Test/Unit/Procedural.pm line 5.\n# BEGIN failed--compilation aborted at /home/cpansand/.cpan/build/2023021503/Test-Unit-0.25-1/blib/lib/Test/Unit/Procedural.pm line 5.\n# Compilation failed in require at examples/patch100132-1 line 6.\n# BEGIN failed--compilation aborted at examples/patch100132-1 line 6.\n# " (t/try_examples.t at line 106 fail #3)
# Expected: "...\n# TIME-SUMMARY\n# \n# OK (3 tests)\n# "
# Lines 1-4 are changed:
# - "...\n"
# + "Can't use 'defined(@array)' (Maybe you should just omit the defined()?) at /home/cpansand/.cpan/build/2023021503/Test-Unit-0.25-1/blib/lib/Test/Unit/TestCase.pm line 106.\n"
# - "# TIME-SUMMARY\n"
# + "# Compilation failed in require at /home/cpansand/.cpan/build/2023021503/Test-Unit-0.25-1/blib/lib/Test/Unit/TestSuite.pm line 15.\n"
# - "# \n"
# + "# BEGIN failed--compilation aborted at /home/cpansand/.cpan/build/2023021503/Test-Unit-0.25-1/blib/lib/Test/Unit/TestSuite.pm line 15.\n"
# - "# OK (3 tests)\n"
# + "# Compilation failed in require at /home/cpansand/.cpan/build/2023021503/Test-Unit-0.25-1/blib/lib/Test/Unit/Procedural.pm line 5.\n"
# Got 3 extra lines at line 5:
# + "# BEGIN failed--compilation aborted at /home/cpansand/.cpan/build/2023021503/Test-Unit-0.25-1/blib/lib/Test/Unit/Procedural.pm line 5.\n"
# + "# Compilation failed in require at examples/patch100132-1 line 6.\n"
# + "# BEGIN failed--compilation aborted at examples/patch100132-1 line 6.\n"
# Test 4 got: "Can't use 'defined(@array)' (Maybe you should just omit the defined()?) at /home/cpansand/.cpan/build/2023021503/Test-Unit-0.25-1/blib/lib/Test/Unit/TestCase.pm line 106.\n# Compilation failed in require at /home/cpansand/.cpan/build/2023021503/Test-Unit-0.25-1/blib/lib/Test/Unit/TestSuite.pm line 15.\n# BEGIN failed--compilation aborted at /home/cpansand/.cpan/build/2023021503/Test-Unit-0.25-1/blib/lib/Test/Unit/TestSuite.pm line 15.\n# Compilation failed in require at /home/cpansand/.cpan/build/2023021503/Test-Unit-0.25-1/blib/lib/Test/Unit/Procedural.pm line 5.\n# BEGIN failed--compilation aborted at /home/cpansand/.cpan/build/2023021503/Test-Unit-0.25-1/blib/lib/Test/Unit/Procedural.pm line 5.\n# Compilation failed in require at examples/patch100132-2 line 6.\n# BEGIN failed--compilation aborted at examples/patch100132-2 line 6.\n# " (t/try_examples.t at line 106 fail #4)
# Expected: "...\n# TIME-SUMMARY\n# \n# OK (3 tests)\n# "
# Lines 1-4 are changed:
# - "...\n"
# + "Can't use 'defined(@array)' (Maybe you should just omit the defined()?) at /home/cpansand/.cpan/build/2023021503/Test-Unit-0.25-1/blib/lib/Test/Unit/TestCase.pm line 106.\n"
# - "# TIME-SUMMARY\n"
# + "# Compilation failed in require at /home/cpansand/.cpan/build/2023021503/Test-Unit-0.25-1/blib/lib/Test/Unit/TestSuite.pm line 15.\n"
# - "# \n"
# + "# BEGIN failed--compilation aborted at /home/cpansand/.cpan/build/2023021503/Test-Unit-0.25-1/blib/lib/Test/Unit/TestSuite.pm line 15.\n"
# - "# OK (3 tests)\n"
# + "# Compilation failed in require at /home/cpansand/.cpan/build/2023021503/Test-Unit-0.25-1/blib/lib/Test/Unit/Procedural.pm line 5.\n"
# Got 3 extra lines at line 5:
# + "# BEGIN failed--compilation aborted at /home/cpansand/.cpan/build/2023021503/Test-Unit-0.25-1/blib/lib/Test/Unit/Procedural.pm line 5.\n"
# + "# Compilation failed in require at examples/patch100132-2 line 6.\n"
# + "# BEGIN failed--compilation aborted at examples/patch100132-2 line 6.\n"
t/try_examples.t ..
Failed 4/4 subtests
Test Summary Report
-------------------
t/all_tests.t (Wstat: 65280 (exited 255) Tests: 0 Failed: 0)
Non-zero exit status: 255
Parse errors: No plan found in TAP output
t/assert.t (Wstat: 65280 (exited 255) Tests: 0 Failed: 0)
Non-zero exit status: 255
Parse errors: No plan found in TAP output
t/try_examples.t (Wstat: 0 Tests: 4 Failed: 4)
Failed tests: 1-4
Files=3, Tests=4, 0 wallclock secs ( 0.02 usr 0.00 sys + 0.12 cusr 0.04 csys = 0.18 CPU)
Result: FAIL
Failed 3/3 test programs. 4/4 subtests failed.
make: *** [Makefile:956: test_dynamic] Error 255
------------------------------
PREREQUISITES
------------------------------
Prerequisite modules loaded:
requires:
Module Need Have
------------------- ---- --------
base 1 2.27
Class::Inner 0 0.200001
Devel::Symdump 0 2.18
Error 0 0.17029
build_requires:
Module Need Have
------------------- ---- --------
ExtUtils::MakeMaker 0 7.64
------------------------------
ENVIRONMENT AND OTHER CONTEXT
------------------------------
Environment variables:
LANG = C
PATH = /usr/local/bin:/usr/bin:/bin:/usr/local/sbin:/usr/sbin:/sbin:/home/cpansand/bin/linux-gnu:/home/cpansand/bin/sh:/home/cpansand/bin:/usr/games:/home/cpansand/devel:/home/eserte/src/srezic-misc/scripts
PERL5LIB = /home/cpansand/.cpan/build/2023021503/Class-Inner-0.200001-1/blib/arch:/home/cpansand/.cpan/build/2023021503/Class-Inner-0.200001-1/blib/lib:/home/cpansand/.cpan/build/2023021503/DBD-mysql-4.050-1/blib/arch:/home/cpansand/.cpan/build/2023021503/DBD-mysql-4.050-1/blib/lib:/home/cpansand/.cpan/build/2023021503/Devel-CheckLib-1.16-2/blib/arch:/home/cpansand/.cpan/build/2023021503/Devel-CheckLib-1.16-2/blib/lib:/home/cpansand/.cpan/build/2023021503/Mock-Config-0.03-2/blib/arch:/home/cpansand/.cpan/build/2023021503/Mock-Config-0.03-2/blib/lib
PERL5OPT =
PERL5_CPANPLUS_IS_RUNNING = 1122096
PERL5_CPAN_IS_RUNNING = 1122096
PERL5_CPAN_IS_RUNNING_IN_RECURSION = 728866,1122096
PERLDOC = -MPod::Perldoc::ToTextOverstrike
PERL_BATCH = yes
PERL_CANARY_STABILITY_NOPROMPT = 1
PERL_CPAN_REPORTER_CONFIG = /var/tmp/cpansmoker-1023/2023021419/cpanreporter_000_config.ini
PERL_EXTUTILS_AUTOINSTALL = --defaultdeps
PERL_USE_UNSAFE_INC = 1
SHELL = /usr/bin/zsh
TERM = screen
TMPDIR = /var/tmp/cpansmoker-1023/2023021419
Perl special variables (and OS-specific diagnostics, for MSWin32):
$^X = /opt/perl-5.36.0D/bin/perl
$UID/$EUID = 1023 / 1023
$GID = 1023 1023
$EGID = 1023 1023
Perl module toolchain versions installed:
Module Have
------------------- --------
CPAN 2.33
CPAN::Meta 2.150010
Cwd 3.84
ExtUtils::CBuilder 0.280236
ExtUtils::Command 7.64
ExtUtils::Install 2.20
ExtUtils::MakeMaker 7.64
ExtUtils::Manifest 1.73
ExtUtils::ParseXS 3.45
File::Spec 3.84
JSON 4.06
JSON::PP 4.07
Module::Build 0.4231
Module::Signature n/a
Parse::CPAN::Meta 2.150010
Test::Harness 3.44
Test::More 1.302190
YAML 1.30
YAML::Syck 1.34
version 0.9929
--
Summary of my perl5 (revision 5 version 36 subversion 0) configuration:
Platform:
osname=linux
osvers=5.10.0-13-amd64
archname=x86_64-linux-ld
uname='linux eserte 5.10.0-13-amd64 #1 smp debian 5.10.106-1 (2022-03-17) x86_64 gnulinux '
config_args='-ds -e -Dprefix=/opt/perl-5.36.0D -Duselongdouble -Dcf_email=srezic@cpan.org'
hint=recommended
useposix=true
d_sigaction=define
useithreads=undef
usemultiplicity=undef
use64bitint=define
use64bitall=define
uselongdouble=define
usemymalloc=n
default_inc_excludes_dot=define
Compiler:
cc='cc'
ccflags ='-fwrapv -fno-strict-aliasing -pipe -fstack-protector-strong -I/usr/local/include -D_LARGEFILE_SOURCE -D_FILE_OFFSET_BITS=64 -D_FORTIFY_SOURCE=2'
optimize='-O2'
cppflags='-fwrapv -fno-strict-aliasing -pipe -fstack-protector-strong -I/usr/local/include'
ccversion=''
gccversion='10.2.1 20210110'
gccosandvers=''
intsize=4
longsize=8
ptrsize=8
doublesize=8
byteorder=12345678
doublekind=3
d_longlong=define
longlongsize=8
d_longdbl=define
longdblsize=16
longdblkind=3
ivtype='long'
ivsize=8
nvtype='long double'
nvsize=16
Off_t='off_t'
lseeksize=8
alignbytes=16
prototype=define
Linker and Libraries:
ld='cc'
ldflags =' -fstack-protector-strong -L/usr/local/lib'
libpth=/usr/local/lib /usr/lib/x86_64-linux-gnu /usr/lib /lib/x86_64-linux-gnu /lib
libs=-lpthread -lnsl -lgdbm -ldb -ldl -lm -lcrypt -lutil -lc
perllibs=-lpthread -lnsl -ldl -lm -lcrypt -lutil -lc
libc=libc-2.31.so
so=so
useshrplib=false
libperl=libperl.a
gnulibc_version='2.31'
Dynamic Linking:
dlsrc=dl_dlopen.xs
dlext=so
d_dlsymun=undef
ccdlflags='-Wl,-E'
cccdlflags='-fPIC'
lddlflags='-shared -O2 -L/usr/local/lib -fstack-protector-strong'
Characteristics of this binary (from libperl):
Compile-time options:
HAS_TIMES
PERLIO_LAYERS
PERL_COPY_ON_WRITE
PERL_DONT_CREATE_GVSV
PERL_MALLOC_WRAP
PERL_OP_PARENT
PERL_PRESERVE_IVUV
USE_64_BIT_ALL
USE_64_BIT_INT
USE_LARGE_FILES
USE_LOCALE
USE_LOCALE_COLLATE
USE_LOCALE_CTYPE
USE_LOCALE_NUMERIC
USE_LOCALE_TIME
USE_LONG_DOUBLE
USE_PERLIO
USE_PERL_ATOF
Built under linux
Compiled at May 30 2022 19:47:12
%ENV:
PERL5LIB="/home/cpansand/.cpan/build/2023021503/Class-Inner-0.200001-1/blib/arch:/home/cpansand/.cpan/build/2023021503/Class-Inner-0.200001-1/blib/lib:/home/cpansand/.cpan/build/2023021503/DBD-mysql-4.050-1/blib/arch:/home/cpansand/.cpan/build/2023021503/DBD-mysql-4.050-1/blib/lib:/home/cpansand/.cpan/build/2023021503/Devel-CheckLib-1.16-2/blib/arch:/home/cpansand/.cpan/build/2023021503/Devel-CheckLib-1.16-2/blib/lib:/home/cpansand/.cpan/build/2023021503/Mock-Config-0.03-2/blib/arch:/home/cpansand/.cpan/build/2023021503/Mock-Config-0.03-2/blib/lib"
PERL5OPT=""
PERL5_CPANPLUS_IS_RUNNING="1122096"
PERL5_CPAN_IS_RUNNING="1122096"
PERL5_CPAN_IS_RUNNING_IN_RECURSION="728866,1122096"
PERLDOC="-MPod::Perldoc::ToTextOverstrike"
PERL_BATCH="yes"
PERL_CANARY_STABILITY_NOPROMPT="1"
PERL_CPAN_REPORTER_CONFIG="/var/tmp/cpansmoker-1023/2023021419/cpanreporter_000_config.ini"
PERL_EXTUTILS_AUTOINSTALL="--defaultdeps"
PERL_USE_UNSAFE_INC="1"
@INC:
/home/cpansand/.cpan/build/2023021503/Class-Inner-0.200001-1/blib/arch
/home/cpansand/.cpan/build/2023021503/Class-Inner-0.200001-1/blib/lib
/home/cpansand/.cpan/build/2023021503/DBD-mysql-4.050-1/blib/arch
/home/cpansand/.cpan/build/2023021503/DBD-mysql-4.050-1/blib/lib
/home/cpansand/.cpan/build/2023021503/Devel-CheckLib-1.16-2/blib/arch
/home/cpansand/.cpan/build/2023021503/Devel-CheckLib-1.16-2/blib/lib
/home/cpansand/.cpan/build/2023021503/Mock-Config-0.03-2/blib/arch
/home/cpansand/.cpan/build/2023021503/Mock-Config-0.03-2/blib/lib
/opt/perl-5.36.0D/lib/site_perl/5.36.0/x86_64-linux-ld
/opt/perl-5.36.0D/lib/site_perl/5.36.0
/opt/perl-5.36.0D/lib/5.36.0/x86_64-linux-ld
/opt/perl-5.36.0D/lib/5.36.0
.