Report for MouseX-NativeTraits-1.09

Back
From: metabase:user:320bfe00-2aae-11df-837a-5e0a49663a4f
Subject: NA MouseX-NativeTraits-1.09 v5.8.8 GNU/Linux
Date: 2016-10-13T04:17:38Z

This distribution has been tested as part of the CPAN Testers
project, supporting the Perl programming language.  See
http://wiki.cpantesters.org/ for more information or email
questions to cpan-testers-discuss@perl.org


--
Dear Goro Fuji,

This is a computer-generated report for MouseX-NativeTraits-1.09
on perl 5.8.8, created by CPAN-Reporter-1.2018.

Thank you for uploading your work to CPAN.  While attempting to build or test
this distribution, the distribution signaled that support is not available
either for this operating system or this version of Perl.  Nevertheless, any
diagnostic output produced is provided below for reference.  If this is not
what you expect, you may wish to consult the CPAN Testers Wiki:

http://wiki.cpantesters.org/wiki/CPANAuthorNotes

Sections of this report:

    * Tester comments
    * Program output
    * Prerequisites
    * Environment and other context

------------------------------
TESTER COMMENTS
------------------------------

Additional comments from tester:

this report is from an automated smoke testing program
and was not reviewed by a human for accuracy

------------------------------
PROGRAM OUTPUT
------------------------------

Output from '/usr/bin/make test':

PERL_DL_NONLAZY=1 "/tmp/basesmoker-reloperl-QSfJ/bin/perl" "-MExtUtils::Command::MM" "-MTest::Harness" "-e" "\$ENV{q{ANY_MOOSE}} = q{Mouse}; undef *Test::Harness::Switches; test_harness(0, 'inc', 'blib/lib', 'blib/arch'); " t/*.t t/070_native_traits/*.t
# Testing MouseX::NativeTraits/1.09
# Dependencies:
#     Mouse/v2.4.5
t/00_load.t ...................................... ok
t/01_basic.t ..................................... ok
t/02_meta.t ...................................... ok
t/03_extra.t ..................................... ok
t/04_counter.t ................................... ok
t/05_remain_tied.t ............................... ok
Cannot call shift without at least 0 arguments at /tmp/loop_over_bdir-19497-SqyK2u/MouseX-NativeTraits-1.09-0/blib/lib/MouseX/NativeTraits/MethodProvider.pm line 89.
	MouseX::NativeTraits::MethodProvider::argument_error(MouseX::NativeTraits::MethodProvider::ArrayRef=HASH(0x150ebd0), "shift", 1, 1, 0) called at /tmp/loop_over_bdir-19497-SqyK2u/MouseX-NativeTraits-1.09-0/blib/lib/MouseX/NativeTraits/MethodProvider/ArrayRef.pm line 383
	MouseX::NativeTraits::MethodProvider::ArrayRef::__ANON__() called at /home/sand/src/perl/repoperls/installed-perls/host/k93x64sid/perl-5.8.8/721c/lib/site_perl/5.8.8/x86_64-linux-thread-multi-ld/Mouse/Meta/Method/Constructor.pm line 3
	Foo1::__ANON__("Foo1", "_values", ARRAY(0x15ad950)) called at t/070_native_traits/010_trait_array.t line 130
	main::__ANON__() called at /home/sand/src/perl/repoperls/installed-perls/host/k93x64sid/perl-5.8.8/721c/lib/site_perl/5.8.8/x86_64-linux-thread-multi-ld/Test/Mouse.pm line 71
	Test::Mouse::with_immutable(CODE(0x1424860), "Foo1") called at t/070_native_traits/010_trait_array.t line 664
	main::run_tests("Foo1", HASH(0x1046c60)) called at t/070_native_traits/010_trait_array.t line 109
# Tests were run but no plan was declared and done_testing() was not seen.
# Looks like your test exited with 9 just after 168.
t/070_native_traits/010_trait_array.t ............ 
Dubious, test returned 9 (wstat 2304, 0x900)
All 168 subtests passed 
t/070_native_traits/011_array_subtypes.t ......... ok
t/070_native_traits/012_array_trigger.t .......... ok
t/070_native_traits/013_array_coerce.t ........... skipped: Not supported by MouseX::NativeTraits
t/070_native_traits/020_trait_bool.t ............. ok
t/070_native_traits/030_trait_code.t ............. ok
t/070_native_traits/040_trait_counter.t .......... ok
t/070_native_traits/050_trait_hash.t ............. ok
t/070_native_traits/051_hash_subtypes.t .......... ok
t/070_native_traits/052_hash_trigger.t ........... ok
t/070_native_traits/053_hash_coerce.t ............ skipped: Not supported by MouseX::NativeTraits

#   Failed test at t/070_native_traits/060_trait_number.t line 107.
#          got: undef
#     expected: anything else

#   Failed test at t/070_native_traits/060_trait_number.t line 107.
#          got: undef
#     expected: anything else

#   Failed test at t/070_native_traits/060_trait_number.t line 107.
#          got: undef
#     expected: anything else

#   Failed test at t/070_native_traits/060_trait_number.t line 107.
#          got: undef
#     expected: anything else

#   Failed test at t/070_native_traits/060_trait_number.t line 107.
#          got: undef
#     expected: anything else

#   Failed test at t/070_native_traits/060_trait_number.t line 107.
#          got: undef
#     expected: anything else

#   Failed test at t/070_native_traits/060_trait_number.t line 107.
#          got: undef
#     expected: anything else

#   Failed test at t/070_native_traits/060_trait_number.t line 107.
#          got: undef
#     expected: anything else

#   Failed test at t/070_native_traits/060_trait_number.t line 107.
#          got: undef
#     expected: anything else

#   Failed test at t/070_native_traits/060_trait_number.t line 107.
#          got: undef
#     expected: anything else
# Looks like you failed 10 tests of 304.
t/070_native_traits/060_trait_number.t ........... 
Dubious, test returned 10 (wstat 2560, 0xa00)
Failed 10/304 subtests 
t/070_native_traits/070_trait_string.t ........... ok
t/070_native_traits/100_array_from_role.t ........ ok
t/070_native_traits/101_remove_attribute.t ....... skipped: Not supported by MouseX::NativeTraits
t/070_native_traits/102_collection_with_roles.t .. ok
t/070_native_traits/103_custom_instance.t ........ skipped: not supproted by MouseX::NativeTraits

Test Summary Report
-------------------
t/070_native_traits/010_trait_array.t          (Wstat: 2304 Tests: 168 Failed: 0)
  Non-zero exit status: 9
  Parse errors: No plan found in TAP output
t/070_native_traits/060_trait_number.t         (Wstat: 2560 Tests: 304 Failed: 10)
  Failed tests:  20, 45, 80, 107, 144, 169, 204, 229, 264
                289
  Non-zero exit status: 10
Files=23, Tests=2172,  2 wallclock secs ( 0.07 usr  0.18 sys +  1.24 cusr  0.17 csys =  1.66 CPU)
Result: FAIL
Failed 2/23 test programs. 10/2172 subtests failed.
Makefile:875: recipe for target 'test_dynamic' failed
make: *** [test_dynamic] Error 255

------------------------------
PREREQUISITES
------------------------------

Prerequisite modules loaded:

requires:

    Module              Need     Have    
    ------------------- -------- --------
  ! Mouse               0.82             
  ! perl                5.006002         

build_requires:

    Module              Need     Have    
    ------------------- -------- --------
  ! Any::Moose          0.13             
    ExtUtils::MakeMaker 6.59     7.24    
  ! Test::Fatal         0.003            
    Test::More          0.88     1.302059

configure_requires:

    Module              Need     Have    
    ------------------- -------- --------
    ExtUtils::MakeMaker 6.59     7.24    


------------------------------
ENVIRONMENT AND OTHER CONTEXT
------------------------------

Environment variables:

    AUTOMATED_TESTING = 1
    LANG = C
    PATH = /home/sand/bin:/usr/local/bin:/usr/bin:/bin:/usr/games:/usr/local/perl/bin:/usr/X11/bin:/sbin:/usr/sbin
    PERL = /tmp/basesmoker-reloperl-QSfJ/bin/perl
    PERL5LIB = 
    PERL5OPT = 
    PERL5_CPANPLUS_IS_RUNNING = 19501
    PERL5_CPAN_IS_RUNNING = 19501
    PERL_CANARY_STABILITY_NOPROMPT = 1
    PERL_MM_USE_DEFAULT = 1
    SHELL = /usr/bin/zsh
    TERM = screen

Perl special variables (and OS-specific diagnostics, for MSWin32):

    $^X = /tmp/basesmoker-reloperl-QSfJ/bin/perl
    $UID/$EUID = 1005 / 1005
    $GID = 1005 1005
    $EGID = 1005 1005

Perl module toolchain versions installed:

    Module              Have    
    ------------------- --------
    CPAN                2.15    
    CPAN::Meta          2.150010
    Cwd                 3.62    
    ExtUtils::CBuilder  0.280224
    ExtUtils::Command   7.24    
    ExtUtils::Install   1.54    
    ExtUtils::MakeMaker 7.24    
    ExtUtils::Manifest  1.70    
    ExtUtils::ParseXS   3.30    
    File::Spec          3.62    
    JSON                2.90    
    JSON::PP            2.27400 
    Module::Build       0.4220  
    Module::Signature   0.81    
    Parse::CPAN::Meta   2.150010
    Test::Harness       3.36    
    Test::More          1.302059
    YAML                1.18    
    YAML::Syck          1.29    
    version             0.9917  


--

Summary of my perl5 (revision 5 version 8 subversion 8) configuration:
  Platform:
    osname=linux, osvers=4.7.0-1-amd64, archname=x86_64-linux-thread-multi-ld
    uname='linux k93x64sid 4.7.0-1-amd64 #1 smp debian 4.7.6-1 (2016-10-07) x86_64 gnulinux '
    config_args='-Dprefix=/home/sand/src/perl/repoperls/installed-perls/host/k93x64sid/perl-5.8.8/721c -Dmyhostname=k93x64sid -Dinstallusrbinperl=n -Uversiononly -Dusedevel -des -Ui_db -Dlibswanted=cl pthread socket inet nsl gdbm dbm malloc dl ld sun m crypt sec util c cposix posix ucb BSD gdbm_compat -Duseithreads -Duselongdouble'
    hint=recommended, useposix=true, d_sigaction=define
    usethreads=define use5005threads=undef useithreads=define usemultiplicity=define
    useperlio=define d_sfio=undef uselargefiles=define usesocks=undef
    use64bitint=define use64bitall=define uselongdouble=define
    usemymalloc=n, bincompat5005=undef
  Compiler:
    cc='cc', ccflags ='-D_REENTRANT -D_GNU_SOURCE -fno-strict-aliasing -pipe -Wdeclaration-after-statement -I/usr/local/include -D_LARGEFILE_SOURCE -D_FILE_OFFSET_BITS=64',
    optimize='-O2',
    cppflags='-D_REENTRANT -D_GNU_SOURCE -fno-strict-aliasing -pipe -Wdeclaration-after-statement -I/usr/local/include'
    ccversion='', gccversion='6.2.0 20161010', gccosandvers=''
    intsize=4, longsize=8, ptrsize=8, doublesize=8, byteorder=12345678
    d_longlong=define, longlongsize=8, d_longdbl=define, longdblsize=16
    ivtype='long', ivsize=8, nvtype='long double', nvsize=16, Off_t='off_t', lseeksize=8
    alignbytes=16, prototype=define
  Linker and Libraries:
    ld='cc', ldflags =' -L/usr/local/lib'
    libpth=/usr/local/lib /lib/x86_64-linux-gnu /lib/../lib /usr/lib/x86_64-linux-gnu /usr/lib/../lib /lib /usr/lib
    libs=-lpthread -lnsl -ldl -lm -lcrypt -lutil -lc
    perllibs=-lpthread -lnsl -ldl -lm -lcrypt -lutil -lc
    libc=libc-2.24.so, so=so, useshrplib=false, libperl=libperl.a
    gnulibc_version='2.24'
  Dynamic Linking:
    dlsrc=dl_dlopen.xs, dlext=so, d_dlsymun=undef, ccdlflags='-Wl,-E'
    cccdlflags='-fpic', lddlflags='-shared -L/usr/local/lib'


Characteristics of this binary (from libperl): 
  Compile-time options: MULTIPLICITY PERL_IMPLICIT_CONTEXT
                        PERL_MALLOC_WRAP USE_64_BIT_ALL USE_64_BIT_INT
                        USE_ITHREADS USE_LARGE_FILES USE_LONG_DOUBLE
                        USE_PERLIO USE_REENTRANT_API
  Built under linux
  Compiled at Oct 13 2016 00:05:28
  %ENV:
    PERL="/tmp/basesmoker-reloperl-QSfJ/bin/perl"
    PERL5LIB=""
    PERL5OPT=""
    PERL5_CPANPLUS_IS_RUNNING="19501"
    PERL5_CPAN_IS_RUNNING="19501"
    PERL_CANARY_STABILITY_NOPROMPT="1"
    PERL_MM_USE_DEFAULT="1"
  @INC:
    /home/sand/src/perl/repoperls/installed-perls/host/k93x64sid/perl-5.8.8/721c/lib/5.8.8/x86_64-linux-thread-multi-ld
    /home/sand/src/perl/repoperls/installed-perls/host/k93x64sid/perl-5.8.8/721c/lib/5.8.8
    /home/sand/src/perl/repoperls/installed-perls/host/k93x64sid/perl-5.8.8/721c/lib/site_perl/5.8.8/x86_64-linux-thread-multi-ld
    /home/sand/src/perl/repoperls/installed-perls/host/k93x64sid/perl-5.8.8/721c/lib/site_perl/5.8.8
    /home/sand/src/perl/repoperls/installed-perls/host/k93x64sid/perl-5.8.8/721c/lib/site_perl
    .