Report for Data-FormValidator-4.83

Back
From: metabase:user:30ae4450-2aae-11df-837a-5e0a49663a4f
Subject: FAIL Data-FormValidator-4.83 v5.16.3 
Date: 2017-02-24T10:31:11Z

This distribution has been tested as part of the CPAN Testers
project, supporting the Perl programming language.  See
http://wiki.cpantesters.org/ for more information or email
questions to cpan-testers-discuss@perl.org


--
Dear David Farrell,

This is a computer-generated report for Data-FormValidator-4.83
on perl 5.16.3, created by CPAN-Reporter-1.2015.

Thank you for uploading your work to CPAN.  However, there was a problem
testing your distribution.

If you think this report is invalid, please consult the CPAN Testers Wiki
for suggestions on how to avoid getting FAIL reports for missing library
or binary dependencies, unsupported operating systems, and so on:

http://wiki.cpantesters.org/wiki/CPANAuthorNotes

Sections of this report:

    * Tester comments
    * Program output
    * Prerequisites
    * Environment and other context

------------------------------
TESTER COMMENTS
------------------------------

Additional comments from tester:

this report is from an automated smoke testing program
and was not reviewed by a human for accuracy

------------------------------
PROGRAM OUTPUT
------------------------------

Output from 'C:\strawberry163\c\bin\dmake.exe test':

C:\strawberry163\perl\bin\perl.exe "-MExtUtils::Command::MM" "-e" "test_harness(0, 'blib\lib', 'blib\arch')" t/*.t
t/00_base.t .............................. ok
t/02_code_ref.t .......................... ok
Can't call method "missing" on an undefined value at t/03_dependency.t line 92.
# Tests were run but no plan was declared and done_testing() was not seen.
# Looks like your test exited with 255 just after 20.
t/03_dependency.t ........................ 
Dubious, test returned 255 (wstat 65280, 0xff00)
All 20 subtests passed 
t/04_arrayify_undef.t .................... ok
t/05_valid_ip_address.t .................. ok
t/06_regexp_map.t ........................ ok
t/09_require_some.t ...................... ok
t/11_procedural_match.t .................. ok
t/13_validator_packages.t ................ ok
t/15_literal_param_constraints.t ......... ok

#   Failed test at t/16_cgi_object.t line 28.
#          got: undef
#     expected: 'big brown'
# Looks like you failed 1 test of 2.
t/16_cgi_object.t ........................ 
Dubious, test returned 1 (wstat 256, 0x100)
Failed 1/2 subtests 
t/17_multi_valued_keys.t ................. ok
t/18_constraint_refs.t ................... ok
t/19_refs_as_values.t .................... ok
t/20_careful_exception_handling.t ........ ok
t/21_multiple_fields.t ................... ok
t/25_results.t ........................... ok
t/26_qr.t ................................ ok
t/27_qualify_ref_happy_death.t ........... ok
t/28_defaults_for_new.t .................. ok
t/30_filter_definedness.t ................ ok
t/any_errors.t ........................... ok
t/check_profile_syntax.t ................. ok
t/closure_msgs.t ......................... ok
t/constraint_method.t .................... ok
Use of uninitialized value in concatenation (.) or string at C:\strawberry163\cpan\build\Data-FormValidator-4.83-dYnUVV\blib\lib/Data/FormValidator.pm line 969.
t/constraint_method_string.t ............. ok
t/constraint_method_zero.t ............... ok
t/constraint_regexp_map_profile_reuse.t .. ok
t/constraints_builtin.t .................. ok
t/constraints_builtin_closure.t .......... ok
t/constraints_factory.t .................. ok
Use of uninitialized value $_ in exists at t/constraints_invalid_once_only.t line 40.
Use of uninitialized value $_ in hash element at t/constraints_invalid_once_only.t line 45.
t/constraints_invalid_once_only.t ........ ok
t/constraints_num_values.t ............... ok
t/constraints_regexp_map_interaction.t ... ok
t/constraints_reuse.t .................... ok
t/credit_card.t .......................... ok
t/dates.t ................................ ok
t/dates_closure.t ........................ ok
t/dependency_coderef.t ................... ok

#   Failed test 'no eval problems'
#   at t/dependency_groups.t line 49.

#   Failed test 'no eval problems'
#   at t/dependency_groups.t line 49.
# Looks like you failed 2 tests of 34.
t/dependency_groups.t .................... 
Dubious, test returned 2 (wstat 512, 0x200)
Failed 2/34 subtests 
t/filter_constraints.t ................... ok
"my" variable $replacer masks earlier declaration in same scope at t/filters_builtin.t line 19.
t/filters_builtin.t ...................... ok
t/filters_shouldnt_modify.t .............. ok
t/FV_length.t ............................ ok
t/get_filtered_data.t .................... ok
Undefined subroutine CGI::multi_param
 at C:\strawberry163\cpan\build\Data-FormValidator-4.83-dYnUVV\blib\lib/Data/FormValidator/Results.pm line 1074.
# Tests were run but no plan was declared and done_testing() was not seen.
# Looks like your test exited with 255 just after 1.
t/get_input_data.t ....................... 
Dubious, test returned 255 (wstat 65280, 0xff00)
All 1 subtests passed 

#   Failed test at t/missing_optional.t line 56.

#   Failed test at t/missing_optional.t line 59.
Use of uninitialized value in string eq at t/missing_optional.t line 62.

#   Failed test at t/missing_optional.t line 62.
# Looks like you failed 3 tests of 9.
t/missing_optional.t ..................... 
Dubious, test returned 3 (wstat 768, 0x300)
Failed 3/9 subtests 
Use of uninitialized value $_ in hash element at C:\strawberry163\cpan\build\Data-FormValidator-4.83-dYnUVV\blib\lib/Data/FormValidator/Results.pm line 641.
t/msgs.t ................................. ok
t/multiple_constraints.t ................. ok

#   Failed test 'survived eval'
#   at t/params_not_mentioned.t line 47.
#          got: 'Undefined subroutine CGI::multi_param
#  at C:\strawberry163\cpan\build\Data-FormValidator-4.83-dYnUVV\blib\lib/Data/FormValidator/Results.pm line 1074.
# '
#     expected: ''
Can't call method "has_invalid" on an undefined value at t/params_not_mentioned.t line 48.
# Tests were run but no plan was declared and done_testing() was not seen.
# Looks like your test exited with 255 just after 3.
t/params_not_mentioned.t ................. 
Dubious, test returned 255 (wstat 65280, 0xff00)
Failed 1/3 subtests 
t/pod.t .................................. ok
t/procedural_valid.t ..................... ok
t/profile_checking.t ..................... ok
t/regexp_common.t ........................ ok
t/regexp_common_closure.t ................ ok
t/rename_builtin_constraints.t ........... ok
t/results_success.t ...................... ok
t/simple.t ............................... ok
t/tt_and_overload.t ...................... ok
t/undefined_arrayref.t ................... ok
t/unknown.t .............................. ok
t/untaint.t .............................. ok
# Adding CGI::Simple tests
# testing with CGI.pm version: 3.63
# testing with CGI::Simple version: 1.113
# Running tests with CGI

#   Failed test 'survived eval'
#   at t/upload.t line 126.
#          got: 'Undefined subroutine CGI::multi_param
#  at C:\strawberry163\cpan\build\Data-FormValidator-4.83-dYnUVV\blib\lib/Data/FormValidator/Results.pm line 1074.
# '
#     expected: ''
Can't call method "valid" on an undefined value at t/upload.t line 128.
# Tests were run but no plan was declared and done_testing() was not seen.
# Looks like your test exited with 25 just after 3.
t/upload.t ............................... 
Dubious, test returned 25 (wstat 6400, 0x1900)
Failed 1/3 subtests 
# testing with CGI.pm version: 3.63

#   Failed test 'survived eval'
#   at t/upload_closure.t line 72.
#          got: 'Undefined subroutine CGI::multi_param
#  at C:\strawberry163\cpan\build\Data-FormValidator-4.83-dYnUVV\blib\lib/Data/FormValidator/Results.pm line 1074.
# '
#     expected: ''
Can't call method "valid" on an undefined value at t/upload_closure.t line 74.
# Tests were run but no plan was declared and done_testing() was not seen.
# Looks like your test exited with 25 just after 3.
t/upload_closure.t ....................... 
Dubious, test returned 25 (wstat 6400, 0x1900)
Failed 1/3 subtests 
t/upload_mime_types.t .................... ok

Test Summary Report
-------------------
t/03_dependency.t                      (Wstat: 65280 Tests: 20 Failed: 0)
  Non-zero exit status: 255
  Parse errors: No plan found in TAP output
t/16_cgi_object.t                      (Wstat: 256 Tests: 2 Failed: 1)
  Failed test:  2
  Non-zero exit status: 1
t/dependency_groups.t                  (Wstat: 512 Tests: 34 Failed: 2)
  Failed tests:  11, 28
  Non-zero exit status: 2
t/get_input_data.t                     (Wstat: 65280 Tests: 1 Failed: 0)
  Non-zero exit status: 255
  Parse errors: No plan found in TAP output
t/missing_optional.t                   (Wstat: 768 Tests: 9 Failed: 3)
  Failed tests:  4-6
  Non-zero exit status: 3
t/params_not_mentioned.t               (Wstat: 65280 Tests: 3 Failed: 1)
  Failed test:  3
  Non-zero exit status: 255
  Parse errors: No plan found in TAP output
t/upload.t                             (Wstat: 6400 Tests: 3 Failed: 1)
  Failed test:  3
  Non-zero exit status: 25
  Parse errors: No plan found in TAP output
t/upload_closure.t                     (Wstat: 6400 Tests: 3 Failed: 1)
  Failed test:  3
  Non-zero exit status: 25
  Parse errors: No plan found in TAP output
Files=65, Tests=561, 19 wallclock secs ( 0.33 usr +  0.08 sys =  0.41 CPU)
Result: FAIL
Failed 8/65 test programs. 9/561 subtests failed.
dmake.exe:  Error code 255, while making 'test_dynamic'

------------------------------
PREREQUISITES
------------------------------

Prerequisite modules loaded:

requires:

    Module              Need  Have      
    ------------------- ----- ----------
    Date::Calc          5     6.3       
    Email::Valid        0     1.192     
    File::MMagic        1.17  1.30      
    Image::Size         0     3.232     
    MIME::Types         1.005 2.04      
    perl                5.008 5.016003  
    Regexp::Common      0.03  2013031301
    Scalar::Util        0     1.38      
    Test::More          0     1.001002  

build_requires:

    Module              Need  Have      
    ------------------- ----- ----------
    ExtUtils::MakeMaker 0     6.64      

configure_requires:

    Module              Need  Have      
    ------------------- ----- ----------
    ExtUtils::MakeMaker 0     6.64      


------------------------------
ENVIRONMENT AND OTHER CONTEXT
------------------------------

Environment variables:

    AUTOMATED_TESTING = 1
    COMSPEC = C:\WINDOWS\system32\cmd.exe
    NUMBER_OF_PROCESSORS = 1
    PATH = C:\WINDOWS\system32;C:\WINDOWS;C:\WINDOWS\System32\Wbem;C:\strawberry163\c\bin;C:\strawberry163\perl\site\bin;C:\strawberry163\perl\bin
    PERL5LIB = 
    PERL5OPT = 
    PERL5_CPANPLUS_IS_RUNNING = 964
    PERL5_CPAN_IS_RUNNING = 964
    PERL5_CPAN_IS_RUNNING_IN_RECURSION = 1924,964
    PERL_CR_SMOKER_CURRENT = Data-FormValidator-4.83
    PERL_CR_SMOKER_RUNONCE = 1
    PERL_EXTUTILS_AUTOINSTALL = --defaultdeps
    PERL_MM_USE_DEFAULT = 1
    PROCESSOR_IDENTIFIER = x86 Family 18 Model 1 Stepping 0, AuthenticAMD
    TEMP = C:\DOCUME~1\c\LOCALS~1\Temp
    TERM = dumb

Perl special variables (and OS-specific diagnostics, for MSWin32):

    $^X = C:\strawberry163\perl\bin\perl.exe
    $UID/$EUID = 0 / 0
    $GID = 0
    $EGID = 0
    Win32::GetOSName = WinXP/.Net
    Win32::GetOSVersion = Service Pack 3, 5, 1, 2600, 2, 3, 0, 256, 1
    Win32::FsType = NTFS
    Win32::IsAdminUser = 1

Perl module toolchain versions installed:

    Module              Have    
    ------------------- --------
    CPAN                2.00    
    CPAN::Meta          2.140640
    Cwd                 3.40    
    ExtUtils::CBuilder  0.280206
    ExtUtils::Command   1.17    
    ExtUtils::Install   1.58    
    ExtUtils::MakeMaker 6.64    
    ExtUtils::Manifest  1.61    
    ExtUtils::ParseXS   3.24    
    File::Spec          3.40    
    JSON                2.90    
    JSON::PP            2.27203 
    Module::Build       0.4205  
    Module::Signature   0.70    
    Parse::CPAN::Meta   1.4414  
    Test::Harness       3.30    
    Test::More          1.001002
    YAML                0.90    
    YAML::Syck          1.24    
    version             0.9902  


--

Summary of my perl5 (revision 5 version 16 subversion 3) configuration:
   
  Platform:
    osname=MSWin32, osvers=4.0, archname=MSWin32-x86-multi-thread
    uname='Win32 strawberry-perl 5.16.3.1 #1 Tue Mar 12 13:55:20 2013 i386'
    config_args='undef'
    hint=recommended, useposix=true, d_sigaction=undef
    useithreads=define, usemultiplicity=define
    useperlio=define, d_sfio=undef, uselargefiles=define, usesocks=undef
    use64bitint=undef, use64bitall=undef, uselongdouble=undef
    usemymalloc=n, bincompat5005=undef
  Compiler:
    cc='gcc', ccflags =' -s -O2 -DWIN32  -DPERL_TEXTMODE_SCRIPTS -DPERL_IMPLICIT_CONTEXT -DPERL_IMPLICIT_SYS -fno-strict-aliasing -mms-bitfields',
    optimize='-s -O2',
    cppflags='-DWIN32'
    ccversion='', gccversion='4.6.3', gccosandvers=''
    intsize=4, longsize=4, ptrsize=4, doublesize=8, byteorder=1234
    d_longlong=undef, longlongsize=8, d_longdbl=define, longdblsize=12
    ivtype='long', ivsize=4, nvtype='double', nvsize=8, Off_t='long long', lseeksize=8
    alignbytes=8, prototype=define
  Linker and Libraries:
    ld='g++', ldflags ='-s -L"C:\strawberry163\perl\lib\CORE" -L"C:\strawberry163\c\lib"'
    libpth=C:\strawberry163\c\lib C:\strawberry163\c\i686-w64-mingw32\lib
    libs=-lmoldname -lkernel32 -luser32 -lgdi32 -lwinspool -lcomdlg32 -ladvapi32 -lshell32 -lole32 -loleaut32 -lnetapi32 -luuid -lws2_32 -lmpr -lwinmm -lversion -lodbc32 -lodbccp32 -lcomctl32
    perllibs=-lmoldname -lkernel32 -luser32 -lgdi32 -lwinspool -lcomdlg32 -ladvapi32 -lshell32 -lole32 -loleaut32 -lnetapi32 -luuid -lws2_32 -lmpr -lwinmm -lversion -lodbc32 -lodbccp32 -lcomctl32
    libc=, so=dll, useshrplib=true, libperl=libperl516.a
    gnulibc_version=''
  Dynamic Linking:
    dlsrc=dl_win32.xs, dlext=dll, d_dlsymun=undef, ccdlflags=' '
    cccdlflags=' ', lddlflags='-mdll -s -L"C:\strawberry163\perl\lib\CORE" -L"C:\strawberry163\c\lib"'


Characteristics of this binary (from libperl): 
  Compile-time options: HAS_TIMES HAVE_INTERP_INTERN MULTIPLICITY
                        PERLIO_LAYERS PERL_DONT_CREATE_GVSV
                        PERL_IMPLICIT_CONTEXT PERL_IMPLICIT_SYS
                        PERL_MALLOC_WRAP PERL_PRESERVE_IVUV PL_OP_SLAB_ALLOC
                        USE_ITHREADS USE_LARGE_FILES USE_LOCALE
                        USE_LOCALE_COLLATE USE_LOCALE_CTYPE
                        USE_LOCALE_NUMERIC USE_PERLIO USE_PERL_ATOF
  Built under MSWin32
  Compiled at Mar 12 2013 14:01:07
  %ENV:
    PERL5_CPANPLUS_IS_RUNNING="964"
    PERL5_CPAN_IS_RUNNING="964"
    PERL5_CPAN_IS_RUNNING_IN_RECURSION="1924,964"
    PERL_CR_SMOKER_CURRENT="Data-FormValidator-4.83"
    PERL_CR_SMOKER_RUNONCE="1"
    PERL_EXTUTILS_AUTOINSTALL="--defaultdeps"
    PERL_MM_USE_DEFAULT="1"
  @INC:
    C:/strawberry163/perl/site/lib
    C:/strawberry163/perl/vendor/lib
    C:/strawberry163/perl/lib
    .