Report for Test-Unit-0.25

Back
From: metabase:user:34398b7c-37b0-11e2-bdfb-eb4185297f8d
Subject: FAIL Test-Unit-0.25 v5.18.2 Mac OS X
Date: 2014-03-16T13:36:26Z

This distribution has been tested as part of the CPAN Testers
project, supporting the Perl programming language.  See
http://wiki.cpantesters.org/ for more information or email
questions to cpan-testers-discuss@perl.org


--
Dear MCAST,

This is a computer-generated report for Test-Unit-0.25
on perl 5.18.2, created by App::cpanminus::reporter 0.10 (1.5017).

Thank you for uploading your work to CPAN.  However, there was a problem
testing your distribution.

If you think this report is invalid, please consult the CPAN Testers Wiki
for suggestions on how to avoid getting FAIL reports for missing library
or binary dependencies, unsupported operating systems, and so on:

http://wiki.cpantesters.org/wiki/CPANAuthorNotes

Sections of this report:

    * Tester comments
    * Program output
    * Prerequisites
    * Environment and other context

------------------------------
TESTER COMMENTS
------------------------------

Additional comments from tester:

none provided

------------------------------
PROGRAM OUTPUT
------------------------------

Output from '':

Building and testing Test-Unit-0.25
cp lib/Test/Unit/Debug.pm blib/lib/Test/Unit/Debug.pm
cp lib/Test/Unit/Setup.pm blib/lib/Test/Unit/Setup.pm
cp lib/Test/Unit/TkTestRunner.pm blib/lib/Test/Unit/TkTestRunner.pm
cp lib/Test/Unit.pm blib/lib/Test/Unit.pm
cp lib/Test/Unit/Loader.pm blib/lib/Test/Unit/Loader.pm
cp lib/Test/Unit/Assertion/Exception.pm blib/lib/Test/Unit/Assertion/Exception.pm
cp lib/Test/Unit/Listener.pm blib/lib/Test/Unit/Listener.pm
cp lib/Test/Unit/Error.pm blib/lib/Test/Unit/Error.pm
cp lib/Test/Unit/Test.pm blib/lib/Test/Unit/Test.pm
cp lib/Test/Unit/TestSuite.pm blib/lib/Test/Unit/TestSuite.pm
cp lib/Test/Unit/TestRunner.pm blib/lib/Test/Unit/TestRunner.pm
cp lib/Test/Unit/UnitHarness.pm blib/lib/Test/Unit/UnitHarness.pm
cp lib/Test/Unit/Assertion.pm blib/lib/Test/Unit/Assertion.pm
cp lib/Test/Unit/TestCase.pm blib/lib/Test/Unit/TestCase.pm
cp lib/Test/Unit/Tutorial.pm blib/lib/Test/Unit/Tutorial.pm
cp lib/Test/Unit/Failure.pm blib/lib/Test/Unit/Failure.pm
cp TestRunner.pl blib/lib/Test/TestRunner.pl
cp lib/Test/Unit/Runner/Terminal.pm blib/lib/Test/Unit/Runner/Terminal.pm
cp lib/Test/Unit/Assertion/Regexp.pm blib/lib/Test/Unit/Assertion/Regexp.pm
cp lib/Test/Unit/Runner.pm blib/lib/Test/Unit/Runner.pm
cp lib/Test/Unit/Assertion/Boolean.pm blib/lib/Test/Unit/Assertion/Boolean.pm
cp lib/Test/Unit/Assertion/CodeRef.pm blib/lib/Test/Unit/Assertion/CodeRef.pm
cp lib/Test/Unit/Warning.pm blib/lib/Test/Unit/Warning.pm
cp lib/Test/Unit/Procedural.pm blib/lib/Test/Unit/Procedural.pm
cp lib/Test/Unit/Exception.pm blib/lib/Test/Unit/Exception.pm
cp lib/Test/Unit/Decorator.pm blib/lib/Test/Unit/Decorator.pm
cp lib/Test/Unit/HarnessUnit.pm blib/lib/Test/Unit/HarnessUnit.pm
cp TkTestRunner.pl blib/lib/Test/TkTestRunner.pl
cp lib/Test/Unit/Result.pm blib/lib/Test/Unit/Result.pm
cp TestLister.pl blib/lib/Test/TestLister.pl
cp lib/Test/Unit/Assert.pm blib/lib/Test/Unit/Assert.pm
Manifying blib/man3/Test::Unit::Runner.3
Manifying blib/man3/Test::Unit::Tutorial.3
Manifying blib/man3/Test::Unit::Assertion::Regexp.3
Manifying blib/man3/Test::Unit::Procedural.3
Manifying blib/man3/Test::Unit::TestCase.3
Manifying blib/man3/Test::Unit::Setup.3
Manifying blib/man3/Test::Unit::Assertion::CodeRef.3
Manifying blib/man3/Test::Unit::HarnessUnit.3
Manifying blib/man3/Test::Unit::Decorator.3
Manifying blib/man3/Test::Unit::Listener.3
Manifying blib/man3/Test::Unit::Assert.3
Manifying blib/man3/Test::Unit::TestSuite.3
Manifying blib/man3/Test::Unit::Test.3
Manifying blib/man3/Test::Unit::Exception.3
Manifying blib/man3/Test::Unit::Assertion.3
Manifying blib/man3/Test::Unit::Error.3
Manifying blib/man3/Test::Unit::Failure.3
Manifying blib/man3/Test::Unit::TkTestRunner.3
Manifying blib/man3/Test::Unit::Assertion::Boolean.3
Manifying blib/man3/Test::Unit::Loader.3
Manifying blib/man3/Test::Unit::TestRunner.3
Manifying blib/man3/Test::Unit.3
Manifying blib/man3/Test::Unit::Debug.3
Manifying blib/man3/Test::Unit::Assertion::Exception.3
Manifying blib/man3/Test::Unit::UnitHarness.3
Manifying blib/man3/Test::Unit::Result.3
Manifying blib/man3/Test::Unit::Runner::Terminal.3
Manifying blib/man3/Test::Unit::Warning.3
PERL_DL_NONLAZY=1 /Users/glauschwuffel/perl5/perlbrew/perls/perl-5.18.2/bin/perl "-MExtUtils::Command::MM" "-e" "test_harness(0, 'blib/lib', 'blib/arch')" t/*.t
defined(@array) is deprecated at /Users/glauschwuffel/.cpanm/work/1394976911.7833/Test-Unit-0.25/blib/lib/Test/Unit/TestCase.pm line 106.
	(Maybe you should just omit the defined()?)
t/all_tests.t ..... ok
defined(@array) is deprecated at /Users/glauschwuffel/.cpanm/work/1394976911.7833/Test-Unit-0.25/blib/lib/Test/Unit/TestCase.pm line 106.
	(Maybe you should just omit the defined()?)
t/assert.t ........ 
Failed 2/40 subtests 

 > The STDERR redirection may not work or may behave differently under
 > your OS 'darwin'. That will probably cause this test to fail.
# Test 1 got: "defined(@array) is deprecated at /Users/glauschwuffel/.cpanm/work/1394976911.7833/Test-Unit-0.25/blib/lib/Test/Unit/TestCase.pm line 106.\n# \t(Maybe you should just omit the defined()?)\n# Suite setup\n# TEST-RUN-SUMMARY\n# \n# TIME-SUMMARY\n# \n# !!!FAILURES!!!\n# Test Results:\n# Run: 2, Failures: 1, Errors: 0\n# \n# There was 1 failure:\n# 1) examples/fail_example.pm:19 - test_fail(fail_example)\n# Born to lose ...\n# \n# Test was not successful.\n# " (t/try_examples.t at line 106)
#   Expected: "Suite setup\n# TEST-RUN-SUMMARY\n# \n# TIME-SUMMARY\n# \n# !!!FAILURES!!!\n# Test Results:\n# Run: 2, Failures: 1, Errors: 0\n# \n# There was 1 failure:\n# 1) examples/fail_example.pm:19 - test_fail(fail_example)\n# Born to lose ...\n# \n# Test was not successful.\n# "
#   Line 1 is changed:
#    - "Suite setup\n"
#    + "defined(@array) is deprecated at /Users/glauschwuffel/.cpanm/work/1394976911.7833/Test-Unit-0.25/blib/lib/Test/Unit/TestCase.pm line 106.\n"
#   Got 2 extra lines at line 2:
#    + "# \t(Maybe you should just omit the defined()?)\n"
#    + "# Suite setup\n"
#  t/try_examples.t line 106 is: 	ok($out, $guru_checked{$e});
# Test 2 got: "defined(@array) is deprecated at /Users/glauschwuffel/.cpanm/work/1394976911.7833/Test-Unit-0.25/blib/lib/Test/Unit/TestCase.pm line 106.\n# \t(Maybe you should just omit the defined()?)\n# ...\n# TIME-SUMMARY\n# \n# OK (3 tests)\n# " (t/try_examples.t at line 106 fail #2)
#   Expected: "...\n# TIME-SUMMARY\n# \n# OK (3 tests)\n# "
#   Line 1 is changed:
#    - "...\n"
#    + "defined(@array) is deprecated at /Users/glauschwuffel/.cpanm/work/1394976911.7833/Test-Unit-0.25/blib/lib/Test/Unit/TestCase.pm line 106.\n"
#   Got 2 extra lines at line 2:
#    + "# \t(Maybe you should just omit the defined()?)\n"
#    + "# ...\n"
# Test 3 got: "defined(@array) is deprecated at /Users/glauschwuffel/.cpanm/work/1394976911.7833/Test-Unit-0.25/blib/lib/Test/Unit/TestCase.pm line 106.\n# \t(Maybe you should just omit the defined()?)\n# ...\n# TIME-SUMMARY\n# \n# OK (3 tests)\n# " (t/try_examples.t at line 106 fail #3)
#   Expected: "...\n# TIME-SUMMARY\n# \n# OK (3 tests)\n# "
#   Line 1 is changed:
#    - "...\n"
#    + "defined(@array) is deprecated at /Users/glauschwuffel/.cpanm/work/1394976911.7833/Test-Unit-0.25/blib/lib/Test/Unit/TestCase.pm line 106.\n"
#   Got 2 extra lines at line 2:
#    + "# \t(Maybe you should just omit the defined()?)\n"
#    + "# ...\n"
# Test 4 got: "defined(@array) is deprecated at /Users/glauschwuffel/.cpanm/work/1394976911.7833/Test-Unit-0.25/blib/lib/Test/Unit/TestCase.pm line 106.\n# \t(Maybe you should just omit the defined()?)\n# ...\n# TIME-SUMMARY\n# \n# OK (3 tests)\n# " (t/try_examples.t at line 106 fail #4)
#   Expected: "...\n# TIME-SUMMARY\n# \n# OK (3 tests)\n# "
#   Line 1 is changed:
#    - "...\n"
#    + "defined(@array) is deprecated at /Users/glauschwuffel/.cpanm/work/1394976911.7833/Test-Unit-0.25/blib/lib/Test/Unit/TestCase.pm line 106.\n"
#   Got 2 extra lines at line 2:
#    + "# \t(Maybe you should just omit the defined()?)\n"
#    + "# ...\n"
t/try_examples.t .. 
Failed 4/4 subtests 

Test Summary Report
-------------------
t/assert.t      (Wstat: 0 Tests: 40 Failed: 2)
  Failed tests:  20, 36
t/try_examples.t (Wstat: 0 Tests: 4 Failed: 4)
  Failed tests:  1-4
Files=3, Tests=89,  1 wallclock secs ( 0.03 usr  0.01 sys +  0.98 cusr  0.04 csys =  1.06 CPU)
Result: FAIL

------------------------------
PREREQUISITES
------------------------------

Prerequisite modules loaded:

    No requirements found

------------------------------
ENVIRONMENT AND OTHER CONTEXT
------------------------------

Environment variables:

    LANG = de_DE.UTF-8
    MANPATH_WITHOUT_PERLBREW = /Users/glauschwuffel/.rvm/rubies/ruby-1.9.3-p194/share/man:/Users/glauschwuffel/.rvm/man:/usr/share/man:/usr/local/share/man/de:/usr/local/share/man:/usr/X11/man:/usr/local/git/share/man:/usr/texbin/man
    PATH = /Users/glauschwuffel/perl5/perlbrew/bin:/Users/glauschwuffel/perl5/perlbrew/perls/perl-5.18.2/bin:/Users/glauschwuffel/.rvm/gems/ruby-1.9.3-p194@rails3tutorial2ndEd/bin:/Users/glauschwuffel/.rvm/gems/ruby-1.9.3-p194@global/bin:/Users/glauschwuffel/.rvm/rubies/ruby-1.9.3-p194/bin:/Users/glauschwuffel/.rvm/bin:/usr/bin:/bin:/usr/sbin:/sbin:/usr/local/bin:/usr/X11/bin:/usr/local/git/bin:/usr/texbin
    PATH_WITHOUT_PERLBREW = /Users/glauschwuffel/.rvm/gems/ruby-1.9.3-p194@rails3tutorial2ndEd/bin:/Users/glauschwuffel/.rvm/gems/ruby-1.9.3-p194@global/bin:/Users/glauschwuffel/.rvm/rubies/ruby-1.9.3-p194/bin:/Users/glauschwuffel/.rvm/bin:/usr/bin:/bin:/usr/sbin:/sbin:/usr/local/bin:/usr/X11/bin:/usr/local/git/bin:/usr/texbin
    PERLBREW_BASHRC_VERSION = 0.46
    PERLBREW_HOME = /Users/glauschwuffel/.perlbrew
    PERLBREW_MANPATH = /Users/glauschwuffel/perl5/perlbrew/perls/perl-5.18.2/man
    PERLBREW_PATH = /Users/glauschwuffel/perl5/perlbrew/bin:/Users/glauschwuffel/perl5/perlbrew/perls/perl-5.18.2/bin
    PERLBREW_PERL = perl-5.18.2
    PERLBREW_ROOT = /Users/glauschwuffel/perl5/perlbrew
    PERLBREW_VERSION = 0.46
    SHELL = /bin/bash
    TERM = xterm-256color
    TMPDIR = /var/folders/vt/gpl7slvn6016nqcbkrdb0pj40000gp/T/

Perl special variables (and OS-specific diagnostics, for MSWin32):

    EGID = 20 20 407 402 401 404 12 33 61 79 80 81 98 100 204 406 405
    EUID = 502
    EXECUTABLE_NAME = /Users/glauschwuffel/perl5/perlbrew/perls/perl-5.18.2/bin/perl
    GID = 20 20 407 402 401 404 12 33 61 79 80 81 98 100 204 406 405
    UID = 502

Perl module toolchain versions installed:

    Module              Have    
    ------------------- --------
    CPAN                2.00    
    CPAN::Meta          2.133380
    Cwd                 3.40    
    ExtUtils::CBuilder  0.280210
    ExtUtils::Command   1.17    
    ExtUtils::Install   1.59    
    ExtUtils::MakeMaker 6.66    
    ExtUtils::Manifest  1.63    
    ExtUtils::ParseXS   3.22    
    File::Spec          3.40    
    JSON                2.90    
    JSON::PP            2.27202 
    Module::Build       0.4205  
    Module::Signature   n/a     
    Parse::CPAN::Meta   1.4404  
    Test::Harness       3.30    
    Test::More          1.001002
    YAML                0.90    
    YAML::Syck          n/a     
    version             0.9902  


--

Summary of my perl5 (revision 5 version 18 subversion 2) configuration:
   
  Platform:
    osname=darwin, osvers=11.4.2, archname=darwin-2level
    uname='darwin gregorgoldbachmbp-2.local 11.4.2 darwin kernel version 11.4.2: thu aug 23 16:25:48 pdt 2012; root:xnu-1699.32.7~1release_x86_64 x86_64 '
    config_args='-de -Dprefix=/Users/glauschwuffel/perl5/perlbrew/perls/perl-5.18.2 -Aeval:scriptdir=/Users/glauschwuffel/perl5/perlbrew/perls/perl-5.18.2/bin'
    hint=recommended, useposix=true, d_sigaction=define
    useithreads=undef, usemultiplicity=undef
    useperlio=define, d_sfio=undef, uselargefiles=define, usesocks=undef
    use64bitint=define, use64bitall=define, uselongdouble=undef
    usemymalloc=n, bincompat5005=undef
  Compiler:
    cc='cc', ccflags ='-fno-common -DPERL_DARWIN -fno-strict-aliasing -pipe -fstack-protector -I/usr/local/include',
    optimize='-O3',
    cppflags='-fno-common -DPERL_DARWIN -fno-strict-aliasing -pipe -fstack-protector -I/usr/local/include'
    ccversion='', gccversion='4.2.1 Compatible Apple Clang 3.1 (tags/Apple/clang-318.0.61)', gccosandvers=''
    intsize=4, longsize=8, ptrsize=8, doublesize=8, byteorder=12345678
    d_longlong=define, longlongsize=8, d_longdbl=define, longdblsize=16
    ivtype='long', ivsize=8, nvtype='double', nvsize=8, Off_t='off_t', lseeksize=8
    alignbytes=8, prototype=define
  Linker and Libraries:
    ld='env MACOSX_DEPLOYMENT_TARGET=10.3 cc', ldflags =' -fstack-protector -L/usr/local/lib'
    libpth=/usr/local/lib /usr/lib
    libs=-ldbm -ldl -lm -lutil -lc
    perllibs=-ldl -lm -lutil -lc
    libc=, so=dylib, useshrplib=false, libperl=libperl.a
    gnulibc_version=''
  Dynamic Linking:
    dlsrc=dl_dlopen.xs, dlext=bundle, d_dlsymun=undef, ccdlflags=' '
    cccdlflags=' ', lddlflags=' -bundle -undefined dynamic_lookup -L/usr/local/lib -fstack-protector'


Characteristics of this binary (from libperl): 
  Compile-time options: HAS_TIMES PERLIO_LAYERS PERL_DONT_CREATE_GVSV
                        PERL_HASH_FUNC_ONE_AT_A_TIME_HARD PERL_MALLOC_WRAP
                        PERL_PRESERVE_IVUV PERL_SAWAMPERSAND USE_64_BIT_ALL
                        USE_64_BIT_INT USE_LARGE_FILES USE_LOCALE
                        USE_LOCALE_COLLATE USE_LOCALE_CTYPE
                        USE_LOCALE_NUMERIC USE_PERLIO USE_PERL_ATOF
  Built under darwin
  Compiled at Feb 15 2014 15:25:10
  %ENV:
    PERLBREW_BASHRC_VERSION="0.46"
    PERLBREW_HOME="/Users/glauschwuffel/.perlbrew"
    PERLBREW_MANPATH="/Users/glauschwuffel/perl5/perlbrew/perls/perl-5.18.2/man"
    PERLBREW_PATH="/Users/glauschwuffel/perl5/perlbrew/bin:/Users/glauschwuffel/perl5/perlbrew/perls/perl-5.18.2/bin"
    PERLBREW_PERL="perl-5.18.2"
    PERLBREW_ROOT="/Users/glauschwuffel/perl5/perlbrew"
    PERLBREW_VERSION="0.46"
  @INC:
    /Users/glauschwuffel/perl5/perlbrew/perls/perl-5.18.2/lib/site_perl/5.18.2/darwin-2level
    /Users/glauschwuffel/perl5/perlbrew/perls/perl-5.18.2/lib/site_perl/5.18.2
    /Users/glauschwuffel/perl5/perlbrew/perls/perl-5.18.2/lib/5.18.2/darwin-2level
    /Users/glauschwuffel/perl5/perlbrew/perls/perl-5.18.2/lib/5.18.2
    .