Back
From: metabase:user:30f0bd62-2aae-11df-837a-5e0a49663a4f
Subject: FAIL Inline-Mason-0.07 v5.12.2 OpenBSD
Date: 2010-12-12T00:22:58Z
This distribution has been tested as part of the CPAN Testers
project, supporting the Perl programming language. See
http://wiki.cpantesters.org/ for more information or email
questions to cpan-testers-discuss@perl.org
--
Dear Yung-chung Lin,
This is a computer-generated report for Inline-Mason-0.07
on perl 5.12.2, created by CPAN-Reporter-1.1805.
Thank you for uploading your work to CPAN. However, there was a problem
testing your distribution.
If you think this report is invalid, please consult the CPAN Testers Wiki
for suggestions on how to avoid getting FAIL reports for missing library
or binary dependencies, unsupported operating systems, and so on:
http://wiki.cpantesters.org/wiki/CPANAuthorNotes
Sections of this report:
* Tester comments
* Program output
* Prerequisites
* Environment and other context
------------------------------
TESTER COMMENTS
------------------------------
Additional comments from tester:
this report is from an automated smoke testing program
and was not reviewed by a human for accuracy
------------------------------
PROGRAM OUTPUT
------------------------------
Output from '/usr/bin/make test':
PERL_DL_NONLAZY=1 /home/sts/cpansmoke/perl-5.12.2/bin/perl "-MExtUtils::Command::MM" "-e" "test_harness(0, 'blib/lib', 'blib/arch')" t/*.t
t/Inline-Mason.func.t ..... ok
Died at /home/sts/cpansmoke/perl-5.12.2/cpan/build/Inline-Mason-0.07-ezHCV9/blib/lib/Inline/Mason/OO.pm line 55.
# Looks like your test exited with 255 before it could output anything.
t/Inline-Mason.OO.t .......
Dubious, test returned 255 (wstat 65280, 0xff00)
No subtests run
Undefined subroutine &main::NIFTY called at t/Inline-Mason.passive.t line 4.
# Looks like your test exited with 255 before it could output anything.
t/Inline-Mason.passive.t ..
Dubious, test returned 255 (wstat 65280, 0xff00)
No subtests run
Use of uninitialized value $_[0] in string at /home/sts/cpansmoke/perl-5.12.2/cpan/build/Text-MicroMason-2.12-V97aak/blib/lib/Text/MicroMason/Base.pm line 194.
# Failed test 'hello world'
# at t/Inline-Mason.t line 3.
# ''
# doesn't match '(?si-xm:hello world)'
main::HELLO does not exist.
# Looks like you failed 1 test of 1.
# Looks like your test exited with 255 just after 1.
t/Inline-Mason.t ..........
Dubious, test returned 255 (wstat 65280, 0xff00)
Failed 1/1 subtests
Test Summary Report
-------------------
t/Inline-Mason.OO.t (Wstat: 65280 Tests: 0 Failed: 0)
Non-zero exit status: 255
Parse errors: No plan found in TAP output
t/Inline-Mason.passive.t (Wstat: 65280 Tests: 0 Failed: 0)
Non-zero exit status: 255
Parse errors: No plan found in TAP output
t/Inline-Mason.t (Wstat: 65280 Tests: 1 Failed: 1)
Failed test: 1
Non-zero exit status: 255
Files=4, Tests=5, 0 wallclock secs ( 0.02 usr 0.00 sys + 0.20 cusr 0.02 csys = 0.24 CPU)
Result: FAIL
Failed 3/4 test programs. 1/5 subtests failed.
*** Error code 255
Stop in /home/sts/cpansmoke/perl-5.12.2/cpan/build/Inline-Mason-0.07-ezHCV9 (line 783 of Makefile).
------------------------------
PREREQUISITES
------------------------------
Prerequisite modules loaded:
requires:
Module Need Have
---------------------- ---- ----
Inline::Files::Virtual 0.53 0.53
Text::MicroMason 1 2.12
------------------------------
ENVIRONMENT AND OTHER CONTEXT
------------------------------
Environment variables:
AUTOMATED_TESTING = 1
PATH = /home/sts/bin:/bin:/sbin:/usr/bin:/usr/sbin:/usr/X11R6/bin:/usr/local/bin:/usr/local/sbin:/usr/games:.
PERL5LIB = /home/sts/cpansmoke/perl-5.12.2/cpan/build/Text-MicroMason-2.12-V97aak/blib/arch:/home/sts/cpansmoke/perl-5.12.2/cpan/build/Text-MicroMason-2.12-V97aak/blib/lib:/home/sts/cpansmoke/perl-5.12.2/cpan/build/Class-MixinFactory-0.92-GwrFMG/blib/arch:/home/sts/cpansmoke/perl-5.12.2/cpan/build/Class-MixinFactory-0.92-GwrFMG/blib/lib:/home/sts/cpansmoke/perl-5.12.2/cpan/build/Inline-Files-0.63-JqVOzb/blib/arch:/home/sts/cpansmoke/perl-5.12.2/cpan/build/Inline-Files-0.63-JqVOzb/blib/lib
PERL5OPT =
PERL5_CPANPLUS_IS_RUNNING = 26672
PERL5_CPAN_IS_RUNNING = 26672
PERL5_CPAN_IS_RUNNING_IN_RECURSION = 15783,26672
PERL_CR_SMOKER_CURRENT = Inline-Mason-0.07
PERL_EXTUTILS_AUTOINSTALL = --defaultdeps
PERL_MM_USE_DEFAULT = 1
SHELL = /usr/local/bin/bash
TERM = screen
TMPDIR = /home/sts/cpansmoke/tmp
Perl special variables (and OS-specific diagnostics, for MSWin32):
$^X = /home/sts/cpansmoke/perl-5.12.2/bin/perl
$UID/$EUID = 1000 / 1000
$GID = 10 10 0
$EGID = 10 10 0
Perl module toolchain versions installed:
Module Have
------------------- -------
CPAN 1.94_56
Cwd 3.31
ExtUtils::CBuilder 0.27
ExtUtils::Command 1.16
ExtUtils::Install 1.55
ExtUtils::MakeMaker 6.56
ExtUtils::Manifest 1.57
ExtUtils::ParseXS 2.21
File::Spec 3.31_01
Module::Build 0.3603
Module::Signature n/a
Test::Harness 3.17
Test::More 0.96
YAML n/a
YAML::Syck 1.15
version 0.82
--
Summary of my perl5 (revision 5 version 12 subversion 2) configuration:
Platform:
osname=openbsd, osvers=4.7, archname=OpenBSD.i386-openbsd-thread-multi
uname='openbsd cpansmoke3 4.7 generic.mp#449 i386 '
config_args='-des -Dusethreads -Dprefix=/home/sts/cpansmoke/perl-5.12.2'
hint=recommended, useposix=true, d_sigaction=define
useithreads=define, usemultiplicity=define
useperlio=define, d_sfio=undef, uselargefiles=define, usesocks=undef
use64bitint=undef, use64bitall=undef, uselongdouble=undef
usemymalloc=n, bincompat5005=undef
Compiler:
cc='cc', ccflags ='-pthread -fno-strict-aliasing -pipe -fstack-protector -I/usr/local/include',
optimize='-O2',
cppflags='-pthread -fno-strict-aliasing -pipe -fstack-protector -I/usr/local/include'
ccversion='', gccversion='3.3.5 (propolice)', gccosandvers='openbsd4.7'
intsize=4, longsize=4, ptrsize=4, doublesize=8, byteorder=1234
d_longlong=define, longlongsize=8, d_longdbl=define, longdblsize=12
ivtype='long', ivsize=4, nvtype='double', nvsize=8, Off_t='off_t', lseeksize=8
alignbytes=4, prototype=define
Linker and Libraries:
ld='cc', ldflags ='-pthread -Wl,-E -fstack-protector -L/usr/local/lib'
libpth=/usr/local/lib /usr/lib
libs=-lgdbm -lm -lutil -lc
perllibs=-lm -lutil -lc
libc=/usr/lib/libc.so.53.1, so=so, useshrplib=false, libperl=libperl.a
gnulibc_version=''
Dynamic Linking:
dlsrc=dl_dlopen.xs, dlext=so, d_dlsymun=undef, ccdlflags=' '
cccdlflags='-DPIC -fPIC ', lddlflags='-shared -fPIC -L/usr/local/lib -fstack-protector'
Characteristics of this binary (from libperl):
Compile-time options: MULTIPLICITY PERL_DONT_CREATE_GVSV
PERL_IMPLICIT_CONTEXT PERL_MALLOC_WRAP USE_ITHREADS
USE_LARGE_FILES USE_PERLIO USE_PERL_ATOF
USE_REENTRANT_API
Built under openbsd
Compiled at Oct 20 2010 21:08:34
%ENV:
PERL5LIB="/home/sts/cpansmoke/perl-5.12.2/cpan/build/Text-MicroMason-2.12-V97aak/blib/arch:/home/sts/cpansmoke/perl-5.12.2/cpan/build/Text-MicroMason-2.12-V97aak/blib/lib:/home/sts/cpansmoke/perl-5.12.2/cpan/build/Class-MixinFactory-0.92-GwrFMG/blib/arch:/home/sts/cpansmoke/perl-5.12.2/cpan/build/Class-MixinFactory-0.92-GwrFMG/blib/lib:/home/sts/cpansmoke/perl-5.12.2/cpan/build/Inline-Files-0.63-JqVOzb/blib/arch:/home/sts/cpansmoke/perl-5.12.2/cpan/build/Inline-Files-0.63-JqVOzb/blib/lib"
PERL5OPT=""
PERL5_CPANPLUS_IS_RUNNING="26672"
PERL5_CPAN_IS_RUNNING="26672"
PERL5_CPAN_IS_RUNNING_IN_RECURSION="15783,26672"
PERL_CR_SMOKER_CURRENT="Inline-Mason-0.07"
PERL_EXTUTILS_AUTOINSTALL="--defaultdeps"
PERL_MM_USE_DEFAULT="1"
@INC:
/home/sts/cpansmoke/perl-5.12.2/cpan/build/Text-MicroMason-2.12-V97aak/blib/arch
/home/sts/cpansmoke/perl-5.12.2/cpan/build/Text-MicroMason-2.12-V97aak/blib/lib
/home/sts/cpansmoke/perl-5.12.2/cpan/build/Class-MixinFactory-0.92-GwrFMG/blib/arch
/home/sts/cpansmoke/perl-5.12.2/cpan/build/Class-MixinFactory-0.92-GwrFMG/blib/lib
/home/sts/cpansmoke/perl-5.12.2/cpan/build/Inline-Files-0.63-JqVOzb/blib/arch
/home/sts/cpansmoke/perl-5.12.2/cpan/build/Inline-Files-0.63-JqVOzb/blib/lib
/home/sts/cpansmoke/perl-5.12.2/lib/site_perl/5.12.2/OpenBSD.i386-openbsd-thread-multi
/home/sts/cpansmoke/perl-5.12.2/lib/site_perl/5.12.2
/home/sts/cpansmoke/perl-5.12.2/lib/5.12.2/OpenBSD.i386-openbsd-thread-multi
/home/sts/cpansmoke/perl-5.12.2/lib/5.12.2
.