Report for Fey-ORM-0.38

Back
From: metabase:user:320bfe00-2aae-11df-837a-5e0a49663a4f
Subject: FAIL Fey-ORM-0.38 v5.19.2 GNU/Linux
Date: 2013-07-14T09:30:07Z

This distribution has been tested as part of the CPAN Testers
project, supporting the Perl programming language.  See
http://wiki.cpantesters.org/ for more information or email
questions to cpan-testers-discuss@perl.org


--
Dear Dave Rolsky,

This is a computer-generated report for Fey-ORM-0.38
on perl 5.19.2, created by CPAN-Reporter-1.2010.

Thank you for uploading your work to CPAN.  However, there was a problem
testing your distribution.

If you think this report is invalid, please consult the CPAN Testers Wiki
for suggestions on how to avoid getting FAIL reports for missing library
or binary dependencies, unsupported operating systems, and so on:

http://wiki.cpantesters.org/wiki/CPANAuthorNotes

Sections of this report:

    * Tester comments
    * Program output
    * Prerequisites
    * Environment and other context

------------------------------
TESTER COMMENTS
------------------------------

Additional comments from tester:

this report is from an automated smoke testing program
and was not reviewed by a human for accuracy

------------------------------
PROGRAM OUTPUT
------------------------------

Output from '/usr/bin/make test':

PERL_DL_NONLAZY=1 /tmp/basesmoker-reloperl-MWx0/bin/perl "-MExtUtils::Command::MM" "-e" "test_harness(0, 'blib/lib', 'blib/arch')" t/*.t t/Class/*.t t/Object/*.t t/Object/Iterator/*.t t/Object/Iterator/FromSelect/*.t
Can't locate MooseX/StrictConstructor/Role/Meta/Method/Constructor.pm in @INC (you may need to install the MooseX::StrictConstructor::Role::Meta::Method::Constructor module) (@INC contains: t/lib /tmp/loop_over_bdir-3228-rPXvG4/Fey-ORM-0.38-pSH5N1/blib/lib /tmp/loop_over_bdir-3228-rPXvG4/Fey-ORM-0.38-pSH5N1/blib/arch /home/sand/src/perl/repoperls/installed-perls/perl/v5.19.1-403-g1927e20/a2da/lib/site_perl/5.19.2/x86_64-linux-thread-multi-ld /home/sand/src/perl/repoperls/installed-perls/perl/v5.19.1-403-g1927e20/a2da/lib/site_perl/5.19.2 /home/sand/src/perl/repoperls/installed-perls/perl/v5.19.1-403-g1927e20/a2da/lib/5.19.2/x86_64-linux-thread-multi-ld /home/sand/src/perl/repoperls/installed-perls/perl/v5.19.1-403-g1927e20/a2da/lib/5.19.2 .) at /home/sand/src/perl/repoperls/installed-perls/perl/v5.19.1-403-g1927e20/a2da/lib/site_perl/5.19.2/x86_64-linux-thread-multi-ld/Moose/Exporter.pm line 409.
Compilation failed in require at /tmp/loop_over_bdir-3228-rPXvG4/Fey-ORM-0.38-pSH5N1/blib/lib/Fey/Meta/Class/Table.pm line 21.
BEGIN failed--compilation aborted at /tmp/loop_over_bdir-3228-rPXvG4/Fey-ORM-0.38-pSH5N1/blib/lib/Fey/Meta/Class/Table.pm line 21.
Compilation failed in require at /tmp/loop_over_bdir-3228-rPXvG4/Fey-ORM-0.38-pSH5N1/blib/lib/Fey/Object/Schema.pm line 10.
BEGIN failed--compilation aborted at /tmp/loop_over_bdir-3228-rPXvG4/Fey-ORM-0.38-pSH5N1/blib/lib/Fey/Object/Schema.pm line 10.
Compilation failed in require at /tmp/loop_over_bdir-3228-rPXvG4/Fey-ORM-0.38-pSH5N1/blib/lib/Fey/ORM/Schema.pm line 11.
BEGIN failed--compilation aborted at /tmp/loop_over_bdir-3228-rPXvG4/Fey-ORM-0.38-pSH5N1/blib/lib/Fey/ORM/Schema.pm line 11.
Compilation failed in require at t/Class/Policy.t line 105.
BEGIN failed--compilation aborted at t/Class/Policy.t line 105.
t/Class/Policy.t ........................ 
Dubious, test returned 2 (wstat 512, 0x200)
No subtests run 
Can't locate MooseX/StrictConstructor/Role/Meta/Method/Constructor.pm in @INC (you may need to install the MooseX::StrictConstructor::Role::Meta::Method::Constructor module) (@INC contains: t/lib /tmp/loop_over_bdir-3228-rPXvG4/Fey-ORM-0.38-pSH5N1/blib/lib /tmp/loop_over_bdir-3228-rPXvG4/Fey-ORM-0.38-pSH5N1/blib/arch /home/sand/src/perl/repoperls/installed-perls/perl/v5.19.1-403-g1927e20/a2da/lib/site_perl/5.19.2/x86_64-linux-thread-multi-ld /home/sand/src/perl/repoperls/installed-perls/perl/v5.19.1-403-g1927e20/a2da/lib/site_perl/5.19.2 /home/sand/src/perl/repoperls/installed-perls/perl/v5.19.1-403-g1927e20/a2da/lib/5.19.2/x86_64-linux-thread-multi-ld /home/sand/src/perl/repoperls/installed-perls/perl/v5.19.1-403-g1927e20/a2da/lib/5.19.2 .) at /home/sand/src/perl/repoperls/installed-perls/perl/v5.19.1-403-g1927e20/a2da/lib/site_perl/5.19.2/x86_64-linux-thread-multi-ld/Moose/Exporter.pm line 409.
Compilation failed in require at /tmp/loop_over_bdir-3228-rPXvG4/Fey-ORM-0.38-pSH5N1/blib/lib/Fey/Meta/Class/Table.pm line 21.
BEGIN failed--compilation aborted at /tmp/loop_over_bdir-3228-rPXvG4/Fey-ORM-0.38-pSH5N1/blib/lib/Fey/Meta/Class/Table.pm line 21.
Compilation failed in require at /tmp/loop_over_bdir-3228-rPXvG4/Fey-ORM-0.38-pSH5N1/blib/lib/Fey/Object/Schema.pm line 10.
BEGIN failed--compilation aborted at /tmp/loop_over_bdir-3228-rPXvG4/Fey-ORM-0.38-pSH5N1/blib/lib/Fey/Object/Schema.pm line 10.
Compilation failed in require at /tmp/loop_over_bdir-3228-rPXvG4/Fey-ORM-0.38-pSH5N1/blib/lib/Fey/ORM/Schema.pm line 11.
BEGIN failed--compilation aborted at /tmp/loop_over_bdir-3228-rPXvG4/Fey-ORM-0.38-pSH5N1/blib/lib/Fey/ORM/Schema.pm line 11.
Compilation failed in require at t/Class/Schema.t line 16.
BEGIN failed--compilation aborted at t/Class/Schema.t line 16.
t/Class/Schema.t ........................ 
Dubious, test returned 2 (wstat 512, 0x200)
No subtests run 
Can't locate MooseX/StrictConstructor/Role/Meta/Method/Constructor.pm in @INC (you may need to install the MooseX::StrictConstructor::Role::Meta::Method::Constructor module) (@INC contains: t/lib /tmp/loop_over_bdir-3228-rPXvG4/Fey-ORM-0.38-pSH5N1/blib/lib /tmp/loop_over_bdir-3228-rPXvG4/Fey-ORM-0.38-pSH5N1/blib/arch /home/sand/src/perl/repoperls/installed-perls/perl/v5.19.1-403-g1927e20/a2da/lib/site_perl/5.19.2/x86_64-linux-thread-multi-ld /home/sand/src/perl/repoperls/installed-perls/perl/v5.19.1-403-g1927e20/a2da/lib/site_perl/5.19.2 /home/sand/src/perl/repoperls/installed-perls/perl/v5.19.1-403-g1927e20/a2da/lib/5.19.2/x86_64-linux-thread-multi-ld /home/sand/src/perl/repoperls/installed-perls/perl/v5.19.1-403-g1927e20/a2da/lib/5.19.2 .) at /home/sand/src/perl/repoperls/installed-perls/perl/v5.19.1-403-g1927e20/a2da/lib/site_perl/5.19.2/x86_64-linux-thread-multi-ld/Moose/Exporter.pm line 409.
Compilation failed in require at /tmp/loop_over_bdir-3228-rPXvG4/Fey-ORM-0.38-pSH5N1/blib/lib/Fey/Meta/Class/Table.pm line 21.
BEGIN failed--compilation aborted at /tmp/loop_over_bdir-3228-rPXvG4/Fey-ORM-0.38-pSH5N1/blib/lib/Fey/Meta/Class/Table.pm line 21.
Compilation failed in require at /tmp/loop_over_bdir-3228-rPXvG4/Fey-ORM-0.38-pSH5N1/blib/lib/Fey/Object/Schema.pm line 10.
BEGIN failed--compilation aborted at /tmp/loop_over_bdir-3228-rPXvG4/Fey-ORM-0.38-pSH5N1/blib/lib/Fey/Object/Schema.pm line 10.
Compilation failed in require at /tmp/loop_over_bdir-3228-rPXvG4/Fey-ORM-0.38-pSH5N1/blib/lib/Fey/ORM/Schema.pm line 11.
BEGIN failed--compilation aborted at /tmp/loop_over_bdir-3228-rPXvG4/Fey-ORM-0.38-pSH5N1/blib/lib/Fey/ORM/Schema.pm line 11.
Compilation failed in require at t/Class/Table-has_many.t line 17.
BEGIN failed--compilation aborted at t/Class/Table-has_many.t line 17.
t/Class/Table-has_many.t ................ 
Dubious, test returned 2 (wstat 512, 0x200)
No subtests run 
Can't locate MooseX/StrictConstructor/Role/Meta/Method/Constructor.pm in @INC (you may need to install the MooseX::StrictConstructor::Role::Meta::Method::Constructor module) (@INC contains: t/lib /tmp/loop_over_bdir-3228-rPXvG4/Fey-ORM-0.38-pSH5N1/blib/lib /tmp/loop_over_bdir-3228-rPXvG4/Fey-ORM-0.38-pSH5N1/blib/arch /home/sand/src/perl/repoperls/installed-perls/perl/v5.19.1-403-g1927e20/a2da/lib/site_perl/5.19.2/x86_64-linux-thread-multi-ld /home/sand/src/perl/repoperls/installed-perls/perl/v5.19.1-403-g1927e20/a2da/lib/site_perl/5.19.2 /home/sand/src/perl/repoperls/installed-perls/perl/v5.19.1-403-g1927e20/a2da/lib/5.19.2/x86_64-linux-thread-multi-ld /home/sand/src/perl/repoperls/installed-perls/perl/v5.19.1-403-g1927e20/a2da/lib/5.19.2 .) at /home/sand/src/perl/repoperls/installed-perls/perl/v5.19.1-403-g1927e20/a2da/lib/site_perl/5.19.2/x86_64-linux-thread-multi-ld/Moose/Exporter.pm line 409.
Compilation failed in require at /tmp/loop_over_bdir-3228-rPXvG4/Fey-ORM-0.38-pSH5N1/blib/lib/Fey/Meta/Class/Table.pm line 21.
BEGIN failed--compilation aborted at /tmp/loop_over_bdir-3228-rPXvG4/Fey-ORM-0.38-pSH5N1/blib/lib/Fey/Meta/Class/Table.pm line 21.
Compilation failed in require at /tmp/loop_over_bdir-3228-rPXvG4/Fey-ORM-0.38-pSH5N1/blib/lib/Fey/Object/Schema.pm line 10.
BEGIN failed--compilation aborted at /tmp/loop_over_bdir-3228-rPXvG4/Fey-ORM-0.38-pSH5N1/blib/lib/Fey/Object/Schema.pm line 10.
Compilation failed in require at /tmp/loop_over_bdir-3228-rPXvG4/Fey-ORM-0.38-pSH5N1/blib/lib/Fey/ORM/Schema.pm line 11.
BEGIN failed--compilation aborted at /tmp/loop_over_bdir-3228-rPXvG4/Fey-ORM-0.38-pSH5N1/blib/lib/Fey/ORM/Schema.pm line 11.
Compilation failed in require at t/Class/Table-has_one.t line 17.
BEGIN failed--compilation aborted at t/Class/Table-has_one.t line 17.
t/Class/Table-has_one.t ................. 
Dubious, test returned 2 (wstat 512, 0x200)
No subtests run 
Can't locate MooseX/StrictConstructor/Role/Meta/Method/Constructor.pm in @INC (you may need to install the MooseX::StrictConstructor::Role::Meta::Method::Constructor module) (@INC contains: t/lib /tmp/loop_over_bdir-3228-rPXvG4/Fey-ORM-0.38-pSH5N1/blib/lib /tmp/loop_over_bdir-3228-rPXvG4/Fey-ORM-0.38-pSH5N1/blib/arch /home/sand/src/perl/repoperls/installed-perls/perl/v5.19.1-403-g1927e20/a2da/lib/site_perl/5.19.2/x86_64-linux-thread-multi-ld /home/sand/src/perl/repoperls/installed-perls/perl/v5.19.1-403-g1927e20/a2da/lib/site_perl/5.19.2 /home/sand/src/perl/repoperls/installed-perls/perl/v5.19.1-403-g1927e20/a2da/lib/5.19.2/x86_64-linux-thread-multi-ld /home/sand/src/perl/repoperls/installed-perls/perl/v5.19.1-403-g1927e20/a2da/lib/5.19.2 .) at /home/sand/src/perl/repoperls/installed-perls/perl/v5.19.1-403-g1927e20/a2da/lib/site_perl/5.19.2/x86_64-linux-thread-multi-ld/Moose/Exporter.pm line 409.
Compilation failed in require at /tmp/loop_over_bdir-3228-rPXvG4/Fey-ORM-0.38-pSH5N1/blib/lib/Fey/Meta/Class/Table.pm line 21.
BEGIN failed--compilation aborted at /tmp/loop_over_bdir-3228-rPXvG4/Fey-ORM-0.38-pSH5N1/blib/lib/Fey/Meta/Class/Table.pm line 21.
Compilation failed in require at /tmp/loop_over_bdir-3228-rPXvG4/Fey-ORM-0.38-pSH5N1/blib/lib/Fey/ORM/Table.pm line 11.
BEGIN failed--compilation aborted at /tmp/loop_over_bdir-3228-rPXvG4/Fey-ORM-0.38-pSH5N1/blib/lib/Fey/ORM/Table.pm line 11.
Compilation failed in require at t/Class/Table.t line 15.
BEGIN failed--compilation aborted at t/Class/Table.t line 15.
t/Class/Table.t ......................... 
Dubious, test returned 2 (wstat 512, 0x200)
No subtests run 
Can't locate MooseX/StrictConstructor/Role/Meta/Method/Constructor.pm in @INC (you may need to install the MooseX::StrictConstructor::Role::Meta::Method::Constructor module) (@INC contains: t/lib /tmp/loop_over_bdir-3228-rPXvG4/Fey-ORM-0.38-pSH5N1/blib/lib /tmp/loop_over_bdir-3228-rPXvG4/Fey-ORM-0.38-pSH5N1/blib/arch /home/sand/src/perl/repoperls/installed-perls/perl/v5.19.1-403-g1927e20/a2da/lib/site_perl/5.19.2/x86_64-linux-thread-multi-ld /home/sand/src/perl/repoperls/installed-perls/perl/v5.19.1-403-g1927e20/a2da/lib/site_perl/5.19.2 /home/sand/src/perl/repoperls/installed-perls/perl/v5.19.1-403-g1927e20/a2da/lib/5.19.2/x86_64-linux-thread-multi-ld /home/sand/src/perl/repoperls/installed-perls/perl/v5.19.1-403-g1927e20/a2da/lib/5.19.2 .) at /home/sand/src/perl/repoperls/installed-perls/perl/v5.19.1-403-g1927e20/a2da/lib/site_perl/5.19.2/x86_64-linux-thread-multi-ld/Moose/Exporter.pm line 409.
Compilation failed in require at /tmp/loop_over_bdir-3228-rPXvG4/Fey-ORM-0.38-pSH5N1/blib/lib/Fey/Meta/Class/Table.pm line 21.
BEGIN failed--compilation aborted at /tmp/loop_over_bdir-3228-rPXvG4/Fey-ORM-0.38-pSH5N1/blib/lib/Fey/Meta/Class/Table.pm line 21.
Compilation failed in require at /tmp/loop_over_bdir-3228-rPXvG4/Fey-ORM-0.38-pSH5N1/blib/lib/Fey/Object/Schema.pm line 10.
BEGIN failed--compilation aborted at /tmp/loop_over_bdir-3228-rPXvG4/Fey-ORM-0.38-pSH5N1/blib/lib/Fey/Object/Schema.pm line 10.
Compilation failed in require at /tmp/loop_over_bdir-3228-rPXvG4/Fey-ORM-0.38-pSH5N1/blib/lib/Fey/ORM/Schema.pm line 11.
BEGIN failed--compilation aborted at /tmp/loop_over_bdir-3228-rPXvG4/Fey-ORM-0.38-pSH5N1/blib/lib/Fey/ORM/Schema.pm line 11.
Compilation failed in require at (eval 767) line 4.
BEGIN failed--compilation aborted at (eval 767) line 4.
t/Object/Iterator/FromArray.t ........... 
Dubious, test returned 2 (wstat 512, 0x200)
No subtests run 
Can't locate MooseX/StrictConstructor/Role/Meta/Method/Constructor.pm in @INC (you may need to install the MooseX::StrictConstructor::Role::Meta::Method::Constructor module) (@INC contains: t/lib /tmp/loop_over_bdir-3228-rPXvG4/Fey-ORM-0.38-pSH5N1/blib/lib /tmp/loop_over_bdir-3228-rPXvG4/Fey-ORM-0.38-pSH5N1/blib/arch /home/sand/src/perl/repoperls/installed-perls/perl/v5.19.1-403-g1927e20/a2da/lib/site_perl/5.19.2/x86_64-linux-thread-multi-ld /home/sand/src/perl/repoperls/installed-perls/perl/v5.19.1-403-g1927e20/a2da/lib/site_perl/5.19.2 /home/sand/src/perl/repoperls/installed-perls/perl/v5.19.1-403-g1927e20/a2da/lib/5.19.2/x86_64-linux-thread-multi-ld /home/sand/src/perl/repoperls/installed-perls/perl/v5.19.1-403-g1927e20/a2da/lib/5.19.2 .) at /home/sand/src/perl/repoperls/installed-perls/perl/v5.19.1-403-g1927e20/a2da/lib/site_perl/5.19.2/x86_64-linux-thread-multi-ld/Moose/Exporter.pm line 409.
Compilation failed in require at /tmp/loop_over_bdir-3228-rPXvG4/Fey-ORM-0.38-pSH5N1/blib/lib/Fey/Meta/Class/Table.pm line 21.
BEGIN failed--compilation aborted at /tmp/loop_over_bdir-3228-rPXvG4/Fey-ORM-0.38-pSH5N1/blib/lib/Fey/Meta/Class/Table.pm line 21.
Compilation failed in require at /tmp/loop_over_bdir-3228-rPXvG4/Fey-ORM-0.38-pSH5N1/blib/lib/Fey/Object/Schema.pm line 10.
BEGIN failed--compilation aborted at /tmp/loop_over_bdir-3228-rPXvG4/Fey-ORM-0.38-pSH5N1/blib/lib/Fey/Object/Schema.pm line 10.
Compilation failed in require at /tmp/loop_over_bdir-3228-rPXvG4/Fey-ORM-0.38-pSH5N1/blib/lib/Fey/ORM/Schema.pm line 11.
BEGIN failed--compilation aborted at /tmp/loop_over_bdir-3228-rPXvG4/Fey-ORM-0.38-pSH5N1/blib/lib/Fey/ORM/Schema.pm line 11.
Compilation failed in require at (eval 754) line 4.
BEGIN failed--compilation aborted at (eval 754) line 4.
t/Object/Iterator/FromSelect.t .......... 
Dubious, test returned 2 (wstat 512, 0x200)
No subtests run 
Can't locate MooseX/StrictConstructor/Role/Meta/Method/Constructor.pm in @INC (you may need to install the MooseX::StrictConstructor::Role::Meta::Method::Constructor module) (@INC contains: t/lib /tmp/loop_over_bdir-3228-rPXvG4/Fey-ORM-0.38-pSH5N1/blib/lib /tmp/loop_over_bdir-3228-rPXvG4/Fey-ORM-0.38-pSH5N1/blib/arch /home/sand/src/perl/repoperls/installed-perls/perl/v5.19.1-403-g1927e20/a2da/lib/site_perl/5.19.2/x86_64-linux-thread-multi-ld /home/sand/src/perl/repoperls/installed-perls/perl/v5.19.1-403-g1927e20/a2da/lib/site_perl/5.19.2 /home/sand/src/perl/repoperls/installed-perls/perl/v5.19.1-403-g1927e20/a2da/lib/5.19.2/x86_64-linux-thread-multi-ld /home/sand/src/perl/repoperls/installed-perls/perl/v5.19.1-403-g1927e20/a2da/lib/5.19.2 .) at /home/sand/src/perl/repoperls/installed-perls/perl/v5.19.1-403-g1927e20/a2da/lib/site_perl/5.19.2/x86_64-linux-thread-multi-ld/Moose/Exporter.pm line 409.
Compilation failed in require at /tmp/loop_over_bdir-3228-rPXvG4/Fey-ORM-0.38-pSH5N1/blib/lib/Fey/Meta/Class/Table.pm line 21.
BEGIN failed--compilation aborted at /tmp/loop_over_bdir-3228-rPXvG4/Fey-ORM-0.38-pSH5N1/blib/lib/Fey/Meta/Class/Table.pm line 21.
Compilation failed in require at /tmp/loop_over_bdir-3228-rPXvG4/Fey-ORM-0.38-pSH5N1/blib/lib/Fey/Object/Schema.pm line 10.
BEGIN failed--compilation aborted at /tmp/loop_over_bdir-3228-rPXvG4/Fey-ORM-0.38-pSH5N1/blib/lib/Fey/Object/Schema.pm line 10.
Compilation failed in require at /tmp/loop_over_bdir-3228-rPXvG4/Fey-ORM-0.38-pSH5N1/blib/lib/Fey/ORM/Schema.pm line 11.
BEGIN failed--compilation aborted at /tmp/loop_over_bdir-3228-rPXvG4/Fey-ORM-0.38-pSH5N1/blib/lib/Fey/ORM/Schema.pm line 11.
Compilation failed in require at (eval 766) line 4.
BEGIN failed--compilation aborted at (eval 766) line 4.
t/Object/Iterator/FromSelect/Caching.t .. 
Dubious, test returned 2 (wstat 512, 0x200)
No subtests run 
Can't locate MooseX/StrictConstructor/Role/Meta/Method/Constructor.pm in @INC (you may need to install the MooseX::StrictConstructor::Role::Meta::Method::Constructor module) (@INC contains: t/lib /tmp/loop_over_bdir-3228-rPXvG4/Fey-ORM-0.38-pSH5N1/blib/lib /tmp/loop_over_bdir-3228-rPXvG4/Fey-ORM-0.38-pSH5N1/blib/arch /home/sand/src/perl/repoperls/installed-perls/perl/v5.19.1-403-g1927e20/a2da/lib/site_perl/5.19.2/x86_64-linux-thread-multi-ld /home/sand/src/perl/repoperls/installed-perls/perl/v5.19.1-403-g1927e20/a2da/lib/site_perl/5.19.2 /home/sand/src/perl/repoperls/installed-perls/perl/v5.19.1-403-g1927e20/a2da/lib/5.19.2/x86_64-linux-thread-multi-ld /home/sand/src/perl/repoperls/installed-perls/perl/v5.19.1-403-g1927e20/a2da/lib/5.19.2 .) at /home/sand/src/perl/repoperls/installed-perls/perl/v5.19.1-403-g1927e20/a2da/lib/site_perl/5.19.2/x86_64-linux-thread-multi-ld/Moose/Exporter.pm line 409.
Compilation failed in require at /tmp/loop_over_bdir-3228-rPXvG4/Fey-ORM-0.38-pSH5N1/blib/lib/Fey/Meta/Class/Table.pm line 21.
BEGIN failed--compilation aborted at /tmp/loop_over_bdir-3228-rPXvG4/Fey-ORM-0.38-pSH5N1/blib/lib/Fey/Meta/Class/Table.pm line 21.
Compilation failed in require at /tmp/loop_over_bdir-3228-rPXvG4/Fey-ORM-0.38-pSH5N1/blib/lib/Fey/Object/Schema.pm line 10.
BEGIN failed--compilation aborted at /tmp/loop_over_bdir-3228-rPXvG4/Fey-ORM-0.38-pSH5N1/blib/lib/Fey/Object/Schema.pm line 10.
Compilation failed in require at /tmp/loop_over_bdir-3228-rPXvG4/Fey-ORM-0.38-pSH5N1/blib/lib/Fey/ORM/Schema.pm line 11.
BEGIN failed--compilation aborted at /tmp/loop_over_bdir-3228-rPXvG4/Fey-ORM-0.38-pSH5N1/blib/lib/Fey/ORM/Schema.pm line 11.
Compilation failed in require at (eval 713) line 4.
BEGIN failed--compilation aborted at (eval 713) line 4.
t/Object/Schema.t ....................... 
Dubious, test returned 2 (wstat 512, 0x200)
No subtests run 
Can't locate MooseX/StrictConstructor/Role/Meta/Method/Constructor.pm in @INC (you may need to install the MooseX::StrictConstructor::Role::Meta::Method::Constructor module) (@INC contains: t/lib /tmp/loop_over_bdir-3228-rPXvG4/Fey-ORM-0.38-pSH5N1/blib/lib /tmp/loop_over_bdir-3228-rPXvG4/Fey-ORM-0.38-pSH5N1/blib/arch /home/sand/src/perl/repoperls/installed-perls/perl/v5.19.1-403-g1927e20/a2da/lib/site_perl/5.19.2/x86_64-linux-thread-multi-ld /home/sand/src/perl/repoperls/installed-perls/perl/v5.19.1-403-g1927e20/a2da/lib/site_perl/5.19.2 /home/sand/src/perl/repoperls/installed-perls/perl/v5.19.1-403-g1927e20/a2da/lib/5.19.2/x86_64-linux-thread-multi-ld /home/sand/src/perl/repoperls/installed-perls/perl/v5.19.1-403-g1927e20/a2da/lib/5.19.2 .) at /home/sand/src/perl/repoperls/installed-perls/perl/v5.19.1-403-g1927e20/a2da/lib/site_perl/5.19.2/x86_64-linux-thread-multi-ld/Moose/Exporter.pm line 409.
Compilation failed in require at /tmp/loop_over_bdir-3228-rPXvG4/Fey-ORM-0.38-pSH5N1/blib/lib/Fey/Meta/Class/Table.pm line 21.
BEGIN failed--compilation aborted at /tmp/loop_over_bdir-3228-rPXvG4/Fey-ORM-0.38-pSH5N1/blib/lib/Fey/Meta/Class/Table.pm line 21.
Compilation failed in require at /tmp/loop_over_bdir-3228-rPXvG4/Fey-ORM-0.38-pSH5N1/blib/lib/Fey/Object/Schema.pm line 10.
BEGIN failed--compilation aborted at /tmp/loop_over_bdir-3228-rPXvG4/Fey-ORM-0.38-pSH5N1/blib/lib/Fey/Object/Schema.pm line 10.
Compilation failed in require at /tmp/loop_over_bdir-3228-rPXvG4/Fey-ORM-0.38-pSH5N1/blib/lib/Fey/ORM/Schema.pm line 11.
BEGIN failed--compilation aborted at /tmp/loop_over_bdir-3228-rPXvG4/Fey-ORM-0.38-pSH5N1/blib/lib/Fey/ORM/Schema.pm line 11.
Compilation failed in require at (eval 712) line 4.
BEGIN failed--compilation aborted at (eval 712) line 4.
t/Object/Table-cache.t .................. 
Dubious, test returned 2 (wstat 512, 0x200)
No subtests run 
Can't locate MooseX/StrictConstructor/Role/Meta/Method/Constructor.pm in @INC (you may need to install the MooseX::StrictConstructor::Role::Meta::Method::Constructor module) (@INC contains: t/lib /tmp/loop_over_bdir-3228-rPXvG4/Fey-ORM-0.38-pSH5N1/blib/lib /tmp/loop_over_bdir-3228-rPXvG4/Fey-ORM-0.38-pSH5N1/blib/arch /home/sand/src/perl/repoperls/installed-perls/perl/v5.19.1-403-g1927e20/a2da/lib/site_perl/5.19.2/x86_64-linux-thread-multi-ld /home/sand/src/perl/repoperls/installed-perls/perl/v5.19.1-403-g1927e20/a2da/lib/site_perl/5.19.2 /home/sand/src/perl/repoperls/installed-perls/perl/v5.19.1-403-g1927e20/a2da/lib/5.19.2/x86_64-linux-thread-multi-ld /home/sand/src/perl/repoperls/installed-perls/perl/v5.19.1-403-g1927e20/a2da/lib/5.19.2 .) at /home/sand/src/perl/repoperls/installed-perls/perl/v5.19.1-403-g1927e20/a2da/lib/site_perl/5.19.2/x86_64-linux-thread-multi-ld/Moose/Exporter.pm line 409.
Compilation failed in require at /tmp/loop_over_bdir-3228-rPXvG4/Fey-ORM-0.38-pSH5N1/blib/lib/Fey/Meta/Class/Table.pm line 21.
BEGIN failed--compilation aborted at /tmp/loop_over_bdir-3228-rPXvG4/Fey-ORM-0.38-pSH5N1/blib/lib/Fey/Meta/Class/Table.pm line 21.
Compilation failed in require at /tmp/loop_over_bdir-3228-rPXvG4/Fey-ORM-0.38-pSH5N1/blib/lib/Fey/ORM/Table.pm line 11.
BEGIN failed--compilation aborted at /tmp/loop_over_bdir-3228-rPXvG4/Fey-ORM-0.38-pSH5N1/blib/lib/Fey/ORM/Table.pm line 11.
Compilation failed in require at t/Object/Table-has_many.t line 19.
BEGIN failed--compilation aborted at t/Object/Table-has_many.t line 19.
t/Object/Table-has_many.t ............... 
Dubious, test returned 2 (wstat 512, 0x200)
No subtests run 
Can't locate MooseX/StrictConstructor/Role/Meta/Method/Constructor.pm in @INC (you may need to install the MooseX::StrictConstructor::Role::Meta::Method::Constructor module) (@INC contains: t/lib /tmp/loop_over_bdir-3228-rPXvG4/Fey-ORM-0.38-pSH5N1/blib/lib /tmp/loop_over_bdir-3228-rPXvG4/Fey-ORM-0.38-pSH5N1/blib/arch /home/sand/src/perl/repoperls/installed-perls/perl/v5.19.1-403-g1927e20/a2da/lib/site_perl/5.19.2/x86_64-linux-thread-multi-ld /home/sand/src/perl/repoperls/installed-perls/perl/v5.19.1-403-g1927e20/a2da/lib/site_perl/5.19.2 /home/sand/src/perl/repoperls/installed-perls/perl/v5.19.1-403-g1927e20/a2da/lib/5.19.2/x86_64-linux-thread-multi-ld /home/sand/src/perl/repoperls/installed-perls/perl/v5.19.1-403-g1927e20/a2da/lib/5.19.2 .) at /home/sand/src/perl/repoperls/installed-perls/perl/v5.19.1-403-g1927e20/a2da/lib/site_perl/5.19.2/x86_64-linux-thread-multi-ld/Moose/Exporter.pm line 409.
Compilation failed in require at /tmp/loop_over_bdir-3228-rPXvG4/Fey-ORM-0.38-pSH5N1/blib/lib/Fey/Meta/Class/Table.pm line 21.
BEGIN failed--compilation aborted at /tmp/loop_over_bdir-3228-rPXvG4/Fey-ORM-0.38-pSH5N1/blib/lib/Fey/Meta/Class/Table.pm line 21.
Compilation failed in require at /tmp/loop_over_bdir-3228-rPXvG4/Fey-ORM-0.38-pSH5N1/blib/lib/Fey/ORM/Table.pm line 11.
BEGIN failed--compilation aborted at /tmp/loop_over_bdir-3228-rPXvG4/Fey-ORM-0.38-pSH5N1/blib/lib/Fey/ORM/Table.pm line 11.
Compilation failed in require at t/Object/Table-has_one.t line 19.
BEGIN failed--compilation aborted at t/Object/Table-has_one.t line 19.
t/Object/Table-has_one.t ................ 
Dubious, test returned 2 (wstat 512, 0x200)
No subtests run 
Can't locate MooseX/StrictConstructor/Role/Meta/Method/Constructor.pm in @INC (you may need to install the MooseX::StrictConstructor::Role::Meta::Method::Constructor module) (@INC contains: t/lib /tmp/loop_over_bdir-3228-rPXvG4/Fey-ORM-0.38-pSH5N1/blib/lib /tmp/loop_over_bdir-3228-rPXvG4/Fey-ORM-0.38-pSH5N1/blib/arch /home/sand/src/perl/repoperls/installed-perls/perl/v5.19.1-403-g1927e20/a2da/lib/site_perl/5.19.2/x86_64-linux-thread-multi-ld /home/sand/src/perl/repoperls/installed-perls/perl/v5.19.1-403-g1927e20/a2da/lib/site_perl/5.19.2 /home/sand/src/perl/repoperls/installed-perls/perl/v5.19.1-403-g1927e20/a2da/lib/5.19.2/x86_64-linux-thread-multi-ld /home/sand/src/perl/repoperls/installed-perls/perl/v5.19.1-403-g1927e20/a2da/lib/5.19.2 .) at /home/sand/src/perl/repoperls/installed-perls/perl/v5.19.1-403-g1927e20/a2da/lib/site_perl/5.19.2/x86_64-linux-thread-multi-ld/Moose/Exporter.pm line 409.
Compilation failed in require at /tmp/loop_over_bdir-3228-rPXvG4/Fey-ORM-0.38-pSH5N1/blib/lib/Fey/Meta/Class/Table.pm line 21.
BEGIN failed--compilation aborted at /tmp/loop_over_bdir-3228-rPXvG4/Fey-ORM-0.38-pSH5N1/blib/lib/Fey/Meta/Class/Table.pm line 21.
Compilation failed in require at /tmp/loop_over_bdir-3228-rPXvG4/Fey-ORM-0.38-pSH5N1/blib/lib/Fey/ORM/Table.pm line 11.
BEGIN failed--compilation aborted at /tmp/loop_over_bdir-3228-rPXvG4/Fey-ORM-0.38-pSH5N1/blib/lib/Fey/ORM/Table.pm line 11.
Compilation failed in require at t/Object/Table-query-method.t line 18.
BEGIN failed--compilation aborted at t/Object/Table-query-method.t line 18.
t/Object/Table-query-method.t ........... 
Dubious, test returned 2 (wstat 512, 0x200)
No subtests run 
Can't locate MooseX/StrictConstructor/Role/Meta/Method/Constructor.pm in @INC (you may need to install the MooseX::StrictConstructor::Role::Meta::Method::Constructor module) (@INC contains: t/lib /tmp/loop_over_bdir-3228-rPXvG4/Fey-ORM-0.38-pSH5N1/blib/lib /tmp/loop_over_bdir-3228-rPXvG4/Fey-ORM-0.38-pSH5N1/blib/arch /home/sand/src/perl/repoperls/installed-perls/perl/v5.19.1-403-g1927e20/a2da/lib/site_perl/5.19.2/x86_64-linux-thread-multi-ld /home/sand/src/perl/repoperls/installed-perls/perl/v5.19.1-403-g1927e20/a2da/lib/site_perl/5.19.2 /home/sand/src/perl/repoperls/installed-perls/perl/v5.19.1-403-g1927e20/a2da/lib/5.19.2/x86_64-linux-thread-multi-ld /home/sand/src/perl/repoperls/installed-perls/perl/v5.19.1-403-g1927e20/a2da/lib/5.19.2 .) at /home/sand/src/perl/repoperls/installed-perls/perl/v5.19.1-403-g1927e20/a2da/lib/site_perl/5.19.2/x86_64-linux-thread-multi-ld/Moose/Exporter.pm line 409.
Compilation failed in require at /tmp/loop_over_bdir-3228-rPXvG4/Fey-ORM-0.38-pSH5N1/blib/lib/Fey/Meta/Class/Table.pm line 21.
BEGIN failed--compilation aborted at /tmp/loop_over_bdir-3228-rPXvG4/Fey-ORM-0.38-pSH5N1/blib/lib/Fey/Meta/Class/Table.pm line 21.
Compilation failed in require at /tmp/loop_over_bdir-3228-rPXvG4/Fey-ORM-0.38-pSH5N1/blib/lib/Fey/ORM/Table.pm line 11.
BEGIN failed--compilation aborted at /tmp/loop_over_bdir-3228-rPXvG4/Fey-ORM-0.38-pSH5N1/blib/lib/Fey/ORM/Table.pm line 11.
Compilation failed in require at t/Object/Table-select-attr.t line 18.
BEGIN failed--compilation aborted at t/Object/Table-select-attr.t line 18.
t/Object/Table-select-attr.t ............ 
Dubious, test returned 2 (wstat 512, 0x200)
No subtests run 
Can't locate MooseX/StrictConstructor/Role/Meta/Method/Constructor.pm in @INC (you may need to install the MooseX::StrictConstructor::Role::Meta::Method::Constructor module) (@INC contains: t/lib /tmp/loop_over_bdir-3228-rPXvG4/Fey-ORM-0.38-pSH5N1/blib/lib /tmp/loop_over_bdir-3228-rPXvG4/Fey-ORM-0.38-pSH5N1/blib/arch /home/sand/src/perl/repoperls/installed-perls/perl/v5.19.1-403-g1927e20/a2da/lib/site_perl/5.19.2/x86_64-linux-thread-multi-ld /home/sand/src/perl/repoperls/installed-perls/perl/v5.19.1-403-g1927e20/a2da/lib/site_perl/5.19.2 /home/sand/src/perl/repoperls/installed-perls/perl/v5.19.1-403-g1927e20/a2da/lib/5.19.2/x86_64-linux-thread-multi-ld /home/sand/src/perl/repoperls/installed-perls/perl/v5.19.1-403-g1927e20/a2da/lib/5.19.2 .) at /home/sand/src/perl/repoperls/installed-perls/perl/v5.19.1-403-g1927e20/a2da/lib/site_perl/5.19.2/x86_64-linux-thread-multi-ld/Moose/Exporter.pm line 409.
Compilation failed in require at /tmp/loop_over_bdir-3228-rPXvG4/Fey-ORM-0.38-pSH5N1/blib/lib/Fey/Meta/Class/Table.pm line 21.
BEGIN failed--compilation aborted at /tmp/loop_over_bdir-3228-rPXvG4/Fey-ORM-0.38-pSH5N1/blib/lib/Fey/Meta/Class/Table.pm line 21.
Compilation failed in require at /tmp/loop_over_bdir-3228-rPXvG4/Fey-ORM-0.38-pSH5N1/blib/lib/Fey/ORM/Table.pm line 11.
BEGIN failed--compilation aborted at /tmp/loop_over_bdir-3228-rPXvG4/Fey-ORM-0.38-pSH5N1/blib/lib/Fey/ORM/Table.pm line 11.
Compilation failed in require at t/Object/Table.t line 392.
BEGIN failed--compilation aborted at t/Object/Table.t line 392.
t/Object/Table.t ........................ 
Dubious, test returned 2 (wstat 512, 0x200)
No subtests run 
t/release-eol.t ......................... skipped: these tests are for release candidate testing
t/release-kwalitee.t .................... skipped: these tests are for release candidate testing
t/release-no-tabs.t ..................... skipped: these tests are for release candidate testing

Test Summary Report
-------------------
t/Class/Policy.t                      (Wstat: 512 Tests: 0 Failed: 0)
  Non-zero exit status: 2
  Parse errors: No plan found in TAP output
t/Class/Schema.t                      (Wstat: 512 Tests: 0 Failed: 0)
  Non-zero exit status: 2
  Parse errors: No plan found in TAP output
t/Class/Table-has_many.t              (Wstat: 512 Tests: 0 Failed: 0)
  Non-zero exit status: 2
  Parse errors: No plan found in TAP output
t/Class/Table-has_one.t               (Wstat: 512 Tests: 0 Failed: 0)
  Non-zero exit status: 2
  Parse errors: No plan found in TAP output
t/Class/Table.t                       (Wstat: 512 Tests: 0 Failed: 0)
  Non-zero exit status: 2
  Parse errors: No plan found in TAP output
t/Object/Iterator/FromArray.t         (Wstat: 512 Tests: 0 Failed: 0)
  Non-zero exit status: 2
  Parse errors: No plan found in TAP output
t/Object/Iterator/FromSelect.t        (Wstat: 512 Tests: 0 Failed: 0)
  Non-zero exit status: 2
  Parse errors: No plan found in TAP output
t/Object/Iterator/FromSelect/Caching.t (Wstat: 512 Tests: 0 Failed: 0)
  Non-zero exit status: 2
  Parse errors: No plan found in TAP output
t/Object/Schema.t                     (Wstat: 512 Tests: 0 Failed: 0)
  Non-zero exit status: 2
  Parse errors: No plan found in TAP output
t/Object/Table-cache.t                (Wstat: 512 Tests: 0 Failed: 0)
  Non-zero exit status: 2
  Parse errors: No plan found in TAP output
t/Object/Table-has_many.t             (Wstat: 512 Tests: 0 Failed: 0)
  Non-zero exit status: 2
  Parse errors: No plan found in TAP output
t/Object/Table-has_one.t              (Wstat: 512 Tests: 0 Failed: 0)
  Non-zero exit status: 2
  Parse errors: No plan found in TAP output
t/Object/Table-query-method.t         (Wstat: 512 Tests: 0 Failed: 0)
  Non-zero exit status: 2
  Parse errors: No plan found in TAP output
t/Object/Table-select-attr.t          (Wstat: 512 Tests: 0 Failed: 0)
  Non-zero exit status: 2
  Parse errors: No plan found in TAP output
t/Object/Table.t                      (Wstat: 512 Tests: 0 Failed: 0)
  Non-zero exit status: 2
  Parse errors: No plan found in TAP output
Files=18, Tests=0, 15 wallclock secs ( 0.05 usr  0.02 sys + 14.09 cusr  0.43 csys = 14.59 CPU)
Result: FAIL
Failed 15/18 test programs. 0/0 subtests failed.
make: *** [test_dynamic] Error 255

------------------------------
PREREQUISITES
------------------------------

Prerequisite modules loaded:

requires:

    Module                         Need Have  
    ------------------------------ ---- ------
    Devel::GlobalDestruction       0    0.11  
    Exception::Class               0    1.37  
    Fey                            0.39 0.40  
    Fey::DBIManager                0.07 0.16  
    List::AllUtils                 0    0.03  
    Moose                          1.15 2.0802
    MooseX::ClassAttribute         0.17 0.27  
    MooseX::SemiAffordanceAccessor 0    0.09  
    MooseX::StrictConstructor      0.08 0.19  
    namespace::autoclean           0    0.13  
    Object::ID                     0    v0.1.2
    Scalar::Util                   0    1.27  
    Sub::Exporter                  0    0.986 

build_requires:

    Module                         Need Have  
    ------------------------------ ---- ------
    Fey::Test                      0.05 0.10  
    Test::Exception                0    0.32  
    Test::More                     0.88 0.98  

configure_requires:

    Module                         Need Have  
    ------------------------------ ---- ------
    ExtUtils::MakeMaker            6.31 6.68  


------------------------------
ENVIRONMENT AND OTHER CONTEXT
------------------------------

Environment variables:

    AUTOMATED_TESTING = 1
    LANG = en_US.UTF-8
    LANGUAGE = en_US:en
    PATH = /usr/lib/ccache:/home/sand/bin:/usr/local/bin:/usr/bin:/bin:/usr/bin/X11:/usr/games:/usr/local/perl/bin:/usr/X11/bin:/sbin:/usr/sbin
    PERL5LIB = 
    PERL5OPT = 
    PERL5_CPANPLUS_IS_RUNNING = 11425
    PERL5_CPAN_IS_RUNNING = 11425
    PERL_MM_USE_DEFAULT = 1
    SHELL = /usr/bin/zsh
    TERM = screen

Perl special variables (and OS-specific diagnostics, for MSWin32):

    $^X = /tmp/basesmoker-reloperl-MWx0/bin/perl
    $UID/$EUID = 1005 / 1005
    $GID = 1005 1005
    $EGID = 1005 1005

Perl module toolchain versions installed:

    Module              Have    
    ------------------- --------
    CPAN                2.00    
    CPAN::Meta          2.131560
    Cwd                 3.41    
    ExtUtils::CBuilder  0.280210
    ExtUtils::Command   1.17    
    ExtUtils::Install   1.60    
    ExtUtils::MakeMaker 6.68    
    ExtUtils::Manifest  1.63    
    ExtUtils::ParseXS   3.21    
    File::Spec          3.41    
    JSON                2.59    
    JSON::PP            2.27202 
    Module::Build       0.4005  
    Module::Signature   0.73    
    Parse::CPAN::Meta   1.4404  
    Test::Harness       3.28    
    Test::More          0.98    
    YAML                0.84    
    YAML::Syck          1.27    
    version             0.9902  


--

Summary of my perl5 (revision 5 version 19 subversion 2) configuration:
  Commit id: 1927e203ff157957a4c28ff5a935927a92e8b48d
  Platform:
    osname=linux, osvers=3.9-1-amd64, archname=x86_64-linux-thread-multi-ld
    uname='linux k83 3.9-1-amd64 #1 smp debian 3.9.8-1 x86_64 gnulinux '
    config_args='-Dprefix=/home/sand/src/perl/repoperls/installed-perls/perl/v5.19.1-403-g1927e20/a2da -Dmyhostname=k83 -Dinstallusrbinperl=n -Uversiononly -Dusedevel -des -Ui_db -Duseithreads -Duselongdouble -DDEBUGGING=-g'
    hint=recommended, useposix=true, d_sigaction=define
    useithreads=define, usemultiplicity=define
    useperlio=define, d_sfio=undef, uselargefiles=define, usesocks=undef
    use64bitint=define, use64bitall=define, uselongdouble=define
    usemymalloc=n, bincompat5005=undef
  Compiler:
    cc='cc', ccflags ='-D_REENTRANT -D_GNU_SOURCE -fno-strict-aliasing -pipe -fstack-protector -I/usr/local/include -D_LARGEFILE_SOURCE -D_FILE_OFFSET_BITS=64',
    optimize='-O2 -g',
    cppflags='-D_REENTRANT -D_GNU_SOURCE -fno-strict-aliasing -pipe -fstack-protector -I/usr/local/include'
    ccversion='', gccversion='4.8.1', gccosandvers=''
    intsize=4, longsize=8, ptrsize=8, doublesize=8, byteorder=12345678
    d_longlong=define, longlongsize=8, d_longdbl=define, longdblsize=16
    ivtype='long', ivsize=8, nvtype='long double', nvsize=16, Off_t='off_t', lseeksize=8
    alignbytes=16, prototype=define
  Linker and Libraries:
    ld='cc', ldflags =' -fstack-protector -L/usr/local/lib'
    libpth=/usr/local/lib /lib/x86_64-linux-gnu /lib/../lib /usr/lib/x86_64-linux-gnu /usr/lib/../lib /lib /usr/lib
    libs=-lnsl -lgdbm -ldb -ldl -lm -lcrypt -lutil -lpthread -lc -lgdbm_compat
    perllibs=-lnsl -ldl -lm -lcrypt -lutil -lpthread -lc
    libc=, so=so, useshrplib=false, libperl=libperl.a
    gnulibc_version='2.17'
  Dynamic Linking:
    dlsrc=dl_dlopen.xs, dlext=so, d_dlsymun=undef, ccdlflags='-Wl,-E'
    cccdlflags='-fPIC', lddlflags='-shared -O2 -g -L/usr/local/lib -fstack-protector'


Characteristics of this binary (from libperl): 
  Compile-time options: HAS_TIMES MULTIPLICITY PERLIO_LAYERS
                        PERL_DONT_CREATE_GVSV
                        PERL_HASH_FUNC_ONE_AT_A_TIME_HARD
                        PERL_IMPLICIT_CONTEXT PERL_MALLOC_WRAP
                        PERL_NEW_COPY_ON_WRITE PERL_PRESERVE_IVUV
                        PERL_USE_DEVEL USE_64_BIT_ALL USE_64_BIT_INT
                        USE_ITHREADS USE_LARGE_FILES USE_LOCALE
                        USE_LOCALE_COLLATE USE_LOCALE_CTYPE
                        USE_LOCALE_NUMERIC USE_LONG_DOUBLE USE_PERLIO
                        USE_PERL_ATOF USE_REENTRANT_API
  Built under linux
  Compiled at Jul 13 2013 16:26:38
  %ENV:
    PERL5LIB=""
    PERL5OPT=""
    PERL5_CPANPLUS_IS_RUNNING="11425"
    PERL5_CPAN_IS_RUNNING="11425"
    PERL_MM_USE_DEFAULT="1"
  @INC:
    /home/sand/src/perl/repoperls/installed-perls/perl/v5.19.1-403-g1927e20/a2da/lib/site_perl/5.19.2/x86_64-linux-thread-multi-ld
    /home/sand/src/perl/repoperls/installed-perls/perl/v5.19.1-403-g1927e20/a2da/lib/site_perl/5.19.2
    /home/sand/src/perl/repoperls/installed-perls/perl/v5.19.1-403-g1927e20/a2da/lib/5.19.2/x86_64-linux-thread-multi-ld
    /home/sand/src/perl/repoperls/installed-perls/perl/v5.19.1-403-g1927e20/a2da/lib/5.19.2
    .