Math-NumSeq v75 Perl 5 v5.32.0 i686-linux-64int-ld

Status
Fail
From
Chris Williams (BINGOS)
Dist
Math-NumSeq v75
Platform
Perl 5 v5.32.0 i686-linux-64int-ld
Date
2022-06-10 03:46:55
ID
f8bf4444-e86f-11ec-8f4e-c962458f5e5b
This distribution has been tested as part of the CPAN Testers
project, supporting the Perl programming language.  See
http://wiki.cpantesters.org/ for more information or email
questions to cpan-testers-discuss@perl.org


--

Dear KRYDE,

This is a computer-generated error report created automatically by
CPANPLUS, version 0.9914. Testers personal comments may appear
at the end of this report.


Thank you for uploading your work to CPAN.  However, it appears that
there were some problems testing your distribution.

TEST RESULTS:

Below is the error stack from stage 'make test':

PERL_DL_NONLAZY=1 "/home/cpan/pit/64bit-ld/perl-5.32.0/bin/perl" "-MExtUtils::Command::MM" "-MTest::Harness" "-e" "undef *Test::Harness::Switches; test_harness(0, 'blib/lib', 'blib/arch')" t/*.t
t/Abundant.t ..................... ok
t/All.t .......................... ok
t/AsciiSelf.t .................... ok
t/BalancedBinary.t ............... ok
# Math::BigInt version 1.999818
t/bigint-preload.t ............... ok
t/Catalan.t ...................... ok
# uv_bits is 64
t/CollatzSteps.t ................. ok
# Test 28 got: "-2" (t/Cubes.t at line 103)
#    Expected: "-1"
#  t/Cubes.t line 103 is:   ok ($seq->value_to_i_floor(-1), -1);
# Test 31 got: "-3" (t/Cubes.t at line 107)
#    Expected: "-2"
#  t/Cubes.t line 107 is:   ok ($seq->value_to_i_floor(-8), -2);
# Test 34 got: "-5" (t/Cubes.t at line 111)
#    Expected: "-4"
#  t/Cubes.t line 111 is:   ok ($seq->value_to_i_floor(-64), -4);
# cbrt(27) is 3.00000000000000021
# int() is 3
# equal is ''
t/Cubes.t ........................ 
Failed 3/77 subtests 
t/DeletablePrimes.t .............. ok
t/DigitProduct.t ................. ok
t/DivisorCount.t ................. ok
t/Emirps.t ....................... ok
t/ErdosSelfridgeClass.t .......... ok
t/Even.t ......................... ok
t/Expression.t ................... ok
t/Factorials.t ................... ok
# big_calc 1968465517034375322200706745147694433505589739315889588670778928134523203878912
# big_conv 1968465517034375322200706745147694433505589739315889588670778928134523203878912
# nv is 1.96846551703437532e+78
# ~0 is 18446744073709551615
# sprintf is 1968465517034375322200706745147694433505589739315889588670778928134523203878912
# _to_bigint(nv) is 1968465517034375322200706745147694433505589739315889588670778928134523203878912
# big & (big>>1) is 0
t/Fibbinary.t .................... ok
t/Fibonacci.t .................... ok
t/FibonacciRepresentations.t ..... ok
t/FibonacciWord.t ................ ok
t/File.t ......................... ok
t/FractionDigits-Catalogue.t ..... ok
# Math::BigInt version 1.999818
t/FractionDigits.t ............... ok
t/GolayRudinShapiroCumulative.t .. ok
t/GolombSequence.t ............... ok
t/HafermanCarpet.t ............... ok
# max_diff=530
t/HofstadterFigure.t ............. ok
t/LucasNumbers.t ................. ok
t/LuckyNumbers.t ................. ok
t/MephistoWaltz.t ................ ok
t/MobiusFunction.t ............... ok
t/Multiples.t .................... ok
# Data::Float not available
# Math::NumSeq::Cubes value_to_i_floor(0-1=-1) want -1 got -2
# Test 1283 got: "1" (t/NumSeq.t at line 2311 fail #114)
#      Expected: "0" (Math::NumSeq::Cubes value_to_i_floor())
#  t/NumSeq.t line 2311 is:     skip ($skip, $bad, 0, "$name value_to_i_floor()");
t/NumSeq.t ....................... 
Failed 1/2604 subtests 
	(less 604 skipped subtests: 1999 okay)
t/Odd.t .......................... ok
t/OEIS-File.t .................... ok
t/OEIS.t ......................... ok
t/Pell.t ......................... ok
t/Perrin.t ....................... ok
t/PolignacObstinate.t ............ ok
t/PowerFlip.t .................... ok
t/Powerful.t ..................... ok
t/PrimeFactorsCount.t ............ ok
t/Primes.t ....................... ok
t/Pronic.t ....................... ok
t/ProthNumbers.t ................. ok
t/RepdigitAny.t .................. ok
t/RepdigitRadix.t ................ ok
t/Repdigits.t .................... ok
t/ReRound.t ...................... ok
# n type: Math::BigInt
# str   : 3377699871522813
# n str : 3377699871522813
# BigInt can(as_bin): CODE(0x11938f8)
# n as_bin(): 0b1100000000000000000000001000111111111111111111111101
# BigInt can(from_bin): CODE(0x109b1bc)
t/ReverseAdd.t ................... ok
t/Runs.t ......................... ok
t/SophieGermainPrimes.t .......... ok
t/SqrtContinued.t ................ ok
# Math::BigInt version 1.999818
t/SqrtDigits.t ................... ok
t/SqrtEngel.t .................... ok
t/Squares.t ...................... ok
t/Tetraheral.t ................... ok
t/Totient.t ...................... ok
t/TotientCumulative.t ............ ok
t/Triangular.t ................... ok
t/Tribonacci.t ................... ok
t/TwinPrimes.t ................... ok
t/UndulatingNumbers.t ............ ok
t/WoodallNumbers.t ............... ok

Test Summary Report
-------------------
t/Cubes.t                      (Wstat: 0 Tests: 77 Failed: 3)
  Failed tests:  28, 31, 34
t/NumSeq.t                     (Wstat: 0 Tests: 2604 Failed: 1)
  Failed test:  1283
Files=64, Tests=12297,  8 wallclock secs ( 0.71 usr  0.03 sys +  6.85 cusr  0.27 csys =  7.86 CPU)
Result: FAIL
Failed 2/64 test programs. 4/12297 subtests failed.
make: *** [Makefile:1418: test_dynamic] Error 255


PREREQUISITES:

Here is a list of prerequisites you specified and versions we
managed to load:

	  Module Name                        Have     Want
	  ExtUtils::MakeMaker                7.64        0
	  File::HomeDir                     1.006        0
	  File::Spec                         3.78        0
	  File::Temp                       0.2311        0
	  List::Util                         1.55        0
	  Math::Factor::XS                   0.40     0.40
	  Math::Libm                         1.00        0
	  Math::Prime::XS                    0.27     0.23
	  Module::Load                       0.36        0
	  Module::Pluggable                   5.2        0
	  Module::Util                       1.09        0
	  Test                               1.31        0
	  constant                           1.33     1.02
	  constant::defer                       6        1

Perl module toolchain versions installed:
	Module Name                        Have
	CPANPLUS                         0.9914
	CPANPLUS::Dist::Build              0.90
	Cwd                                3.78
	ExtUtils::CBuilder             0.280236
	ExtUtils::Command                  7.64
	ExtUtils::Install                  2.20
	ExtUtils::MakeMaker                7.64
	ExtUtils::Manifest                 1.73
	ExtUtils::ParseXS                  3.44
	File::Spec                         3.78
	Module::Build                    0.4231
	Pod::Parser                           0
	Pod::Simple                        3.40
	Test2                          1.302190
	Test::Harness                      3.44
	Test::More                     1.302190
	version                          0.9929

******************************** NOTE ********************************
The comments above are created mechanically, possibly without manual
checking by the sender.  As there are many people performing automatic
tests on each upload to CPAN, it is likely that you will receive
identical messages about the same problem.

If you believe that the message is mistaken, please reply to the first
one with correction and/or additional informations, and do not take
it personally.  We appreciate your patience. :)
**********************************************************************

Additional comments:


This report was machine-generated by CPANPLUS::Dist::YACSmoke 1.08.
Powered by minismokebox version 0.68

CPANPLUS is prefering Build.PL

------------------------------
ENVIRONMENT AND OTHER CONTEXT
------------------------------

Environment variables:

    AUTOMATED_TESTING = 1
    LANG = en_GB.UTF-8
    LANGUAGE = en_GB:en
    NONINTERACTIVE_TESTING = 1
    PATH = /usr/local/bin:/usr/bin:/bin:/usr/local/games:/usr/games
    PERL5LIB = /home/cpan/pit/jail/yyLWHbkbrb/lib/perl5:/home/cpan/pit/64bit-ld/conf/perl-5.32.0/.cpanplus/5.32.0/build/n5f5BTKHIw/Math-NumSeq-75/blib/lib:/home/cpan/pit/64bit-ld/conf/perl-5.32.0/.cpanplus/5.32.0/build/n5f5BTKHIw/Math-NumSeq-75/blib/arch
    PERL5_CPANPLUS_IS_RUNNING = 5475
    PERL5_CPANPLUS_IS_VERSION = 0.9914
    PERL5_MINISMOKEBOX = 0.68
    PERL5_YACSMOKE_BASE = /home/cpan/pit/64bit-ld/conf/perl-5.32.0
    PERL_EXTUTILS_AUTOINSTALL = --defaultdeps
    PERL_LOCAL_LIB_ROOT = /home/cpan/pit/jail/yyLWHbkbrb
    PERL_MB_OPT = --install_base "/home/cpan/pit/jail/yyLWHbkbrb"
    PERL_MM_OPT = INSTALL_BASE=/home/cpan/pit/jail/yyLWHbkbrb
    PERL_MM_USE_DEFAULT = 1
    SHELL = /bin/bash
    TERM = screen.xterm-256color

Perl special variables (and OS-specific diagnostics, for MSWin32):

    Perl: $^X = /home/cpan/pit/64bit-ld/perl-5.32.0/bin/perl
    UID:  $<  = 1001
    EUID: $>  = 1001
    GID:  $(  = 1001 1001
    EGID: $)  = 1001 1001


-------------------------------


--

Summary of my perl5 (revision 5 version 32 subversion 0) configuration:
   
  Platform:
    osname=linux
    osvers=5.10.0-12-686
    archname=i686-linux-64int-ld
    uname='linux dagobah 5.10.0-12-686 #1 smp debian 5.10.103-1 (2022-03-07) i686 gnulinux '
    config_args='-des -Dprefix=/home/cpan/pit/64bit-ld/perl-5.32.0 -Duse64bitint -Duselongdouble'
    hint=recommended
    useposix=true
    d_sigaction=define
    useithreads=undef
    usemultiplicity=undef
    use64bitint=define
    use64bitall=undef
    uselongdouble=define
    usemymalloc=n
    default_inc_excludes_dot=define
    bincompat5005=undef
  Compiler:
    cc='cc'
    ccflags ='-fwrapv -fno-strict-aliasing -pipe -fstack-protector-strong -I/usr/local/include -D_LARGEFILE_SOURCE -D_FILE_OFFSET_BITS=64 -D_FORTIFY_SOURCE=2'
    optimize='-O2'
    cppflags='-fwrapv -fno-strict-aliasing -pipe -fstack-protector-strong -I/usr/local/include'
    ccversion=''
    gccversion='10.2.1 20210110'
    gccosandvers=''
    intsize=4
    longsize=4
    ptrsize=4
    doublesize=8
    byteorder=12345678
    doublekind=3
    d_longlong=define
    longlongsize=8
    d_longdbl=define
    longdblsize=12
    longdblkind=3
    ivtype='long long'
    ivsize=8
    nvtype='long double'
    nvsize=12
    Off_t='off_t'
    lseeksize=8
    alignbytes=4
    prototype=define
  Linker and Libraries:
    ld='cc'
    ldflags =' -fstack-protector-strong -L/usr/local/lib'
    libpth=/usr/local/lib /usr/include/i386-linux-gnu /usr/lib /lib/i386-linux-gnu /lib/../lib /usr/lib/i386-linux-gnu /usr/lib/../lib /lib /lib64 /usr/lib64
    libs=-lpthread -lnsl -lgdbm -ldl -lm -lcrypt -lutil -lc
    perllibs=-lpthread -lnsl -ldl -lm -lcrypt -lutil -lc
    libc=libc-2.31.so
    so=so
    useshrplib=false
    libperl=libperl.a
    gnulibc_version='2.31'
  Dynamic Linking:
    dlsrc=dl_dlopen.xs
    dlext=so
    d_dlsymun=undef
    ccdlflags='-Wl,-E'
    cccdlflags='-fPIC'
    lddlflags='-shared -O2 -L/usr/local/lib -fstack-protector-strong'


Characteristics of this binary (from libperl): 
  Compile-time options:
    HAS_TIMES
    PERLIO_LAYERS
    PERL_COPY_ON_WRITE
    PERL_DONT_CREATE_GVSV
    PERL_MALLOC_WRAP
    PERL_OP_PARENT
    PERL_PRESERVE_IVUV
    USE_64_BIT_INT
    USE_LARGE_FILES
    USE_LOCALE
    USE_LOCALE_COLLATE
    USE_LOCALE_CTYPE
    USE_LOCALE_NUMERIC
    USE_LOCALE_TIME
    USE_LONG_DOUBLE
    USE_PERLIO
    USE_PERL_ATOF
  Locally applied patches:
    Devel::PatchPerl 2.08
  Built under linux
  Compiled at Mar 20 2022 11:54:09
  %ENV:
    PERL5LIB="/home/cpan/pit/jail/yyLWHbkbrb/lib/perl5:/home/cpan/pit/64bit-ld/conf/perl-5.32.0/.cpanplus/5.32.0/build/n5f5BTKHIw/Math-NumSeq-75/blib/lib:/home/cpan/pit/64bit-ld/conf/perl-5.32.0/.cpanplus/5.32.0/build/n5f5BTKHIw/Math-NumSeq-75/blib/arch"
    PERL5_CPANPLUS_IS_RUNNING="5475"
    PERL5_CPANPLUS_IS_VERSION="0.9914"
    PERL5_MINISMOKEBOX="0.68"
    PERL5_YACSMOKE_BASE="/home/cpan/pit/64bit-ld/conf/perl-5.32.0"
    PERL_EXTUTILS_AUTOINSTALL="--defaultdeps"
    PERL_LOCAL_LIB_ROOT="/home/cpan/pit/jail/yyLWHbkbrb"
    PERL_MB_OPT="--install_base "/home/cpan/pit/jail/yyLWHbkbrb""
    PERL_MM_OPT="INSTALL_BASE=/home/cpan/pit/jail/yyLWHbkbrb"
    PERL_MM_USE_DEFAULT="1"
  @INC:
    /home/cpan/pit/jail/yyLWHbkbrb/lib/perl5/5.32.0/i686-linux-64int-ld
    /home/cpan/pit/jail/yyLWHbkbrb/lib/perl5/5.32.0
    /home/cpan/pit/jail/yyLWHbkbrb/lib/perl5/i686-linux-64int-ld
    /home/cpan/pit/jail/yyLWHbkbrb/lib/perl5
    /home/cpan/pit/64bit-ld/conf/perl-5.32.0/.cpanplus/5.32.0/build/n5f5BTKHIw/Math-NumSeq-75/blib/lib
    /home/cpan/pit/64bit-ld/conf/perl-5.32.0/.cpanplus/5.32.0/build/n5f5BTKHIw/Math-NumSeq-75/blib/arch
    /home/cpan/pit/64bit-ld/perl-5.32.0/lib/site_perl/5.32.0/i686-linux-64int-ld
    /home/cpan/pit/64bit-ld/perl-5.32.0/lib/site_perl/5.32.0
    /home/cpan/pit/64bit-ld/perl-5.32.0/lib/5.32.0/i686-linux-64int-ld
    /home/cpan/pit/64bit-ld/perl-5.32.0/lib/5.32.0