CloudDeploy v1.07 Perl 5 v5.22.1 amd64-freebsd

Status
Fail
From
Slaven Rezić (SREZIC)
Dist
CloudDeploy v1.07
Platform
Perl 5 v5.22.1 amd64-freebsd
Date
2019-02-15T17:13:11
ID
f8b3c730-3144-11e9-8ea7-bf9269fddf61
This distribution has been tested as part of the CPAN Testers
project, supporting the Perl programming language.  See
http://wiki.cpantesters.org/ for more information or email
questions to cpan-testers-discuss@perl.org


--
Dear Jose Luis Martinez Torres,

This is a computer-generated report for CloudDeploy-1.07
on perl 5.22.1, created by CPAN-Reporter-1.2018.

Thank you for uploading your work to CPAN.  However, there was a problem
testing your distribution.

If you think this report is invalid, please consult the CPAN Testers Wiki
for suggestions on how to avoid getting FAIL reports for missing library
or binary dependencies, unsupported operating systems, and so on:

http://wiki.cpantesters.org/wiki/CPANAuthorNotes

Sections of this report:

    * Tester comments
    * Program output
    * Prerequisites
    * Environment and other context

------------------------------
TESTER COMMENTS
------------------------------

Additional comments from tester:

none provided

------------------------------
PROGRAM OUTPUT
------------------------------

Output from '/usr/bin/make test':

PERL_DL_NONLAZY=1 "/usr/perl5.22.1p/bin/perl5.22.1" "-MExtUtils::Command::MM" "-MTest::Harness" "-e" "undef *Test::Harness::Switches; test_harness(0, 'blib/lib', 'blib/arch')" t/*.t
Can't locate package Cfn::DynamicValue for @CCfnX::DynamicValue::ISA at /usr/perl5.22.1p/lib/site_perl/5.22.1/amd64-freebsd/Class/MOP/Class.pm line 957.
Can't locate object method "new" via package "CCfnX::DynamicValue" at t/005_dynamicvalues.t line 41.
t/005_dynamicvalues.t ............. 
Dubious, test returned 255 (wstat 65280, 0xff00)
No subtests run 
Can't locate package Cfn::DynamicValue for @CCfnX::DynamicValue::ISA at /usr/perl5.22.1p/lib/site_perl/5.22.1/amd64-freebsd/Class/MOP/Class.pm line 957.
Attribute (Value) does not pass the type constraint because: Validation failed for 'Cfn::Value' with value Cfn::Output=HASH(0x45b81408) (not isa Cfn::Value) at /usr/perl5.22.1p/lib/site_perl/5.22.1/amd64-freebsd/Moose/Object.pm line 24
	Moose::Object::new('Cfn::Output', 'Value', 'Cfn::Output=HASH(0x45b81408)') called at /usr/perl5.22.1p/lib/site_perl/5.22.1/Cfn.pm line 523
	Cfn::addOutput('TestClass=HASH(0x490dd9c0)', 'instanceid', 'Cfn::Output=HASH(0x45b81408)') called at /home/cpansand/.cpan/build/2019021513/CloudDeploy-1.07-10/blib/lib/CCfn.pm line 98
	Class::MOP::Class:::around('CODE(0x45c54468)', 'TestClass=HASH(0x490dd9c0)', 'instanceid', 'Cfn::Output=HASH(0x45b81408)') called at /usr/perl5.22.1p/lib/site_perl/5.22.1/amd64-freebsd/Class/MOP/Method/Wrapped.pm line 164
	CCfn::_wrapped_addOutput('TestClass=HASH(0x490dd9c0)', 'instanceid', 'Cfn::Output=HASH(0x45b81408)') called at /usr/perl5.22.1p/lib/site_perl/5.22.1/amd64-freebsd/Class/MOP/Method/Wrapped.pm line 95
	CCfn::addOutput('TestClass=HASH(0x490dd9c0)', 'instanceid', 'Cfn::Output=HASH(0x45b81408)') called at /home/cpansand/.cpan/build/2019021513/CloudDeploy-1.07-10/blib/lib/CCfn.pm line 50
	CCfn::BUILD('TestClass=HASH(0x490dd9c0)', 'HASH(0x45f4b498)') called at /usr/perl5.22.1p/lib/site_perl/5.22.1/amd64-freebsd/Class/MOP/Method.pm line 128
	Class::MOP::Method::execute('Moose::Meta::Method=HASH(0x490d0048)', 'TestClass=HASH(0x490dd9c0)', 'HASH(0x45f4b498)') called at /usr/perl5.22.1p/lib/site_perl/5.22.1/amd64-freebsd/Moose/Object.pm line 54
	Moose::Object::BUILDALL('TestClass=HASH(0x490dd9c0)', 'HASH(0x45f4b498)') called at /usr/perl5.22.1p/lib/site_perl/5.22.1/amd64-freebsd/Moose/Meta/Class.pm line 279
	Moose::Meta::Class::new_object('Moose::Meta::Class=HASH(0x45f034f8)', 'HASH(0x45f4b498)') called at /usr/perl5.22.1p/lib/site_perl/5.22.1/amd64-freebsd/Moose/Object.pm line 24
	Moose::Object::new('TestClass') called at t/099_build.t line 32
t/099_build.t ..................... 
Dubious, test returned 255 (wstat 65280, 0xff00)
No subtests run 
Can't locate package Cfn::DynamicValue for @CCfnX::DynamicValue::ISA at /usr/perl5.22.1p/lib/site_perl/5.22.1/amd64-freebsd/Class/MOP/Class.pm line 957.
Can't locate object method "new" via package "CCfnX::DynamicValue" at /home/cpansand/.cpan/build/2019021513/CloudDeploy-1.07-10/blib/lib/CCfnX/Shortcuts.pm line 689.
t/101_cfstring.t .................. 
Dubious, test returned 255 (wstat 65280, 0xff00)
No subtests run 
Can't locate package Cfn::DynamicValue for @CCfnX::DynamicValue::ISA at /usr/perl5.22.1p/lib/site_perl/5.22.1/amd64-freebsd/Class/MOP/Class.pm line 957.
Attribute (Value) does not pass the type constraint because: Validation failed for 'Cfn::Value' with value Cfn::Output=HASH(0x496a1ba0) (not isa Cfn::Value) at /usr/perl5.22.1p/lib/site_perl/5.22.1/amd64-freebsd/Moose/Object.pm line 24
	Moose::Object::new('Cfn::Output', 'Value', 'Cfn::Output=HASH(0x496a1ba0)') called at /usr/perl5.22.1p/lib/site_perl/5.22.1/Cfn.pm line 523
	Cfn::addOutput('TestClass=HASH(0x4969acd8)', 'keyedoutput', 'Cfn::Output=HASH(0x496a1ba0)') called at /home/cpansand/.cpan/build/2019021513/CloudDeploy-1.07-10/blib/lib/CCfn.pm line 98
	Class::MOP::Class:::around('CODE(0x48f84f90)', 'TestClass=HASH(0x4969acd8)', 'keyed/output', 'Cfn::Output=HASH(0x496a1ba0)') called at /usr/perl5.22.1p/lib/site_perl/5.22.1/amd64-freebsd/Class/MOP/Method/Wrapped.pm line 164
	CCfn::_wrapped_addOutput('TestClass=HASH(0x4969acd8)', 'keyed/output', 'Cfn::Output=HASH(0x496a1ba0)') called at /usr/perl5.22.1p/lib/site_perl/5.22.1/amd64-freebsd/Class/MOP/Method/Wrapped.pm line 95
	CCfn::addOutput('TestClass=HASH(0x4969acd8)', 'keyed/output', 'Cfn::Output=HASH(0x496a1ba0)') called at /home/cpansand/.cpan/build/2019021513/CloudDeploy-1.07-10/blib/lib/CCfn.pm line 50
	CCfn::BUILD('TestClass=HASH(0x4969acd8)', 'HASH(0x49699ee8)') called at /usr/perl5.22.1p/lib/site_perl/5.22.1/amd64-freebsd/Class/MOP/Method.pm line 128
	Class::MOP::Method::execute('Moose::Meta::Method=HASH(0x495afe28)', 'TestClass=HASH(0x4969acd8)', 'HASH(0x49699ee8)') called at /usr/perl5.22.1p/lib/site_perl/5.22.1/amd64-freebsd/Moose/Object.pm line 54
	Moose::Object::BUILDALL('TestClass=HASH(0x4969acd8)', 'HASH(0x49699ee8)') called at /usr/perl5.22.1p/lib/site_perl/5.22.1/amd64-freebsd/Moose/Meta/Class.pm line 279
	Moose::Meta::Class::new_object('Moose::Meta::Class=HASH(0x464769f0)', 'HASH(0x49699ee8)') called at /usr/perl5.22.1p/lib/site_perl/5.22.1/amd64-freebsd/Moose/Object.pm line 24
	Moose::Object::new('TestClass') called at t/102_outputs.t line 25
t/102_outputs.t ................... 
Dubious, test returned 255 (wstat 65280, 0xff00)
No subtests run 
Can't locate package Cfn::DynamicValue for @CCfnX::DynamicValue::ISA at /usr/perl5.22.1p/lib/site_perl/5.22.1/amd64-freebsd/Class/MOP/Class.pm line 957.
t/105_dependson.t ................. ok
Can't locate package Cfn::DynamicValue for @CCfnX::DynamicValue::ISA at /usr/perl5.22.1p/lib/site_perl/5.22.1/amd64-freebsd/Class/MOP/Class.pm line 957.
t/106_resource_extended.t ......... ok
Can't locate package Cfn::DynamicValue for @CCfnX::DynamicValue::ISA at /usr/perl5.22.1p/lib/site_perl/5.22.1/amd64-freebsd/Class/MOP/Class.pm line 957.
t/107_attachments.t ............... ok
Can't locate package Cfn::DynamicValue for @CCfnX::DynamicValue::ISA at /usr/perl5.22.1p/lib/site_perl/5.22.1/amd64-freebsd/Class/MOP/Class.pm line 957.
t/108_policy_addstatement.t ....... ok
Can't locate package Cfn::DynamicValue for @CCfnX::DynamicValue::ISA at /usr/perl5.22.1p/lib/site_perl/5.22.1/amd64-freebsd/Class/MOP/Class.pm line 957.
Can't locate object method "new" via package "CCfnX::DynamicValue" at /home/cpansand/.cpan/build/2019021513/CloudDeploy-1.07-10/blib/lib/CCfnX/Shortcuts.pm line 388.
t/109_short_param_and_atts.t ...... 
Dubious, test returned 2 (wstat 512, 0x200)
No subtests run 
t/110_fn_namespace.t .............. ok
Can't locate package Cfn::DynamicValue for @CCfnX::DynamicValue::ISA at /usr/perl5.22.1p/lib/site_perl/5.22.1/amd64-freebsd/Class/MOP/Class.pm line 957.
t/112_dup_resource.t .............. ok
Can't locate package Cfn::DynamicValue for @CCfnX::DynamicValue::ISA at /usr/perl5.22.1p/lib/site_perl/5.22.1/amd64-freebsd/Class/MOP/Class.pm line 957.
Reference found where even-sized list expected at /usr/perl5.22.1p/lib/site_perl/5.22.1/Cfn.pm line 547.
A resource named MyMDTest3 must already exist at /usr/perl5.22.1p/lib/site_perl/5.22.1/Cfn.pm line 548.
t/113_stack_metadata.t ............ 
Dubious, test returned 2 (wstat 512, 0x200)
No subtests run 
Can't locate package Cfn::DynamicValue for @CCfnX::DynamicValue::ISA at /usr/perl5.22.1p/lib/site_perl/5.22.1/amd64-freebsd/Class/MOP/Class.pm line 957.
Can't locate object method "new" via package "CCfnX::DynamicValue" at /home/cpansand/.cpan/build/2019021513/CloudDeploy-1.07-10/blib/lib/CCfnX/Shortcuts.pm line 388.
t/117_resource_inheritance_dsl.t .. 
Dubious, test returned 2 (wstat 512, 0x200)
No subtests run 
Can't locate package Cfn::DynamicValue for @CCfnX::DynamicValue::ISA at /usr/perl5.22.1p/lib/site_perl/5.22.1/amd64-freebsd/Class/MOP/Class.pm line 957.
Can't locate object method "new" via package "CCfnX::DynamicValue" at /home/cpansand/.cpan/build/2019021513/CloudDeploy-1.07-10/blib/lib/CCfnX/Shortcuts.pm line 388.
t/300_makeamibase.t ............... 
Dubious, test returned 255 (wstat 65280, 0xff00)
No subtests run 
Can't locate package Cfn::DynamicValue for @CCfnX::DynamicValue::ISA at /usr/perl5.22.1p/lib/site_perl/5.22.1/amd64-freebsd/Class/MOP/Class.pm line 957.
Resolved R2 Prop1 at /usr/perl5.22.1p/lib/site_perl/5.22.1/Cfn.pm line 324.
Resolved R2 Attribute at /usr/perl5.22.1p/lib/site_perl/5.22.1/Cfn.pm line 324.
t/400_create.t .................... ok
Can't locate package Cfn::DynamicValue for @CCfnX::DynamicValue::ISA at /usr/perl5.22.1p/lib/site_perl/5.22.1/amd64-freebsd/Class/MOP/Class.pm line 957.
Can't locate object method "new" via package "CCfnX::DynamicValue" at /home/cpansand/.cpan/build/2019021513/CloudDeploy-1.07-10/blib/lib/CCfnX/Shortcuts.pm line 388.
t/401_diff.t ...................... 
Dubious, test returned 2 (wstat 512, 0x200)
No subtests run 

Test Summary Report
-------------------
t/005_dynamicvalues.t           (Wstat: 65280 Tests: 0 Failed: 0)
  Non-zero exit status: 255
  Parse errors: No plan found in TAP output
t/099_build.t                   (Wstat: 65280 Tests: 0 Failed: 0)
  Non-zero exit status: 255
  Parse errors: No plan found in TAP output
t/101_cfstring.t                (Wstat: 65280 Tests: 0 Failed: 0)
  Non-zero exit status: 255
  Parse errors: No plan found in TAP output
t/102_outputs.t                 (Wstat: 65280 Tests: 0 Failed: 0)
  Non-zero exit status: 255
  Parse errors: No plan found in TAP output
t/109_short_param_and_atts.t    (Wstat: 512 Tests: 0 Failed: 0)
  Non-zero exit status: 2
  Parse errors: No plan found in TAP output
t/113_stack_metadata.t          (Wstat: 512 Tests: 0 Failed: 0)
  Non-zero exit status: 2
  Parse errors: No plan found in TAP output
t/117_resource_inheritance_dsl.t (Wstat: 512 Tests: 0 Failed: 0)
  Non-zero exit status: 2
  Parse errors: No plan found in TAP output
t/300_makeamibase.t             (Wstat: 65280 Tests: 0 Failed: 0)
  Non-zero exit status: 255
  Parse errors: No plan found in TAP output
t/401_diff.t                    (Wstat: 512 Tests: 0 Failed: 0)
  Non-zero exit status: 2
  Parse errors: No plan found in TAP output
Files=16, Tests=34, 11 wallclock secs ( 0.01 usr  0.14 sys +  2.32 cusr  5.91 csys =  8.38 CPU)
Result: FAIL
Failed 9/16 test programs. 0/34 subtests failed.
*** Error code 2

Stop.
make: stopped in /home/cpansand/.cpan/build/2019021513/CloudDeploy-1.07-10

------------------------------
PREREQUISITES
------------------------------

Prerequisite modules loaded:

requires:

    Module                    Need Have      
    ------------------------- ---- ----------
    Array::Compare            0    3.0.2     
    AWS::CLIWrapper           0    1.16      
    Cfn                       0    0         
    Data::Graph::Util         0    0.006     
    Data::Printer             0    0.40      
    Hash::Merge               0    0.300     
    Module::Runtime           0    0.016     
    MongoDB                   0    v1.8.2    
    Moose                     0    2.2011    
    MooseX::App               0    1.39      
    MooseX::Getopt            0    0.74      
    MooseX::StrictConstructor 0    0.21      
    Paws                      0    0.35      
    Regexp::Common            0    2017060201
    String::Diff              0    0.07      
    Template                  0    2.26      
    Term::ANSIColor           0    4.06      
    Text::ASCIITable          0    0.22      

build_requires:

    Module                    Need Have      
    ------------------------- ---- ----------
    ExtUtils::MakeMaker       0    7.34      
    File::Slurp               0    9999.23   

configure_requires:

    Module                    Need Have      
    ------------------------- ---- ----------
    ExtUtils::MakeMaker       0    7.34      


------------------------------
ENVIRONMENT AND OTHER CONTEXT
------------------------------

Environment variables:

    LC_ALL = de_DE.ISO8859-1
    PATH = /usr/local/bin:/usr/bin:/bin:/usr/local/sbin:/usr/sbin:/sbin:/home/cpansand/bin/freebsd10.3:/home/cpansand/bin/sh:/home/cpansand/bin:/usr/games:/home/cpansand/devel:/home/eserte/src/srezic-misc/scripts
    PERL5LIB = 
    PERL5OPT = 
    PERL5_CPANPLUS_IS_RUNNING = 56100
    PERL5_CPAN_IS_RUNNING = 56100
    PERL5_CPAN_IS_RUNNING_IN_RECURSION = 48249,56100
    PERLDOC = -MPod::Perldoc::ToTextOverstrike
    PERL_BATCH = yes
    PERL_CANARY_STABILITY_NOPROMPT = 1
    PERL_CPAN_REPORTER_CONFIG = /var/tmp/cpansmoker-1023/2019021513/cpanreporter_000_config.ini
    PERL_EXTUTILS_AUTOINSTALL = --defaultdeps
    SHELL = /usr/local/bin/zsh
    TERM = screen
    TMPDIR = /var/tmp/cpansmoker-1023/2019021513

Perl special variables (and OS-specific diagnostics, for MSWin32):

    $^X = /usr/perl5.22.1p/bin/perl5.22.1
    $UID/$EUID = 1023 / 1023
    $GID = 1023 1023
    $EGID = 1023 1023

Perl module toolchain versions installed:

    Module              Have    
    ------------------- --------
    CPAN                2.16    
    CPAN::Meta          2.150010
    Cwd                 3.75    
    ExtUtils::CBuilder  0.280230
    ExtUtils::Command   7.34    
    ExtUtils::Install   2.14    
    ExtUtils::MakeMaker 7.34    
    ExtUtils::Manifest  1.70    
    ExtUtils::ParseXS   3.30    
    File::Spec          3.75    
    JSON                2.97001 
    JSON::PP            2.97001 
    Module::Build       0.4224  
    Module::Signature   0.83    
    Parse::CPAN::Meta   2.150010
    Test::Harness       3.42    
    Test::More          1.302162
    YAML                1.27    
    YAML::Syck          1.30    
    version             0.9922  


--

Summary of my perl5 (revision 5 version 22 subversion 1) configuration:
   
  Platform:
    osname=freebsd, osvers=10.1-release, archname=amd64-freebsd
    uname='freebsd cvrsnica-freebsd-101.herceg.de 10.1-release freebsd 10.1-release #0 r274401: tue nov 11 21:02:49 utc 2014 root@releng1.nyi.freebsd.org:usrobjusrsrcsysgeneric amd64 '
    config_args='-ds -e -Dprefix=/usr/perl5.22.1p -Dcf_email=srezic@cpan.org'
    hint=recommended, useposix=true, d_sigaction=define
    useithreads=undef, usemultiplicity=undef
    use64bitint=define, use64bitall=define, uselongdouble=undef
    usemymalloc=n, bincompat5005=undef
  Compiler:
    cc='cc', ccflags ='-DHAS_FPSETMASK -DHAS_FLOATINGPOINT_H -fno-strict-aliasing -pipe -fstack-protector -I/usr/local/include -D_FORTIFY_SOURCE=2',
    optimize='-O',
    cppflags='-DHAS_FPSETMASK -DHAS_FLOATINGPOINT_H -fno-strict-aliasing -pipe -fstack-protector -I/usr/local/include'
    ccversion='', gccversion='4.2.1 Compatible FreeBSD Clang 3.4.1 (tags/RELEASE_34/dot1-final 208032)', gccosandvers=''
    intsize=4, longsize=8, ptrsize=8, doublesize=8, byteorder=12345678, doublekind=3
    d_longlong=define, longlongsize=8, d_longdbl=define, longdblsize=16, longdblkind=3
    ivtype='long', ivsize=8, nvtype='double', nvsize=8, Off_t='off_t', lseeksize=8
    alignbytes=8, prototype=define
  Linker and Libraries:
    ld='cc', ldflags ='-pthread -Wl,-E  -fstack-protector -L/usr/local/lib'
    libpth=/usr/lib /usr/local/lib /usr/include/clang/3.4.1 /usr/lib
    libs=-lpthread -lgdbm -lm -lcrypt -lutil -lc
    perllibs=-lpthread -lm -lcrypt -lutil -lc
    libc=, so=so, useshrplib=false, libperl=libperl.a
    gnulibc_version=''
  Dynamic Linking:
    dlsrc=dl_dlopen.xs, dlext=so, d_dlsymun=undef, ccdlflags=' '
    cccdlflags='-DPIC -fPIC', lddlflags='-shared  -L/usr/local/lib -fstack-protector'


Characteristics of this binary (from libperl): 
  Compile-time options: HAS_TIMES PERLIO_LAYERS PERL_DONT_CREATE_GVSV
                        PERL_HASH_FUNC_ONE_AT_A_TIME_HARD PERL_MALLOC_WRAP
                        PERL_NEW_COPY_ON_WRITE PERL_PRESERVE_IVUV
                        USE_64_BIT_ALL USE_64_BIT_INT USE_LARGE_FILES
                        USE_LOCALE USE_LOCALE_COLLATE USE_LOCALE_CTYPE
                        USE_LOCALE_NUMERIC USE_LOCALE_TIME USE_PERLIO
                        USE_PERL_ATOF
  Built under freebsd
  Compiled at Dec 15 2015 07:47:22
  %ENV:
    PERL5LIB=""
    PERL5OPT=""
    PERL5_CPANPLUS_IS_RUNNING="56100"
    PERL5_CPAN_IS_RUNNING="56100"
    PERL5_CPAN_IS_RUNNING_IN_RECURSION="48249,56100"
    PERLDOC="-MPod::Perldoc::ToTextOverstrike"
    PERL_BATCH="yes"
    PERL_CANARY_STABILITY_NOPROMPT="1"
    PERL_CPAN_REPORTER_CONFIG="/var/tmp/cpansmoker-1023/2019021513/cpanreporter_000_config.ini"
    PERL_EXTUTILS_AUTOINSTALL="--defaultdeps"
  @INC:
    /usr/perl5.22.1p/lib/site_perl/5.22.1/amd64-freebsd
    /usr/perl5.22.1p/lib/site_perl/5.22.1
    /usr/perl5.22.1p/lib/5.22.1/amd64-freebsd
    /usr/perl5.22.1p/lib/5.22.1
    .