Template-Tiny-Strict v1.17 Perl 5 v5.12.5 x86_64-linux-thread-multi
- Status
- Fail
- From
- David Cantrell (DCANTRELL)
- Dist
-
Template-Tiny-Strict v1.17
- Platform
- Perl 5 v5.12.5 x86_64-linux-thread-multi
- Date
- 2021-05-06 22:32:42
- ID
- f8862c76-aeba-11eb-8a2b-614cfb334126
This distribution has been tested as part of the CPAN Testers
project, supporting the Perl programming language. See
http://wiki.cpantesters.org/ for more information or email
questions to cpan-testers-discuss@perl.org
--
Dear Curtis 'Ovid' Poe,
This is a computer-generated report for Template-Tiny-Strict-1.17
on perl 5.12.5, created by CPAN-Reporter-1.2018.
Thank you for uploading your work to CPAN. However, there was a problem
testing your distribution.
If you think this report is invalid, please consult the CPAN Testers Wiki
for suggestions on how to avoid getting FAIL reports for missing library
or binary dependencies, unsupported operating systems, and so on:
http://wiki.cpantesters.org/wiki/CPANAuthorNotes
Sections of this report:
* Tester comments
* Program output
* Prerequisites
* Environment and other context
------------------------------
TESTER COMMENTS
------------------------------
Additional comments from tester:
this report is from an automated smoke testing program
and was not reviewed by a human for accuracy
------------------------------
PROGRAM OUTPUT
------------------------------
Output from '/usr/bin/make test':
PERL_DL_NONLAZY=1 "/home/david/cpantesting/perl-5.12.5/bin/perl" "-MExtUtils::Command::MM" "-MTest::Harness" "-e" "undef *Test::Harness::Switches; test_harness(0, 'blib/lib', 'blib/arch')" t/*.t
#
# Versions for all modules listed in MYMETA.json (including optional ones):
#
# === Configure Requires ===
#
# Module Want Have
# ------------------- ---- ----
# ExtUtils::MakeMaker any 7.34
#
# === Build Requires ===
#
# Module Want Have
# ------------------- ---- ----
# ExtUtils::MakeMaker any 7.34
#
# === Test Requires ===
#
# Module Want Have
# ------------------- ---- --------
# ExtUtils::MakeMaker any 7.34
# File::Spec any 3.31_01
# Test::More any 1.302162
#
# === Test Recommends ===
#
# Module Want Have
# ---------- -------- --------
# CPAN::Meta 2.120900 2.143240
#
t/00-report-prereqs.t .. ok
t/02_trivial.t ......... ok
t/03_samples.t ......... ok
t/04_compat.t .......... skipped: Template Toolkit is not installed
t/05_preparse.t ........ ok
# Failed test 'We should have an error'
# at t/strict.t line 46.
# Failed test 'forbid_undef should fail on undef variables'
# at t/strict.t line 46.
# ''
# doesn't match '(?-xism:Undefined value in template path 'foo')'
# Failed test 'We should have an error'
# at t/strict.t line 51.
# Failed test 'Even deeper "undef" variables will cause failures'
# at t/strict.t line 51.
# ''
# doesn't match '(?-xism:Undefined value in template path 'foo.1')'
# Failed test 'We should have an error'
# at t/strict.t line 56.
# Failed test 'Unused variables should also cause a failure'
# at t/strict.t line 56.
# ''
# doesn't match '(?-xism:The following variables were passed to the template but unused: 'bar')'
# Failed test 'We should have an error'
# at t/strict.t line 61.
# Failed test 'Unused variables should also cause a failure'
# at t/strict.t line 61.
# ''
# doesn't match '(?-xism:The following variables were passed to the template but unused: 'bar, baz')'
# Failed test 'We should have an error'
# at t/strict.t line 72.
# Failed test 'All errors should be reported at once, including the name of the temoplate'
# at t/strict.t line 72.
# ''
# doesn't match '(?-xism:Template::Tiny::Strict processing for 'my template' failed:
# Undefined value in template path 'foo'
# The following variables were passed to the template but unused: 'bar')'
# Looks like you failed 10 tests of 16.
t/strict.t .............
Dubious, test returned 10 (wstat 2560, 0xa00)
Failed 10/16 subtests
Test Summary Report
-------------------
t/strict.t (Wstat: 2560 Tests: 16 Failed: 10)
Failed tests: 2-3, 5-6, 8-9, 11-12, 14-15
Non-zero exit status: 10
Files=6, Tests=78, 10 wallclock secs ( 0.18 usr 0.04 sys + 2.54 cusr 0.34 csys = 3.10 CPU)
Result: FAIL
Failed 1/6 test programs. 10/78 subtests failed.
make: *** [Makefile:847: test_dynamic] Error 10
------------------------------
PREREQUISITES
------------------------------
Prerequisite modules loaded:
build_requires:
Module Need Have
------------------- ---- --------
ExtUtils::MakeMaker 0 7.34
File::Spec 0 3.31_01
Test::More 0 1.302162
configure_requires:
Module Need Have
------------------- ---- --------
ExtUtils::MakeMaker 0 7.34
------------------------------
ENVIRONMENT AND OTHER CONTEXT
------------------------------
Environment variables:
AUTOMATED_TESTING = 1
LANG = en_GB.UTF-8
LANGUAGE = en_GB:en
LC_TERMINAL = iTerm2
LC_TERMINAL_VERSION = 3.4.6
NONINTERACTIVE_TESTING = 1
PATH = /home/david/perl5/perlbrew/bin:/home/david/perl5/perlbrew/perls/perl-5.30.2/bin:/usr/local/bin:/usr/bin:/bin:/usr/local/games:/usr/games
PERL = 5.12.5
PERL5LIB =
PERL5OPT =
PERL5_CPANPLUS_IS_RUNNING = 25814
PERL5_CPAN_IS_RUNNING = 25814
PERLBREW_HOME = /home/david/.perlbrew
PERLBREW_MANPATH = /home/david/perl5/perlbrew/perls/perl-5.30.2/man
PERLBREW_PATH = /home/david/perl5/perlbrew/bin:/home/david/perl5/perlbrew/perls/perl-5.30.2/bin
PERLBREW_PERL = perl-5.30.2
PERLBREW_ROOT = /home/david/perl5/perlbrew
PERLBREW_SHELLRC_VERSION = 0.89
PERLBREW_VERSION = 0.89
PERLVER = 5.12.5
PERL_INLINE_DIRECTORY = /home/david/.Inline-5.12.5
PERL_MM_USE_DEFAULT = 1
PERL_USE_UNSAFE_INC = 0
SHELL = /bin/bash
TERM = screen
Perl special variables (and OS-specific diagnostics, for MSWin32):
$^X = /home/david/cpantesting/perl-5.12.5/bin/perl
$UID/$EUID = 1000 / 1000
$GID = 1000 24 25 27 29 30 44 46 109 1000
$EGID = 1000 24 25 27 29 30 44 46 109 1000
Perl module toolchain versions installed:
Module Have
------------------- --------
CPAN 1.94_56
CPAN::Meta 2.143240
Cwd 3.31
ExtUtils::CBuilder 0.27
ExtUtils::Command 7.34
ExtUtils::Install 2.06
ExtUtils::MakeMaker 7.34
ExtUtils::Manifest 1.70
ExtUtils::ParseXS 2.21
File::Spec 3.31_01
JSON n/a
JSON::PP 4.02
Module::Build 0.4231
Module::Signature n/a
Parse::CPAN::Meta 1.4414
Test::Harness 3.42
Test::More 1.302162
YAML n/a
YAML::Syck n/a
version 0.9924
--
Summary of my perl5 (revision 5 version 12 subversion 5) configuration:
Platform:
osname=linux, osvers=4.9.0-8-amd64, archname=x86_64-linux-thread-multi
uname='linux pigsty 4.9.0-8-amd64 #1 smp debian 4.9.144-3 (2019-02-02) x86_64 gnulinux '
config_args='-de -Duse64bitall -Dusethreads -Dprefix=/home/david/cpantesting/perl-5.12.5 -A ccflags=-fwrapv'
hint=previous, useposix=true, d_sigaction=define
useithreads=define, usemultiplicity=define
useperlio=define, d_sfio=undef, uselargefiles=define, usesocks=undef
use64bitint=define, use64bitall=define, uselongdouble=undef
usemymalloc=n, bincompat5005=undef
Compiler:
cc='cc', ccflags ='-D_REENTRANT -D_GNU_SOURCE -fno-strict-aliasing -pipe -fstack-protector -I/usr/local/include -D_LARGEFILE_SOURCE -D_FILE_OFFSET_BITS=64 -fwrapv',
optimize='-O2',
cppflags='-D_REENTRANT -D_GNU_SOURCE -fno-strict-aliasing -pipe -fstack-protector -I/usr/local/include -D_REENTRANT -D_GNU_SOURCE -fno-strict-aliasing -pipe -fstack-protector -I/usr/local/include -D_LARGEFILE_SOURCE -D_FILE_OFFSET_BITS=64 -fwrapv'
ccversion='', gccversion='6.3.0 20170516', gccosandvers=''
intsize=4, longsize=8, ptrsize=8, doublesize=8, byteorder=12345678
d_longlong=define, longlongsize=8, d_longdbl=define, longdblsize=16
ivtype='long', ivsize=8, nvtype='double', nvsize=8, Off_t='off_t', lseeksize=8
alignbytes=8, prototype=define
Linker and Libraries:
ld='cc', ldflags =' -fstack-protector -L/usr/local/lib'
libpth=/usr/local/lib /lib/x86_64-linux-gnu /lib/../lib /usr/lib/x86_64-linux-gnu /usr/lib/../lib /lib /usr/lib
libs=-lnsl -ldb -ldl -lm -lcrypt -lutil -lpthread -lc
perllibs=-lnsl -ldl -lm -lcrypt -lutil -lpthread -lc
libc=libc-2.24.so, so=so, useshrplib=false, libperl=libperl.a
gnulibc_version='2.24'
Dynamic Linking:
dlsrc=dl_dlopen.xs, dlext=so, d_dlsymun=undef, ccdlflags='-Wl,-E'
cccdlflags='-fPIC', lddlflags='-shared -O2 -L/usr/local/lib -fstack-protector'
Characteristics of this binary (from libperl):
Compile-time options: MULTIPLICITY PERL_DONT_CREATE_GVSV
PERL_IMPLICIT_CONTEXT PERL_MALLOC_WRAP USE_64_BIT_ALL
USE_64_BIT_INT USE_ITHREADS USE_LARGE_FILES
USE_PERLIO USE_PERL_ATOF USE_REENTRANT_API
Locally applied patches:
Devel::PatchPerl 1.56
Built under linux
Compiled at Apr 25 2019 17:06:45
%ENV:
PERL="5.12.5"
PERL5LIB=""
PERL5OPT=""
PERL5_CPANPLUS_IS_RUNNING="25814"
PERL5_CPAN_IS_RUNNING="25814"
PERLBREW_HOME="/home/david/.perlbrew"
PERLBREW_MANPATH="/home/david/perl5/perlbrew/perls/perl-5.30.2/man"
PERLBREW_PATH="/home/david/perl5/perlbrew/bin:/home/david/perl5/perlbrew/perls/perl-5.30.2/bin"
PERLBREW_PERL="perl-5.30.2"
PERLBREW_ROOT="/home/david/perl5/perlbrew"
PERLBREW_SHELLRC_VERSION="0.89"
PERLBREW_VERSION="0.89"
PERLVER="5.12.5"
PERL_INLINE_DIRECTORY="/home/david/.Inline-5.12.5"
PERL_MM_USE_DEFAULT="1"
PERL_USE_UNSAFE_INC="0"
@INC:
/home/david/cpantesting/perl-5.12.5/lib/site_perl/5.12.5/x86_64-linux-thread-multi
/home/david/cpantesting/perl-5.12.5/lib/site_perl/5.12.5
/home/david/cpantesting/perl-5.12.5/lib/5.12.5/x86_64-linux-thread-multi
/home/david/cpantesting/perl-5.12.5/lib/5.12.5
.