Report for MooseX-WithCache-0.01002

Back
From: metabase:user:320bfe00-2aae-11df-837a-5e0a49663a4f
Subject: FAIL MooseX-WithCache-0.01002 v5.13.11 GNU/Linux
Date: 2011-03-21T12:15:54Z

This distribution has been tested as part of the CPAN Testers
project, supporting the Perl programming language.  See
http://wiki.cpantesters.org/ for more information or email
questions to cpan-testers-discuss@perl.org


--
Dear Daisuke Maki,

This is a computer-generated report for MooseX-WithCache-0.01002
on perl 5.13.11, created by CPAN-Reporter-1.1902.

Thank you for uploading your work to CPAN.  However, there was a problem
testing your distribution.

If you think this report is invalid, please consult the CPAN Testers Wiki
for suggestions on how to avoid getting FAIL reports for missing library
or binary dependencies, unsupported operating systems, and so on:

http://wiki.cpantesters.org/wiki/CPANAuthorNotes

Sections of this report:

    * Tester comments
    * Program output
    * Prerequisites
    * Environment and other context

------------------------------
TESTER COMMENTS
------------------------------

Additional comments from tester:

none provided

------------------------------
PROGRAM OUTPUT
------------------------------

Output from '/usr/bin/make test':

make[1]: Entering directory `/home/sand/.cpan/build/MooseX-WithCache-0.01002-LX9sul'
PERL_DL_NONLAZY=1 /home/src/perl/repoperls/installed-perls/perl/v5.13.11-18-gc34fab5/bin/perl "-MExtUtils::Command::MM" "-e" "test_harness(0, 'inc', 'blib/lib', 'blib/arch')" t/*.t t/*/*.t
t/00_compile.t ............... ok
Use of qw(...) as parentheses is deprecated at t/02_memcached.t line 25.
# found Cache::Memcached...
# found Cache::Memcached::Fast...
Use of qw(...) as parentheses is deprecated at t/02_memcached.t line 49.
# testig with Cache::Memcached...
Use of qw(...) as parentheses is deprecated at /home/sand/.cpan/build/MooseX-WithCache-0.01002-LX9sul/blib/lib/MooseX/WithCache/Backend/Cache/Memcached.pm line 8.
# Specifying with memcached object...
# Specifying with hashref ...
# testig with Cache::Memcached::Fast...
# Specifying with memcached object...
# Specifying with hashref ...
t/02_memcached.t ............. ok
must specify either 'datastore' hashref or 'global' flag at /home/src/perl/repoperls/installed-perls/perl/v5.13.11-18-gc34fab5/lib/site_perl/5.13.11/CHI/Driver/Memory.pm line 37
	CHI::Driver::Memory::BUILD('Class::MOP::Class::__ANON__::SERIAL::3=HASH(0x1478ec8)', 'HASH(0x1857738)') called at /home/src/perl/repoperls/installed-perls/perl/v5.13.11-18-gc34fab5/lib/site_perl/5.13.11/x86_64-linux-ld/Class/MOP/Method.pm line 123
	Class::MOP::Method::execute('Moose::Meta::Method=HASH(0x1490a28)', 'Class::MOP::Class::__ANON__::SERIAL::3=HASH(0x1478ec8)', 'HASH(0x1857738)') called at /home/src/perl/repoperls/installed-perls/perl/v5.13.11-18-gc34fab5/lib/site_perl/5.13.11/x86_64-linux-ld/Moose/Object.pm line 57
	Moose::Object::BUILDALL('Class::MOP::Class::__ANON__::SERIAL::3=HASH(0x1478ec8)', 'HASH(0x1857738)') called at /home/src/perl/repoperls/installed-perls/perl/v5.13.11-18-gc34fab5/lib/site_perl/5.13.11/x86_64-linux-ld/Moose/Meta/Class.pm line 278
	Moose::Meta::Class::new_object('Moose::Meta::Class=HASH(0x145bc40)', 'HASH(0x1857738)') called at /home/src/perl/repoperls/installed-perls/perl/v5.13.11-18-gc34fab5/lib/site_perl/5.13.11/x86_64-linux-ld/Moose/Object.pm line 26
	Moose::Object::new('Class::MOP::Class::__ANON__::SERIAL::3', 'chi_root_class', 'CHI', 'driver_class', 'CHI::Driver::Memory') called at generated method (unknown origin) line 3
	CHI::Driver::Memory::new('Class::MOP::Class::__ANON__::SERIAL::3', 'chi_root_class', 'CHI', 'driver_class', 'CHI::Driver::Memory') called at /home/src/perl/repoperls/installed-perls/perl/v5.13.11-18-gc34fab5/lib/site_perl/5.13.11/CHI.pm line 77
	CHI::new('CHI', 'driver', 'Memory') called at t/03_chi.t line 29
t/03_chi.t ................... ok
t/04_fastmmap.t .............. ok
t/deprecated/00_compile.t .... ok
Use of qw(...) as parentheses is deprecated at t/deprecated/02_memcached.t line 20.
# found Cache::Memcached...
# found Cache::Memcached::Fast...
# testig with Cache::Memcached...

#   Failed test 'Correct deprecation warning'
#   at t/deprecated/02_memcached.t line 46.
#                   'Use of qw(...) as parentheses is deprecated at /home/sand/.cpan/build/MooseX-WithCache-0.01002-LX9sul/blib/lib/MooseX/WithCache/Backend/Cache/Memcached.pm line 8.
# '
#     doesn't match '(?^:^use of with_cache for MooseX::WithCache is now deprecated\. Use parameterized roles directly)'
# testig with Cache::Memcached::Fast...
# Looks like you planned 56 tests but ran 57.
# Looks like you failed 1 test of 57 run.
t/deprecated/02_memcached.t .. 
Dubious, test returned 1 (wstat 256, 0x100)
Failed 1/56 subtests 
must specify either 'datastore' hashref or 'global' flag at /home/src/perl/repoperls/installed-perls/perl/v5.13.11-18-gc34fab5/lib/site_perl/5.13.11/CHI/Driver/Memory.pm line 37
	CHI::Driver::Memory::BUILD('Class::MOP::Class::__ANON__::SERIAL::3=HASH(0x24f38d8)', 'HASH(0x28d1e58)') called at /home/src/perl/repoperls/installed-perls/perl/v5.13.11-18-gc34fab5/lib/site_perl/5.13.11/x86_64-linux-ld/Class/MOP/Method.pm line 123
	Class::MOP::Method::execute('Moose::Meta::Method=HASH(0x250b370)', 'Class::MOP::Class::__ANON__::SERIAL::3=HASH(0x24f38d8)', 'HASH(0x28d1e58)') called at /home/src/perl/repoperls/installed-perls/perl/v5.13.11-18-gc34fab5/lib/site_perl/5.13.11/x86_64-linux-ld/Moose/Object.pm line 57
	Moose::Object::BUILDALL('Class::MOP::Class::__ANON__::SERIAL::3=HASH(0x24f38d8)', 'HASH(0x28d1e58)') called at /home/src/perl/repoperls/installed-perls/perl/v5.13.11-18-gc34fab5/lib/site_perl/5.13.11/x86_64-linux-ld/Moose/Meta/Class.pm line 278
	Moose::Meta::Class::new_object('Moose::Meta::Class=HASH(0x24f3a10)', 'HASH(0x28d1e58)') called at /home/src/perl/repoperls/installed-perls/perl/v5.13.11-18-gc34fab5/lib/site_perl/5.13.11/x86_64-linux-ld/Moose/Object.pm line 26
	Moose::Object::new('Class::MOP::Class::__ANON__::SERIAL::3', 'chi_root_class', 'CHI', 'driver_class', 'CHI::Driver::Memory') called at generated method (unknown origin) line 3
	CHI::Driver::Memory::new('Class::MOP::Class::__ANON__::SERIAL::3', 'chi_root_class', 'CHI', 'driver_class', 'CHI::Driver::Memory') called at /home/src/perl/repoperls/installed-perls/perl/v5.13.11-18-gc34fab5/lib/site_perl/5.13.11/CHI.pm line 77
	CHI::new('CHI', 'driver', 'Memory') called at t/deprecated/03_chi.t line 30
t/deprecated/03_chi.t ........ ok
t/deprecated/04_fastmmap.t ... ok

Test Summary Report
-------------------
t/deprecated/02_memcached.t (Wstat: 256 Tests: 57 Failed: 2)
  Failed tests:  2, 57
  Non-zero exit status: 1
  Parse errors: Bad plan.  You planned 56 tests but ran 57.
Files=8, Tests=227,  3 wallclock secs ( 0.06 usr  0.02 sys +  2.46 cusr  0.27 csys =  2.81 CPU)
Result: FAIL
Failed 1/8 test programs. 2/227 subtests failed.
make[1]: *** [test_dynamic] Error 255
make[1]: Leaving directory `/home/sand/.cpan/build/MooseX-WithCache-0.01002-LX9sul'

------------------------------
PREREQUISITES
------------------------------

Prerequisite modules loaded:

requires:

    Module                      Need  Have    
    --------------------------- ----- --------
    Cache::Memcached            0     1.29    
    Data::Dumper                0     2.130_02
    Digest::MD5                 0     2.51    
    Moose                       0.59  1.17    
    MooseX::Role::Parameterized 0     0.25    
    perl                        5.008 5.013011

build_requires:

    Module                      Need  Have    
    --------------------------- ----- --------
    ExtUtils::MakeMaker         6.42  6.57_05 
    IO::Socket::INET            0     1.31    
    Test::Exception             0     0.31    
    Test::More                  0     0.98    

configure_requires:

    Module                      Need  Have    
    --------------------------- ----- --------
    ExtUtils::MakeMaker         6.42  6.57_05 


------------------------------
ENVIRONMENT AND OTHER CONTEXT
------------------------------

Environment variables:

    LANG = en_US.UTF-8
    LC_TIME = de_DE.utf8
    PATH = /home/sand/bin:/usr/local/bin:/usr/bin:/bin:/usr/bin/X11:/usr/games:/usr/local/perl/bin:/usr/X11/bin:/sbin:/usr/sbin
    PERL5LIB = /home/sand/.cpan/build/ProjectBuilder-0.11.2-jFo66L/blib/arch:/home/sand/.cpan/build/ProjectBuilder-0.11.2-jFo66L/blib/lib
    PERL5OPT = 
    PERL5_CPANPLUS_IS_RUNNING = 656
    PERL5_CPAN_IS_RUNNING = 656
    SHELL = /usr/bin/zsh
    TERM = screen

Perl special variables (and OS-specific diagnostics, for MSWin32):

    $^X = /home/src/perl/repoperls/installed-perls/perl/v5.13.11-18-gc34fab5/bin/perl
    $UID/$EUID = 1001 / 1001
    $GID = 1001 1001
    $EGID = 1001 1001

Perl module toolchain versions installed:

    Module              Have    
    ------------------- --------
    CPAN                1.9600  
    Cwd                 3.36    
    ExtUtils::CBuilder  0.280202
    ExtUtils::Command   1.17    
    ExtUtils::Install   1.56    
    ExtUtils::MakeMaker 6.57_05 
    ExtUtils::Manifest  1.58    
    ExtUtils::ParseXS   2.2209  
    File::Spec          3.33    
    Module::Build       0.3800  
    Module::Signature   0.66    
    Test::Harness       3.23    
    Test::More          0.98    
    YAML                0.72    
    YAML::Syck          1.17    
    version             0.88    


--

Summary of my perl5 (revision 5 version 13 subversion 11) configuration:
  Commit id: c34fab5fe3b5d2b8932d2f199a30b80c85950b75
  Platform:
    osname=linux, osvers=2.6.32-5-xen-amd64, archname=x86_64-linux-ld
    uname='linux k81 2.6.32-5-xen-amd64 #1 smp wed jan 12 05:46:49 utc 2011 x86_64 gnulinux '
    config_args='-Dprefix=/home/src/perl/repoperls/installed-perls/perl/v5.13.11-18-gc34fab5 -Dinstallusrbinperl=n -Uversiononly -Dusedevel -des -Ui_db -Uuseithreads -Duselongdouble -DDEBUGGING=-g'
    hint=recommended, useposix=true, d_sigaction=define
    useithreads=undef, usemultiplicity=undef
    useperlio=define, d_sfio=undef, uselargefiles=define, usesocks=undef
    use64bitint=define, use64bitall=define, uselongdouble=define
    usemymalloc=n, bincompat5005=undef
  Compiler:
    cc='cc', ccflags ='-fno-strict-aliasing -pipe -fstack-protector -I/usr/local/include -D_LARGEFILE_SOURCE -D_FILE_OFFSET_BITS=64',
    optimize='-O2 -g',
    cppflags='-fno-strict-aliasing -pipe -fstack-protector -I/usr/local/include'
    ccversion='', gccversion='4.5.2', gccosandvers=''
    intsize=4, longsize=8, ptrsize=8, doublesize=8, byteorder=12345678
    d_longlong=define, longlongsize=8, d_longdbl=define, longdblsize=16
    ivtype='long', ivsize=8, nvtype='long double', nvsize=16, Off_t='off_t', lseeksize=8
    alignbytes=16, prototype=define
  Linker and Libraries:
    ld='cc', ldflags =' -fstack-protector -L/usr/local/lib'
    libpth=/usr/local/lib /lib /usr/lib /lib64 /usr/lib64
    libs=-lnsl -lgdbm -ldb -ldl -lm -lcrypt -lutil -lc -lgdbm_compat
    perllibs=-lnsl -ldl -lm -lcrypt -lutil -lc
    libc=/lib/libc-2.11.2.so, so=so, useshrplib=false, libperl=libperl.a
    gnulibc_version='2.11.2'
  Dynamic Linking:
    dlsrc=dl_dlopen.xs, dlext=so, d_dlsymun=undef, ccdlflags='-Wl,-E'
    cccdlflags='-fPIC', lddlflags='-shared -O2 -g -L/usr/local/lib -fstack-protector'


Characteristics of this binary (from libperl): 
  Compile-time options: PERL_DONT_CREATE_GVSV PERL_MALLOC_WRAP
                        PERL_PRESERVE_IVUV PERL_USE_DEVEL USE_64_BIT_ALL
                        USE_64_BIT_INT USE_LARGE_FILES USE_LONG_DOUBLE
                        USE_PERLIO USE_PERL_ATOF
  Built under linux
  Compiled at Mar 21 2011 03:51:57
  %ENV:
    PERL5LIB="/home/sand/.cpan/build/ProjectBuilder-0.11.2-jFo66L/blib/arch:/home/sand/.cpan/build/ProjectBuilder-0.11.2-jFo66L/blib/lib"
    PERL5OPT=""
    PERL5_CPANPLUS_IS_RUNNING="656"
    PERL5_CPAN_IS_RUNNING="656"
  @INC:
    /home/sand/.cpan/build/ProjectBuilder-0.11.2-jFo66L/blib/arch
    /home/sand/.cpan/build/ProjectBuilder-0.11.2-jFo66L/blib/lib
    /home/src/perl/repoperls/installed-perls/perl/v5.13.11-18-gc34fab5/lib/site_perl/5.13.11/x86_64-linux-ld
    /home/src/perl/repoperls/installed-perls/perl/v5.13.11-18-gc34fab5/lib/site_perl/5.13.11
    /home/src/perl/repoperls/installed-perls/perl/v5.13.11-18-gc34fab5/lib/5.13.11/x86_64-linux-ld
    /home/src/perl/repoperls/installed-perls/perl/v5.13.11-18-gc34fab5/lib/5.13.11
    .