Date-Piece vv0.0.3 Perl 5 v5.28.2 RC1 amd64-freebsd
- Status
- Fail
- From
- Slaven Rezić (SREZIC)
- Dist
-
Date-Piece vv0.0.3
- Platform
- Perl 5 v5.28.2 RC1 amd64-freebsd
- Date
- 2019-04-13 12:45:08
- ID
- f844b2b0-5de9-11e9-a009-f1821f24ea8f
This distribution has been tested as part of the CPAN Testers
project, supporting the Perl programming language. See
http://wiki.cpantesters.org/ for more information or email
questions to cpan-testers-discuss@perl.org
--
Dear Eric Wilhelm,
This is a computer-generated report for Date-Piece-v0.0.3
on perl 5.28.2, created by CPAN-Reporter-1.2018.
Thank you for uploading your work to CPAN. However, there was a problem
testing your distribution.
If you think this report is invalid, please consult the CPAN Testers Wiki
for suggestions on how to avoid getting FAIL reports for missing library
or binary dependencies, unsupported operating systems, and so on:
http://wiki.cpantesters.org/wiki/CPANAuthorNotes
Sections of this report:
* Tester comments
* Program output
* Prerequisites
* Environment and other context
------------------------------
TESTER COMMENTS
------------------------------
Additional comments from tester:
none provided
------------------------------
PROGRAM OUTPUT
------------------------------
Output from './Build test':
# Testing Date::Piece v0.0.3
t/00-load.t ... ok
t/basic.t ..... ok
# Failed test at t/overload.t line 11.
# An error occurred while using eq:
# ------------------------------------
# Operation "eq": no method found,
# left argument in overloaded package Date::Piece::week_unit,
# right argument has no overloaded magic at (eval in cmp_ok) t/overload.t line 11.
#
# ------------------------------------
# got: '7weeks'
# expected: '7weeks'
# Failed test at t/overload.t line 14.
# An error occurred while using eq:
# ------------------------------------
# Operation "eq": no method found,
# left argument in overloaded package Date::Piece::week_unit,
# right argument has no overloaded magic at (eval in cmp_ok) t/overload.t line 14.
#
# ------------------------------------
# got: '8weeks'
# expected: '8weeks'
# Failed test at t/overload.t line 16.
# An error occurred while using eq:
# ------------------------------------
# Operation "eq": no method found,
# left argument in overloaded package Date::Piece::week_unit,
# right argument has no overloaded magic at (eval in cmp_ok) t/overload.t line 16.
#
# ------------------------------------
# got: '16weeks'
# expected: '16weeks'
# Failed test at t/overload.t line 17.
# An error occurred while using eq:
# ------------------------------------
# Operation "eq": no method found,
# left argument in overloaded package Date::Piece::week_unit,
# right argument has no overloaded magic at (eval in cmp_ok) t/overload.t line 17.
#
# ------------------------------------
# got: '7weeks'
# expected: '7weeks'
# Failed test at t/overload.t line 30.
# An error occurred while using eq:
# ------------------------------------
# Operation "eq": no method found,
# left argument in overloaded package Date::Piece::month_unit,
# right argument has no overloaded magic at (eval in cmp_ok) t/overload.t line 30.
#
# ------------------------------------
# got: '7months'
# expected: '7months'
# Failed test at t/overload.t line 33.
# An error occurred while using eq:
# ------------------------------------
# Operation "eq": no method found,
# left argument in overloaded package Date::Piece::month_unit,
# right argument has no overloaded magic at (eval in cmp_ok) t/overload.t line 33.
#
# ------------------------------------
# got: '8months'
# expected: '8months'
# Failed test at t/overload.t line 35.
# An error occurred while using eq:
# ------------------------------------
# Operation "eq": no method found,
# left argument in overloaded package Date::Piece::month_unit,
# right argument has no overloaded magic at (eval in cmp_ok) t/overload.t line 35.
#
# ------------------------------------
# got: '16months'
# expected: '16months'
# Failed test at t/overload.t line 37.
# An error occurred while using eq:
# ------------------------------------
# Operation "eq": no method found,
# left argument in overloaded package Date::Piece::month_unit,
# right argument has no overloaded magic at (eval in cmp_ok) t/overload.t line 37.
#
# ------------------------------------
# got: '8months'
# expected: '8months'
# Failed test 'untouched'
# at t/overload.t line 38.
# An error occurred while using eq:
# ------------------------------------
# Operation "eq": no method found,
# left argument in overloaded package Date::Piece::month_unit,
# right argument has no overloaded magic at (eval in cmp_ok) t/overload.t line 38.
#
# ------------------------------------
# got: '7months'
# expected: '7months'
# Failed test at t/overload.t line 46.
# An error occurred while using eq:
# ------------------------------------
# Operation "eq": no method found,
# left argument in overloaded package Date::Piece::year_unit,
# right argument has no overloaded magic at (eval in cmp_ok) t/overload.t line 46.
#
# ------------------------------------
# got: '7years'
# expected: '7years'
# Failed test at t/overload.t line 49.
# An error occurred while using eq:
# ------------------------------------
# Operation "eq": no method found,
# left argument in overloaded package Date::Piece::year_unit,
# right argument has no overloaded magic at (eval in cmp_ok) t/overload.t line 49.
#
# ------------------------------------
# got: '8years'
# expected: '8years'
# Failed test at t/overload.t line 51.
# An error occurred while using eq:
# ------------------------------------
# Operation "eq": no method found,
# left argument in overloaded package Date::Piece::year_unit,
# right argument has no overloaded magic at (eval in cmp_ok) t/overload.t line 51.
#
# ------------------------------------
# got: '16years'
# expected: '16years'
# Failed test at t/overload.t line 53.
# An error occurred while using eq:
# ------------------------------------
# Operation "eq": no method found,
# left argument in overloaded package Date::Piece::year_unit,
# right argument has no overloaded magic at (eval in cmp_ok) t/overload.t line 53.
#
# ------------------------------------
# got: '8years'
# expected: '8years'
# Failed test 'untouched'
# at t/overload.t line 54.
# An error occurred while using eq:
# ------------------------------------
# Operation "eq": no method found,
# left argument in overloaded package Date::Piece::year_unit,
# right argument has no overloaded magic at (eval in cmp_ok) t/overload.t line 54.
#
# ------------------------------------
# got: '7years'
# expected: '7years'
# Failed test at t/overload.t line 59.
# An error occurred while using eq:
# ------------------------------------
# Operation "eq": no method found,
# left argument in overloaded package Date::Piece::year_unit,
# right argument has no overloaded magic at (eval in cmp_ok) t/overload.t line 59.
#
# ------------------------------------
# got: '8years'
# expected: '8years'
# Looks like you failed 15 tests of 34.
t/overload.t ..
Dubious, test returned 15 (wstat 3840, 0xf00)
Failed 15/34 subtests
Test Summary Report
-------------------
t/overload.t (Wstat: 3840 Tests: 34 Failed: 15)
Failed tests: 1-4, 7-11, 13-17, 19
Non-zero exit status: 15
Files=3, Tests=112, 1 wallclock secs ( 0.02 usr 0.02 sys + 0.28 cusr 0.16 csys = 0.48 CPU)
Result: FAIL
Failed 1/3 test programs. 15/112 subtests failed.
------------------------------
PREREQUISITES
------------------------------
Prerequisite modules loaded:
requires:
Module Need Have
------------- ------ --------
Date::Simple 0 3.03
perl v5.8.2 5.028002
Time::Local 0 1.25
Time::Piece 0 1.3204
build_requires:
Module Need Have
------------- ------ --------
Module::Build 0.26 0.4224
Test::More 0 1.302162
configure_requires:
Module Need Have
------------- ------ --------
Module::Build 0.3303 0.4224
------------------------------
ENVIRONMENT AND OTHER CONTEXT
------------------------------
Environment variables:
PATH = /usr/local/bin:/usr/bin:/bin:/usr/local/sbin:/usr/sbin:/sbin:/home/cpansand/bin/freebsd12.0:/home/cpansand/bin/sh:/home/cpansand/bin:/usr/games:/home/cpansand/devel:/usr/home/eserte/src/srezic-misc/scripts
PERL5LIB = /home/cpansand/.cpan/build/2019041312/Class-Accessor-Classy-v0.9.1-0/blib/arch:/home/cpansand/.cpan/build/2019041312/Class-Accessor-Classy-v0.9.1-0/blib/lib:/home/cpansand/.cpan/build/2019041312/Games-Roshambo-1.01-0/blib/arch:/home/cpansand/.cpan/build/2019041312/Games-Roshambo-1.01-0/blib/lib:/home/cpansand/.cpan/build/2019041312/M3-ServerView-0.04-0/blib/arch:/home/cpansand/.cpan/build/2019041312/M3-ServerView-0.04-0/blib/lib:/home/cpansand/.cpan/build/2019041312/Object-Tiny-1.09-0/blib/arch:/home/cpansand/.cpan/build/2019041312/Object-Tiny-1.09-0/blib/lib
PERL5OPT =
PERL5_CPANPLUS_IS_RUNNING = 22765
PERL5_CPAN_IS_RUNNING = 22765
PERL5_CPAN_IS_RUNNING_IN_RECURSION = 7645,22765
PERLDOC = -MPod::Perldoc::ToTextOverstrike
PERL_BATCH = yes
PERL_CANARY_STABILITY_NOPROMPT = 1
PERL_CPAN_REPORTER_CONFIG = /var/tmp/cpansmoker-1023/2019041120/cpanreporter_001_config.ini
PERL_EXTUTILS_AUTOINSTALL = --defaultdeps
PERL_USE_UNSAFE_INC = 1
SHELL = /usr/local/bin/zsh
TERM = screen
TMPDIR = /var/tmp/cpansmoker-1023/2019041120
Perl special variables (and OS-specific diagnostics, for MSWin32):
$^X = /usr/perl5.28.2-RC1p/bin/perl5.28.2
$UID/$EUID = 1023 / 1023
$GID = 1023 1023
$EGID = 1023 1023
Perl module toolchain versions installed:
Module Have
------------------- --------
CPAN 2.20
CPAN::Meta 2.150010
Cwd 3.74
ExtUtils::CBuilder 0.280231
ExtUtils::Command 7.34
ExtUtils::Install 2.14
ExtUtils::MakeMaker 7.34
ExtUtils::Manifest 1.70
ExtUtils::ParseXS 3.39
File::Spec 3.74
JSON 4.02
JSON::PP 2.97001
Module::Build 0.4224
Module::Signature 0.83
Parse::CPAN::Meta 2.150010
Test::Harness 3.42
Test::More 1.302162
YAML 1.27
YAML::Syck 1.31
version 0.9923
--
Summary of my perl5 (revision 5 version 28 subversion 2) configuration:
Platform:
osname=freebsd
osvers=12.0-stable
archname=amd64-freebsd
uname='freebsd cloud1.bbbike.org 12.0-stable freebsd 12.0-stable 09c6161fb01(stable12) generic amd64 '
config_args='-ds -e -Dprefix=/usr/perl5.28.2-RC1p -Dcf_email=srezic@cpan.org -Dnoextensions=GDBM_File -Doptimize=-O2 -pipe'
hint=recommended
useposix=true
d_sigaction=define
useithreads=undef
usemultiplicity=undef
use64bitint=define
use64bitall=define
uselongdouble=undef
usemymalloc=n
default_inc_excludes_dot=define
bincompat5005=undef
Compiler:
cc='cc'
ccflags ='-DHAS_FPSETMASK -DHAS_FLOATINGPOINT_H -fno-strict-aliasing -pipe -fstack-protector-strong -I/usr/local/include -D_FORTIFY_SOURCE=2'
optimize='-O2 -pipe'
cppflags='-DHAS_FPSETMASK -DHAS_FLOATINGPOINT_H -fno-strict-aliasing -pipe -fstack-protector-strong -I/usr/local/include'
ccversion=''
gccversion='4.2.1 Compatible FreeBSD Clang 7.0.1 (tags/RELEASE_701/final 349250)'
gccosandvers=''
intsize=4
longsize=8
ptrsize=8
doublesize=8
byteorder=12345678
doublekind=3
d_longlong=define
longlongsize=8
d_longdbl=define
longdblsize=16
longdblkind=3
ivtype='long'
ivsize=8
nvtype='double'
nvsize=8
Off_t='off_t'
lseeksize=8
alignbytes=8
prototype=define
Linker and Libraries:
ld='cc'
ldflags ='-pthread -Wl,-E -fstack-protector-strong -L/usr/local/lib'
libpth=/usr/lib /usr/local/lib /usr/lib/clang/7.0.1/lib /usr/lib
libs=-lpthread -lgdbm -ldl -lm -lcrypt -lutil -lc
perllibs=-lpthread -ldl -lm -lcrypt -lutil -lc
libc=
so=so
useshrplib=false
libperl=libperl.a
gnulibc_version=''
Dynamic Linking:
dlsrc=dl_dlopen.xs
dlext=so
d_dlsymun=undef
ccdlflags=' '
cccdlflags='-DPIC -fPIC'
lddlflags='-shared -L/usr/local/lib -fstack-protector-strong'
Characteristics of this binary (from libperl):
Compile-time options:
HAS_TIMES
PERLIO_LAYERS
PERL_COPY_ON_WRITE
PERL_DONT_CREATE_GVSV
PERL_MALLOC_WRAP
PERL_OP_PARENT
PERL_PRESERVE_IVUV
USE_64_BIT_ALL
USE_64_BIT_INT
USE_LARGE_FILES
USE_LOCALE
USE_LOCALE_COLLATE
USE_LOCALE_CTYPE
USE_LOCALE_NUMERIC
USE_LOCALE_TIME
USE_PERLIO
USE_PERL_ATOF
Locally applied patches:
RC1
Built under freebsd
Compiled at Apr 6 2019 06:44:18
%ENV:
PERL5LIB="/home/cpansand/.cpan/build/2019041312/Class-Accessor-Classy-v0.9.1-0/blib/arch:/home/cpansand/.cpan/build/2019041312/Class-Accessor-Classy-v0.9.1-0/blib/lib:/home/cpansand/.cpan/build/2019041312/Games-Roshambo-1.01-0/blib/arch:/home/cpansand/.cpan/build/2019041312/Games-Roshambo-1.01-0/blib/lib:/home/cpansand/.cpan/build/2019041312/M3-ServerView-0.04-0/blib/arch:/home/cpansand/.cpan/build/2019041312/M3-ServerView-0.04-0/blib/lib:/home/cpansand/.cpan/build/2019041312/Object-Tiny-1.09-0/blib/arch:/home/cpansand/.cpan/build/2019041312/Object-Tiny-1.09-0/blib/lib"
PERL5OPT=""
PERL5_CPANPLUS_IS_RUNNING="22765"
PERL5_CPAN_IS_RUNNING="22765"
PERL5_CPAN_IS_RUNNING_IN_RECURSION="7645,22765"
PERLDOC="-MPod::Perldoc::ToTextOverstrike"
PERL_BATCH="yes"
PERL_CANARY_STABILITY_NOPROMPT="1"
PERL_CPAN_REPORTER_CONFIG="/var/tmp/cpansmoker-1023/2019041120/cpanreporter_001_config.ini"
PERL_EXTUTILS_AUTOINSTALL="--defaultdeps"
PERL_USE_UNSAFE_INC="1"
@INC:
/home/cpansand/.cpan/build/2019041312/Class-Accessor-Classy-v0.9.1-0/blib/arch
/home/cpansand/.cpan/build/2019041312/Class-Accessor-Classy-v0.9.1-0/blib/lib
/home/cpansand/.cpan/build/2019041312/Games-Roshambo-1.01-0/blib/arch
/home/cpansand/.cpan/build/2019041312/Games-Roshambo-1.01-0/blib/lib
/home/cpansand/.cpan/build/2019041312/M3-ServerView-0.04-0/blib/arch
/home/cpansand/.cpan/build/2019041312/M3-ServerView-0.04-0/blib/lib
/home/cpansand/.cpan/build/2019041312/Object-Tiny-1.09-0/blib/arch
/home/cpansand/.cpan/build/2019041312/Object-Tiny-1.09-0/blib/lib
/usr/perl5.28.2-RC1p/lib/site_perl/5.28.2/amd64-freebsd
/usr/perl5.28.2-RC1p/lib/site_perl/5.28.2
/usr/perl5.28.2-RC1p/lib/5.28.2/amd64-freebsd
/usr/perl5.28.2-RC1p/lib/5.28.2
.