Orochi v0.00010 Perl 5 v5.40.1 RC1 x86_64-linux-thread-multi-ld
        
            - Status
- Fail
- From
- Andreas J. König (ANDK)
- Dist
- 
                Orochi v0.00010
            
- Platform
- Perl 5 v5.40.1 RC1 x86_64-linux-thread-multi-ld
- Date
- 2025-01-12 09:38:24
- ID
- f7fec838-d0c8-11ef-a7b4-f6fb6e1d87b2
This distribution has been tested as part of the CPAN Testers
project, supporting the Perl programming language.  See
http://wiki.cpantesters.org/ for more information or email
questions to cpan-testers-discuss@perl.org
--
Dear Daisuke Maki,
This is a computer-generated report for Orochi-0.00010
on perl 5.40.1, created by CPAN-Reporter-1.2020.
Thank you for uploading your work to CPAN.  However, there was a problem
testing your distribution.
If you think this report is invalid, please consult the CPAN Testers Wiki
for suggestions on how to avoid getting FAIL reports for missing library
or binary dependencies, unsupported operating systems, and so on:
http://wiki.cpantesters.org/wiki/CPANAuthorNotes
Sections of this report:
    * Tester comments
    * Program output
    * Prerequisites
    * Environment and other context
------------------------------
TESTER COMMENTS
------------------------------
Additional comments from tester:
this report is from an automated smoke testing program
and was not reviewed by a human for accuracy
------------------------------
PROGRAM OUTPUT
------------------------------
Output from '/usr/bin/make test':
PERL_DL_NONLAZY=1 "/tmp/basesmoker-reloperl-IkH4/bin/perl" "-MExtUtils::Command::MM" "-MTest::Harness" "-e" "undef *Test::Harness::Switches; test_harness(0, 'inc', 'blib/lib', 'blib/arch')" t/*.t
syntax error at /tmp/loop_over_bdir-2280921-rWy1eM/Orochi-0.00010-0/blib/lib/Orochi/Declare.pm line 12, near "$name qw( bin_value container inject_constructor inject_literal )"
Execution of /tmp/loop_over_bdir-2280921-rWy1eM/Orochi-0.00010-0/blib/lib/Orochi/Declare.pm aborted due to compilation errors.
Compilation failed in require at t/001_constructor.t line 90.
BEGIN failed--compilation aborted at t/001_constructor.t line 90.
t/001_constructor.t ... 
Dubious, test returned 255 (wstat 65280, 0xff00)
No subtests run 
syntax error at /tmp/loop_over_bdir-2280921-rWy1eM/Orochi-0.00010-0/blib/lib/Orochi/Declare.pm line 12, near "$name qw( bin_value container inject_constructor inject_literal )"
Execution of /tmp/loop_over_bdir-2280921-rWy1eM/Orochi-0.00010-0/blib/lib/Orochi/Declare.pm aborted due to compilation errors.
Compilation failed in require at t/002_declare.t line 4.
BEGIN failed--compilation aborted at t/002_declare.t line 4.
t/002_declare.t ....... 
Dubious, test returned 255 (wstat 65280, 0xff00)
No subtests run 
Class::MOP::is_class_loaded is deprecated at /home/sand/src/perl/repoperls/installed-perls/host/k93jammy/v5.40.1-RC1/322f/lib/site_perl/5.40.1/x86_64-linux-thread-multi-ld/Class/MOP.pm line 87.
	Class::MOP::is_class_loaded("Orochi::Test::MooseBased1") called at /tmp/loop_over_bdir-2280921-rWy1eM/Orochi-0.00010-0/blib/lib/Orochi.pm line 213
	Orochi::inject_class(Orochi=HASH(0x55ff7d3753e8), "Orochi::Test::MooseBased1") called at t/300_moosex.t line 10
Class::MOP::load_class is deprecated at /home/sand/src/perl/repoperls/installed-perls/host/k93jammy/v5.40.1-RC1/322f/lib/site_perl/5.40.1/x86_64-linux-thread-multi-ld/Class/MOP.pm line 69.
	Class::MOP::load_class("Orochi::Test::MooseBased1") called at /tmp/loop_over_bdir-2280921-rWy1eM/Orochi-0.00010-0/blib/lib/Orochi.pm line 213
	Orochi::inject_class(Orochi=HASH(0x55ff7d3753e8), "Orochi::Test::MooseBased1") called at t/300_moosex.t line 10
Class::MOP::is_class_loaded is deprecated at /home/sand/src/perl/repoperls/installed-perls/host/k93jammy/v5.40.1-RC1/322f/lib/site_perl/5.40.1/x86_64-linux-thread-multi-ld/Class/MOP.pm line 87.
	Class::MOP::is_class_loaded("Orochi::Injection::Constructor") called at /tmp/loop_over_bdir-2280921-rWy1eM/Orochi-0.00010-0/blib/lib/MooseX/Orochi.pm line 42
	MooseX::Orochi::bind_constructor(Moose::Meta::Class::__ANON__::SERIAL::1=HASH(0x55ff7f500f98), "/orochi/test/MooseBased1", "args", HASH(0x55ff7f3dc2a0)) called at /home/sand/src/perl/repoperls/installed-perls/host/k93jammy/v5.40.1-RC1/322f/lib/site_perl/5.40.1/x86_64-linux-thread-multi-ld/Moose/Exporter.pm line 418
	MooseX::Orochi::bind_constructor("/orochi/test/MooseBased1", "args", HASH(0x55ff7f3dc2a0)) called at t/lib/Orochi/Test/MooseBased1.pm line 5
	require Orochi/Test/MooseBased1.pm called at /home/sand/src/perl/repoperls/installed-perls/host/k93jammy/v5.40.1-RC1/322f/lib/site_perl/5.40.1/Module/Runtime.pm line 314
	Module::Runtime::require_module("Orochi::Test::MooseBased1") called at /home/sand/src/perl/repoperls/installed-perls/host/k93jammy/v5.40.1-RC1/322f/lib/site_perl/5.40.1/Class/Load.pm line 174
	Class::Load::try {...} () called at /home/sand/src/perl/repoperls/installed-perls/host/k93jammy/v5.40.1-RC1/322f/lib/site_perl/5.40.1/Try/Tiny.pm line 98
	eval {...} called at /home/sand/src/perl/repoperls/installed-perls/host/k93jammy/v5.40.1-RC1/322f/lib/site_perl/5.40.1/Try/Tiny.pm line 93
	Try::Tiny::try(CODE(0x55ff7f3d4450), Try::Tiny::Catch=REF(0x55ff7f399198)) called at /home/sand/src/perl/repoperls/installed-perls/host/k93jammy/v5.40.1-RC1/322f/lib/site_perl/5.40.1/Class/Load.pm line 180
	Class::Load::try_load_class("Orochi::Test::MooseBased1", undef) called at /home/sand/src/perl/repoperls/installed-perls/host/k93jammy/v5.40.1-RC1/322f/lib/site_perl/5.40.1/Class/Load.pm line 35
	Class::Load::load_class("Orochi::Test::MooseBased1") called at /tmp/loop_over_bdir-2280921-rWy1eM/Orochi-0.00010-0/blib/lib/Orochi.pm line 213
	Orochi::inject_class(Orochi=HASH(0x55ff7d3753e8), "Orochi::Test::MooseBased1") called at t/300_moosex.t line 10
Class::MOP::is_class_loaded is deprecated at /home/sand/src/perl/repoperls/installed-perls/host/k93jammy/v5.40.1-RC1/322f/lib/site_perl/5.40.1/x86_64-linux-thread-multi-ld/Class/MOP.pm line 87.
	Class::MOP::is_class_loaded("Orochi::Test::MooseBased1") called at /tmp/loop_over_bdir-2280921-rWy1eM/Orochi-0.00010-0/blib/lib/Orochi/Injection/Constructor.pm line 58
	Orochi::Injection::Constructor::construct_object(Orochi::Injection::Constructor=HASH(0x55ff7f3dc4b0), Orochi=HASH(0x55ff7d3753e8), ARRAY(0x55ff7eab4050)) called at /tmp/loop_over_bdir-2280921-rWy1eM/Orochi-0.00010-0/blib/lib/Orochi/Injection/Constructor.pm line 50
	Orochi::Injection::Constructor::expand(Orochi::Injection::Constructor=HASH(0x55ff7f3dc4b0), Orochi=HASH(0x55ff7d3753e8)) called at /tmp/loop_over_bdir-2280921-rWy1eM/Orochi-0.00010-0/blib/lib/Orochi.pm line 88
	eval {...} called at /tmp/loop_over_bdir-2280921-rWy1eM/Orochi-0.00010-0/blib/lib/Orochi.pm line 87
	Orochi::get(Orochi=HASH(0x55ff7d3753e8), "/orochi/test/MooseBased1") called at t/300_moosex.t line 12
t/300_moosex.t ........ ok
Class::MOP::is_class_loaded is deprecated at /home/sand/src/perl/repoperls/installed-perls/host/k93jammy/v5.40.1-RC1/322f/lib/site_perl/5.40.1/x86_64-linux-thread-multi-ld/Class/MOP.pm line 87.
	Class::MOP::is_class_loaded("Orochi::Test::MooseBased3") called at /tmp/loop_over_bdir-2280921-rWy1eM/Orochi-0.00010-0/blib/lib/Orochi.pm line 213
	Orochi::inject_class(Orochi=HASH(0x629cd896fc78), "Orochi::Test::MooseBased3") called at t/900_cascade_bind.t line 19
Class::MOP::load_class is deprecated at /home/sand/src/perl/repoperls/installed-perls/host/k93jammy/v5.40.1-RC1/322f/lib/site_perl/5.40.1/x86_64-linux-thread-multi-ld/Class/MOP.pm line 69.
	Class::MOP::load_class("Orochi::Test::MooseBased3") called at /tmp/loop_over_bdir-2280921-rWy1eM/Orochi-0.00010-0/blib/lib/Orochi.pm line 213
	Orochi::inject_class(Orochi=HASH(0x629cd896fc78), "Orochi::Test::MooseBased3") called at t/900_cascade_bind.t line 19
Class::MOP::is_class_loaded is deprecated at /home/sand/src/perl/repoperls/installed-perls/host/k93jammy/v5.40.1-RC1/322f/lib/site_perl/5.40.1/x86_64-linux-thread-multi-ld/Class/MOP.pm line 87.
	Class::MOP::is_class_loaded("Orochi::Injection::Setter") called at /tmp/loop_over_bdir-2280921-rWy1eM/Orochi-0.00010-0/blib/lib/MooseX/Orochi.pm line 42
	MooseX::Orochi::bind_constructor(Moose::Meta::Class::__ANON__::SERIAL::1=HASH(0x629cd8a8bae0), "/orochi/test/MooseBased3", "injection_class", "Setter", "setter_params", HASH(0x629cd8979120)) called at /home/sand/src/perl/repoperls/installed-perls/host/k93jammy/v5.40.1-RC1/322f/lib/site_perl/5.40.1/x86_64-linux-thread-multi-ld/Moose/Exporter.pm line 418
	MooseX::Orochi::bind_constructor("/orochi/test/MooseBased3", "injection_class", "Setter", "setter_params", HASH(0x629cd8979120)) called at t/lib/Orochi/Test/MooseBased3.pm line 5
	require Orochi/Test/MooseBased3.pm called at /home/sand/src/perl/repoperls/installed-perls/host/k93jammy/v5.40.1-RC1/322f/lib/site_perl/5.40.1/Module/Runtime.pm line 314
	Module::Runtime::require_module("Orochi::Test::MooseBased3") called at /home/sand/src/perl/repoperls/installed-perls/host/k93jammy/v5.40.1-RC1/322f/lib/site_perl/5.40.1/Class/Load.pm line 174
	Class::Load::try {...} () called at /home/sand/src/perl/repoperls/installed-perls/host/k93jammy/v5.40.1-RC1/322f/lib/site_perl/5.40.1/Try/Tiny.pm line 98
	eval {...} called at /home/sand/src/perl/repoperls/installed-perls/host/k93jammy/v5.40.1-RC1/322f/lib/site_perl/5.40.1/Try/Tiny.pm line 93
	Try::Tiny::try(CODE(0x629cd89791b0), Try::Tiny::Catch=REF(0x629cd8916d18)) called at /home/sand/src/perl/repoperls/installed-perls/host/k93jammy/v5.40.1-RC1/322f/lib/site_perl/5.40.1/Class/Load.pm line 180
	Class::Load::try_load_class("Orochi::Test::MooseBased3", undef) called at /home/sand/src/perl/repoperls/installed-perls/host/k93jammy/v5.40.1-RC1/322f/lib/site_perl/5.40.1/Class/Load.pm line 35
	Class::Load::load_class("Orochi::Test::MooseBased3") called at /tmp/loop_over_bdir-2280921-rWy1eM/Orochi-0.00010-0/blib/lib/Orochi.pm line 213
	Orochi::inject_class(Orochi=HASH(0x629cd896fc78), "Orochi::Test::MooseBased3") called at t/900_cascade_bind.t line 19
Class::MOP::load_class is deprecated at /home/sand/src/perl/repoperls/installed-perls/host/k93jammy/v5.40.1-RC1/322f/lib/site_perl/5.40.1/x86_64-linux-thread-multi-ld/Class/MOP.pm line 69.
	Class::MOP::load_class("Orochi::Injection::Setter") called at /tmp/loop_over_bdir-2280921-rWy1eM/Orochi-0.00010-0/blib/lib/MooseX/Orochi.pm line 42
	MooseX::Orochi::bind_constructor(Moose::Meta::Class::__ANON__::SERIAL::1=HASH(0x629cd8a8bae0), "/orochi/test/MooseBased3", "injection_class", "Setter", "setter_params", HASH(0x629cd8979120)) called at /home/sand/src/perl/repoperls/installed-perls/host/k93jammy/v5.40.1-RC1/322f/lib/site_perl/5.40.1/x86_64-linux-thread-multi-ld/Moose/Exporter.pm line 418
	MooseX::Orochi::bind_constructor("/orochi/test/MooseBased3", "injection_class", "Setter", "setter_params", HASH(0x629cd8979120)) called at t/lib/Orochi/Test/MooseBased3.pm line 5
	require Orochi/Test/MooseBased3.pm called at /home/sand/src/perl/repoperls/installed-perls/host/k93jammy/v5.40.1-RC1/322f/lib/site_perl/5.40.1/Module/Runtime.pm line 314
	Module::Runtime::require_module("Orochi::Test::MooseBased3") called at /home/sand/src/perl/repoperls/installed-perls/host/k93jammy/v5.40.1-RC1/322f/lib/site_perl/5.40.1/Class/Load.pm line 174
	Class::Load::try {...} () called at /home/sand/src/perl/repoperls/installed-perls/host/k93jammy/v5.40.1-RC1/322f/lib/site_perl/5.40.1/Try/Tiny.pm line 98
	eval {...} called at /home/sand/src/perl/repoperls/installed-perls/host/k93jammy/v5.40.1-RC1/322f/lib/site_perl/5.40.1/Try/Tiny.pm line 93
	Try::Tiny::try(CODE(0x629cd89791b0), Try::Tiny::Catch=REF(0x629cd8916d18)) called at /home/sand/src/perl/repoperls/installed-perls/host/k93jammy/v5.40.1-RC1/322f/lib/site_perl/5.40.1/Class/Load.pm line 180
	Class::Load::try_load_class("Orochi::Test::MooseBased3", undef) called at /home/sand/src/perl/repoperls/installed-perls/host/k93jammy/v5.40.1-RC1/322f/lib/site_perl/5.40.1/Class/Load.pm line 35
	Class::Load::load_class("Orochi::Test::MooseBased3") called at /tmp/loop_over_bdir-2280921-rWy1eM/Orochi-0.00010-0/blib/lib/Orochi.pm line 213
	Orochi::inject_class(Orochi=HASH(0x629cd896fc78), "Orochi::Test::MooseBased3") called at t/900_cascade_bind.t line 19
Class::MOP::is_class_loaded is deprecated at /home/sand/src/perl/repoperls/installed-perls/host/k93jammy/v5.40.1-RC1/322f/lib/site_perl/5.40.1/x86_64-linux-thread-multi-ld/Class/MOP.pm line 87.
	Class::MOP::is_class_loaded("Orochi::Test::MooseBased3") called at /tmp/loop_over_bdir-2280921-rWy1eM/Orochi-0.00010-0/blib/lib/Orochi/Injection/Constructor.pm line 58
	Orochi::Injection::Constructor::construct_object(Orochi::Injection::Setter=HASH(0x629cd7e90aa0), Orochi=HASH(0x629cd896fc78), ARRAY(0x629cd802a470)) called at /tmp/loop_over_bdir-2280921-rWy1eM/Orochi-0.00010-0/blib/lib/Orochi/Injection/Constructor.pm line 50
	Orochi::Injection::Constructor::expand(Orochi::Injection::Setter=HASH(0x629cd7e90aa0), Orochi=HASH(0x629cd896fc78)) called at /tmp/loop_over_bdir-2280921-rWy1eM/Orochi-0.00010-0/blib/lib/Orochi.pm line 88
	eval {...} called at /tmp/loop_over_bdir-2280921-rWy1eM/Orochi-0.00010-0/blib/lib/Orochi.pm line 87
	Orochi::get(Orochi=HASH(0x629cd896fc78), "/orochi/test/MooseBased3") called at t/900_cascade_bind.t line 23
	main::__ANON__() called at /home/sand/src/perl/repoperls/installed-perls/host/k93jammy/v5.40.1-RC1/322f/lib/site_perl/5.40.1/Test/Exception.pm line 353
	eval {...} called at /home/sand/src/perl/repoperls/installed-perls/host/k93jammy/v5.40.1-RC1/322f/lib/site_perl/5.40.1/Test/Exception.pm line 353
	Test::Exception::lives_and(CODE(0x629cd8aa42b8)) called at t/900_cascade_bind.t line 26
t/900_cascade_bind.t .. ok
Test Summary Report
-------------------
t/001_constructor.t (Wstat: 65280 (exited 255) Tests: 0 Failed: 0)
  Non-zero exit status: 255
  Parse errors: No plan found in TAP output
t/002_declare.t     (Wstat: 65280 (exited 255) Tests: 0 Failed: 0)
  Non-zero exit status: 255
  Parse errors: No plan found in TAP output
Files=4, Tests=14,  2 wallclock secs ( 0.02 usr  0.01 sys +  1.76 cusr  0.24 csys =  2.03 CPU)
Result: FAIL
Failed 2/4 test programs. 0/14 subtests failed.
make: *** [Makefile:793: test_dynamic] Error 255
------------------------------
PREREQUISITES
------------------------------
Prerequisite modules loaded:
requires:
    Module              Need    Have      
    ------------------- ------- ----------
    Data::Visitor       0       0.32      
    Module::Pluggable   0       6.2       
    Moose               0.93_01 2.2207    
    namespace::clean    0       0.27      
    Path::Router        0       0.15      
    Sub::Exporter       0       0.991     
build_requires:
    Module              Need    Have      
    ------------------- ------- ----------
    ExtUtils::MakeMaker 6.42    7.70      
    Test::MockObject    0       1.20200122
    Test::More          0.88    1.302207  
    UNIVERSAL::can      0       1.20140328
    UNIVERSAL::isa      0       1.20171012
configure_requires:
    Module              Need    Have      
    ------------------- ------- ----------
    ExtUtils::MakeMaker 6.42    7.70      
------------------------------
ENVIRONMENT AND OTHER CONTEXT
------------------------------
Environment variables:
    AUTOMATED_TESTING = 1
    LANG = en_US.UTF-8
    LC_ADDRESS = de_DE.UTF-8
    LC_IDENTIFICATION = de_DE.UTF-8
    LC_MEASUREMENT = de_DE.UTF-8
    LC_MONETARY = de_DE.UTF-8
    LC_NAME = de_DE.UTF-8
    LC_NUMERIC = de_DE.UTF-8
    LC_PAPER = de_DE.UTF-8
    LC_TELEPHONE = de_DE.UTF-8
    LC_TIME = de_DE.UTF-8
    PATH = /home/sand/bin:/usr/local/bin:/usr/local/sbin:/usr/sbin:/usr/bin:/sbin:/bin:/usr/games:/usr/local/games:/snap/bin:/usr/local/perl/bin:/usr/X11/bin
    PERL = /tmp/basesmoker-reloperl-IkH4/bin/perl
    PERL5LIB = /tmp/loop_over_bdir-2280921-rWy1eM/dta-tokwrap-0.98-0/blib/arch:/tmp/loop_over_bdir-2280921-rWy1eM/dta-tokwrap-0.98-0/blib/lib:/tmp/loop_over_bdir-2280921-rWy1eM/RDF-NLP-SPARQLQuery-0.1-0/blib/arch:/tmp/loop_over_bdir-2280921-rWy1eM/RDF-NLP-SPARQLQuery-0.1-0/blib/lib:/tmp/loop_over_bdir-2280921-rWy1eM/DBIx-Migration-Directories-0.12-0/blib/arch:/tmp/loop_over_bdir-2280921-rWy1eM/DBIx-Migration-Directories-0.12-0/blib/lib:/tmp/loop_over_bdir-2280921-rWy1eM/CGI-Application-NetNewsIface-0.0204-0/blib/arch:/tmp/loop_over_bdir-2280921-rWy1eM/CGI-Application-NetNewsIface-0.0204-0/blib/lib:/tmp/loop_over_bdir-2280921-rWy1eM/Devel-Required-0.16-0/blib/arch:/tmp/loop_over_bdir-2280921-rWy1eM/Devel-Required-0.16-0/blib/lib:/tmp/loop_over_bdir-2280921-rWy1eM/Sysync-0.38-0/blib/arch:/tmp/loop_over_bdir-2280921-rWy1eM/Sysync-0.38-0/blib/lib:/tmp/loop_over_bdir-2280921-rWy1eM/downsexta-0/blib/arch:/tmp/loop_over_bdir-2280921-rWy1eM/downsexta-0/blib/lib
    PERL5OPT = 
    PERL5_CPANPLUS_IS_RUNNING = 2280929
    PERL5_CPAN_IS_RUNNING = 2280929
    PERL_CANARY_STABILITY_NOPROMPT = 1
    PERL_MM_USE_DEFAULT = 1
    PERL_USE_UNSAFE_INC = 1
    SHELL = /usr/bin/zsh
    TERM = screen
Perl special variables (and OS-specific diagnostics, for MSWin32):
    $^X = /tmp/basesmoker-reloperl-IkH4/bin/perl
    $UID/$EUID = 1005 / 1005
    $GID = 1005 1005
    $EGID = 1005 1005
Perl module toolchain versions installed:
    Module              Have    
    ------------------- --------
    CPAN                2.38    
    CPAN::Meta          2.150010
    Cwd                 3.91    
    ExtUtils::CBuilder  0.280240
    ExtUtils::Command   7.70    
    ExtUtils::Install   2.22    
    ExtUtils::MakeMaker 7.70    
    ExtUtils::Manifest  1.75    
    ExtUtils::ParseXS   3.51    
    File::Spec          3.91    
    JSON                4.10    
    JSON::PP            4.16    
    Module::Build       0.4234  
    Module::Signature   0.89    
    Parse::CPAN::Meta   2.150010
    Test2               1.302207
    Test::Harness       3.50    
    Test::More          1.302207
    YAML                1.31    
    YAML::Syck          1.34    
    version             0.9933  
--
Summary of my perl5 (revision 5 version 40 subversion 1) configuration:
  Commit id: 2f6bf899676e0924d65cbbbd7f122bfce0ab9022
  Platform:
    osname=linux
    osvers=6.8.0-50-generic
    archname=x86_64-linux-thread-multi-ld
    uname='linux k93jammy 6.8.0-50-generic #51~22.04.1-ubuntu smp preempt_dynamic thu nov 21 12:03:03 utc 2 x86_64 x86_64 x86_64 gnulinux '
    config_args='-Dprefix=/home/sand/src/perl/repoperls/installed-perls/host/k93jammy/v5.40.1-RC1/322f -Dmyhostname=k93jammy -Dinstallusrbinperl=n -Uversiononly -Dusedevel -des -Ui_db -Dlibswanted=cl pthread socket inet nsl gdbm dbm malloc dl ld sun m crypt sec util c cposix posix ucb BSD gdbm_compat -Duseithreads -Duselongdouble -DEBUGGING=-g'
    hint=recommended
    useposix=true
    d_sigaction=define
    useithreads=define
    usemultiplicity=define
    use64bitint=define
    use64bitall=define
    uselongdouble=define
    usemymalloc=n
    default_inc_excludes_dot=define
  Compiler:
    cc='cc'
    ccflags ='-D_REENTRANT -D_GNU_SOURCE -fwrapv -fno-strict-aliasing -pipe -fstack-protector-strong -I/usr/local/include -D_LARGEFILE_SOURCE -D_FILE_OFFSET_BITS=64'
    optimize='-O2 -g'
    cppflags='-D_REENTRANT -D_GNU_SOURCE -fwrapv -fno-strict-aliasing -pipe -fstack-protector-strong -I/usr/local/include'
    ccversion=''
    gccversion='11.4.0'
    gccosandvers=''
    intsize=4
    longsize=8
    ptrsize=8
    doublesize=8
    byteorder=12345678
    doublekind=3
    d_longlong=define
    longlongsize=8
    d_longdbl=define
    longdblsize=16
    longdblkind=3
    ivtype='long'
    ivsize=8
    nvtype='long double'
    nvsize=16
    Off_t='off_t'
    lseeksize=8
    alignbytes=16
    prototype=define
  Linker and Libraries:
    ld='cc'
    ldflags =' -fstack-protector-strong -L/usr/local/lib'
    libpth=/usr/local/lib /usr/lib/x86_64-linux-gnu /usr/lib /usr/lib64
    libs=-lpthread -lnsl -ldl -lm -lcrypt -lutil -lc
    perllibs=-lpthread -lnsl -ldl -lm -lcrypt -lutil -lc
    libc=/lib/x86_64-linux-gnu/libc.so.6
    so=so
    useshrplib=false
    libperl=libperl.a
    gnulibc_version='2.35'
  Dynamic Linking:
    dlsrc=dl_dlopen.xs
    dlext=so
    d_dlsymun=undef
    ccdlflags='-Wl,-E'
    cccdlflags='-fPIC'
    lddlflags='-shared -O2 -g -L/usr/local/lib -fstack-protector-strong'
Characteristics of this binary (from libperl): 
  Compile-time options:
    HAS_LONG_DOUBLE
    HAS_STRTOLD
    HAS_TIMES
    MULTIPLICITY
    PERLIO_LAYERS
    PERL_COPY_ON_WRITE
    PERL_DONT_CREATE_GVSV
    PERL_HASH_FUNC_SIPHASH13
    PERL_HASH_USE_SBOX32
    PERL_MALLOC_WRAP
    PERL_OP_PARENT
    PERL_PRESERVE_IVUV
    PERL_USE_DEVEL
    PERL_USE_SAFE_PUTENV
    USE_64_BIT_ALL
    USE_64_BIT_INT
    USE_ITHREADS
    USE_LARGE_FILES
    USE_LOCALE
    USE_LOCALE_COLLATE
    USE_LOCALE_CTYPE
    USE_LOCALE_NUMERIC
    USE_LOCALE_TIME
    USE_LONG_DOUBLE
    USE_PERLIO
    USE_PERL_ATOF
    USE_REENTRANT_API
    USE_THREAD_SAFE_LOCALE
  Locally applied patches:
    RC1
  Built under linux
  Compiled at Jan  8 2025 09:32:22
  %ENV:
    PERL="/tmp/basesmoker-reloperl-IkH4/bin/perl"
    PERL5LIB="/tmp/loop_over_bdir-2280921-rWy1eM/dta-tokwrap-0.98-0/blib/arch:/tmp/loop_over_bdir-2280921-rWy1eM/dta-tokwrap-0.98-0/blib/lib:/tmp/loop_over_bdir-2280921-rWy1eM/RDF-NLP-SPARQLQuery-0.1-0/blib/arch:/tmp/loop_over_bdir-2280921-rWy1eM/RDF-NLP-SPARQLQuery-0.1-0/blib/lib:/tmp/loop_over_bdir-2280921-rWy1eM/DBIx-Migration-Directories-0.12-0/blib/arch:/tmp/loop_over_bdir-2280921-rWy1eM/DBIx-Migration-Directories-0.12-0/blib/lib:/tmp/loop_over_bdir-2280921-rWy1eM/CGI-Application-NetNewsIface-0.0204-0/blib/arch:/tmp/loop_over_bdir-2280921-rWy1eM/CGI-Application-NetNewsIface-0.0204-0/blib/lib:/tmp/loop_over_bdir-2280921-rWy1eM/Devel-Required-0.16-0/blib/arch:/tmp/loop_over_bdir-2280921-rWy1eM/Devel-Required-0.16-0/blib/lib:/tmp/loop_over_bdir-2280921-rWy1eM/Sysync-0.38-0/blib/arch:/tmp/loop_over_bdir-2280921-rWy1eM/Sysync-0.38-0/blib/lib:/tmp/loop_over_bdir-2280921-rWy1eM/downsexta-0/blib/arch:/tmp/loop_over_bdir-2280921-rWy1eM/downsexta-0/blib/lib"
    PERL5OPT=""
    PERL5_CPANPLUS_IS_RUNNING="2280929"
    PERL5_CPAN_IS_RUNNING="2280929"
    PERL_CANARY_STABILITY_NOPROMPT="1"
    PERL_MM_USE_DEFAULT="1"
    PERL_USE_UNSAFE_INC="1"
  @INC:
    /tmp/loop_over_bdir-2280921-rWy1eM/dta-tokwrap-0.98-0/blib/arch
    /tmp/loop_over_bdir-2280921-rWy1eM/dta-tokwrap-0.98-0/blib/lib
    /tmp/loop_over_bdir-2280921-rWy1eM/RDF-NLP-SPARQLQuery-0.1-0/blib/arch
    /tmp/loop_over_bdir-2280921-rWy1eM/RDF-NLP-SPARQLQuery-0.1-0/blib/lib
    /tmp/loop_over_bdir-2280921-rWy1eM/DBIx-Migration-Directories-0.12-0/blib/arch
    /tmp/loop_over_bdir-2280921-rWy1eM/DBIx-Migration-Directories-0.12-0/blib/lib
    /tmp/loop_over_bdir-2280921-rWy1eM/CGI-Application-NetNewsIface-0.0204-0/blib/arch
    /tmp/loop_over_bdir-2280921-rWy1eM/CGI-Application-NetNewsIface-0.0204-0/blib/lib
    /tmp/loop_over_bdir-2280921-rWy1eM/Devel-Required-0.16-0/blib/arch
    /tmp/loop_over_bdir-2280921-rWy1eM/Devel-Required-0.16-0/blib/lib
    /tmp/loop_over_bdir-2280921-rWy1eM/Sysync-0.38-0/blib/arch
    /tmp/loop_over_bdir-2280921-rWy1eM/Sysync-0.38-0/blib/lib
    /tmp/loop_over_bdir-2280921-rWy1eM/downsexta-0/blib/arch
    /tmp/loop_over_bdir-2280921-rWy1eM/downsexta-0/blib/lib
    /home/sand/src/perl/repoperls/installed-perls/host/k93jammy/v5.40.1-RC1/322f/lib/site_perl/5.40.1/x86_64-linux-thread-multi-ld
    /home/sand/src/perl/repoperls/installed-perls/host/k93jammy/v5.40.1-RC1/322f/lib/site_perl/5.40.1
    /home/sand/src/perl/repoperls/installed-perls/host/k93jammy/v5.40.1-RC1/322f/lib/5.40.1/x86_64-linux-thread-multi-ld
    /home/sand/src/perl/repoperls/installed-perls/host/k93jammy/v5.40.1-RC1/322f/lib/5.40.1
    .