Report for CPANPLUS-Dist-PAR-0.02

Back
From: metabase:user:30f0bd62-2aae-11df-837a-5e0a49663a4f
Subject: FAIL CPANPLUS-Dist-PAR-0.02 v5.14.3 OpenBSD
Date: 2012-11-24T19:55:59Z

This distribution has been tested as part of the CPAN Testers
project, supporting the Perl programming language.  See
http://wiki.cpantesters.org/ for more information or email
questions to cpan-testers-discuss@perl.org


--
Dear Jos Boumans,

This is a computer-generated report for CPANPLUS-Dist-PAR-0.02
on perl 5.14.3, created by CPAN-Reporter-1.2006.

Thank you for uploading your work to CPAN.  However, there was a problem
testing your distribution.

If you think this report is invalid, please consult the CPAN Testers Wiki
for suggestions on how to avoid getting FAIL reports for missing library
or binary dependencies, unsupported operating systems, and so on:

http://wiki.cpantesters.org/wiki/CPANAuthorNotes

Sections of this report:

    * Tester comments
    * Program output
    * Prerequisites
    * Environment and other context

------------------------------
TESTER COMMENTS
------------------------------

Additional comments from tester:

this report is from an automated smoke testing program
and was not reviewed by a human for accuracy

------------------------------
PROGRAM OUTPUT
------------------------------

Output from '/usr/bin/make test':

PERL_DL_NONLAZY=1 /home/sts/cpansmoke/perl-5.14.3/bin/perl "-MExtUtils::Command::MM" "-e" "test_harness(0, 'blib/lib', 'blib/arch')" t/*.t
t/00_use_ok.t ..... ok
t/01_basic.t ...... ok
# Taking care of Build / xs
Can't exec "zip": No such file or directory at /home/sts/cpansmoke/perl-5.14.3/cpan/build/PAR-Dist-0.49-VhTldy/blib/lib/PAR/Dist.pm line 1319.
[ERROR] Could not create PAR distribution of Foo::Bar: Failed to zip '.' to '../Foo-Bar-0.01-OpenBSD.i386-openbsd-thread-multi-5.14.3.par': Could neither load Archive::Zip nor (successfully) run the system 'zip' (zip said: No such file or directory) at /home/sts/cpansmoke/perl-5.14.3/cpan/build/PAR-Dist-0.49-VhTldy/blib/lib/PAR/Dist.pm line 970.


[ERROR] Unable to create a new distribution object for 'Foo::Bar' -- cannot continue


#   Failed test 'CPANPLUS::Dist::PAR package created'
#   at t/02_build_par.t line 48.

#   Failed test '       Contains package version'
#   at t/02_build_par.t line 61.
#                   '/home/sts/cpansmoke/perl-5.14.3/cpan/build/CPANPLUS-Dist-PAR-0.02-9YYwMl/t/src/Build/xs/Foo-Bar'
#     doesn't match '/0.01/'

#   Failed test '   File Removed'
#   at t/02_build_par.t line 66.
# Taking care of Build / noxs
[ERROR] Unable to find 'Build.PL' or 'Makefile.PL' for 'Foo::Bar'; Will default to 'CPANPLUS::Dist::MM' but might be unable to install!

[ERROR] Dir '/home/sts/cpansmoke/perl-5.14.3/cpan/build/CPANPLUS-Dist-PAR-0.02-9YYwMl/t/src/Build/xs/Foo-Bar/blib/src/Build/noxs/Foo-Bar' does not exist

Key 'dir' (/home/sts/cpansmoke/perl-5.14.3/cpan/build/CPANPLUS-Dist-PAR-0.02-9YYwMl/t/src/Build/xs/Foo-Bar/blib/src/Build/noxs/Foo-Bar) is of invalid type for 'CPANPLUS::Internals::Utils::_chdir' provided by CPANPLUS::Dist::MM::prepare at /home/sts/cpansmoke/perl-5.14.3/lib/5.14.3/CPANPLUS/Dist/MM.pm line 254
[ERROR] Could not chdir to build directory '/home/sts/cpansmoke/perl-5.14.3/cpan/build/CPANPLUS-Dist-PAR-0.02-9YYwMl/t/src/Build/xs/Foo-Bar/blib/src/Build/noxs/Foo-Bar'

[ERROR] Unable to create a new distribution object for 'Foo::Bar' -- cannot continue


#   Failed test 'CPANPLUS::Dist::PAR package created'
#   at t/02_build_par.t line 48.
Use of uninitialized value $par in concatenation (.) or string at t/02_build_par.t line 56.

#   Failed test '   PAR written to '''
#   at t/02_build_par.t line 56.
Use of uninitialized value $par in -e at t/02_build_par.t line 57.

#   Failed test '       File exists '
#   at t/02_build_par.t line 57.
Use of uninitialized value $par in -s at t/02_build_par.t line 58.

#   Failed test '       File has size'
#   at t/02_build_par.t line 58.
Use of uninitialized value $this in pattern match (m//) at t/02_build_par.t line 59.

#   Failed test '       Conatains package name'
#   at t/02_build_par.t line 59.
#                   undef
#     doesn't match '/Foo-Bar/'
Use of uninitialized value $this in pattern match (m//) at t/02_build_par.t line 61.

#   Failed test '       Contains package version'
#   at t/02_build_par.t line 61.
#                   undef
#     doesn't match '/0.01/'
Use of uninitialized value $par in unlink at t/02_build_par.t line 64.
Use of uninitialized value $par in -e at t/02_build_par.t line 66.
# Taking care of MM / xs
[ERROR] Unable to find 'Build.PL' or 'Makefile.PL' for 'Foo::Bar'; Will default to 'CPANPLUS::Dist::MM' but might be unable to install!

[ERROR] Dir '/home/sts/cpansmoke/perl-5.14.3/cpan/build/CPANPLUS-Dist-PAR-0.02-9YYwMl/t/src/Build/xs/Foo-Bar/blib/src/MM/xs/Foo-Bar' does not exist

Key 'dir' (/home/sts/cpansmoke/perl-5.14.3/cpan/build/CPANPLUS-Dist-PAR-0.02-9YYwMl/t/src/Build/xs/Foo-Bar/blib/src/MM/xs/Foo-Bar) is of invalid type for 'CPANPLUS::Internals::Utils::_chdir' provided by CPANPLUS::Dist::MM::prepare at /home/sts/cpansmoke/perl-5.14.3/lib/5.14.3/CPANPLUS/Dist/MM.pm line 254
[ERROR] Could not chdir to build directory '/home/sts/cpansmoke/perl-5.14.3/cpan/build/CPANPLUS-Dist-PAR-0.02-9YYwMl/t/src/Build/xs/Foo-Bar/blib/src/MM/xs/Foo-Bar'

[ERROR] Unable to create a new distribution object for 'Foo::Bar' -- cannot continue


#   Failed test 'CPANPLUS::Dist::PAR package created'
#   at t/02_build_par.t line 48.
Use of uninitialized value $par in concatenation (.) or string at t/02_build_par.t line 56.

#   Failed test '   PAR written to '''
#   at t/02_build_par.t line 56.
Use of uninitialized value $par in -e at t/02_build_par.t line 57.

#   Failed test '       File exists '
#   at t/02_build_par.t line 57.
Use of uninitialized value $par in -s at t/02_build_par.t line 58.

#   Failed test '       File has size'
#   at t/02_build_par.t line 58.
Use of uninitialized value $this in pattern match (m//) at t/02_build_par.t line 59.

#   Failed test '       Conatains package name'
#   at t/02_build_par.t line 59.
#                   undef
#     doesn't match '/Foo-Bar/'
Use of uninitialized value $this in pattern match (m//) at t/02_build_par.t line 61.

#   Failed test '       Contains package version'
#   at t/02_build_par.t line 61.
#                   undef
#     doesn't match '/0.01/'
Use of uninitialized value $par in unlink at t/02_build_par.t line 64.
Use of uninitialized value $par in -e at t/02_build_par.t line 66.
# Taking care of MM / noxs
[ERROR] Unable to find 'Build.PL' or 'Makefile.PL' for 'Foo::Bar'; Will default to 'CPANPLUS::Dist::MM' but might be unable to install!

[ERROR] Dir '/home/sts/cpansmoke/perl-5.14.3/cpan/build/CPANPLUS-Dist-PAR-0.02-9YYwMl/t/src/Build/xs/Foo-Bar/blib/src/MM/noxs/Foo-Bar' does not exist

Key 'dir' (/home/sts/cpansmoke/perl-5.14.3/cpan/build/CPANPLUS-Dist-PAR-0.02-9YYwMl/t/src/Build/xs/Foo-Bar/blib/src/MM/noxs/Foo-Bar) is of invalid type for 'CPANPLUS::Internals::Utils::_chdir' provided by CPANPLUS::Dist::MM::prepare at /home/sts/cpansmoke/perl-5.14.3/lib/5.14.3/CPANPLUS/Dist/MM.pm line 254
[ERROR] Could not chdir to build directory '/home/sts/cpansmoke/perl-5.14.3/cpan/build/CPANPLUS-Dist-PAR-0.02-9YYwMl/t/src/Build/xs/Foo-Bar/blib/src/MM/noxs/Foo-Bar'

[ERROR] Unable to create a new distribution object for 'Foo::Bar' -- cannot continue


#   Failed test 'CPANPLUS::Dist::PAR package created'
#   at t/02_build_par.t line 48.
Use of uninitialized value $par in concatenation (.) or string at t/02_build_par.t line 56.

#   Failed test '   PAR written to '''
#   at t/02_build_par.t line 56.
Use of uninitialized value $par in -e at t/02_build_par.t line 57.

#   Failed test '       File exists '
#   at t/02_build_par.t line 57.
Use of uninitialized value $par in -s at t/02_build_par.t line 58.

#   Failed test '       File has size'
#   at t/02_build_par.t line 58.
Use of uninitialized value $this in pattern match (m//) at t/02_build_par.t line 59.

#   Failed test '       Conatains package name'
#   at t/02_build_par.t line 59.
#                   undef
#     doesn't match '/Foo-Bar/'
Use of uninitialized value $this in pattern match (m//) at t/02_build_par.t line 61.

#   Failed test '       Contains package version'
#   at t/02_build_par.t line 61.
#                   undef
#     doesn't match '/0.01/'
Use of uninitialized value $par in unlink at t/02_build_par.t line 64.
Use of uninitialized value $par in -e at t/02_build_par.t line 66.
# Looks like you failed 21 tests of 36.
t/02_build_par.t .. 
Dubious, test returned 21 (wstat 5376, 0x1500)
Failed 21/36 subtests 

Test Summary Report
-------------------
t/02_build_par.t (Wstat: 5376 Tests: 36 Failed: 21)
  Failed tests:  1, 8-10, 13-17, 19, 22-26, 28, 31-35
  Non-zero exit status: 21
Files=3, Tests=39, 181 wallclock secs ( 0.14 usr  0.19 sys + 172.78 cusr  1.90 csys = 175.01 CPU)
Result: FAIL
Failed 1/3 test programs. 21/39 subtests failed.
*** Error code 21

Stop in /home/sts/cpansmoke/perl-5.14.3/cpan/build/CPANPLUS-Dist-PAR-0.02-9YYwMl (line 778 of Makefile).

------------------------------
PREREQUISITES
------------------------------

Prerequisite modules loaded:

requires:

    Module                    Need  Have   
    ------------------------- ----- -------
    CPANPLUS                  0.074 0.9103 
    CPANPLUS::Dist::Build     0.04  0.54   
    Locale::Maketext::Simple  0     0.21   
    Module::Load::Conditional 0     0.44   
    PAR::Dist                 0.19  0.49   
    Params::Check             0     0.28   
    Test::More                0     0.98   

build_requires:

    Module                    Need  Have   
    ------------------------- ----- -------
    ExtUtils::MakeMaker       0     6.57_05


------------------------------
ENVIRONMENT AND OTHER CONTEXT
------------------------------

Environment variables:

    AUTOMATED_TESTING = 1
    PATH = /home/sts/bin:/bin:/sbin:/usr/bin:/usr/sbin:/usr/X11R6/bin:/usr/local/bin:/usr/local/sbin:/usr/games:.
    PERL5LIB = /home/sts/cpansmoke/perl-5.14.3/cpan/build/PAR-Dist-0.49-VhTldy/blib/arch:/home/sts/cpansmoke/perl-5.14.3/cpan/build/PAR-Dist-0.49-VhTldy/blib/lib
    PERL5OPT = 
    PERL5_CPANPLUS_IS_RUNNING = 6625
    PERL5_CPAN_IS_RUNNING = 6625
    PERL5_CPAN_IS_RUNNING_IN_RECURSION = 18632,6625
    PERL_CR_SMOKER_CURRENT = CPANPLUS-Dist-PAR-0.02
    PERL_EXTUTILS_AUTOINSTALL = --defaultdeps
    PERL_MM_USE_DEFAULT = 1
    SHELL = /usr/local/bin/bash
    TERM = screen
    TMPDIR = /home/sts/cpansmoke/tmp

Perl special variables (and OS-specific diagnostics, for MSWin32):

    $^X = /home/sts/cpansmoke/perl-5.14.3/bin/perl
    $UID/$EUID = 1000 / 1000
    $GID = 10 10 0
    $EGID = 10 10 0

Perl module toolchain versions installed:

    Module              Have    
    ------------------- --------
    CPAN                1.9800  
    CPAN::Meta          2.110440
    Cwd                 3.36    
    ExtUtils::CBuilder  0.280203
    ExtUtils::Command   1.17    
    ExtUtils::Install   1.56    
    ExtUtils::MakeMaker 6.57_05 
    ExtUtils::Manifest  1.58    
    ExtUtils::ParseXS   2.2210  
    File::Spec          3.33    
    JSON                2.53    
    JSON::PP            2.27105 
    Module::Build       0.3800  
    Module::Signature   n/a     
    Parse::CPAN::Meta   1.4401  
    Test::Harness       3.23    
    Test::More          0.98    
    YAML                n/a     
    YAML::Syck          n/a     
    version             0.88    


--

Summary of my perl5 (revision 5 version 14 subversion 3) configuration:
   
  Platform:
    osname=openbsd, osvers=5.1, archname=OpenBSD.i386-openbsd-thread-multi
    uname='openbsd cpansmoke5 5.1 generic.mp#188 i386 '
    config_args='-des -Dusethreads -Dprefix=/home/sts/cpansmoke/perl-5.14.3'
    hint=recommended, useposix=true, d_sigaction=define
    useithreads=define, usemultiplicity=define
    useperlio=define, d_sfio=undef, uselargefiles=define, usesocks=undef
    use64bitint=undef, use64bitall=undef, uselongdouble=undef
    usemymalloc=y, bincompat5005=undef
  Compiler:
    cc='cc', ccflags ='-pthread -fno-strict-aliasing -pipe -fstack-protector -I/usr/local/include',
    optimize='-O2',
    cppflags='-pthread -fno-strict-aliasing -pipe -fstack-protector -I/usr/local/include'
    ccversion='', gccversion='4.2.1 20070719 ', gccosandvers='openbsd5.1'
    intsize=4, longsize=4, ptrsize=4, doublesize=8, byteorder=1234
    d_longlong=define, longlongsize=8, d_longdbl=define, longdblsize=12
    ivtype='long', ivsize=4, nvtype='double', nvsize=8, Off_t='off_t', lseeksize=8
    alignbytes=4, prototype=define
  Linker and Libraries:
    ld='cc', ldflags ='-pthread -Wl,-E  -fstack-protector -L/usr/local/lib'
    libpth=/usr/local/lib /usr/lib
    libs=-lgdbm -lm -lutil -lc
    perllibs=-lm -lutil -lc
    libc=/usr/lib/libc.so.62.0, so=so, useshrplib=false, libperl=libperl.a
    gnulibc_version=''
  Dynamic Linking:
    dlsrc=dl_dlopen.xs, dlext=so, d_dlsymun=undef, ccdlflags=' '
    cccdlflags='-DPIC -fPIC ', lddlflags='-shared -fPIC  -L/usr/local/lib -fstack-protector'


Characteristics of this binary (from libperl): 
  Compile-time options: MULTIPLICITY MYMALLOC PERL_DONT_CREATE_GVSV
                        PERL_IMPLICIT_CONTEXT PERL_MALLOC_WRAP
                        PERL_PRESERVE_IVUV USE_ITHREADS USE_LARGE_FILES
                        USE_PERLIO USE_PERL_ATOF USE_REENTRANT_API
  Built under openbsd
  Compiled at Oct 19 2012 22:43:11
  %ENV:
    PERL5LIB="/home/sts/cpansmoke/perl-5.14.3/cpan/build/PAR-Dist-0.49-VhTldy/blib/arch:/home/sts/cpansmoke/perl-5.14.3/cpan/build/PAR-Dist-0.49-VhTldy/blib/lib"
    PERL5OPT=""
    PERL5_CPANPLUS_IS_RUNNING="6625"
    PERL5_CPAN_IS_RUNNING="6625"
    PERL5_CPAN_IS_RUNNING_IN_RECURSION="18632,6625"
    PERL_CR_SMOKER_CURRENT="CPANPLUS-Dist-PAR-0.02"
    PERL_EXTUTILS_AUTOINSTALL="--defaultdeps"
    PERL_MM_USE_DEFAULT="1"
  @INC:
    /home/sts/cpansmoke/perl-5.14.3/cpan/build/PAR-Dist-0.49-VhTldy/blib/arch
    /home/sts/cpansmoke/perl-5.14.3/cpan/build/PAR-Dist-0.49-VhTldy/blib/lib
    /home/sts/cpansmoke/perl-5.14.3/lib/site_perl/5.14.3/OpenBSD.i386-openbsd-thread-multi
    /home/sts/cpansmoke/perl-5.14.3/lib/site_perl/5.14.3
    /home/sts/cpansmoke/perl-5.14.3/lib/5.14.3/OpenBSD.i386-openbsd-thread-multi
    /home/sts/cpansmoke/perl-5.14.3/lib/5.14.3
    .