Report for rpm-build-perl-0.82

Back
From: metabase:user:20a45eae-6c1a-1014-abaf-4bc2b30e56df
Subject: FAIL rpm-build-perl-0.82 v5.22.0 Windows (Cygwin)
Date: 2015-06-15T05:17:09Z

This distribution has been tested as part of the CPAN Testers
project, supporting the Perl programming language.  See
http://wiki.cpantesters.org/ for more information or email
questions to cpan-testers-discuss@perl.org


--
Dear Alexey Tourbin,

This is a computer-generated report for rpm-build-perl-0.82
on perl 5.22.0, created by CPAN-Reporter-1.2014.

Thank you for uploading your work to CPAN.  However, there was a problem
testing your distribution.

If you think this report is invalid, please consult the CPAN Testers Wiki
for suggestions on how to avoid getting FAIL reports for missing library
or binary dependencies, unsupported operating systems, and so on:

http://wiki.cpantesters.org/wiki/CPANAuthorNotes

Sections of this report:

    * Tester comments
    * Program output
    * Prerequisites
    * Environment and other context

------------------------------
TESTER COMMENTS
------------------------------

Additional comments from tester:

this report is from an automated smoke testing program
and was not reviewed by a human for accuracy

------------------------------
PROGRAM OUTPUT
------------------------------

Output from '/usr/bin/make test':

make[1]: Entering directory '/cygdrive/e/opt/perl5/cygwin_nt-6.1/2.0.2/x86_64/cpan/5.22.0/cygwin/build/rpm-build-perl-0.82-V0DMm6/ConstOptree'
Running Mkbootstrap for B::ConstOptree ()
chmod 644 "ConstOptree.bs"
Manifying 1 pod document
make[1]: Leaving directory '/cygdrive/e/opt/perl5/cygwin_nt-6.1/2.0.2/x86_64/cpan/5.22.0/cygwin/build/rpm-build-perl-0.82-V0DMm6/ConstOptree'
PERL_DL_NONLAZY=1 "/cygdrive/e/opt/perl5/cygwin_nt-6.1/2.0.2/x86_64/perl/5.22.0/cygwin/bin/perl.exe" "-MExtUtils::Command::MM" "-MTest::Harness" "-e" "undef *Test::Harness::Switches; test_harness(0, 'blib/lib', 'blib/arch')" t/*.t
dying at -e line 1
 at /cygdrive/e/opt/perl5/cygwin_nt-6.1/2.0.2/x86_64/cpan/5.22.0/cygwin/build/rpm-build-perl-0.82-V0DMm6/blib/lib/B/PerlReq.pm line 388.
	B::PerlReq::__ANON__("Can't locate object method \"sv\" via package \"B::METHOP\" at /c"...) called at /cygdrive/e/opt/perl5/cygwin_nt-6.1/2.0.2/x86_64/cpan/5.22.0/cygwin/build/rpm-build-perl-0.82-V0DMm6/blib/lib/B/Walker.pm line 25
	B::Walker::const_sv(B::METHOP=SCALAR(0x6003839b8)) called at /cygdrive/e/opt/perl5/cygwin_nt-6.1/2.0.2/x86_64/cpan/5.22.0/cygwin/build/rpm-build-perl-0.82-V0DMm6/blib/lib/B/PerlReq.pm line 307
	B::PerlReq::grok_entersub(B::UNOP=SCALAR(0x600383988)) called at /cygdrive/e/opt/perl5/cygwin_nt-6.1/2.0.2/x86_64/cpan/5.22.0/cygwin/build/rpm-build-perl-0.82-V0DMm6/blib/lib/B/Walker.pm line 56
	B::Walker::walk_root(B::UNOP=SCALAR(0x600383988)) called at /cygdrive/e/opt/perl5/cygwin_nt-6.1/2.0.2/x86_64/cpan/5.22.0/cygwin/build/rpm-build-perl-0.82-V0DMm6/blib/lib/B/Walker.pm line 65
	B::Walker::walk_root(B::LISTOP=SCALAR(0x6003838f8)) called at /cygdrive/e/opt/perl5/cygwin_nt-6.1/2.0.2/x86_64/cpan/5.22.0/cygwin/build/rpm-build-perl-0.82-V0DMm6/blib/lib/B/Walker.pm line 65
	B::Walker::walk_root(B::LISTOP=SCALAR(0x60032d838)) called at /cygdrive/e/opt/perl5/cygwin_nt-6.1/2.0.2/x86_64/cpan/5.22.0/cygwin/build/rpm-build-perl-0.82-V0DMm6/blib/lib/B/Walker.pm line 65
	B::Walker::walk_root(B::UNOP=SCALAR(0x600253170)) called at /cygdrive/e/opt/perl5/cygwin_nt-6.1/2.0.2/x86_64/cpan/5.22.0/cygwin/build/rpm-build-perl-0.82-V0DMm6/blib/lib/B/Walker.pm line 91
	B::Walker::walk_cv(B::CV=SCALAR(0x600357178)) called at /cygdrive/e/opt/perl5/cygwin_nt-6.1/2.0.2/x86_64/cpan/5.22.0/cygwin/build/rpm-build-perl-0.82-V0DMm6/blib/lib/B/Walker.pm line 77
	B::Walker::walk_av("BEGIN", B::AV=SCALAR(0x60006cd38)) called at /cygdrive/e/opt/perl5/cygwin_nt-6.1/2.0.2/x86_64/cpan/5.22.0/cygwin/build/rpm-build-perl-0.82-V0DMm6/blib/lib/B/Walker.pm line 97
	B::Walker::walk_blocks() called at /cygdrive/e/opt/perl5/cygwin_nt-6.1/2.0.2/x86_64/cpan/5.22.0/cygwin/build/rpm-build-perl-0.82-V0DMm6/blib/lib/B/PerlReq.pm line 390
	B::PerlReq::__ANON__() called at (eval 2) line 31
	O::CHECK() called at -e line 0
	eval {...} called at -e line 0
Can't locate object method "sv" via package "B::METHOP" at /cygdrive/e/opt/perl5/cygwin_nt-6.1/2.0.2/x86_64/cpan/5.22.0/cygwin/build/rpm-build-perl-0.82-V0DMm6/blib/lib/B/Walker.pm line 25.
CHECK failed--call queue aborted.

#   Failed test at t/01-B-PerlReq.t line 40.
#          got: 'perl(Data/Dumper.pm)'
#     expected: ''
dying at -e line 1
 at /cygdrive/e/opt/perl5/cygwin_nt-6.1/2.0.2/x86_64/cpan/5.22.0/cygwin/build/rpm-build-perl-0.82-V0DMm6/blib/lib/B/PerlReq.pm line 388.
	B::PerlReq::__ANON__("Can't locate object method \"sv\" via package \"B::METHOP\" at /c"...) called at /cygdrive/e/opt/perl5/cygwin_nt-6.1/2.0.2/x86_64/cpan/5.22.0/cygwin/build/rpm-build-perl-0.82-V0DMm6/blib/lib/B/Walker.pm line 25
	B::Walker::const_sv(B::METHOP=SCALAR(0x600383ec0)) called at /cygdrive/e/opt/perl5/cygwin_nt-6.1/2.0.2/x86_64/cpan/5.22.0/cygwin/build/rpm-build-perl-0.82-V0DMm6/blib/lib/B/PerlReq.pm line 307
	B::PerlReq::grok_entersub(B::UNOP=SCALAR(0x600383e90)) called at /cygdrive/e/opt/perl5/cygwin_nt-6.1/2.0.2/x86_64/cpan/5.22.0/cygwin/build/rpm-build-perl-0.82-V0DMm6/blib/lib/B/Walker.pm line 56
	B::Walker::walk_root(B::UNOP=SCALAR(0x600383e90)) called at /cygdrive/e/opt/perl5/cygwin_nt-6.1/2.0.2/x86_64/cpan/5.22.0/cygwin/build/rpm-build-perl-0.82-V0DMm6/blib/lib/B/Walker.pm line 65
	B::Walker::walk_root(B::LISTOP=SCALAR(0x600383e00)) called at /cygdrive/e/opt/perl5/cygwin_nt-6.1/2.0.2/x86_64/cpan/5.22.0/cygwin/build/rpm-build-perl-0.82-V0DMm6/blib/lib/B/Walker.pm line 65
	B::Walker::walk_root(B::LISTOP=SCALAR(0x60032dbf0)) called at /cygdrive/e/opt/perl5/cygwin_nt-6.1/2.0.2/x86_64/cpan/5.22.0/cygwin/build/rpm-build-perl-0.82-V0DMm6/blib/lib/B/Walker.pm line 65
	B::Walker::walk_root(B::UNOP=SCALAR(0x60030b140)) called at /cygdrive/e/opt/perl5/cygwin_nt-6.1/2.0.2/x86_64/cpan/5.22.0/cygwin/build/rpm-build-perl-0.82-V0DMm6/blib/lib/B/Walker.pm line 91
	B::Walker::walk_cv(B::CV=SCALAR(0x600357190)) called at /cygdrive/e/opt/perl5/cygwin_nt-6.1/2.0.2/x86_64/cpan/5.22.0/cygwin/build/rpm-build-perl-0.82-V0DMm6/blib/lib/B/Walker.pm line 77
	B::Walker::walk_av("BEGIN", B::AV=SCALAR(0x60006cd48)) called at /cygdrive/e/opt/perl5/cygwin_nt-6.1/2.0.2/x86_64/cpan/5.22.0/cygwin/build/rpm-build-perl-0.82-V0DMm6/blib/lib/B/Walker.pm line 97
	B::Walker::walk_blocks() called at /cygdrive/e/opt/perl5/cygwin_nt-6.1/2.0.2/x86_64/cpan/5.22.0/cygwin/build/rpm-build-perl-0.82-V0DMm6/blib/lib/B/PerlReq.pm line 390
	B::PerlReq::__ANON__() called at (eval 2) line 31
	O::CHECK() called at -e line 0
	eval {...} called at -e line 0
Can't locate object method "sv" via package "B::METHOP" at /cygdrive/e/opt/perl5/cygwin_nt-6.1/2.0.2/x86_64/cpan/5.22.0/cygwin/build/rpm-build-perl-0.82-V0DMm6/blib/lib/B/Walker.pm line 25.
CHECK failed--call queue aborted.

#   Failed test at t/01-B-PerlReq.t line 44.
#          got: 'perl(Data/Dumper.pm)'
#     expected: ''
dying at -e line 1
 at /cygdrive/e/opt/perl5/cygwin_nt-6.1/2.0.2/x86_64/cpan/5.22.0/cygwin/build/rpm-build-perl-0.82-V0DMm6/blib/lib/B/PerlReq.pm line 388.
	B::PerlReq::__ANON__("Can't locate object method \"sv\" via package \"B::METHOP\" at /c"...) called at /cygdrive/e/opt/perl5/cygwin_nt-6.1/2.0.2/x86_64/cpan/5.22.0/cygwin/build/rpm-build-perl-0.82-V0DMm6/blib/lib/B/Walker.pm line 25
	B::Walker::const_sv(B::METHOP=SCALAR(0x6002c2e18)) called at /cygdrive/e/opt/perl5/cygwin_nt-6.1/2.0.2/x86_64/cpan/5.22.0/cygwin/build/rpm-build-perl-0.82-V0DMm6/blib/lib/B/PerlReq.pm line 307
	B::PerlReq::grok_entersub(B::UNOP=SCALAR(0x6002c2ad0)) called at /cygdrive/e/opt/perl5/cygwin_nt-6.1/2.0.2/x86_64/cpan/5.22.0/cygwin/build/rpm-build-perl-0.82-V0DMm6/blib/lib/B/Walker.pm line 56
	B::Walker::walk_root(B::UNOP=SCALAR(0x6002c2ad0)) called at /cygdrive/e/opt/perl5/cygwin_nt-6.1/2.0.2/x86_64/cpan/5.22.0/cygwin/build/rpm-build-perl-0.82-V0DMm6/blib/lib/B/Walker.pm line 65
	B::Walker::walk_root(B::LISTOP=SCALAR(0x6002c2578)) called at /cygdrive/e/opt/perl5/cygwin_nt-6.1/2.0.2/x86_64/cpan/5.22.0/cygwin/build/rpm-build-perl-0.82-V0DMm6/blib/lib/B/Walker.pm line 65
	B::Walker::walk_root(B::LISTOP=SCALAR(0x6002de600)) called at /cygdrive/e/opt/perl5/cygwin_nt-6.1/2.0.2/x86_64/cpan/5.22.0/cygwin/build/rpm-build-perl-0.82-V0DMm6/blib/lib/B/Walker.pm line 105
	B::Walker::walk_main() called at /cygdrive/e/opt/perl5/cygwin_nt-6.1/2.0.2/x86_64/cpan/5.22.0/cygwin/build/rpm-build-perl-0.82-V0DMm6/blib/lib/B/PerlReq.pm line 391
	B::PerlReq::__ANON__() called at (eval 2) line 31
	O::CHECK() called at -e line 0
	eval {...} called at -e line 0
Can't locate object method "sv" via package "B::METHOP" at /cygdrive/e/opt/perl5/cygwin_nt-6.1/2.0.2/x86_64/cpan/5.22.0/cygwin/build/rpm-build-perl-0.82-V0DMm6/blib/lib/B/Walker.pm line 25.
CHECK failed--call queue aborted.

#   Failed test at t/01-B-PerlReq.t line 63.
#          got: 'perl(File/Basename.pm)'
#     expected: ''
dying at -e line 1
 at /cygdrive/e/opt/perl5/cygwin_nt-6.1/2.0.2/x86_64/cpan/5.22.0/cygwin/build/rpm-build-perl-0.82-V0DMm6/blib/lib/B/PerlReq.pm line 388.
	B::PerlReq::__ANON__("Can't locate object method \"sv\" via package \"B::METHOP\" at /c"...) called at /cygdrive/e/opt/perl5/cygwin_nt-6.1/2.0.2/x86_64/cpan/5.22.0/cygwin/build/rpm-build-perl-0.82-V0DMm6/blib/lib/B/Walker.pm line 25
	B::Walker::const_sv(B::METHOP=SCALAR(0x600383ab8)) called at /cygdrive/e/opt/perl5/cygwin_nt-6.1/2.0.2/x86_64/cpan/5.22.0/cygwin/build/rpm-build-perl-0.82-V0DMm6/blib/lib/B/PerlReq.pm line 307
	B::PerlReq::grok_entersub(B::UNOP=SCALAR(0x600383a28)) called at /cygdrive/e/opt/perl5/cygwin_nt-6.1/2.0.2/x86_64/cpan/5.22.0/cygwin/build/rpm-build-perl-0.82-V0DMm6/blib/lib/B/Walker.pm line 56
	B::Walker::walk_root(B::UNOP=SCALAR(0x600383a28)) called at /cygdrive/e/opt/perl5/cygwin_nt-6.1/2.0.2/x86_64/cpan/5.22.0/cygwin/build/rpm-build-perl-0.82-V0DMm6/blib/lib/B/Walker.pm line 65
	B::Walker::walk_root(B::LISTOP=SCALAR(0x6003839b0)) called at /cygdrive/e/opt/perl5/cygwin_nt-6.1/2.0.2/x86_64/cpan/5.22.0/cygwin/build/rpm-build-perl-0.82-V0DMm6/blib/lib/B/Walker.pm line 65
	B::Walker::walk_root(B::LISTOP=SCALAR(0x60032d8a8)) called at /cygdrive/e/opt/perl5/cygwin_nt-6.1/2.0.2/x86_64/cpan/5.22.0/cygwin/build/rpm-build-perl-0.82-V0DMm6/blib/lib/B/Walker.pm line 65
	B::Walker::walk_root(B::UNOP=SCALAR(0x6002531b8)) called at /cygdrive/e/opt/perl5/cygwin_nt-6.1/2.0.2/x86_64/cpan/5.22.0/cygwin/build/rpm-build-perl-0.82-V0DMm6/blib/lib/B/Walker.pm line 91
	B::Walker::walk_cv(B::CV=SCALAR(0x600356d88)) called at /cygdrive/e/opt/perl5/cygwin_nt-6.1/2.0.2/x86_64/cpan/5.22.0/cygwin/build/rpm-build-perl-0.82-V0DMm6/blib/lib/B/Walker.pm line 77
	B::Walker::walk_av("BEGIN", B::AV=SCALAR(0x60006cd38)) called at /cygdrive/e/opt/perl5/cygwin_nt-6.1/2.0.2/x86_64/cpan/5.22.0/cygwin/build/rpm-build-perl-0.82-V0DMm6/blib/lib/B/Walker.pm line 97
	B::Walker::walk_blocks() called at /cygdrive/e/opt/perl5/cygwin_nt-6.1/2.0.2/x86_64/cpan/5.22.0/cygwin/build/rpm-build-perl-0.82-V0DMm6/blib/lib/B/PerlReq.pm line 390
	B::PerlReq::__ANON__() called at (eval 2) line 31
	O::CHECK() called at -e line 0
	eval {...} called at -e line 0
Can't locate object method "sv" via package "B::METHOP" at /cygdrive/e/opt/perl5/cygwin_nt-6.1/2.0.2/x86_64/cpan/5.22.0/cygwin/build/rpm-build-perl-0.82-V0DMm6/blib/lib/B/Walker.pm line 25.
CHECK failed--call queue aborted.

#   Failed test at t/01-B-PerlReq.t line 65.
#          got: 'perl(Data/Dumper.pm) >= 2.0'
#     expected: ''
dying at -e line 1
 at /cygdrive/e/opt/perl5/cygwin_nt-6.1/2.0.2/x86_64/cpan/5.22.0/cygwin/build/rpm-build-perl-0.82-V0DMm6/blib/lib/B/PerlReq.pm line 388.
	B::PerlReq::__ANON__("Can't locate object method \"sv\" via package \"B::METHOP\" at /c"...) called at /cygdrive/e/opt/perl5/cygwin_nt-6.1/2.0.2/x86_64/cpan/5.22.0/cygwin/build/rpm-build-perl-0.82-V0DMm6/blib/lib/B/Walker.pm line 25
	B::Walker::const_sv(B::METHOP=SCALAR(0x600383ab8)) called at /cygdrive/e/opt/perl5/cygwin_nt-6.1/2.0.2/x86_64/cpan/5.22.0/cygwin/build/rpm-build-perl-0.82-V0DMm6/blib/lib/B/PerlReq.pm line 307
	B::PerlReq::grok_entersub(B::UNOP=SCALAR(0x600383a28)) called at /cygdrive/e/opt/perl5/cygwin_nt-6.1/2.0.2/x86_64/cpan/5.22.0/cygwin/build/rpm-build-perl-0.82-V0DMm6/blib/lib/B/Walker.pm line 56
	B::Walker::walk_root(B::UNOP=SCALAR(0x600383a28)) called at /cygdrive/e/opt/perl5/cygwin_nt-6.1/2.0.2/x86_64/cpan/5.22.0/cygwin/build/rpm-build-perl-0.82-V0DMm6/blib/lib/B/Walker.pm line 65
	B::Walker::walk_root(B::LISTOP=SCALAR(0x6003839b0)) called at /cygdrive/e/opt/perl5/cygwin_nt-6.1/2.0.2/x86_64/cpan/5.22.0/cygwin/build/rpm-build-perl-0.82-V0DMm6/blib/lib/B/Walker.pm line 65
	B::Walker::walk_root(B::LISTOP=SCALAR(0x60032d8a8)) called at /cygdrive/e/opt/perl5/cygwin_nt-6.1/2.0.2/x86_64/cpan/5.22.0/cygwin/build/rpm-build-perl-0.82-V0DMm6/blib/lib/B/Walker.pm line 65
	B::Walker::walk_root(B::UNOP=SCALAR(0x6002531e8)) called at /cygdrive/e/opt/perl5/cygwin_nt-6.1/2.0.2/x86_64/cpan/5.22.0/cygwin/build/rpm-build-perl-0.82-V0DMm6/blib/lib/B/Walker.pm line 91
	B::Walker::walk_cv(B::CV=SCALAR(0x600356d88)) called at /cygdrive/e/opt/perl5/cygwin_nt-6.1/2.0.2/x86_64/cpan/5.22.0/cygwin/build/rpm-build-perl-0.82-V0DMm6/blib/lib/B/Walker.pm line 77
	B::Walker::walk_av("BEGIN", B::AV=SCALAR(0x60006cd38)) called at /cygdrive/e/opt/perl5/cygwin_nt-6.1/2.0.2/x86_64/cpan/5.22.0/cygwin/build/rpm-build-perl-0.82-V0DMm6/blib/lib/B/Walker.pm line 97
	B::Walker::walk_blocks() called at /cygdrive/e/opt/perl5/cygwin_nt-6.1/2.0.2/x86_64/cpan/5.22.0/cygwin/build/rpm-build-perl-0.82-V0DMm6/blib/lib/B/PerlReq.pm line 390
	B::PerlReq::__ANON__() called at (eval 2) line 31
	O::CHECK() called at -e line 0
	eval {...} called at -e line 0
Can't locate object method "sv" via package "B::METHOP" at /cygdrive/e/opt/perl5/cygwin_nt-6.1/2.0.2/x86_64/cpan/5.22.0/cygwin/build/rpm-build-perl-0.82-V0DMm6/blib/lib/B/Walker.pm line 25.
CHECK failed--call queue aborted.

#   Failed test at t/01-B-PerlReq.t line 66.
#          got: 'perl(Data/Dumper.pm) >= 2.0'
#     expected: ''
dying at -e line 1
 at /cygdrive/e/opt/perl5/cygwin_nt-6.1/2.0.2/x86_64/cpan/5.22.0/cygwin/build/rpm-build-perl-0.82-V0DMm6/blib/lib/B/PerlReq.pm line 388.
	B::PerlReq::__ANON__("Can't locate object method \"sv\" via package \"B::METHOP\" at /c"...) called at /cygdrive/e/opt/perl5/cygwin_nt-6.1/2.0.2/x86_64/cpan/5.22.0/cygwin/build/rpm-build-perl-0.82-V0DMm6/blib/lib/B/Walker.pm line 25
	B::Walker::const_sv(B::METHOP=SCALAR(0x600383ab8)) called at /cygdrive/e/opt/perl5/cygwin_nt-6.1/2.0.2/x86_64/cpan/5.22.0/cygwin/build/rpm-build-perl-0.82-V0DMm6/blib/lib/B/PerlReq.pm line 307
	B::PerlReq::grok_entersub(B::UNOP=SCALAR(0x600383a28)) called at /cygdrive/e/opt/perl5/cygwin_nt-6.1/2.0.2/x86_64/cpan/5.22.0/cygwin/build/rpm-build-perl-0.82-V0DMm6/blib/lib/B/Walker.pm line 56
	B::Walker::walk_root(B::UNOP=SCALAR(0x600383a28)) called at /cygdrive/e/opt/perl5/cygwin_nt-6.1/2.0.2/x86_64/cpan/5.22.0/cygwin/build/rpm-build-perl-0.82-V0DMm6/blib/lib/B/Walker.pm line 65
	B::Walker::walk_root(B::LISTOP=SCALAR(0x6003839b0)) called at /cygdrive/e/opt/perl5/cygwin_nt-6.1/2.0.2/x86_64/cpan/5.22.0/cygwin/build/rpm-build-perl-0.82-V0DMm6/blib/lib/B/Walker.pm line 65
	B::Walker::walk_root(B::LISTOP=SCALAR(0x60032d8a8)) called at /cygdrive/e/opt/perl5/cygwin_nt-6.1/2.0.2/x86_64/cpan/5.22.0/cygwin/build/rpm-build-perl-0.82-V0DMm6/blib/lib/B/Walker.pm line 65
	B::Walker::walk_root(B::UNOP=SCALAR(0x6002531e8)) called at /cygdrive/e/opt/perl5/cygwin_nt-6.1/2.0.2/x86_64/cpan/5.22.0/cygwin/build/rpm-build-perl-0.82-V0DMm6/blib/lib/B/Walker.pm line 91
	B::Walker::walk_cv(B::CV=SCALAR(0x600356d88)) called at /cygdrive/e/opt/perl5/cygwin_nt-6.1/2.0.2/x86_64/cpan/5.22.0/cygwin/build/rpm-build-perl-0.82-V0DMm6/blib/lib/B/Walker.pm line 77
	B::Walker::walk_av("BEGIN", B::AV=SCALAR(0x60006cd38)) called at /cygdrive/e/opt/perl5/cygwin_nt-6.1/2.0.2/x86_64/cpan/5.22.0/cygwin/build/rpm-build-perl-0.82-V0DMm6/blib/lib/B/Walker.pm line 97
	B::Walker::walk_blocks() called at /cygdrive/e/opt/perl5/cygwin_nt-6.1/2.0.2/x86_64/cpan/5.22.0/cygwin/build/rpm-build-perl-0.82-V0DMm6/blib/lib/B/PerlReq.pm line 390
	B::PerlReq::__ANON__() called at (eval 2) line 31
	O::CHECK() called at -e line 0
	eval {...} called at -e line 0
Can't locate object method "sv" via package "B::METHOP" at /cygdrive/e/opt/perl5/cygwin_nt-6.1/2.0.2/x86_64/cpan/5.22.0/cygwin/build/rpm-build-perl-0.82-V0DMm6/blib/lib/B/Walker.pm line 25.
CHECK failed--call queue aborted.

#   Failed test at t/01-B-PerlReq.t line 67.
#          got: 'perl(Data/Dumper.pm) >= 2.0'
#     expected: ''
dying at -e line 1
 at /cygdrive/e/opt/perl5/cygwin_nt-6.1/2.0.2/x86_64/cpan/5.22.0/cygwin/build/rpm-build-perl-0.82-V0DMm6/blib/lib/B/PerlReq.pm line 388.
	B::PerlReq::__ANON__("Can't locate object method \"sv\" via package \"B::METHOP\" at /c"...) called at /cygdrive/e/opt/perl5/cygwin_nt-6.1/2.0.2/x86_64/cpan/5.22.0/cygwin/build/rpm-build-perl-0.82-V0DMm6/blib/lib/B/Walker.pm line 25
	B::Walker::const_sv(B::METHOP=SCALAR(0x600383ac8)) called at /cygdrive/e/opt/perl5/cygwin_nt-6.1/2.0.2/x86_64/cpan/5.22.0/cygwin/build/rpm-build-perl-0.82-V0DMm6/blib/lib/B/PerlReq.pm line 307
	B::PerlReq::grok_entersub(B::UNOP=SCALAR(0x600383a38)) called at /cygdrive/e/opt/perl5/cygwin_nt-6.1/2.0.2/x86_64/cpan/5.22.0/cygwin/build/rpm-build-perl-0.82-V0DMm6/blib/lib/B/Walker.pm line 56
	B::Walker::walk_root(B::UNOP=SCALAR(0x600383a38)) called at /cygdrive/e/opt/perl5/cygwin_nt-6.1/2.0.2/x86_64/cpan/5.22.0/cygwin/build/rpm-build-perl-0.82-V0DMm6/blib/lib/B/Walker.pm line 65
	B::Walker::walk_root(B::LISTOP=SCALAR(0x6003839c0)) called at /cygdrive/e/opt/perl5/cygwin_nt-6.1/2.0.2/x86_64/cpan/5.22.0/cygwin/build/rpm-build-perl-0.82-V0DMm6/blib/lib/B/Walker.pm line 65
	B::Walker::walk_root(B::LISTOP=SCALAR(0x60032d8b8)) called at /cygdrive/e/opt/perl5/cygwin_nt-6.1/2.0.2/x86_64/cpan/5.22.0/cygwin/build/rpm-build-perl-0.82-V0DMm6/blib/lib/B/Walker.pm line 65
	B::Walker::walk_root(B::UNOP=SCALAR(0x6002531f8)) called at /cygdrive/e/opt/perl5/cygwin_nt-6.1/2.0.2/x86_64/cpan/5.22.0/cygwin/build/rpm-build-perl-0.82-V0DMm6/blib/lib/B/Walker.pm line 91
	B::Walker::walk_cv(B::CV=SCALAR(0x600356d98)) called at /cygdrive/e/opt/perl5/cygwin_nt-6.1/2.0.2/x86_64/cpan/5.22.0/cygwin/build/rpm-build-perl-0.82-V0DMm6/blib/lib/B/Walker.pm line 77
	B::Walker::walk_av("BEGIN", B::AV=SCALAR(0x60006cd48)) called at /cygdrive/e/opt/perl5/cygwin_nt-6.1/2.0.2/x86_64/cpan/5.22.0/cygwin/build/rpm-build-perl-0.82-V0DMm6/blib/lib/B/Walker.pm line 97
	B::Walker::walk_blocks() called at /cygdrive/e/opt/perl5/cygwin_nt-6.1/2.0.2/x86_64/cpan/5.22.0/cygwin/build/rpm-build-perl-0.82-V0DMm6/blib/lib/B/PerlReq.pm line 390
	B::PerlReq::__ANON__() called at (eval 2) line 31
	O::CHECK() called at -e line 0
	eval {...} called at -e line 0
Can't locate object method "sv" via package "B::METHOP" at /cygdrive/e/opt/perl5/cygwin_nt-6.1/2.0.2/x86_64/cpan/5.22.0/cygwin/build/rpm-build-perl-0.82-V0DMm6/blib/lib/B/Walker.pm line 25.
CHECK failed--call queue aborted.

#   Failed test at t/01-B-PerlReq.t line 68.
#          got: 'perl(Data/Dumper.pm) >= 2.0.998'
#     expected: ''
dying at -e line 1
 at /cygdrive/e/opt/perl5/cygwin_nt-6.1/2.0.2/x86_64/cpan/5.22.0/cygwin/build/rpm-build-perl-0.82-V0DMm6/blib/lib/B/PerlReq.pm line 388.
	B::PerlReq::__ANON__("Can't locate object method \"sv\" via package \"B::METHOP\" at /c"...) called at /cygdrive/e/opt/perl5/cygwin_nt-6.1/2.0.2/x86_64/cpan/5.22.0/cygwin/build/rpm-build-perl-0.82-V0DMm6/blib/lib/B/Walker.pm line 25
	B::Walker::const_sv(B::METHOP=SCALAR(0x600383ac8)) called at /cygdrive/e/opt/perl5/cygwin_nt-6.1/2.0.2/x86_64/cpan/5.22.0/cygwin/build/rpm-build-perl-0.82-V0DMm6/blib/lib/B/PerlReq.pm line 307
	B::PerlReq::grok_entersub(B::UNOP=SCALAR(0x600383a38)) called at /cygdrive/e/opt/perl5/cygwin_nt-6.1/2.0.2/x86_64/cpan/5.22.0/cygwin/build/rpm-build-perl-0.82-V0DMm6/blib/lib/B/Walker.pm line 56
	B::Walker::walk_root(B::UNOP=SCALAR(0x600383a38)) called at /cygdrive/e/opt/perl5/cygwin_nt-6.1/2.0.2/x86_64/cpan/5.22.0/cygwin/build/rpm-build-perl-0.82-V0DMm6/blib/lib/B/Walker.pm line 65
	B::Walker::walk_root(B::LISTOP=SCALAR(0x6003839c0)) called at /cygdrive/e/opt/perl5/cygwin_nt-6.1/2.0.2/x86_64/cpan/5.22.0/cygwin/build/rpm-build-perl-0.82-V0DMm6/blib/lib/B/Walker.pm line 65
	B::Walker::walk_root(B::LISTOP=SCALAR(0x60032d8b8)) called at /cygdrive/e/opt/perl5/cygwin_nt-6.1/2.0.2/x86_64/cpan/5.22.0/cygwin/build/rpm-build-perl-0.82-V0DMm6/blib/lib/B/Walker.pm line 65
	B::Walker::walk_root(B::UNOP=SCALAR(0x6002531f8)) called at /cygdrive/e/opt/perl5/cygwin_nt-6.1/2.0.2/x86_64/cpan/5.22.0/cygwin/build/rpm-build-perl-0.82-V0DMm6/blib/lib/B/Walker.pm line 91
	B::Walker::walk_cv(B::CV=SCALAR(0x600356d98)) called at /cygdrive/e/opt/perl5/cygwin_nt-6.1/2.0.2/x86_64/cpan/5.22.0/cygwin/build/rpm-build-perl-0.82-V0DMm6/blib/lib/B/Walker.pm line 77
	B::Walker::walk_av("BEGIN", B::AV=SCALAR(0x60006cd48)) called at /cygdrive/e/opt/perl5/cygwin_nt-6.1/2.0.2/x86_64/cpan/5.22.0/cygwin/build/rpm-build-perl-0.82-V0DMm6/blib/lib/B/Walker.pm line 97
	B::Walker::walk_blocks() called at /cygdrive/e/opt/perl5/cygwin_nt-6.1/2.0.2/x86_64/cpan/5.22.0/cygwin/build/rpm-build-perl-0.82-V0DMm6/blib/lib/B/PerlReq.pm line 390
	B::PerlReq::__ANON__() called at (eval 2) line 31
	O::CHECK() called at -e line 0
	eval {...} called at -e line 0
Can't locate object method "sv" via package "B::METHOP" at /cygdrive/e/opt/perl5/cygwin_nt-6.1/2.0.2/x86_64/cpan/5.22.0/cygwin/build/rpm-build-perl-0.82-V0DMm6/blib/lib/B/Walker.pm line 25.
CHECK failed--call queue aborted.

#   Failed test at t/01-B-PerlReq.t line 69.
#          got: 'perl(Data/Dumper.pm) >= 2.001'
#     expected: ''
dying at -e line 1
 at /cygdrive/e/opt/perl5/cygwin_nt-6.1/2.0.2/x86_64/cpan/5.22.0/cygwin/build/rpm-build-perl-0.82-V0DMm6/blib/lib/B/PerlReq.pm line 388.
	B::PerlReq::__ANON__("Can't locate object method \"sv\" via package \"B::METHOP\" at /c"...) called at /cygdrive/e/opt/perl5/cygwin_nt-6.1/2.0.2/x86_64/cpan/5.22.0/cygwin/build/rpm-build-perl-0.82-V0DMm6/blib/lib/B/Walker.pm line 25
	B::Walker::const_sv(B::METHOP=SCALAR(0x600383ab8)) called at /cygdrive/e/opt/perl5/cygwin_nt-6.1/2.0.2/x86_64/cpan/5.22.0/cygwin/build/rpm-build-perl-0.82-V0DMm6/blib/lib/B/PerlReq.pm line 307
	B::PerlReq::grok_entersub(B::UNOP=SCALAR(0x600383a28)) called at /cygdrive/e/opt/perl5/cygwin_nt-6.1/2.0.2/x86_64/cpan/5.22.0/cygwin/build/rpm-build-perl-0.82-V0DMm6/blib/lib/B/Walker.pm line 56
	B::Walker::walk_root(B::UNOP=SCALAR(0x600383a28)) called at /cygdrive/e/opt/perl5/cygwin_nt-6.1/2.0.2/x86_64/cpan/5.22.0/cygwin/build/rpm-build-perl-0.82-V0DMm6/blib/lib/B/Walker.pm line 65
	B::Walker::walk_root(B::LISTOP=SCALAR(0x6003839b0)) called at /cygdrive/e/opt/perl5/cygwin_nt-6.1/2.0.2/x86_64/cpan/5.22.0/cygwin/build/rpm-build-perl-0.82-V0DMm6/blib/lib/B/Walker.pm line 65
	B::Walker::walk_root(B::LISTOP=SCALAR(0x60032d8a8)) called at /cygdrive/e/opt/perl5/cygwin_nt-6.1/2.0.2/x86_64/cpan/5.22.0/cygwin/build/rpm-build-perl-0.82-V0DMm6/blib/lib/B/Walker.pm line 65
	B::Walker::walk_root(B::UNOP=SCALAR(0x6002531b8)) called at /cygdrive/e/opt/perl5/cygwin_nt-6.1/2.0.2/x86_64/cpan/5.22.0/cygwin/build/rpm-build-perl-0.82-V0DMm6/blib/lib/B/Walker.pm line 91
	B::Walker::walk_cv(B::CV=SCALAR(0x600356d88)) called at /cygdrive/e/opt/perl5/cygwin_nt-6.1/2.0.2/x86_64/cpan/5.22.0/cygwin/build/rpm-build-perl-0.82-V0DMm6/blib/lib/B/Walker.pm line 77
	B::Walker::walk_av("BEGIN", B::AV=SCALAR(0x60006cd38)) called at /cygdrive/e/opt/perl5/cygwin_nt-6.1/2.0.2/x86_64/cpan/5.22.0/cygwin/build/rpm-build-perl-0.82-V0DMm6/blib/lib/B/Walker.pm line 97
	B::Walker::walk_blocks() called at /cygdrive/e/opt/perl5/cygwin_nt-6.1/2.0.2/x86_64/cpan/5.22.0/cygwin/build/rpm-build-perl-0.82-V0DMm6/blib/lib/B/PerlReq.pm line 390
	B::PerlReq::__ANON__() called at (eval 2) line 31
	O::CHECK() called at -e line 0
	eval {...} called at -e line 0
Can't locate object method "sv" via package "B::METHOP" at /cygdrive/e/opt/perl5/cygwin_nt-6.1/2.0.2/x86_64/cpan/5.22.0/cygwin/build/rpm-build-perl-0.82-V0DMm6/blib/lib/B/Walker.pm line 25.
CHECK failed--call queue aborted.

#   Failed test at t/01-B-PerlReq.t line 70.
#          got: 'perl(Data/Dumper.pm) >= 2.010'
#     expected: ''
dying at -e line 1
 at /cygdrive/e/opt/perl5/cygwin_nt-6.1/2.0.2/x86_64/cpan/5.22.0/cygwin/build/rpm-build-perl-0.82-V0DMm6/blib/lib/B/PerlReq.pm line 388.
	B::PerlReq::__ANON__("Can't locate object method \"sv\" via package \"B::METHOP\" at /c"...) called at /cygdrive/e/opt/perl5/cygwin_nt-6.1/2.0.2/x86_64/cpan/5.22.0/cygwin/build/rpm-build-perl-0.82-V0DMm6/blib/lib/B/Walker.pm line 25
	B::Walker::const_sv(B::METHOP=SCALAR(0x600383b00)) called at /cygdrive/e/opt/perl5/cygwin_nt-6.1/2.0.2/x86_64/cpan/5.22.0/cygwin/build/rpm-build-perl-0.82-V0DMm6/blib/lib/B/PerlReq.pm line 307
	B::PerlReq::grok_entersub(B::UNOP=SCALAR(0x600383a70)) called at /cygdrive/e/opt/perl5/cygwin_nt-6.1/2.0.2/x86_64/cpan/5.22.0/cygwin/build/rpm-build-perl-0.82-V0DMm6/blib/lib/B/Walker.pm line 56
	B::Walker::walk_root(B::UNOP=SCALAR(0x600383a70)) called at /cygdrive/e/opt/perl5/cygwin_nt-6.1/2.0.2/x86_64/cpan/5.22.0/cygwin/build/rpm-build-perl-0.82-V0DMm6/blib/lib/B/Walker.pm line 65
	B::Walker::walk_root(B::LISTOP=SCALAR(0x6003839f8)) called at /cygdrive/e/opt/perl5/cygwin_nt-6.1/2.0.2/x86_64/cpan/5.22.0/cygwin/build/rpm-build-perl-0.82-V0DMm6/blib/lib/B/Walker.pm line 65
	B::Walker::walk_root(B::LISTOP=SCALAR(0x60032d890)) called at /cygdrive/e/opt/perl5/cygwin_nt-6.1/2.0.2/x86_64/cpan/5.22.0/cygwin/build/rpm-build-perl-0.82-V0DMm6/blib/lib/B/Walker.pm line 65
	B::Walker::walk_root(B::UNOP=SCALAR(0x6002af7a0)) called at /cygdrive/e/opt/perl5/cygwin_nt-6.1/2.0.2/x86_64/cpan/5.22.0/cygwin/build/rpm-build-perl-0.82-V0DMm6/blib/lib/B/Walker.pm line 91
	B::Walker::walk_cv(B::CV=SCALAR(0x600356b20)) called at /cygdrive/e/opt/perl5/cygwin_nt-6.1/2.0.2/x86_64/cpan/5.22.0/cygwin/build/rpm-build-perl-0.82-V0DMm6/blib/lib/B/Walker.pm line 77
	B::Walker::walk_av("BEGIN", B::AV=SCALAR(0x60006cd48)) called at /cygdrive/e/opt/perl5/cygwin_nt-6.1/2.0.2/x86_64/cpan/5.22.0/cygwin/build/rpm-build-perl-0.82-V0DMm6/blib/lib/B/Walker.pm line 97
	B::Walker::walk_blocks() called at /cygdrive/e/opt/perl5/cygwin_nt-6.1/2.0.2/x86_64/cpan/5.22.0/cygwin/build/rpm-build-perl-0.82-V0DMm6/blib/lib/B/PerlReq.pm line 390
	B::PerlReq::__ANON__() called at (eval 2) line 31
	O::CHECK() called at -e line 0
	eval {...} called at -e line 0
Can't locate object method "sv" via package "B::METHOP" at /cygdrive/e/opt/perl5/cygwin_nt-6.1/2.0.2/x86_64/cpan/5.22.0/cygwin/build/rpm-build-perl-0.82-V0DMm6/blib/lib/B/Walker.pm line 25.
CHECK failed--call queue aborted.

#   Failed test at t/01-B-PerlReq.t line 71.
#          got: 'perl(Data/Dumper.pm) >= 2.010'
#     expected: ''
dying at -e line 1
 at /cygdrive/e/opt/perl5/cygwin_nt-6.1/2.0.2/x86_64/cpan/5.22.0/cygwin/build/rpm-build-perl-0.82-V0DMm6/blib/lib/B/PerlReq.pm line 388.
	B::PerlReq::__ANON__("Can't locate object method \"sv\" via package \"B::METHOP\" at /c"...) called at /cygdrive/e/opt/perl5/cygwin_nt-6.1/2.0.2/x86_64/cpan/5.22.0/cygwin/build/rpm-build-perl-0.82-V0DMm6/blib/lib/B/Walker.pm line 25
	B::Walker::const_sv(B::METHOP=SCALAR(0x600383b88)) called at /cygdrive/e/opt/perl5/cygwin_nt-6.1/2.0.2/x86_64/cpan/5.22.0/cygwin/build/rpm-build-perl-0.82-V0DMm6/blib/lib/B/PerlReq.pm line 307
	B::PerlReq::grok_entersub(B::UNOP=SCALAR(0x600383af8)) called at /cygdrive/e/opt/perl5/cygwin_nt-6.1/2.0.2/x86_64/cpan/5.22.0/cygwin/build/rpm-build-perl-0.82-V0DMm6/blib/lib/B/Walker.pm line 56
	B::Walker::walk_root(B::UNOP=SCALAR(0x600383af8)) called at /cygdrive/e/opt/perl5/cygwin_nt-6.1/2.0.2/x86_64/cpan/5.22.0/cygwin/build/rpm-build-perl-0.82-V0DMm6/blib/lib/B/Walker.pm line 65
	B::Walker::walk_root(B::LISTOP=SCALAR(0x600383a80)) called at /cygdrive/e/opt/perl5/cygwin_nt-6.1/2.0.2/x86_64/cpan/5.22.0/cygwin/build/rpm-build-perl-0.82-V0DMm6/blib/lib/B/Walker.pm line 65
	B::Walker::walk_root(B::LISTOP=SCALAR(0x60032d8e8)) called at /cygdrive/e/opt/perl5/cygwin_nt-6.1/2.0.2/x86_64/cpan/5.22.0/cygwin/build/rpm-build-perl-0.82-V0DMm6/blib/lib/B/Walker.pm line 65
	B::Walker::walk_root(B::UNOP=SCALAR(0x6002af7f8)) called at /cygdrive/e/opt/perl5/cygwin_nt-6.1/2.0.2/x86_64/cpan/5.22.0/cygwin/build/rpm-build-perl-0.82-V0DMm6/blib/lib/B/Walker.pm line 91
	B::Walker::walk_cv(B::CV=SCALAR(0x600356b38)) called at /cygdrive/e/opt/perl5/cygwin_nt-6.1/2.0.2/x86_64/cpan/5.22.0/cygwin/build/rpm-build-perl-0.82-V0DMm6/blib/lib/B/Walker.pm line 77
	B::Walker::walk_av("BEGIN", B::AV=SCALAR(0x60006cd58)) called at /cygdrive/e/opt/perl5/cygwin_nt-6.1/2.0.2/x86_64/cpan/5.22.0/cygwin/build/rpm-build-perl-0.82-V0DMm6/blib/lib/B/Walker.pm line 97
	B::Walker::walk_blocks() called at /cygdrive/e/opt/perl5/cygwin_nt-6.1/2.0.2/x86_64/cpan/5.22.0/cygwin/build/rpm-build-perl-0.82-V0DMm6/blib/lib/B/PerlReq.pm line 390
	B::PerlReq::__ANON__() called at (eval 2) line 31
	O::CHECK() called at -e line 0
	eval {...} called at -e line 0
Can't locate object method "sv" via package "B::METHOP" at /cygdrive/e/opt/perl5/cygwin_nt-6.1/2.0.2/x86_64/cpan/5.22.0/cygwin/build/rpm-build-perl-0.82-V0DMm6/blib/lib/B/Walker.pm line 25.
CHECK failed--call queue aborted.

#   Failed test at t/01-B-PerlReq.t line 72.
#          got: 'perl(Data/Dumper.pm) >= 2.010'
#     expected: ''
dying at -e line 1
 at /cygdrive/e/opt/perl5/cygwin_nt-6.1/2.0.2/x86_64/cpan/5.22.0/cygwin/build/rpm-build-perl-0.82-V0DMm6/blib/lib/B/PerlReq.pm line 388.
	B::PerlReq::__ANON__("Can't locate object method \"sv\" via package \"B::METHOP\" at /c"...) called at /cygdrive/e/opt/perl5/cygwin_nt-6.1/2.0.2/x86_64/cpan/5.22.0/cygwin/build/rpm-build-perl-0.82-V0DMm6/blib/lib/B/Walker.pm line 25
	B::Walker::const_sv(B::METHOP=SCALAR(0x6003850c0)) called at /cygdrive/e/opt/perl5/cygwin_nt-6.1/2.0.2/x86_64/cpan/5.22.0/cygwin/build/rpm-build-perl-0.82-V0DMm6/blib/lib/B/PerlReq.pm line 307
	B::PerlReq::grok_entersub(B::UNOP=SCALAR(0x600385090)) called at /cygdrive/e/opt/perl5/cygwin_nt-6.1/2.0.2/x86_64/cpan/5.22.0/cygwin/build/rpm-build-perl-0.82-V0DMm6/blib/lib/B/Walker.pm line 56
	B::Walker::walk_root(B::UNOP=SCALAR(0x600385090)) called at /cygdrive/e/opt/perl5/cygwin_nt-6.1/2.0.2/x86_64/cpan/5.22.0/cygwin/build/rpm-build-perl-0.82-V0DMm6/blib/lib/B/Walker.pm line 65
	B::Walker::walk_root(B::LISTOP=SCALAR(0x600385000)) called at /cygdrive/e/opt/perl5/cygwin_nt-6.1/2.0.2/x86_64/cpan/5.22.0/cygwin/build/rpm-build-perl-0.82-V0DMm6/blib/lib/B/Walker.pm line 65
	B::Walker::walk_root(B::LISTOP=SCALAR(0x600384628)) called at /cygdrive/e/opt/perl5/cygwin_nt-6.1/2.0.2/x86_64/cpan/5.22.0/cygwin/build/rpm-build-perl-0.82-V0DMm6/blib/lib/B/Walker.pm line 65
	B::Walker::walk_root(B::UNOP=SCALAR(0x600384568)) called at /cygdrive/e/opt/perl5/cygwin_nt-6.1/2.0.2/x86_64/cpan/5.22.0/cygwin/build/rpm-build-perl-0.82-V0DMm6/blib/lib/B/Walker.pm line 91
	B::Walker::walk_cv(B::CV=SCALAR(0x6003c2140)) called at /cygdrive/e/opt/perl5/cygwin_nt-6.1/2.0.2/x86_64/cpan/5.22.0/cygwin/build/rpm-build-perl-0.82-V0DMm6/blib/lib/B/Walker.pm line 77
	B::Walker::walk_av("BEGIN", B::AV=SCALAR(0x60006cd48)) called at /cygdrive/e/opt/perl5/cygwin_nt-6.1/2.0.2/x86_64/cpan/5.22.0/cygwin/build/rpm-build-perl-0.82-V0DMm6/blib/lib/B/Walker.pm line 97
	B::Walker::walk_blocks() called at /cygdrive/e/opt/perl5/cygwin_nt-6.1/2.0.2/x86_64/cpan/5.22.0/cygwin/build/rpm-build-perl-0.82-V0DMm6/blib/lib/B/PerlReq.pm line 390
	B::PerlReq::__ANON__() called at (eval 2) line 31
	O::CHECK() called at -e line 0
	eval {...} called at -e line 0
Can't locate object method "sv" via package "B::METHOP" at /cygdrive/e/opt/perl5/cygwin_nt-6.1/2.0.2/x86_64/cpan/5.22.0/cygwin/build/rpm-build-perl-0.82-V0DMm6/blib/lib/B/Walker.pm line 25.
CHECK failed--call queue aborted.

#   Failed test at t/01-B-PerlReq.t line 73.
#          got: 'perl(Data/Dumper.pm) >= 2.010'
#     expected: ''
dying at -e line 1
 at /cygdrive/e/opt/perl5/cygwin_nt-6.1/2.0.2/x86_64/cpan/5.22.0/cygwin/build/rpm-build-perl-0.82-V0DMm6/blib/lib/B/PerlReq.pm line 388.
	B::PerlReq::__ANON__("Can't locate object method \"sv\" via package \"B::METHOP\" at /c"...) called at /cygdrive/e/opt/perl5/cygwin_nt-6.1/2.0.2/x86_64/cpan/5.22.0/cygwin/build/rpm-build-perl-0.82-V0DMm6/blib/lib/B/Walker.pm line 25
	B::Walker::const_sv(B::METHOP=SCALAR(0x6003850e8)) called at /cygdrive/e/opt/perl5/cygwin_nt-6.1/2.0.2/x86_64/cpan/5.22.0/cygwin/build/rpm-build-perl-0.82-V0DMm6/blib/lib/B/PerlReq.pm line 307
	B::PerlReq::grok_entersub(B::UNOP=SCALAR(0x6003850b8)) called at /cygdrive/e/opt/perl5/cygwin_nt-6.1/2.0.2/x86_64/cpan/5.22.0/cygwin/build/rpm-build-perl-0.82-V0DMm6/blib/lib/B/Walker.pm line 56
	B::Walker::walk_root(B::UNOP=SCALAR(0x6003850b8)) called at /cygdrive/e/opt/perl5/cygwin_nt-6.1/2.0.2/x86_64/cpan/5.22.0/cygwin/build/rpm-build-perl-0.82-V0DMm6/blib/lib/B/Walker.pm line 65
	B::Walker::walk_root(B::LISTOP=SCALAR(0x600385028)) called at /cygdrive/e/opt/perl5/cygwin_nt-6.1/2.0.2/x86_64/cpan/5.22.0/cygwin/build/rpm-build-perl-0.82-V0DMm6/blib/lib/B/Walker.pm line 65
	B::Walker::walk_root(B::LISTOP=SCALAR(0x600384650)) called at /cygdrive/e/opt/perl5/cygwin_nt-6.1/2.0.2/x86_64/cpan/5.22.0/cygwin/build/rpm-build-perl-0.82-V0DMm6/blib/lib/B/Walker.pm line 65
	B::Walker::walk_root(B::UNOP=SCALAR(0x600384590)) called at /cygdrive/e/opt/perl5/cygwin_nt-6.1/2.0.2/x86_64/cpan/5.22.0/cygwin/build/rpm-build-perl-0.82-V0DMm6/blib/lib/B/Walker.pm line 91
	B::Walker::walk_cv(B::CV=SCALAR(0x6003c23e8)) called at /cygdrive/e/opt/perl5/cygwin_nt-6.1/2.0.2/x86_64/cpan/5.22.0/cygwin/build/rpm-build-perl-0.82-V0DMm6/blib/lib/B/Walker.pm line 77
	B::Walker::walk_av("BEGIN", B::AV=SCALAR(0x60006cd58)) called at /cygdrive/e/opt/perl5/cygwin_nt-6.1/2.0.2/x86_64/cpan/5.22.0/cygwin/build/rpm-build-perl-0.82-V0DMm6/blib/lib/B/Walker.pm line 97
	B::Walker::walk_blocks() called at /cygdrive/e/opt/perl5/cygwin_nt-6.1/2.0.2/x86_64/cpan/5.22.0/cygwin/build/rpm-build-perl-0.82-V0DMm6/blib/lib/B/PerlReq.pm line 390
	B::PerlReq::__ANON__() called at (eval 2) line 31
	O::CHECK() called at -e line 0
	eval {...} called at -e line 0
Can't locate object method "sv" via package "B::METHOP" at /cygdrive/e/opt/perl5/cygwin_nt-6.1/2.0.2/x86_64/cpan/5.22.0/cygwin/build/rpm-build-perl-0.82-V0DMm6/blib/lib/B/Walker.pm line 25.
CHECK failed--call queue aborted.

#   Failed test at t/01-B-PerlReq.t line 74.
#          got: 'perl(Data/Dumper.pm) >= 2.010'
#     expected: ''
dying at -e line 1
 at /cygdrive/e/opt/perl5/cygwin_nt-6.1/2.0.2/x86_64/cpan/5.22.0/cygwin/build/rpm-build-perl-0.82-V0DMm6/blib/lib/B/PerlReq.pm line 388.
	B::PerlReq::__ANON__("Can't locate object method \"sv\" via package \"B::METHOP\" at /c"...) called at /cygdrive/e/opt/perl5/cygwin_nt-6.1/2.0.2/x86_64/cpan/5.22.0/cygwin/build/rpm-build-perl-0.82-V0DMm6/blib/lib/B/Walker.pm line 25
	B::Walker::const_sv(B::METHOP=SCALAR(0x600383ac8)) called at /cygdrive/e/opt/perl5/cygwin_nt-6.1/2.0.2/x86_64/cpan/5.22.0/cygwin/build/rpm-build-perl-0.82-V0DMm6/blib/lib/B/PerlReq.pm line 307
	B::PerlReq::grok_entersub(B::UNOP=SCALAR(0x600383a38)) called at /cygdrive/e/opt/perl5/cygwin_nt-6.1/2.0.2/x86_64/cpan/5.22.0/cygwin/build/rpm-build-perl-0.82-V0DMm6/blib/lib/B/Walker.pm line 56
	B::Walker::walk_root(B::UNOP=SCALAR(0x600383a38)) called at /cygdrive/e/opt/perl5/cygwin_nt-6.1/2.0.2/x86_64/cpan/5.22.0/cygwin/build/rpm-build-perl-0.82-V0DMm6/blib/lib/B/Walker.pm line 65
	B::Walker::walk_root(B::LISTOP=SCALAR(0x6003839c0)) called at /cygdrive/e/opt/perl5/cygwin_nt-6.1/2.0.2/x86_64/cpan/5.22.0/cygwin/build/rpm-build-perl-0.82-V0DMm6/blib/lib/B/Walker.pm line 65
	B::Walker::walk_root(B::LISTOP=SCALAR(0x60032d8b8)) called at /cygdrive/e/opt/perl5/cygwin_nt-6.1/2.0.2/x86_64/cpan/5.22.0/cygwin/build/rpm-build-perl-0.82-V0DMm6/blib/lib/B/Walker.pm line 65
	B::Walker::walk_root(B::UNOP=SCALAR(0x6002531f8)) called at /cygdrive/e/opt/perl5/cygwin_nt-6.1/2.0.2/x86_64/cpan/5.22.0/cygwin/build/rpm-build-perl-0.82-V0DMm6/blib/lib/B/Walker.pm line 91
	B::Walker::walk_cv(B::CV=SCALAR(0x600356d98)) called at /cygdrive/e/opt/perl5/cygwin_nt-6.1/2.0.2/x86_64/cpan/5.22.0/cygwin/build/rpm-build-perl-0.82-V0DMm6/blib/lib/B/Walker.pm line 77
	B::Walker::walk_av("BEGIN", B::AV=SCALAR(0x60006cd48)) called at /cygdrive/e/opt/perl5/cygwin_nt-6.1/2.0.2/x86_64/cpan/5.22.0/cygwin/build/rpm-build-perl-0.82-V0DMm6/blib/lib/B/Walker.pm line 97
	B::Walker::walk_blocks() called at /cygdrive/e/opt/perl5/cygwin_nt-6.1/2.0.2/x86_64/cpan/5.22.0/cygwin/build/rpm-build-perl-0.82-V0DMm6/blib/lib/B/PerlReq.pm line 390
	B::PerlReq::__ANON__() called at (eval 2) line 31
	O::CHECK() called at -e line 0
	eval {...} called at -e line 0
Can't locate object method "sv" via package "B::METHOP" at /cygdrive/e/opt/perl5/cygwin_nt-6.1/2.0.2/x86_64/cpan/5.22.0/cygwin/build/rpm-build-perl-0.82-V0DMm6/blib/lib/B/Walker.pm line 25.
CHECK failed--call queue aborted.

#   Failed test at t/01-B-PerlReq.t line 75.
#          got: 'perl(Data/Dumper.pm) >= 2.012'
#     expected: ''
dying at -e line 1
 at /cygdrive/e/opt/perl5/cygwin_nt-6.1/2.0.2/x86_64/cpan/5.22.0/cygwin/build/rpm-build-perl-0.82-V0DMm6/blib/lib/B/PerlReq.pm line 388.
	B::PerlReq::__ANON__("Can't locate object method \"sv\" via package \"B::METHOP\" at /c"...) called at /cygdrive/e/opt/perl5/cygwin_nt-6.1/2.0.2/x86_64/cpan/5.22.0/cygwin/build/rpm-build-perl-0.82-V0DMm6/blib/lib/B/Walker.pm line 25
	B::Walker::const_sv(B::METHOP=SCALAR(0x600383ac8)) called at /cygdrive/e/opt/perl5/cygwin_nt-6.1/2.0.2/x86_64/cpan/5.22.0/cygwin/build/rpm-build-perl-0.82-V0DMm6/blib/lib/B/PerlReq.pm line 307
	B::PerlReq::grok_entersub(B::UNOP=SCALAR(0x600383a38)) called at /cygdrive/e/opt/perl5/cygwin_nt-6.1/2.0.2/x86_64/cpan/5.22.0/cygwin/build/rpm-build-perl-0.82-V0DMm6/blib/lib/B/Walker.pm line 56
	B::Walker::walk_root(B::UNOP=SCALAR(0x600383a38)) called at /cygdrive/e/opt/perl5/cygwin_nt-6.1/2.0.2/x86_64/cpan/5.22.0/cygwin/build/rpm-build-perl-0.82-V0DMm6/blib/lib/B/Walker.pm line 65
	B::Walker::walk_root(B::LISTOP=SCALAR(0x6003839c0)) called at /cygdrive/e/opt/perl5/cygwin_nt-6.1/2.0.2/x86_64/cpan/5.22.0/cygwin/build/rpm-build-perl-0.82-V0DMm6/blib/lib/B/Walker.pm line 65
	B::Walker::walk_root(B::LISTOP=SCALAR(0x60032d8b8)) called at /cygdrive/e/opt/perl5/cygwin_nt-6.1/2.0.2/x86_64/cpan/5.22.0/cygwin/build/rpm-build-perl-0.82-V0DMm6/blib/lib/B/Walker.pm line 65
	B::Walker::walk_root(B::UNOP=SCALAR(0x6002531f8)) called at /cygdrive/e/opt/perl5/cygwin_nt-6.1/2.0.2/x86_64/cpan/5.22.0/cygwin/build/rpm-build-perl-0.82-V0DMm6/blib/lib/B/Walker.pm line 91
	B::Walker::walk_cv(B::CV=SCALAR(0x600356d98)) called at /cygdrive/e/opt/perl5/cygwin_nt-6.1/2.0.2/x86_64/cpan/5.22.0/cygwin/build/rpm-build-perl-0.82-V0DMm6/blib/lib/B/Walker.pm line 77
	B::Walker::walk_av("BEGIN", B::AV=SCALAR(0x60006cd48)) called at /cygdrive/e/opt/perl5/cygwin_nt-6.1/2.0.2/x86_64/cpan/5.22.0/cygwin/build/rpm-build-perl-0.82-V0DMm6/blib/lib/B/Walker.pm line 97
	B::Walker::walk_blocks() called at /cygdrive/e/opt/perl5/cygwin_nt-6.1/2.0.2/x86_64/cpan/5.22.0/cygwin/build/rpm-build-perl-0.82-V0DMm6/blib/lib/B/PerlReq.pm line 390
	B::PerlReq::__ANON__() called at (eval 2) line 31
	O::CHECK() called at -e line 0
	eval {...} called at -e line 0
Can't locate object method "sv" via package "B::METHOP" at /cygdrive/e/opt/perl5/cygwin_nt-6.1/2.0.2/x86_64/cpan/5.22.0/cygwin/build/rpm-build-perl-0.82-V0DMm6/blib/lib/B/Walker.pm line 25.
CHECK failed--call queue aborted.

#   Failed test at t/01-B-PerlReq.t line 76.
#          got: 'perl(Data/Dumper.pm) >= 2.019.900'
#     expected: ''
dying at -e line 1
 at /cygdrive/e/opt/perl5/cygwin_nt-6.1/2.0.2/x86_64/cpan/5.22.0/cygwin/build/rpm-build-perl-0.82-V0DMm6/blib/lib/B/PerlReq.pm line 388.
	B::PerlReq::__ANON__("Can't locate object method \"sv\" via package \"B::METHOP\" at /c"...) called at /cygdrive/e/opt/perl5/cygwin_nt-6.1/2.0.2/x86_64/cpan/5.22.0/cygwin/build/rpm-build-perl-0.82-V0DMm6/blib/lib/B/Walker.pm line 25
	B::Walker::const_sv(B::METHOP=SCALAR(0x600383b28)) called at /cygdrive/e/opt/perl5/cygwin_nt-6.1/2.0.2/x86_64/cpan/5.22.0/cygwin/build/rpm-build-perl-0.82-V0DMm6/blib/lib/B/PerlReq.pm line 307
	B::PerlReq::grok_entersub(B::UNOP=SCALAR(0x600383a98)) called at /cygdrive/e/opt/perl5/cygwin_nt-6.1/2.0.2/x86_64/cpan/5.22.0/cygwin/build/rpm-build-perl-0.82-V0DMm6/blib/lib/B/Walker.pm line 56
	B::Walker::walk_root(B::UNOP=SCALAR(0x600383a98)) called at /cygdrive/e/opt/perl5/cygwin_nt-6.1/2.0.2/x86_64/cpan/5.22.0/cygwin/build/rpm-build-perl-0.82-V0DMm6/blib/lib/B/Walker.pm line 65
	B::Walker::walk_root(B::LISTOP=SCALAR(0x600383a20)) called at /cygdrive/e/opt/perl5/cygwin_nt-6.1/2.0.2/x86_64/cpan/5.22.0/cygwin/build/rpm-build-perl-0.82-V0DMm6/blib/lib/B/Walker.pm line 65
	B::Walker::walk_root(B::LISTOP=SCALAR(0x60032d918)) called at /cygdrive/e/opt/perl5/cygwin_nt-6.1/2.0.2/x86_64/cpan/5.22.0/cygwin/build/rpm-build-perl-0.82-V0DMm6/blib/lib/B/Walker.pm line 65
	B::Walker::walk_root(B::UNOP=SCALAR(0x6002531e8)) called at /cygdrive/e/opt/perl5/cygwin_nt-6.1/2.0.2/x86_64/cpan/5.22.0/cygwin/build/rpm-build-perl-0.82-V0DMm6/blib/lib/B/Walker.pm line 91
	B::Walker::walk_cv(B::CV=SCALAR(0x600356df8)) called at /cygdrive/e/opt/perl5/cygwin_nt-6.1/2.0.2/x86_64/cpan/5.22.0/cygwin/build/rpm-build-perl-0.82-V0DMm6/blib/lib/B/Walker.pm line 77
	B::Walker::walk_av("BEGIN", B::AV=SCALAR(0x60006cd38)) called at /cygdrive/e/opt/perl5/cygwin_nt-6.1/2.0.2/x86_64/cpan/5.22.0/cygwin/build/rpm-build-perl-0.82-V0DMm6/blib/lib/B/Walker.pm line 97
	B::Walker::walk_blocks() called at /cygdrive/e/opt/perl5/cygwin_nt-6.1/2.0.2/x86_64/cpan/5.22.0/cygwin/build/rpm-build-perl-0.82-V0DMm6/blib/lib/B/PerlReq.pm line 390
	B::PerlReq::__ANON__() called at (eval 2) line 31
	O::CHECK() called at -e line 0
	eval {...} called at -e line 0
Can't locate object method "sv" via package "B::METHOP" at /cygdrive/e/opt/perl5/cygwin_nt-6.1/2.0.2/x86_64/cpan/5.22.0/cygwin/build/rpm-build-perl-0.82-V0DMm6/blib/lib/B/Walker.pm line 25.
CHECK failed--call queue aborted.

#   Failed test at t/01-B-PerlReq.t line 77.
#          got: 'perl(Data/Dumper.pm) >= 2.0'
#     expected: ''
dying at -e line 1
 at /cygdrive/e/opt/perl5/cygwin_nt-6.1/2.0.2/x86_64/cpan/5.22.0/cygwin/build/rpm-build-perl-0.82-V0DMm6/blib/lib/B/PerlReq.pm line 388.
	B::PerlReq::__ANON__("Can't locate object method \"sv\" via package \"B::METHOP\" at /c"...) called at /cygdrive/e/opt/perl5/cygwin_nt-6.1/2.0.2/x86_64/cpan/5.22.0/cygwin/build/rpm-build-perl-0.82-V0DMm6/blib/lib/B/Walker.pm line 25
	B::Walker::const_sv(B::METHOP=SCALAR(0x600383b28)) called at /cygdrive/e/opt/perl5/cygwin_nt-6.1/2.0.2/x86_64/cpan/5.22.0/cygwin/build/rpm-build-perl-0.82-V0DMm6/blib/lib/B/PerlReq.pm line 307
	B::PerlReq::grok_entersub(B::UNOP=SCALAR(0x600383a98)) called at /cygdrive/e/opt/perl5/cygwin_nt-6.1/2.0.2/x86_64/cpan/5.22.0/cygwin/build/rpm-build-perl-0.82-V0DMm6/blib/lib/B/Walker.pm line 56
	B::Walker::walk_root(B::UNOP=SCALAR(0x600383a98)) called at /cygdrive/e/opt/perl5/cygwin_nt-6.1/2.0.2/x86_64/cpan/5.22.0/cygwin/build/rpm-build-perl-0.82-V0DMm6/blib/lib/B/Walker.pm line 65
	B::Walker::walk_root(B::LISTOP=SCALAR(0x600383a20)) called at /cygdrive/e/opt/perl5/cygwin_nt-6.1/2.0.2/x86_64/cpan/5.22.0/cygwin/build/rpm-build-perl-0.82-V0DMm6/blib/lib/B/Walker.pm line 65
	B::Walker::walk_root(B::LISTOP=SCALAR(0x60032d918)) called at /cygdrive/e/opt/perl5/cygwin_nt-6.1/2.0.2/x86_64/cpan/5.22.0/cygwin/build/rpm-build-perl-0.82-V0DMm6/blib/lib/B/Walker.pm line 65
	B::Walker::walk_root(B::UNOP=SCALAR(0x6002531e8)) called at /cygdrive/e/opt/perl5/cygwin_nt-6.1/2.0.2/x86_64/cpan/5.22.0/cygwin/build/rpm-build-perl-0.82-V0DMm6/blib/lib/B/Walker.pm line 91
	B::Walker::walk_cv(B::CV=SCALAR(0x600356df8)) called at /cygdrive/e/opt/perl5/cygwin_nt-6.1/2.0.2/x86_64/cpan/5.22.0/cygwin/build/rpm-build-perl-0.82-V0DMm6/blib/lib/B/Walker.pm line 77
	B::Walker::walk_av("BEGIN", B::AV=SCALAR(0x60006cd38)) called at /cygdrive/e/opt/perl5/cygwin_nt-6.1/2.0.2/x86_64/cpan/5.22.0/cygwin/build/rpm-build-perl-0.82-V0DMm6/blib/lib/B/Walker.pm line 97
	B::Walker::walk_blocks() called at /cygdrive/e/opt/perl5/cygwin_nt-6.1/2.0.2/x86_64/cpan/5.22.0/cygwin/build/rpm-build-perl-0.82-V0DMm6/blib/lib/B/PerlReq.pm line 390
	B::PerlReq::__ANON__() called at (eval 2) line 31
	O::CHECK() called at -e line 0
	eval {...} called at -e line 0
Can't locate object method "sv" via package "B::METHOP" at /cygdrive/e/opt/perl5/cygwin_nt-6.1/2.0.2/x86_64/cpan/5.22.0/cygwin/build/rpm-build-perl-0.82-V0DMm6/blib/lib/B/Walker.pm line 25.
CHECK failed--call queue aborted.

#   Failed test at t/01-B-PerlReq.t line 78.
#          got: 'perl(Data/Dumper.pm) >= 2.0'
#     expected: ''
dying at -e line 1
 at /cygdrive/e/opt/perl5/cygwin_nt-6.1/2.0.2/x86_64/cpan/5.22.0/cygwin/build/rpm-build-perl-0.82-V0DMm6/blib/lib/B/PerlReq.pm line 388.
	B::PerlReq::__ANON__("Can't locate object method \"sv\" via package \"B::METHOP\" at /c"...) called at /cygdrive/e/opt/perl5/cygwin_nt-6.1/2.0.2/x86_64/cpan/5.22.0/cygwin/build/rpm-build-perl-0.82-V0DMm6/blib/lib/B/Walker.pm line 25
	B::Walker::const_sv(B::METHOP=SCALAR(0x600383b38)) called at /cygdrive/e/opt/perl5/cygwin_nt-6.1/2.0.2/x86_64/cpan/5.22.0/cygwin/build/rpm-build-perl-0.82-V0DMm6/blib/lib/B/PerlReq.pm line 307
	B::PerlReq::grok_entersub(B::UNOP=SCALAR(0x600383aa8)) called at /cygdrive/e/opt/perl5/cygwin_nt-6.1/2.0.2/x86_64/cpan/5.22.0/cygwin/build/rpm-build-perl-0.82-V0DMm6/blib/lib/B/Walker.pm line 56
	B::Walker::walk_root(B::UNOP=SCALAR(0x600383aa8)) called at /cygdrive/e/opt/perl5/cygwin_nt-6.1/2.0.2/x86_64/cpan/5.22.0/cygwin/build/rpm-build-perl-0.82-V0DMm6/blib/lib/B/Walker.pm line 65
	B::Walker::walk_root(B::LISTOP=SCALAR(0x600383a30)) called at /cygdrive/e/opt/perl5/cygwin_nt-6.1/2.0.2/x86_64/cpan/5.22.0/cygwin/build/rpm-build-perl-0.82-V0DMm6/blib/lib/B/Walker.pm line 65
	B::Walker::walk_root(B::LISTOP=SCALAR(0x60032d928)) called at /cygdrive/e/opt/perl5/cygwin_nt-6.1/2.0.2/x86_64/cpan/5.22.0/cygwin/build/rpm-build-perl-0.82-V0DMm6/blib/lib/B/Walker.pm line 65
	B::Walker::walk_root(B::UNOP=SCALAR(0x6002531c8)) called at /cygdrive/e/opt/perl5/cygwin_nt-6.1/2.0.2/x86_64/cpan/5.22.0/cygwin/build/rpm-build-perl-0.82-V0DMm6/blib/lib/B/Walker.pm line 91
	B::Walker::walk_cv(B::CV=SCALAR(0x600356e08)) called at /cygdrive/e/opt/perl5/cygwin_nt-6.1/2.0.2/x86_64/cpan/5.22.0/cygwin/build/rpm-build-perl-0.82-V0DMm6/blib/lib/B/Walker.pm line 77
	B::Walker::walk_av("BEGIN", B::AV=SCALAR(0x60006cd48)) called at /cygdrive/e/opt/perl5/cygwin_nt-6.1/2.0.2/x86_64/cpan/5.22.0/cygwin/build/rpm-build-perl-0.82-V0DMm6/blib/lib/B/Walker.pm line 97
	B::Walker::walk_blocks() called at /cygdrive/e/opt/perl5/cygwin_nt-6.1/2.0.2/x86_64/cpan/5.22.0/cygwin/build/rpm-build-perl-0.82-V0DMm6/blib/lib/B/PerlReq.pm line 390
	B::PerlReq::__ANON__() called at (eval 2) line 31
	O::CHECK() called at -e line 0
	eval {...} called at -e line 0
Can't locate object method "sv" via package "B::METHOP" at /cygdrive/e/opt/perl5/cygwin_nt-6.1/2.0.2/x86_64/cpan/5.22.0/cygwin/build/rpm-build-perl-0.82-V0DMm6/blib/lib/B/Walker.pm line 25.
CHECK failed--call queue aborted.

#   Failed test at t/01-B-PerlReq.t line 79.
#          got: 'perl(Data/Dumper.pm) >= 2.0.998'
#     expected: ''
dying at -e line 1
 at /cygdrive/e/opt/perl5/cygwin_nt-6.1/2.0.2/x86_64/cpan/5.22.0/cygwin/build/rpm-build-perl-0.82-V0DMm6/blib/lib/B/PerlReq.pm line 388.
	B::PerlReq::__ANON__("Can't locate object method \"sv\" via package \"B::METHOP\" at /c"...) called at /cygdrive/e/opt/perl5/cygwin_nt-6.1/2.0.2/x86_64/cpan/5.22.0/cygwin/build/rpm-build-perl-0.82-V0DMm6/blib/lib/B/Walker.pm line 25
	B::Walker::const_sv(B::METHOP=SCALAR(0x600383b38)) called at /cygdrive/e/opt/perl5/cygwin_nt-6.1/2.0.2/x86_64/cpan/5.22.0/cygwin/build/rpm-build-perl-0.82-V0DMm6/blib/lib/B/PerlReq.pm line 307
	B::PerlReq::grok_entersub(B::UNOP=SCALAR(0x600383aa8)) called at /cygdrive/e/opt/perl5/cygwin_nt-6.1/2.0.2/x86_64/cpan/5.22.0/cygwin/build/rpm-build-perl-0.82-V0DMm6/blib/lib/B/Walker.pm line 56
	B::Walker::walk_root(B::UNOP=SCALAR(0x600383aa8)) called at /cygdrive/e/opt/perl5/cygwin_nt-6.1/2.0.2/x86_64/cpan/5.22.0/cygwin/build/rpm-build-perl-0.82-V0DMm6/blib/lib/B/Walker.pm line 65
	B::Walker::walk_root(B::LISTOP=SCALAR(0x600383a30)) called at /cygdrive/e/opt/perl5/cygwin_nt-6.1/2.0.2/x86_64/cpan/5.22.0/cygwin/build/rpm-build-perl-0.82-V0DMm6/blib/lib/B/Walker.pm line 65
	B::Walker::walk_root(B::LISTOP=SCALAR(0x60032d928)) called at /cygdrive/e/opt/perl5/cygwin_nt-6.1/2.0.2/x86_64/cpan/5.22.0/cygwin/build/rpm-build-perl-0.82-V0DMm6/blib/lib/B/Walker.pm line 65
	B::Walker::walk_root(B::UNOP=SCALAR(0x6002531c8)) called at /cygdrive/e/opt/perl5/cygwin_nt-6.1/2.0.2/x86_64/cpan/5.22.0/cygwin/build/rpm-build-perl-0.82-V0DMm6/blib/lib/B/Walker.pm line 91
	B::Walker::walk_cv(B::CV=SCALAR(0x600356e08)) called at /cygdrive/e/opt/perl5/cygwin_nt-6.1/2.0.2/x86_64/cpan/5.22.0/cygwin/build/rpm-build-perl-0.82-V0DMm6/blib/lib/B/Walker.pm line 77
	B::Walker::walk_av("BEGIN", B::AV=SCALAR(0x60006cd48)) called at /cygdrive/e/opt/perl5/cygwin_nt-6.1/2.0.2/x86_64/cpan/5.22.0/cygwin/build/rpm-build-perl-0.82-V0DMm6/blib/lib/B/Walker.pm line 97
	B::Walker::walk_blocks() called at /cygdrive/e/opt/perl5/cygwin_nt-6.1/2.0.2/x86_64/cpan/5.22.0/cygwin/build/rpm-build-perl-0.82-V0DMm6/blib/lib/B/PerlReq.pm line 390
	B::PerlReq::__ANON__() called at (eval 2) line 31
	O::CHECK() called at -e line 0
	eval {...} called at -e line 0
Can't locate object method "sv" via package "B::METHOP" at /cygdrive/e/opt/perl5/cygwin_nt-6.1/2.0.2/x86_64/cpan/5.22.0/cygwin/build/rpm-build-perl-0.82-V0DMm6/blib/lib/B/Walker.pm line 25.
CHECK failed--call queue aborted.

#   Failed test at t/01-B-PerlReq.t line 80.
#          got: 'perl(Data/Dumper.pm) >= 2.0.999'
#     expected: ''
dying at -e line 1
 at /cygdrive/e/opt/perl5/cygwin_nt-6.1/2.0.2/x86_64/cpan/5.22.0/cygwin/build/rpm-build-perl-0.82-V0DMm6/blib/lib/B/PerlReq.pm line 388.
	B::PerlReq::__ANON__("Can't locate object method \"sv\" via package \"B::METHOP\" at /c"...) called at /cygdrive/e/opt/perl5/cygwin_nt-6.1/2.0.2/x86_64/cpan/5.22.0/cygwin/build/rpm-build-perl-0.82-V0DMm6/blib/lib/B/Walker.pm line 25
	B::Walker::const_sv(B::METHOP=SCALAR(0x600383b38)) called at /cygdrive/e/opt/perl5/cygwin_nt-6.1/2.0.2/x86_64/cpan/5.22.0/cygwin/build/rpm-build-perl-0.82-V0DMm6/blib/lib/B/PerlReq.pm line 307
	B::PerlReq::grok_entersub(B::UNOP=SCALAR(0x600383aa8)) called at /cygdrive/e/opt/perl5/cygwin_nt-6.1/2.0.2/x86_64/cpan/5.22.0/cygwin/build/rpm-build-perl-0.82-V0DMm6/blib/lib/B/Walker.pm line 56
	B::Walker::walk_root(B::UNOP=SCALAR(0x600383aa8)) called at /cygdrive/e/opt/perl5/cygwin_nt-6.1/2.0.2/x86_64/cpan/5.22.0/cygwin/build/rpm-build-perl-0.82-V0DMm6/blib/lib/B/Walker.pm line 65
	B::Walker::walk_root(B::LISTOP=SCALAR(0x600383a30)) called at /cygdrive/e/opt/perl5/cygwin_nt-6.1/2.0.2/x86_64/cpan/5.22.0/cygwin/build/rpm-build-perl-0.82-V0DMm6/blib/lib/B/Walker.pm line 65
	B::Walker::walk_root(B::LISTOP=SCALAR(0x60032d928)) called at /cygdrive/e/opt/perl5/cygwin_nt-6.1/2.0.2/x86_64/cpan/5.22.0/cygwin/build/rpm-build-perl-0.82-V0DMm6/blib/lib/B/Walker.pm line 65
	B::Walker::walk_root(B::UNOP=SCALAR(0x6002531f8)) called at /cygdrive/e/opt/perl5/cygwin_nt-6.1/2.0.2/x86_64/cpan/5.22.0/cygwin/build/rpm-build-perl-0.82-V0DMm6/blib/lib/B/Walker.pm line 91
	B::Walker::walk_cv(B::CV=SCALAR(0x600356e08)) called at /cygdrive/e/opt/perl5/cygwin_nt-6.1/2.0.2/x86_64/cpan/5.22.0/cygwin/build/rpm-build-perl-0.82-V0DMm6/blib/lib/B/Walker.pm line 77
	B::Walker::walk_av("BEGIN", B::AV=SCALAR(0x60006cd48)) called at /cygdrive/e/opt/perl5/cygwin_nt-6.1/2.0.2/x86_64/cpan/5.22.0/cygwin/build/rpm-build-perl-0.82-V0DMm6/blib/lib/B/Walker.pm line 97
	B::Walker::walk_blocks() called at /cygdrive/e/opt/perl5/cygwin_nt-6.1/2.0.2/x86_64/cpan/5.22.0/cygwin/build/rpm-build-perl-0.82-V0DMm6/blib/lib/B/PerlReq.pm line 390
	B::PerlReq::__ANON__() called at (eval 2) line 31
	O::CHECK() called at -e line 0
	eval {...} called at -e line 0
Can't locate object method "sv" via package "B::METHOP" at /cygdrive/e/opt/perl5/cygwin_nt-6.1/2.0.2/x86_64/cpan/5.22.0/cygwin/build/rpm-build-perl-0.82-V0DMm6/blib/lib/B/Walker.pm line 25.
CHECK failed--call queue aborted.

#   Failed test at t/01-B-PerlReq.t line 81.
#          got: 'perl(Data/Dumper.pm) >= 2.001.001'
#     expected: ''
dying at -e line 1
 at /cygdrive/e/opt/perl5/cygwin_nt-6.1/2.0.2/x86_64/cpan/5.22.0/cygwin/build/rpm-build-perl-0.82-V0DMm6/blib/lib/B/PerlReq.pm line 388.
	B::PerlReq::__ANON__("Can't locate object method \"sv\" via package \"B::METHOP\" at /c"...) called at /cygdrive/e/opt/perl5/cygwin_nt-6.1/2.0.2/x86_64/cpan/5.22.0/cygwin/build/rpm-build-perl-0.82-V0DMm6/blib/lib/B/Walker.pm line 25
	B::Walker::const_sv(B::METHOP=SCALAR(0x600383b38)) called at /cygdrive/e/opt/perl5/cygwin_nt-6.1/2.0.2/x86_64/cpan/5.22.0/cygwin/build/rpm-build-perl-0.82-V0DMm6/blib/lib/B/PerlReq.pm line 307
	B::PerlReq::grok_entersub(B::UNOP=SCALAR(0x600383aa8)) called at /cygdrive/e/opt/perl5/cygwin_nt-6.1/2.0.2/x86_64/cpan/5.22.0/cygwin/build/rpm-build-perl-0.82-V0DMm6/blib/lib/B/Walker.pm line 56
	B::Walker::walk_root(B::UNOP=SCALAR(0x600383aa8)) called at /cygdrive/e/opt/perl5/cygwin_nt-6.1/2.0.2/x86_64/cpan/5.22.0/cygwin/build/rpm-build-perl-0.82-V0DMm6/blib/lib/B/Walker.pm line 65
	B::Walker::walk_root(B::LISTOP=SCALAR(0x600383a30)) called at /cygdrive/e/opt/perl5/cygwin_nt-6.1/2.0.2/x86_64/cpan/5.22.0/cygwin/build/rpm-build-perl-0.82-V0DMm6/blib/lib/B/Walker.pm line 65
	B::Walker::walk_root(B::LISTOP=SCALAR(0x60032d928)) called at /cygdrive/e/opt/perl5/cygwin_nt-6.1/2.0.2/x86_64/cpan/5.22.0/cygwin/build/rpm-build-perl-0.82-V0DMm6/blib/lib/B/Walker.pm line 65
	B::Walker::walk_root(B::UNOP=SCALAR(0x6002531f8)) called at /cygdrive/e/opt/perl5/cygwin_nt-6.1/2.0.2/x86_64/cpan/5.22.0/cygwin/build/rpm-build-perl-0.82-V0DMm6/blib/lib/B/Walker.pm line 91
	B::Walker::walk_cv(B::CV=SCALAR(0x600356e08)) called at /cygdrive/e/opt/perl5/cygwin_nt-6.1/2.0.2/x86_64/cpan/5.22.0/cygwin/build/rpm-build-perl-0.82-V0DMm6/blib/lib/B/Walker.pm line 77
	B::Walker::walk_av("BEGIN", B::AV=SCALAR(0x60006cd48)) called at /cygdrive/e/opt/perl5/cygwin_nt-6.1/2.0.2/x86_64/cpan/5.22.0/cygwin/build/rpm-build-perl-0.82-V0DMm6/blib/lib/B/Walker.pm line 97
	B::Walker::walk_blocks() called at /cygdrive/e/opt/perl5/cygwin_nt-6.1/2.0.2/x86_64/cpan/5.22.0/cygwin/build/rpm-build-perl-0.82-V0DMm6/blib/lib/B/PerlReq.pm line 390
	B::PerlReq::__ANON__() called at (eval 2) line 31
	O::CHECK() called at -e line 0
	eval {...} called at -e line 0
Can't locate object method "sv" via package "B::METHOP" at /cygdrive/e/opt/perl5/cygwin_nt-6.1/2.0.2/x86_64/cpan/5.22.0/cygwin/build/rpm-build-perl-0.82-V0DMm6/blib/lib/B/Walker.pm line 25.
CHECK failed--call queue aborted.

#   Failed test at t/01-B-PerlReq.t line 82.
#          got: 'perl(Data/Dumper.pm) >= 2.001.001'
#     expected: ''
dying at -e line 1
 at /cygdrive/e/opt/perl5/cygwin_nt-6.1/2.0.2/x86_64/cpan/5.22.0/cygwin/build/rpm-build-perl-0.82-V0DMm6/blib/lib/B/PerlReq.pm line 388.
	B::PerlReq::__ANON__("Can't locate object method \"sv\" via package \"B::METHOP\" at /c"...) called at /cygdrive/e/opt/perl5/cygwin_nt-6.1/2.0.2/x86_64/cpan/5.22.0/cygwin/build/rpm-build-perl-0.82-V0DMm6/blib/lib/B/Walker.pm line 25
	B::Walker::const_sv(B::METHOP=SCALAR(0x6003c2770)) called at /cygdrive/e/opt/perl5/cygwin_nt-6.1/2.0.2/x86_64/cpan/5.22.0/cygwin/build/rpm-build-perl-0.82-V0DMm6/blib/lib/B/PerlReq.pm line 307
	B::PerlReq::grok_entersub(B::UNOP=SCALAR(0x6003c26e0)) called at /cygdrive/e/opt/perl5/cygwin_nt-6.1/2.0.2/x86_64/cpan/5.22.0/cygwin/build/rpm-build-perl-0.82-V0DMm6/blib/lib/B/Walker.pm line 56
	B::Walker::walk_root(B::UNOP=SCALAR(0x6003c26e0)) called at /cygdrive/e/opt/perl5/cygwin_nt-6.1/2.0.2/x86_64/cpan/5.22.0/cygwin/build/rpm-build-perl-0.82-V0DMm6/blib/lib/B/Walker.pm line 65
	B::Walker::walk_root(B::LISTOP=SCALAR(0x6003c2650)) called at /cygdrive/e/opt/perl5/cygwin_nt-6.1/2.0.2/x86_64/cpan/5.22.0/cygwin/build/rpm-build-perl-0.82-V0DMm6/blib/lib/B/Walker.pm line 65
	B::Walker::walk_root(B::LISTOP=SCALAR(0x600343f78)) called at /cygdrive/e/opt/perl5/cygwin_nt-6.1/2.0.2/x86_64/cpan/5.22.0/cygwin/build/rpm-build-perl-0.82-V0DMm6/blib/lib/B/Walker.pm line 65
	B::Walker::walk_root(B::UNOP=SCALAR(0x6003440c8)) called at /cygdrive/e/opt/perl5/cygwin_nt-6.1/2.0.2/x86_64/cpan/5.22.0/cygwin/build/rpm-build-perl-0.82-V0DMm6/blib/lib/B/Walker.pm line 91
	B::Walker::walk_cv(B::CV=SCALAR(0x6003802a8)) called at /cygdrive/e/opt/perl5/cygwin_nt-6.1/2.0.2/x86_64/cpan/5.22.0/cygwin/build/rpm-build-perl-0.82-V0DMm6/blib/lib/B/Walker.pm line 77
	B::Walker::walk_av("BEGIN", B::AV=SCALAR(0x60006cd48)) called at /cygdrive/e/opt/perl5/cygwin_nt-6.1/2.0.2/x86_64/cpan/5.22.0/cygwin/build/rpm-build-perl-0.82-V0DMm6/blib/lib/B/Walker.pm line 97
	B::Walker::walk_blocks() called at /cygdrive/e/opt/perl5/cygwin_nt-6.1/2.0.2/x86_64/cpan/5.22.0/cygwin/build/rpm-build-perl-0.82-V0DMm6/blib/lib/B/PerlReq.pm line 390
	B::PerlReq::__ANON__() called at (eval 2) line 31
	O::CHECK() called at -e line 0
	eval {...} called at -e line 0
Can't locate object method "sv" via package "B::METHOP" at /cygdrive/e/opt/perl5/cygwin_nt-6.1/2.0.2/x86_64/cpan/5.22.0/cygwin/build/rpm-build-perl-0.82-V0DMm6/blib/lib/B/Walker.pm line 25.
CHECK failed--call queue aborted.

#   Failed test at t/01-B-PerlReq.t line 84.
#          got: 'perl(base.pm)
# perl(Data/Dumper.pm)'
#     expected: ''
dying at -e line 1
 at /cygdrive/e/opt/perl5/cygwin_nt-6.1/2.0.2/x86_64/cpan/5.22.0/cygwin/build/rpm-build-perl-0.82-V0DMm6/blib/lib/B/PerlReq.pm line 388.
	B::PerlReq::__ANON__("Can't locate object method \"sv\" via package \"B::METHOP\" at /c"...) called at /cygdrive/e/opt/perl5/cygwin_nt-6.1/2.0.2/x86_64/cpan/5.22.0/cygwin/build/rpm-build-perl-0.82-V0DMm6/blib/lib/B/Walker.pm line 25
	B::Walker::const_sv(B::METHOP=SCALAR(0x6003c2898)) called at /cygdrive/e/opt/perl5/cygwin_nt-6.1/2.0.2/x86_64/cpan/5.22.0/cygwin/build/rpm-build-perl-0.82-V0DMm6/blib/lib/B/PerlReq.pm line 307
	B::PerlReq::grok_entersub(B::UNOP=SCALAR(0x6003c2808)) called at /cygdrive/e/opt/perl5/cygwin_nt-6.1/2.0.2/x86_64/cpan/5.22.0/cygwin/build/rpm-build-perl-0.82-V0DMm6/blib/lib/B/Walker.pm line 56
	B::Walker::walk_root(B::UNOP=SCALAR(0x6003c2808)) called at /cygdrive/e/opt/perl5/cygwin_nt-6.1/2.0.2/x86_64/cpan/5.22.0/cygwin/build/rpm-build-perl-0.82-V0DMm6/blib/lib/B/Walker.pm line 65
	B::Walker::walk_root(B::LISTOP=SCALAR(0x6003c2790)) called at /cygdrive/e/opt/perl5/cygwin_nt-6.1/2.0.2/x86_64/cpan/5.22.0/cygwin/build/rpm-build-perl-0.82-V0DMm6/blib/lib/B/Walker.pm line 65
	B::Walker::walk_root(B::LISTOP=SCALAR(0x600343f20)) called at /cygdrive/e/opt/perl5/cygwin_nt-6.1/2.0.2/x86_64/cpan/5.22.0/cygwin/build/rpm-build-perl-0.82-V0DMm6/blib/lib/B/Walker.pm line 65
	B::Walker::walk_root(B::UNOP=SCALAR(0x600344070)) called at /cygdrive/e/opt/perl5/cygwin_nt-6.1/2.0.2/x86_64/cpan/5.22.0/cygwin/build/rpm-build-perl-0.82-V0DMm6/blib/lib/B/Walker.pm line 91
	B::Walker::walk_cv(B::CV=SCALAR(0x60037f380)) called at /cygdrive/e/opt/perl5/cygwin_nt-6.1/2.0.2/x86_64/cpan/5.22.0/cygwin/build/rpm-build-perl-0.82-V0DMm6/blib/lib/B/Walker.pm line 77
	B::Walker::walk_av("BEGIN", B::AV=SCALAR(0x60006cd48)) called at /cygdrive/e/opt/perl5/cygwin_nt-6.1/2.0.2/x86_64/cpan/5.22.0/cygwin/build/rpm-build-perl-0.82-V0DMm6/blib/lib/B/Walker.pm line 97
	B::Walker::walk_blocks() called at /cygdrive/e/opt/perl5/cygwin_nt-6.1/2.0.2/x86_64/cpan/5.22.0/cygwin/build/rpm-build-perl-0.82-V0DMm6/blib/lib/B/PerlReq.pm line 390
	B::PerlReq::__ANON__() called at (eval 2) line 31
	O::CHECK() called at -e line 0
	eval {...} called at -e line 0
Can't locate object method "sv" via package "B::METHOP" at /cygdrive/e/opt/perl5/cygwin_nt-6.1/2.0.2/x86_64/cpan/5.22.0/cygwin/build/rpm-build-perl-0.82-V0DMm6/blib/lib/B/Walker.pm line 25.
CHECK failed--call queue aborted.

#   Failed test at t/01-B-PerlReq.t line 85.
#          got: 'perl(base.pm) >= 1.0
# perl(Data/Dumper.pm)'
#     expected: ''
dying at -e line 1
 at /cygdrive/e/opt/perl5/cygwin_nt-6.1/2.0.2/x86_64/cpan/5.22.0/cygwin/build/rpm-build-perl-0.82-V0DMm6/blib/lib/B/PerlReq.pm line 388.
	B::PerlReq::__ANON__("Can't locate object method \"sv\" via package \"B::METHOP\" at /c"...) called at /cygdrive/e/opt/perl5/cygwin_nt-6.1/2.0.2/x86_64/cpan/5.22.0/cygwin/build/rpm-build-perl-0.82-V0DMm6/blib/lib/B/Walker.pm line 25
	B::Walker::const_sv(B::METHOP=SCALAR(0x6003e8510)) called at /cygdrive/e/opt/perl5/cygwin_nt-6.1/2.0.2/x86_64/cpan/5.22.0/cygwin/build/rpm-build-perl-0.82-V0DMm6/blib/lib/B/PerlReq.pm line 307
	B::PerlReq::grok_entersub(B::UNOP=SCALAR(0x6003e84e0)) called at /cygdrive/e/opt/perl5/cygwin_nt-6.1/2.0.2/x86_64/cpan/5.22.0/cygwin/build/rpm-build-perl-0.82-V0DMm6/blib/lib/B/Walker.pm line 56
	B::Walker::walk_root(B::UNOP=SCALAR(0x6003e84e0)) called at /cygdrive/e/opt/perl5/cygwin_nt-6.1/2.0.2/x86_64/cpan/5.22.0/cygwin/build/rpm-build-perl-0.82-V0DMm6/blib/lib/B/Walker.pm line 65
	B::Walker::walk_root(B::LISTOP=SCALAR(0x6003e8450)) called at /cygdrive/e/opt/perl5/cygwin_nt-6.1/2.0.2/x86_64/cpan/5.22.0/cygwin/build/rpm-build-perl-0.82-V0DMm6/blib/lib/B/Walker.pm line 65
	B::Walker::walk_root(B::LISTOP=SCALAR(0x6003d2c38)) called at /cygdrive/e/opt/perl5/cygwin_nt-6.1/2.0.2/x86_64/cpan/5.22.0/cygwin/build/rpm-build-perl-0.82-V0DMm6/blib/lib/B/Walker.pm line 65
	B::Walker::walk_root(B::UNOP=SCALAR(0x6003d2b30)) called at /cygdrive/e/opt/perl5/cygwin_nt-6.1/2.0.2/x86_64/cpan/5.22.0/cygwin/build/rpm-build-perl-0.82-V0DMm6/blib/lib/B/Walker.pm line 91
	B::Walker::walk_cv(B::CV=SCALAR(0x600343f60)) called at /cygdrive/e/opt/perl5/cygwin_nt-6.1/2.0.2/x86_64/cpan/5.22.0/cygwin/build/rpm-build-perl-0.82-V0DMm6/blib/lib/B/Walker.pm line 77
	B::Walker::walk_av("BEGIN", B::AV=SCALAR(0x60006cd58)) called at /cygdrive/e/opt/perl5/cygwin_nt-6.1/2.0.2/x86_64/cpan/5.22.0/cygwin/build/rpm-build-perl-0.82-V0DMm6/blib/lib/B/Walker.pm line 97
	B::Walker::walk_blocks() called at /cygdrive/e/opt/perl5/cygwin_nt-6.1/2.0.2/x86_64/cpan/5.22.0/cygwin/build/rpm-build-perl-0.82-V0DMm6/blib/lib/B/PerlReq.pm line 390
	B::PerlReq::__ANON__() called at (eval 2) line 31
	O::CHECK() called at -e line 0
	eval {...} called at -e line 0
Can't locate object method "sv" via package "B::METHOP" at /cygdrive/e/opt/perl5/cygwin_nt-6.1/2.0.2/x86_64/cpan/5.22.0/cygwin/build/rpm-build-perl-0.82-V0DMm6/blib/lib/B/Walker.pm line 25.
CHECK failed--call queue aborted.

#   Failed test at t/01-B-PerlReq.t line 86.
#          got: 'perl(base.pm)
# perl(Data/Dumper.pm)
# perl(File/Basename.pm)'
#     expected: ''
dying at -e line 1
 at /cygdrive/e/opt/perl5/cygwin_nt-6.1/2.0.2/x86_64/cpan/5.22.0/cygwin/build/rpm-build-perl-0.82-V0DMm6/blib/lib/B/PerlReq.pm line 388.
	B::PerlReq::__ANON__("Can't locate object method \"sv\" via package \"B::METHOP\" at /c"...) called at /cygdrive/e/opt/perl5/cygwin_nt-6.1/2.0.2/x86_64/cpan/5.22.0/cygwin/build/rpm-build-perl-0.82-V0DMm6/blib/lib/B/Walker.pm line 25
	B::Walker::const_sv(B::METHOP=SCALAR(0x600078e98)) called at /cygdrive/e/opt/perl5/cygwin_nt-6.1/2.0.2/x86_64/cpan/5.22.0/cygwin/build/rpm-build-perl-0.82-V0DMm6/blib/lib/B/PerlReq.pm line 307
	B::PerlReq::grok_entersub(B::UNOP=SCALAR(0x600078e68)) called at /cygdrive/e/opt/perl5/cygwin_nt-6.1/2.0.2/x86_64/cpan/5.22.0/cygwin/build/rpm-build-perl-0.82-V0DMm6/blib/lib/B/Walker.pm line 56
	B::Walker::walk_root(B::UNOP=SCALAR(0x600078e68)) called at /cygdrive/e/opt/perl5/cygwin_nt-6.1/2.0.2/x86_64/cpan/5.22.0/cygwin/build/rpm-build-perl-0.82-V0DMm6/blib/lib/B/Walker.pm line 65
	B::Walker::walk_root(B::LISTOP=SCALAR(0x600078dd8)) called at /cygdrive/e/opt/perl5/cygwin_nt-6.1/2.0.2/x86_64/cpan/5.22.0/cygwin/build/rpm-build-perl-0.82-V0DMm6/blib/lib/B/Walker.pm line 65
	B::Walker::walk_root(B::LISTOP=SCALAR(0x600324008)) called at /cygdrive/e/opt/perl5/cygwin_nt-6.1/2.0.2/x86_64/cpan/5.22.0/cygwin/build/rpm-build-perl-0.82-V0DMm6/blib/lib/B/Walker.pm line 65
	B::Walker::walk_root(B::UNOP=SCALAR(0x600323f48)) called at /cygdrive/e/opt/perl5/cygwin_nt-6.1/2.0.2/x86_64/cpan/5.22.0/cygwin/build/rpm-build-perl-0.82-V0DMm6/blib/lib/B/Walker.pm line 91
	B::Walker::walk_cv(B::CV=SCALAR(0x600323d98)) called at /cygdrive/e/opt/perl5/cygwin_nt-6.1/2.0.2/x86_64/cpan/5.22.0/cygwin/build/rpm-build-perl-0.82-V0DMm6/blib/lib/B/Walker.pm line 77
	B::Walker::walk_av("BEGIN", B::AV=SCALAR(0x60006cd58)) called at /cygdrive/e/opt/perl5/cygwin_nt-6.1/2.0.2/x86_64/cpan/5.22.0/cygwin/build/rpm-build-perl-0.82-V0DMm6/blib/lib/B/Walker.pm line 97
	B::Walker::walk_blocks() called at /cygdrive/e/opt/perl5/cygwin_nt-6.1/2.0.2/x86_64/cpan/5.22.0/cygwin/build/rpm-build-perl-0.82-V0DMm6/blib/lib/B/PerlReq.pm line 390
	B::PerlReq::__ANON__() called at (eval 2) line 31
	O::CHECK() called at -e line 0
	eval {...} called at -e line 0
Can't locate object method "sv" via package "B::METHOP" at /cygdrive/e/opt/perl5/cygwin_nt-6.1/2.0.2/x86_64/cpan/5.22.0/cygwin/build/rpm-build-perl-0.82-V0DMm6/blib/lib/B/Walker.pm line 25.
CHECK failed--call queue aborted.

#   Failed test at t/01-B-PerlReq.t line 87.
#          got: 'perl(Tie/Hash.pm)
# perl(base.pm)'
#     expected: ''
dying at -e line 1
 at /cygdrive/e/opt/perl5/cygwin_nt-6.1/2.0.2/x86_64/cpan/5.22.0/cygwin/build/rpm-build-perl-0.82-V0DMm6/blib/lib/B/PerlReq.pm line 388.
	B::PerlReq::__ANON__("Can't locate object method \"sv\" via package \"B::METHOP\" at /c"...) called at /cygdrive/e/opt/perl5/cygwin_nt-6.1/2.0.2/x86_64/cpan/5.22.0/cygwin/build/rpm-build-perl-0.82-V0DMm6/blib/lib/B/Walker.pm line 25
	B::Walker::const_sv(B::METHOP=SCALAR(0x6001fdb70)) called at /cygdrive/e/opt/perl5/cygwin_nt-6.1/2.0.2/x86_64/cpan/5.22.0/cygwin/build/rpm-build-perl-0.82-V0DMm6/blib/lib/B/PerlReq.pm line 307
	B::PerlReq::grok_entersub(B::UNOP=SCALAR(0x6001fdae0)) called at /cygdrive/e/opt/perl5/cygwin_nt-6.1/2.0.2/x86_64/cpan/5.22.0/cygwin/build/rpm-build-perl-0.82-V0DMm6/blib/lib/B/Walker.pm line 56
	B::Walker::walk_root(B::UNOP=SCALAR(0x6001fdae0)) called at /cygdrive/e/opt/perl5/cygwin_nt-6.1/2.0.2/x86_64/cpan/5.22.0/cygwin/build/rpm-build-perl-0.82-V0DMm6/blib/lib/B/Walker.pm line 65
	B::Walker::walk_root(B::LISTOP=SCALAR(0x6001fda50)) called at /cygdrive/e/opt/perl5/cygwin_nt-6.1/2.0.2/x86_64/cpan/5.22.0/cygwin/build/rpm-build-perl-0.82-V0DMm6/blib/lib/B/Walker.pm line 65
	B::Walker::walk_root(B::LISTOP=SCALAR(0x6002c3068)) called at /cygdrive/e/opt/perl5/cygwin_nt-6.1/2.0.2/x86_64/cpan/5.22.0/cygwin/build/rpm-build-perl-0.82-V0DMm6/blib/lib/B/Walker.pm line 65
	B::Walker::walk_root(B::UNOP=SCALAR(0x6002531b0)) called at /cygdrive/e/opt/perl5/cygwin_nt-6.1/2.0.2/x86_64/cpan/5.22.0/cygwin/build/rpm-build-perl-0.82-V0DMm6/blib/lib/B/Walker.pm line 91
	B::Walker::walk_cv(B::CV=SCALAR(0x60026bd98)) called at /cygdrive/e/opt/perl5/cygwin_nt-6.1/2.0.2/x86_64/cpan/5.22.0/cygwin/build/rpm-build-perl-0.82-V0DMm6/blib/lib/B/Walker.pm line 77
	B::Walker::walk_av("BEGIN", B::AV=SCALAR(0x60006cd48)) called at /cygdrive/e/opt/perl5/cygwin_nt-6.1/2.0.2/x86_64/cpan/5.22.0/cygwin/build/rpm-build-perl-0.82-V0DMm6/blib/lib/B/Walker.pm line 97
	B::Walker::walk_blocks() called at /cygdrive/e/opt/perl5/cygwin_nt-6.1/2.0.2/x86_64/cpan/5.22.0/cygwin/build/rpm-build-perl-0.82-V0DMm6/blib/lib/B/PerlReq.pm line 390
	B::PerlReq::__ANON__() called at (eval 2) line 31
	O::CHECK() called at -e line 0
	eval {...} called at -e line 0
Can't locate object method "sv" via package "B::METHOP" at /cygdrive/e/opt/perl5/cygwin_nt-6.1/2.0.2/x86_64/cpan/5.22.0/cygwin/build/rpm-build-perl-0.82-V0DMm6/blib/lib/B/Walker.pm line 25.
CHECK failed--call queue aborted.

#   Failed test at t/01-B-PerlReq.t line 89.
#          got: 'perl(autouse.pm)
# perl(Data/Dumper.pm)'
#     expected: ''
dying at -e line 1
 at /cygdrive/e/opt/perl5/cygwin_nt-6.1/2.0.2/x86_64/cpan/5.22.0/cygwin/build/rpm-build-perl-0.82-V0DMm6/blib/lib/B/PerlReq.pm line 388.
	B::PerlReq::__ANON__("Can't locate object method \"sv\" via package \"B::METHOP\" at /c"...) called at /cygdrive/e/opt/perl5/cygwin_nt-6.1/2.0.2/x86_64/cpan/5.22.0/cygwin/build/rpm-build-perl-0.82-V0DMm6/blib/lib/B/Walker.pm line 25
	B::Walker::const_sv(B::METHOP=SCALAR(0x6001fdd60)) called at /cygdrive/e/opt/perl5/cygwin_nt-6.1/2.0.2/x86_64/cpan/5.22.0/cygwin/build/rpm-build-perl-0.82-V0DMm6/blib/lib/B/PerlReq.pm line 307
	B::PerlReq::grok_entersub(B::UNOP=SCALAR(0x6001fdd30)) called at /cygdrive/e/opt/perl5/cygwin_nt-6.1/2.0.2/x86_64/cpan/5.22.0/cygwin/build/rpm-build-perl-0.82-V0DMm6/blib/lib/B/Walker.pm line 56
	B::Walker::walk_root(B::UNOP=SCALAR(0x6001fdd30)) called at /cygdrive/e/opt/perl5/cygwin_nt-6.1/2.0.2/x86_64/cpan/5.22.0/cygwin/build/rpm-build-perl-0.82-V0DMm6/blib/lib/B/Walker.pm line 65
	B::Walker::walk_root(B::LISTOP=SCALAR(0x6001fdca0)) called at /cygdrive/e/opt/perl5/cygwin_nt-6.1/2.0.2/x86_64/cpan/5.22.0/cygwin/build/rpm-build-perl-0.82-V0DMm6/blib/lib/B/Walker.pm line 65
	B::Walker::walk_root(B::LISTOP=SCALAR(0x6002fb7d0)) called at /cygdrive/e/opt/perl5/cygwin_nt-6.1/2.0.2/x86_64/cpan/5.22.0/cygwin/build/rpm-build-perl-0.82-V0DMm6/blib/lib/B/Walker.pm line 65
	B::Walker::walk_root(B::UNOP=SCALAR(0x6002fb710)) called at /cygdrive/e/opt/perl5/cygwin_nt-6.1/2.0.2/x86_64/cpan/5.22.0/cygwin/build/rpm-build-perl-0.82-V0DMm6/blib/lib/B/Walker.pm line 91
	B::Walker::walk_cv(B::CV=SCALAR(0x6002fb098)) called at /cygdrive/e/opt/perl5/cygwin_nt-6.1/2.0.2/x86_64/cpan/5.22.0/cygwin/build/rpm-build-perl-0.82-V0DMm6/blib/lib/B/Walker.pm line 77
	B::Walker::walk_av("BEGIN", B::AV=SCALAR(0x60006cd58)) called at /cygdrive/e/opt/perl5/cygwin_nt-6.1/2.0.2/x86_64/cpan/5.22.0/cygwin/build/rpm-build-perl-0.82-V0DMm6/blib/lib/B/Walker.pm line 97
	B::Walker::walk_blocks() called at /cygdrive/e/opt/perl5/cygwin_nt-6.1/2.0.2/x86_64/cpan/5.22.0/cygwin/build/rpm-build-perl-0.82-V0DMm6/blib/lib/B/PerlReq.pm line 390
	B::PerlReq::__ANON__() called at (eval 2) line 31
	O::CHECK() called at -e line 0
	eval {...} called at -e line 0
Can't locate object method "sv" via package "B::METHOP" at /cygdrive/e/opt/perl5/cygwin_nt-6.1/2.0.2/x86_64/cpan/5.22.0/cygwin/build/rpm-build-perl-0.82-V0DMm6/blib/lib/B/Walker.pm line 25.
CHECK failed--call queue aborted.

#   Failed test at t/01-B-PerlReq.t line 90.
#          got: 'perl(autouse.pm)
# perl(Data/Dumper.pm)'
#     expected: ''
dying at -e line 1
 at /cygdrive/e/opt/perl5/cygwin_nt-6.1/2.0.2/x86_64/cpan/5.22.0/cygwin/build/rpm-build-perl-0.82-V0DMm6/blib/lib/B/PerlReq.pm line 388.
	B::PerlReq::__ANON__("Can't locate object method \"sv\" via package \"B::METHOP\" at /c"...) called at /cygdrive/e/opt/perl5/cygwin_nt-6.1/2.0.2/x86_64/cpan/5.22.0/cygwin/build/rpm-build-perl-0.82-V0DMm6/blib/lib/B/Walker.pm line 25
	B::Walker::const_sv(B::METHOP=SCALAR(0x6001fdd78)) called at /cygdrive/e/opt/perl5/cygwin_nt-6.1/2.0.2/x86_64/cpan/5.22.0/cygwin/build/rpm-build-perl-0.82-V0DMm6/blib/lib/B/PerlReq.pm line 307
	B::PerlReq::grok_entersub(B::UNOP=SCALAR(0x6001fdd48)) called at /cygdrive/e/opt/perl5/cygwin_nt-6.1/2.0.2/x86_64/cpan/5.22.0/cygwin/build/rpm-build-perl-0.82-V0DMm6/blib/lib/B/Walker.pm line 56
	B::Walker::walk_root(B::UNOP=SCALAR(0x6001fdd48)) called at /cygdrive/e/opt/perl5/cygwin_nt-6.1/2.0.2/x86_64/cpan/5.22.0/cygwin/build/rpm-build-perl-0.82-V0DMm6/blib/lib/B/Walker.pm line 65
	B::Walker::walk_root(B::LISTOP=SCALAR(0x6001fdcb8)) called at /cygdrive/e/opt/perl5/cygwin_nt-6.1/2.0.2/x86_64/cpan/5.22.0/cygwin/build/rpm-build-perl-0.82-V0DMm6/blib/lib/B/Walker.pm line 65
	B::Walker::walk_root(B::LISTOP=SCALAR(0x6002fb7e8)) called at /cygdrive/e/opt/perl5/cygwin_nt-6.1/2.0.2/x86_64/cpan/5.22.0/cygwin/build/rpm-build-perl-0.82-V0DMm6/blib/lib/B/Walker.pm line 65
	B::Walker::walk_root(B::UNOP=SCALAR(0x6002fb728)) called at /cygdrive/e/opt/perl5/cygwin_nt-6.1/2.0.2/x86_64/cpan/5.22.0/cygwin/build/rpm-build-perl-0.82-V0DMm6/blib/lib/B/Walker.pm line 91
	B::Walker::walk_cv(B::CV=SCALAR(0x6002fb0b0)) called at /cygdrive/e/opt/perl5/cygwin_nt-6.1/2.0.2/x86_64/cpan/5.22.0/cygwin/build/rpm-build-perl-0.82-V0DMm6/blib/lib/B/Walker.pm line 77
	B::Walker::walk_av("BEGIN", B::AV=SCALAR(0x60006cd58)) called at /cygdrive/e/opt/perl5/cygwin_nt-6.1/2.0.2/x86_64/cpan/5.22.0/cygwin/build/rpm-build-perl-0.82-V0DMm6/blib/lib/B/Walker.pm line 97
	B::Walker::walk_blocks() called at /cygdrive/e/opt/perl5/cygwin_nt-6.1/2.0.2/x86_64/cpan/5.22.0/cygwin/build/rpm-build-perl-0.82-V0DMm6/blib/lib/B/PerlReq.pm line 390
	B::PerlReq::__ANON__() called at (eval 2) line 31
	O::CHECK() called at -e line 0
	eval {...} called at -e line 0
Can't locate object method "sv" via package "B::METHOP" at /cygdrive/e/opt/perl5/cygwin_nt-6.1/2.0.2/x86_64/cpan/5.22.0/cygwin/build/rpm-build-perl-0.82-V0DMm6/blib/lib/B/Walker.pm line 25.
CHECK failed--call queue aborted.

#   Failed test at t/01-B-PerlReq.t line 91.
#          got: 'perl(autouse.pm)
# perl(Data/Dumper.pm)'
#     expected: ''
dying at -e line 1
 at /cygdrive/e/opt/perl5/cygwin_nt-6.1/2.0.2/x86_64/cpan/5.22.0/cygwin/build/rpm-build-perl-0.82-V0DMm6/blib/lib/B/PerlReq.pm line 388.
	B::PerlReq::__ANON__("Can't locate object method \"sv\" via package \"B::METHOP\" at /c"...) called at /cygdrive/e/opt/perl5/cygwin_nt-6.1/2.0.2/x86_64/cpan/5.22.0/cygwin/build/rpm-build-perl-0.82-V0DMm6/blib/lib/B/Walker.pm line 25
	B::Walker::const_sv(B::METHOP=SCALAR(0x6000799d0)) called at /cygdrive/e/opt/perl5/cygwin_nt-6.1/2.0.2/x86_64/cpan/5.22.0/cygwin/build/rpm-build-perl-0.82-V0DMm6/blib/lib/B/PerlReq.pm line 307
	B::PerlReq::grok_entersub(B::UNOP=SCALAR(0x6000799a0)) called at /cygdrive/e/opt/perl5/cygwin_nt-6.1/2.0.2/x86_64/cpan/5.22.0/cygwin/build/rpm-build-perl-0.82-V0DMm6/blib/lib/B/Walker.pm line 56
	B::Walker::walk_root(B::UNOP=SCALAR(0x6000799a0)) called at /cygdrive/e/opt/perl5/cygwin_nt-6.1/2.0.2/x86_64/cpan/5.22.0/cygwin/build/rpm-build-perl-0.82-V0DMm6/blib/lib/B/Walker.pm line 65
	B::Walker::walk_root(B::LISTOP=SCALAR(0x600079910)) called at /cygdrive/e/opt/perl5/cygwin_nt-6.1/2.0.2/x86_64/cpan/5.22.0/cygwin/build/rpm-build-perl-0.82-V0DMm6/blib/lib/B/Walker.pm line 65
	B::Walker::walk_root(B::LISTOP=SCALAR(0x600078f38)) called at /cygdrive/e/opt/perl5/cygwin_nt-6.1/2.0.2/x86_64/cpan/5.22.0/cygwin/build/rpm-build-perl-0.82-V0DMm6/blib/lib/B/Walker.pm line 65
	B::Walker::walk_root(B::UNOP=SCALAR(0x600078e78)) called at /cygdrive/e/opt/perl5/cygwin_nt-6.1/2.0.2/x86_64/cpan/5.22.0/cygwin/build/rpm-build-perl-0.82-V0DMm6/blib/lib/B/Walker.pm line 91
	B::Walker::walk_cv(B::CV=SCALAR(0x600078c08)) called at /cygdrive/e/opt/perl5/cygwin_nt-6.1/2.0.2/x86_64/cpan/5.22.0/cygwin/build/rpm-build-perl-0.82-V0DMm6/blib/lib/B/Walker.pm line 77
	B::Walker::walk_av("BEGIN", B::AV=SCALAR(0x60006cd68)) called at /cygdrive/e/opt/perl5/cygwin_nt-6.1/2.0.2/x86_64/cpan/5.22.0/cygwin/build/rpm-build-perl-0.82-V0DMm6/blib/lib/B/Walker.pm line 97
	B::Walker::walk_blocks() called at /cygdrive/e/opt/perl5/cygwin_nt-6.1/2.0.2/x86_64/cpan/5.22.0/cygwin/build/rpm-build-perl-0.82-V0DMm6/blib/lib/B/PerlReq.pm line 390
	B::PerlReq::__ANON__() called at (eval 2) line 31
	O::CHECK() called at -e line 0
	eval {...} called at -e line 0
Can't locate object method "sv" via package "B::METHOP" at /cygdrive/e/opt/perl5/cygwin_nt-6.1/2.0.2/x86_64/cpan/5.22.0/cygwin/build/rpm-build-perl-0.82-V0DMm6/blib/lib/B/Walker.pm line 25.
CHECK failed--call queue aborted.

#   Failed test at t/01-B-PerlReq.t line 93.
#          got: 'perl(Try/Tiny.pm)
# perl(Bar.pm)'
#     expected: ''
dying at -e line 1
 at /cygdrive/e/opt/perl5/cygwin_nt-6.1/2.0.2/x86_64/cpan/5.22.0/cygwin/build/rpm-build-perl-0.82-V0DMm6/blib/lib/B/PerlReq.pm line 388.
	B::PerlReq::__ANON__("Can't locate object method \"sv\" via package \"B::METHOP\" at /c"...) called at /cygdrive/e/opt/perl5/cygwin_nt-6.1/2.0.2/x86_64/cpan/5.22.0/cygwin/build/rpm-build-perl-0.82-V0DMm6/blib/lib/B/Walker.pm line 25
	B::Walker::const_sv(B::METHOP=SCALAR(0x600079a30)) called at /cygdrive/e/opt/perl5/cygwin_nt-6.1/2.0.2/x86_64/cpan/5.22.0/cygwin/build/rpm-build-perl-0.82-V0DMm6/blib/lib/B/PerlReq.pm line 307
	B::PerlReq::grok_entersub(B::UNOP=SCALAR(0x600079a00)) called at /cygdrive/e/opt/perl5/cygwin_nt-6.1/2.0.2/x86_64/cpan/5.22.0/cygwin/build/rpm-build-perl-0.82-V0DMm6/blib/lib/B/Walker.pm line 56
	B::Walker::walk_root(B::UNOP=SCALAR(0x600079a00)) called at /cygdrive/e/opt/perl5/cygwin_nt-6.1/2.0.2/x86_64/cpan/5.22.0/cygwin/build/rpm-build-perl-0.82-V0DMm6/blib/lib/B/Walker.pm line 65
	B::Walker::walk_root(B::LISTOP=SCALAR(0x600079970)) called at /cygdrive/e/opt/perl5/cygwin_nt-6.1/2.0.2/x86_64/cpan/5.22.0/cygwin/build/rpm-build-perl-0.82-V0DMm6/blib/lib/B/Walker.pm line 65
	B::Walker::walk_root(B::LISTOP=SCALAR(0x600078f98)) called at /cygdrive/e/opt/perl5/cygwin_nt-6.1/2.0.2/x86_64/cpan/5.22.0/cygwin/build/rpm-build-perl-0.82-V0DMm6/blib/lib/B/Walker.pm line 65
	B::Walker::walk_root(B::UNOP=SCALAR(0x600078ed8)) called at /cygdrive/e/opt/perl5/cygwin_nt-6.1/2.0.2/x86_64/cpan/5.22.0/cygwin/build/rpm-build-perl-0.82-V0DMm6/blib/lib/B/Walker.pm line 91
	B::Walker::walk_cv(B::CV=SCALAR(0x600078c68)) called at /cygdrive/e/opt/perl5/cygwin_nt-6.1/2.0.2/x86_64/cpan/5.22.0/cygwin/build/rpm-build-perl-0.82-V0DMm6/blib/lib/B/Walker.pm line 77
	B::Walker::walk_av("BEGIN", B::AV=SCALAR(0x60006cd68)) called at /cygdrive/e/opt/perl5/cygwin_nt-6.1/2.0.2/x86_64/cpan/5.22.0/cygwin/build/rpm-build-perl-0.82-V0DMm6/blib/lib/B/Walker.pm line 97
	B::Walker::walk_blocks() called at /cygdrive/e/opt/perl5/cygwin_nt-6.1/2.0.2/x86_64/cpan/5.22.0/cygwin/build/rpm-build-perl-0.82-V0DMm6/blib/lib/B/PerlReq.pm line 390
	B::PerlReq::__ANON__() called at (eval 2) line 31
	O::CHECK() called at -e line 0
	eval {...} called at -e line 0
Can't locate object method "sv" via package "B::METHOP" at /cygdrive/e/opt/perl5/cygwin_nt-6.1/2.0.2/x86_64/cpan/5.22.0/cygwin/build/rpm-build-perl-0.82-V0DMm6/blib/lib/B/Walker.pm line 25.
CHECK failed--call queue aborted.

#   Failed test at t/01-B-PerlReq.t line 94.
#          got: 'perl(Try/Tiny.pm)
# perl(Bar.pm)'
#     expected: ''
dying at -e line 1
 at /cygdrive/e/opt/perl5/cygwin_nt-6.1/2.0.2/x86_64/cpan/5.22.0/cygwin/build/rpm-build-perl-0.82-V0DMm6/blib/lib/B/PerlReq.pm line 388.
	B::PerlReq::__ANON__("Can't locate object method \"sv\" via package \"B::METHOP\" at /c"...) called at /cygdrive/e/opt/perl5/cygwin_nt-6.1/2.0.2/x86_64/cpan/5.22.0/cygwin/build/rpm-build-perl-0.82-V0DMm6/blib/lib/B/Walker.pm line 25
	B::Walker::const_sv(B::METHOP=SCALAR(0x600079ad0)) called at /cygdrive/e/opt/perl5/cygwin_nt-6.1/2.0.2/x86_64/cpan/5.22.0/cygwin/build/rpm-build-perl-0.82-V0DMm6/blib/lib/B/PerlReq.pm line 307
	B::PerlReq::grok_entersub(B::UNOP=SCALAR(0x600079aa0)) called at /cygdrive/e/opt/perl5/cygwin_nt-6.1/2.0.2/x86_64/cpan/5.22.0/cygwin/build/rpm-build-perl-0.82-V0DMm6/blib/lib/B/Walker.pm line 56
	B::Walker::walk_root(B::UNOP=SCALAR(0x600079aa0)) called at /cygdrive/e/opt/perl5/cygwin_nt-6.1/2.0.2/x86_64/cpan/5.22.0/cygwin/build/rpm-build-perl-0.82-V0DMm6/blib/lib/B/Walker.pm line 65
	B::Walker::walk_root(B::LISTOP=SCALAR(0x600079a10)) called at /cygdrive/e/opt/perl5/cygwin_nt-6.1/2.0.2/x86_64/cpan/5.22.0/cygwin/build/rpm-build-perl-0.82-V0DMm6/blib/lib/B/Walker.pm line 65
	B::Walker::walk_root(B::LISTOP=SCALAR(0x600079038)) called at /cygdrive/e/opt/perl5/cygwin_nt-6.1/2.0.2/x86_64/cpan/5.22.0/cygwin/build/rpm-build-perl-0.82-V0DMm6/blib/lib/B/Walker.pm line 65
	B::Walker::walk_root(B::UNOP=SCALAR(0x600078f78)) called at /cygdrive/e/opt/perl5/cygwin_nt-6.1/2.0.2/x86_64/cpan/5.22.0/cygwin/build/rpm-build-perl-0.82-V0DMm6/blib/lib/B/Walker.pm line 91
	B::Walker::walk_cv(B::CV=SCALAR(0x600078d08)) called at /cygdrive/e/opt/perl5/cygwin_nt-6.1/2.0.2/x86_64/cpan/5.22.0/cygwin/build/rpm-build-perl-0.82-V0DMm6/blib/lib/B/Walker.pm line 77
	B::Walker::walk_av("BEGIN", B::AV=SCALAR(0x60006cd78)) called at /cygdrive/e/opt/perl5/cygwin_nt-6.1/2.0.2/x86_64/cpan/5.22.0/cygwin/build/rpm-build-perl-0.82-V0DMm6/blib/lib/B/Walker.pm line 97
	B::Walker::walk_blocks() called at /cygdrive/e/opt/perl5/cygwin_nt-6.1/2.0.2/x86_64/cpan/5.22.0/cygwin/build/rpm-build-perl-0.82-V0DMm6/blib/lib/B/PerlReq.pm line 390
	B::PerlReq::__ANON__() called at (eval 2) line 31
	O::CHECK() called at -e line 0
	eval {...} called at -e line 0
Can't locate object method "sv" via package "B::METHOP" at /cygdrive/e/opt/perl5/cygwin_nt-6.1/2.0.2/x86_64/cpan/5.22.0/cygwin/build/rpm-build-perl-0.82-V0DMm6/blib/lib/B/Walker.pm line 25.
CHECK failed--call queue aborted.

#   Failed test at t/01-B-PerlReq.t line 95.
#          got: 'perl(Try/Tiny.pm)
# perl(Baz.pm)'
#     expected: ''
dying at -e line 1
 at /cygdrive/e/opt/perl5/cygwin_nt-6.1/2.0.2/x86_64/cpan/5.22.0/cygwin/build/rpm-build-perl-0.82-V0DMm6/blib/lib/B/PerlReq.pm line 388.
	B::PerlReq::__ANON__("Can't locate object method \"sv\" via package \"B::METHOP\" at /c"...) called at /cygdrive/e/opt/perl5/cygwin_nt-6.1/2.0.2/x86_64/cpan/5.22.0/cygwin/build/rpm-build-perl-0.82-V0DMm6/blib/lib/B/Walker.pm line 25
	B::Walker::const_sv(B::METHOP=SCALAR(0x6002c2a00)) called at /cygdrive/e/opt/perl5/cygwin_nt-6.1/2.0.2/x86_64/cpan/5.22.0/cygwin/build/rpm-build-perl-0.82-V0DMm6/blib/lib/B/PerlReq.pm line 307
	B::PerlReq::grok_entersub(B::UNOP=SCALAR(0x6002c2748)) called at /cygdrive/e/opt/perl5/cygwin_nt-6.1/2.0.2/x86_64/cpan/5.22.0/cygwin/build/rpm-build-perl-0.82-V0DMm6/blib/lib/B/Walker.pm line 56
	B::Walker::walk_root(B::UNOP=SCALAR(0x6002c2748)) called at /cygdrive/e/opt/perl5/cygwin_nt-6.1/2.0.2/x86_64/cpan/5.22.0/cygwin/build/rpm-build-perl-0.82-V0DMm6/blib/lib/B/Walker.pm line 65
	B::Walker::walk_root(B::LISTOP=SCALAR(0x6002de5d8)) called at /cygdrive/e/opt/perl5/cygwin_nt-6.1/2.0.2/x86_64/cpan/5.22.0/cygwin/build/rpm-build-perl-0.82-V0DMm6/blib/lib/B/Walker.pm line 105
	B::Walker::walk_main() called at /cygdrive/e/opt/perl5/cygwin_nt-6.1/2.0.2/x86_64/cpan/5.22.0/cygwin/build/rpm-build-perl-0.82-V0DMm6/blib/lib/B/PerlReq.pm line 391
	B::PerlReq::__ANON__() called at (eval 2) line 31
	O::CHECK() called at -e line 0
	eval {...} called at -e line 0
Can't locate object method "sv" via package "B::METHOP" at /cygdrive/e/opt/perl5/cygwin_nt-6.1/2.0.2/x86_64/cpan/5.22.0/cygwin/build/rpm-build-perl-0.82-V0DMm6/blib/lib/B/Walker.pm line 25.
CHECK failed--call queue aborted.

#   Failed test at t/01-B-PerlReq.t line 101.
#          got: 'perl(Data/Dumper.pm) >= 2.0'
#     expected: ''
dying at -e line 1
 at /cygdrive/e/opt/perl5/cygwin_nt-6.1/2.0.2/x86_64/cpan/5.22.0/cygwin/build/rpm-build-perl-0.82-V0DMm6/blib/lib/B/PerlReq.pm line 388.
	B::PerlReq::__ANON__("Can't locate object method \"sv\" via package \"B::METHOP\" at /c"...) called at /cygdrive/e/opt/perl5/cygwin_nt-6.1/2.0.2/x86_64/cpan/5.22.0/cygwin/build/rpm-build-perl-0.82-V0DMm6/blib/lib/B/Walker.pm line 25
	B::Walker::const_sv(B::METHOP=SCALAR(0x6002c2a10)) called at /cygdrive/e/opt/perl5/cygwin_nt-6.1/2.0.2/x86_64/cpan/5.22.0/cygwin/build/rpm-build-perl-0.82-V0DMm6/blib/lib/B/PerlReq.pm line 307
	B::PerlReq::grok_entersub(B::UNOP=SCALAR(0x6002c2758)) called at /cygdrive/e/opt/perl5/cygwin_nt-6.1/2.0.2/x86_64/cpan/5.22.0/cygwin/build/rpm-build-perl-0.82-V0DMm6/blib/lib/B/Walker.pm line 56
	B::Walker::walk_root(B::UNOP=SCALAR(0x6002c2758)) called at /cygdrive/e/opt/perl5/cygwin_nt-6.1/2.0.2/x86_64/cpan/5.22.0/cygwin/build/rpm-build-perl-0.82-V0DMm6/blib/lib/B/Walker.pm line 65
	B::Walker::walk_root(B::LISTOP=SCALAR(0x6002de5e8)) called at /cygdrive/e/opt/perl5/cygwin_nt-6.1/2.0.2/x86_64/cpan/5.22.0/cygwin/build/rpm-build-perl-0.82-V0DMm6/blib/lib/B/Walker.pm line 105
	B::Walker::walk_main() called at /cygdrive/e/opt/perl5/cygwin_nt-6.1/2.0.2/x86_64/cpan/5.22.0/cygwin/build/rpm-build-perl-0.82-V0DMm6/blib/lib/B/PerlReq.pm line 391
	B::PerlReq::__ANON__() called at (eval 2) line 31
	O::CHECK() called at -e line 0
	eval {...} called at -e line 0
Can't locate object method "sv" via package "B::METHOP" at /cygdrive/e/opt/perl5/cygwin_nt-6.1/2.0.2/x86_64/cpan/5.22.0/cygwin/build/rpm-build-perl-0.82-V0DMm6/blib/lib/B/Walker.pm line 25.
CHECK failed--call queue aborted.

#   Failed test at t/01-B-PerlReq.t line 102.
#          got: 'perl(Data/Dumper.pm) >= 2.0'
#     expected: ''
dying at -e line 1
 at /cygdrive/e/opt/perl5/cygwin_nt-6.1/2.0.2/x86_64/cpan/5.22.0/cygwin/build/rpm-build-perl-0.82-V0DMm6/blib/lib/B/PerlReq.pm line 388.
	B::PerlReq::__ANON__("Can't locate object method \"sv\" via package \"B::METHOP\" at /c"...) called at /cygdrive/e/opt/perl5/cygwin_nt-6.1/2.0.2/x86_64/cpan/5.22.0/cygwin/build/rpm-build-perl-0.82-V0DMm6/blib/lib/B/Walker.pm line 25
	B::Walker::const_sv(B::METHOP=SCALAR(0x6002c2940)) called at /cygdrive/e/opt/perl5/cygwin_nt-6.1/2.0.2/x86_64/cpan/5.22.0/cygwin/build/rpm-build-perl-0.82-V0DMm6/blib/lib/B/PerlReq.pm line 307
	B::PerlReq::grok_entersub(B::UNOP=SCALAR(0x6002afe58)) called at /cygdrive/e/opt/perl5/cygwin_nt-6.1/2.0.2/x86_64/cpan/5.22.0/cygwin/build/rpm-build-perl-0.82-V0DMm6/blib/lib/B/Walker.pm line 56
	B::Walker::walk_root(B::UNOP=SCALAR(0x6002afe58)) called at /cygdrive/e/opt/perl5/cygwin_nt-6.1/2.0.2/x86_64/cpan/5.22.0/cygwin/build/rpm-build-perl-0.82-V0DMm6/blib/lib/B/Walker.pm line 65
	B::Walker::walk_root(B::LISTOP=SCALAR(0x6002de608)) called at /cygdrive/e/opt/perl5/cygwin_nt-6.1/2.0.2/x86_64/cpan/5.22.0/cygwin/build/rpm-build-perl-0.82-V0DMm6/blib/lib/B/Walker.pm line 105
	B::Walker::walk_main() called at /cygdrive/e/opt/perl5/cygwin_nt-6.1/2.0.2/x86_64/cpan/5.22.0/cygwin/build/rpm-build-perl-0.82-V0DMm6/blib/lib/B/PerlReq.pm line 391
	B::PerlReq::__ANON__() called at (eval 2) line 31
	O::CHECK() called at -e line 0
	eval {...} called at -e line 0
Can't locate object method "sv" via package "B::METHOP" at /cygdrive/e/opt/perl5/cygwin_nt-6.1/2.0.2/x86_64/cpan/5.22.0/cygwin/build/rpm-build-perl-0.82-V0DMm6/blib/lib/B/Walker.pm line 25.
CHECK failed--call queue aborted.

#   Failed test at t/01-B-PerlReq.t line 103.
#          got: 'perl(base.pm)
# perl(Data/Dumper.pm)'
#     expected: ''
dying at -e line 1
 at /cygdrive/e/opt/perl5/cygwin_nt-6.1/2.0.2/x86_64/cpan/5.22.0/cygwin/build/rpm-build-perl-0.82-V0DMm6/blib/lib/B/PerlReq.pm line 388.
	B::PerlReq::__ANON__("Can't locate object method \"sv\" via package \"B::METHOP\" at /c"...) called at /cygdrive/e/opt/perl5/cygwin_nt-6.1/2.0.2/x86_64/cpan/5.22.0/cygwin/build/rpm-build-perl-0.82-V0DMm6/blib/lib/B/Walker.pm line 25
	B::Walker::const_sv(B::METHOP=SCALAR(0x6002c2ad0)) called at /cygdrive/e/opt/perl5/cygwin_nt-6.1/2.0.2/x86_64/cpan/5.22.0/cygwin/build/rpm-build-perl-0.82-V0DMm6/blib/lib/B/PerlReq.pm line 307
	B::PerlReq::grok_entersub(B::UNOP=SCALAR(0x6002c2878)) called at /cygdrive/e/opt/perl5/cygwin_nt-6.1/2.0.2/x86_64/cpan/5.22.0/cygwin/build/rpm-build-perl-0.82-V0DMm6/blib/lib/B/Walker.pm line 56
	B::Walker::walk_root(B::UNOP=SCALAR(0x6002c2878)) called at /cygdrive/e/opt/perl5/cygwin_nt-6.1/2.0.2/x86_64/cpan/5.22.0/cygwin/build/rpm-build-perl-0.82-V0DMm6/blib/lib/B/Walker.pm line 65
	B::Walker::walk_root(B::LISTOP=SCALAR(0x6002de5b8)) called at /cygdrive/e/opt/perl5/cygwin_nt-6.1/2.0.2/x86_64/cpan/5.22.0/cygwin/build/rpm-build-perl-0.82-V0DMm6/blib/lib/B/Walker.pm line 105
	B::Walker::walk_main() called at /cygdrive/e/opt/perl5/cygwin_nt-6.1/2.0.2/x86_64/cpan/5.22.0/cygwin/build/rpm-build-perl-0.82-V0DMm6/blib/lib/B/PerlReq.pm line 391
	B::PerlReq::__ANON__() called at (eval 2) line 31
	O::CHECK() called at -e line 0
	eval {...} called at -e line 0
Can't locate object method "sv" via package "B::METHOP" at /cygdrive/e/opt/perl5/cygwin_nt-6.1/2.0.2/x86_64/cpan/5.22.0/cygwin/build/rpm-build-perl-0.82-V0DMm6/blib/lib/B/Walker.pm line 25.
CHECK failed--call queue aborted.

#   Failed test at t/01-B-PerlReq.t line 104.
#          got: 'perl(base.pm) >= 1.0
# perl(Data/Dumper.pm)'
#     expected: ''
dying at -e line 1
 at /cygdrive/e/opt/perl5/cygwin_nt-6.1/2.0.2/x86_64/cpan/5.22.0/cygwin/build/rpm-build-perl-0.82-V0DMm6/blib/lib/B/PerlReq.pm line 388.
	B::PerlReq::__ANON__("Can't locate object method \"sv\" via package \"B::METHOP\" at /c"...) called at /cygdrive/e/opt/perl5/cygwin_nt-6.1/2.0.2/x86_64/cpan/5.22.0/cygwin/build/rpm-build-perl-0.82-V0DMm6/blib/lib/B/Walker.pm line 25
	B::Walker::const_sv(B::METHOP=SCALAR(0x6002c2ad0)) called at /cygdrive/e/opt/perl5/cygwin_nt-6.1/2.0.2/x86_64/cpan/5.22.0/cygwin/build/rpm-build-perl-0.82-V0DMm6/blib/lib/B/PerlReq.pm line 307
	B::PerlReq::grok_entersub(B::UNOP=SCALAR(0x6002c2878)) called at /cygdrive/e/opt/perl5/cygwin_nt-6.1/2.0.2/x86_64/cpan/5.22.0/cygwin/build/rpm-build-perl-0.82-V0DMm6/blib/lib/B/Walker.pm line 56
	B::Walker::walk_root(B::UNOP=SCALAR(0x6002c2878)) called at /cygdrive/e/opt/perl5/cygwin_nt-6.1/2.0.2/x86_64/cpan/5.22.0/cygwin/build/rpm-build-perl-0.82-V0DMm6/blib/lib/B/Walker.pm line 65
	B::Walker::walk_root(B::LISTOP=SCALAR(0x6002de5b8)) called at /cygdrive/e/opt/perl5/cygwin_nt-6.1/2.0.2/x86_64/cpan/5.22.0/cygwin/build/rpm-build-perl-0.82-V0DMm6/blib/lib/B/Walker.pm line 105
	B::Walker::walk_main() called at /cygdrive/e/opt/perl5/cygwin_nt-6.1/2.0.2/x86_64/cpan/5.22.0/cygwin/build/rpm-build-perl-0.82-V0DMm6/blib/lib/B/PerlReq.pm line 391
	B::PerlReq::__ANON__() called at (eval 2) line 31
	O::CHECK() called at -e line 0
	eval {...} called at -e line 0
Can't locate object method "sv" via package "B::METHOP" at /cygdrive/e/opt/perl5/cygwin_nt-6.1/2.0.2/x86_64/cpan/5.22.0/cygwin/build/rpm-build-perl-0.82-V0DMm6/blib/lib/B/Walker.pm line 25.
CHECK failed--call queue aborted.

#   Failed test at t/01-B-PerlReq.t line 105.
#          got: 'perl(base.pm)
# perl(Data/Dumper.pm)
# perl(base.pm) >= 1.0'
#     expected: ''
dying at -e line 1
 at /cygdrive/e/opt/perl5/cygwin_nt-6.1/2.0.2/x86_64/cpan/5.22.0/cygwin/build/rpm-build-perl-0.82-V0DMm6/blib/lib/B/PerlReq.pm line 388.
	B::PerlReq::__ANON__("Can't locate object method \"sv\" via package \"B::METHOP\" at /c"...) called at /cygdrive/e/opt/perl5/cygwin_nt-6.1/2.0.2/x86_64/cpan/5.22.0/cygwin/build/rpm-build-perl-0.82-V0DMm6/blib/lib/B/Walker.pm line 25
	B::Walker::const_sv(B::METHOP=SCALAR(0x6002e8308)) called at /cygdrive/e/opt/perl5/cygwin_nt-6.1/2.0.2/x86_64/cpan/5.22.0/cygwin/build/rpm-build-perl-0.82-V0DMm6/blib/lib/B/PerlReq.pm line 307
	B::PerlReq::grok_entersub(B::UNOP=SCALAR(0x6002fba68)) called at /cygdrive/e/opt/perl5/cygwin_nt-6.1/2.0.2/x86_64/cpan/5.22.0/cygwin/build/rpm-build-perl-0.82-V0DMm6/blib/lib/B/Walker.pm line 56
	B::Walker::walk_root(B::UNOP=SCALAR(0x6002fba68)) called at /cygdrive/e/opt/perl5/cygwin_nt-6.1/2.0.2/x86_64/cpan/5.22.0/cygwin/build/rpm-build-perl-0.82-V0DMm6/blib/lib/B/Walker.pm line 65
	B::Walker::walk_root(B::LISTOP=SCALAR(0x6002de528)) called at /cygdrive/e/opt/perl5/cygwin_nt-6.1/2.0.2/x86_64/cpan/5.22.0/cygwin/build/rpm-build-perl-0.82-V0DMm6/blib/lib/B/Walker.pm line 65
	B::Walker::walk_root(B::BINOP=SCALAR(0x6002de600)) called at /cygdrive/e/opt/perl5/cygwin_nt-6.1/2.0.2/x86_64/cpan/5.22.0/cygwin/build/rpm-build-perl-0.82-V0DMm6/blib/lib/B/Walker.pm line 65
	B::Walker::walk_root(B::LISTOP=SCALAR(0x60002a820)) called at /cygdrive/e/opt/perl5/cygwin_nt-6.1/2.0.2/x86_64/cpan/5.22.0/cygwin/build/rpm-build-perl-0.82-V0DMm6/blib/lib/B/Walker.pm line 105
	B::Walker::walk_main() called at /cygdrive/e/opt/perl5/cygwin_nt-6.1/2.0.2/x86_64/cpan/5.22.0/cygwin/build/rpm-build-perl-0.82-V0DMm6/blib/lib/B/PerlReq.pm line 391
	B::PerlReq::__ANON__() called at (eval 2) line 31
	O::CHECK() called at -e line 0
	eval {...} called at -e line 0
Can't locate object method "sv" via package "B::METHOP" at /cygdrive/e/opt/perl5/cygwin_nt-6.1/2.0.2/x86_64/cpan/5.22.0/cygwin/build/rpm-build-perl-0.82-V0DMm6/blib/lib/B/Walker.pm line 25.
CHECK failed--call queue aborted.

#   Failed test at t/01-B-PerlReq.t line 127.
#          got: 'perl(attributes.pm)'
#     expected: ''
dying at -e line 1
 at /cygdrive/e/opt/perl5/cygwin_nt-6.1/2.0.2/x86_64/cpan/5.22.0/cygwin/build/rpm-build-perl-0.82-V0DMm6/blib/lib/B/PerlReq.pm line 388.
	B::PerlReq::__ANON__("Can't locate object method \"sv\" via package \"B::METHOP\" at /c"...) called at /cygdrive/e/opt/perl5/cygwin_nt-6.1/2.0.2/x86_64/cpan/5.22.0/cygwin/build/rpm-build-perl-0.82-V0DMm6/blib/lib/B/Walker.pm line 25
	B::Walker::const_sv(B::METHOP=SCALAR(0x6002afc38)) called at /cygdrive/e/opt/perl5/cygwin_nt-6.1/2.0.2/x86_64/cpan/5.22.0/cygwin/build/rpm-build-perl-0.82-V0DMm6/blib/lib/B/PerlReq.pm line 307
	B::PerlReq::grok_entersub(B::UNOP=SCALAR(0x60026beb8)) called at /cygdrive/e/opt/perl5/cygwin_nt-6.1/2.0.2/x86_64/cpan/5.22.0/cygwin/build/rpm-build-perl-0.82-V0DMm6/blib/lib/B/Walker.pm line 56
	B::Walker::walk_root(B::UNOP=SCALAR(0x60026beb8)) called at /cygdrive/e/opt/perl5/cygwin_nt-6.1/2.0.2/x86_64/cpan/5.22.0/cygwin/build/rpm-build-perl-0.82-V0DMm6/blib/lib/B/Walker.pm line 65
	B::Walker::walk_root(B::BINOP=SCALAR(0x6002de580)) called at /cygdrive/e/opt/perl5/cygwin_nt-6.1/2.0.2/x86_64/cpan/5.22.0/cygwin/build/rpm-build-perl-0.82-V0DMm6/blib/lib/B/Walker.pm line 65
	B::Walker::walk_root(B::LISTOP=SCALAR(0x6002de658)) called at /cygdrive/e/opt/perl5/cygwin_nt-6.1/2.0.2/x86_64/cpan/5.22.0/cygwin/build/rpm-build-perl-0.82-V0DMm6/blib/lib/B/Walker.pm line 105
	B::Walker::walk_main() called at /cygdrive/e/opt/perl5/cygwin_nt-6.1/2.0.2/x86_64/cpan/5.22.0/cygwin/build/rpm-build-perl-0.82-V0DMm6/blib/lib/B/PerlReq.pm line 391
	B::PerlReq::__ANON__() called at (eval 2) line 31
	O::CHECK() called at -e line 0
	eval {...} called at -e line 0
Can't locate object method "sv" via package "B::METHOP" at /cygdrive/e/opt/perl5/cygwin_nt-6.1/2.0.2/x86_64/cpan/5.22.0/cygwin/build/rpm-build-perl-0.82-V0DMm6/blib/lib/B/Walker.pm line 25.
CHECK failed--call queue aborted.
Use of the encoding pragma is deprecated at -e line 2.
dying at -e line 2
 at /cygdrive/e/opt/perl5/cygwin_nt-6.1/2.0.2/x86_64/cpan/5.22.0/cygwin/build/rpm-build-perl-0.82-V0DMm6/blib/lib/B/PerlReq.pm line 388.
	B::PerlReq::__ANON__("Can't locate object method \"sv\" via package \"B::METHOP\" at /c"...) called at /cygdrive/e/opt/perl5/cygwin_nt-6.1/2.0.2/x86_64/cpan/5.22.0/cygwin/build/rpm-build-perl-0.82-V0DMm6/blib/lib/B/Walker.pm line 25
	B::Walker::const_sv(B::METHOP=SCALAR(0x600421138)) called at /cygdrive/e/opt/perl5/cygwin_nt-6.1/2.0.2/x86_64/cpan/5.22.0/cygwin/build/rpm-build-perl-0.82-V0DMm6/blib/lib/B/PerlReq.pm line 307
	B::PerlReq::grok_entersub(B::UNOP=SCALAR(0x6004210a8)) called at /cygdrive/e/opt/perl5/cygwin_nt-6.1/2.0.2/x86_64/cpan/5.22.0/cygwin/build/rpm-build-perl-0.82-V0DMm6/blib/lib/B/Walker.pm line 56
	B::Walker::walk_root(B::UNOP=SCALAR(0x6004210a8)) called at /cygdrive/e/opt/perl5/cygwin_nt-6.1/2.0.2/x86_64/cpan/5.22.0/cygwin/build/rpm-build-perl-0.82-V0DMm6/blib/lib/B/Walker.pm line 65
	B::Walker::walk_root(B::LISTOP=SCALAR(0x600421018)) called at /cygdrive/e/opt/perl5/cygwin_nt-6.1/2.0.2/x86_64/cpan/5.22.0/cygwin/build/rpm-build-perl-0.82-V0DMm6/blib/lib/B/Walker.pm line 65
	B::Walker::walk_root(B::LISTOP=SCALAR(0x60045a628)) called at /cygdrive/e/opt/perl5/cygwin_nt-6.1/2.0.2/x86_64/cpan/5.22.0/cygwin/build/rpm-build-perl-0.82-V0DMm6/blib/lib/B/Walker.pm line 65
	B::Walker::walk_root(B::UNOP=SCALAR(0x60045a568)) called at /cygdrive/e/opt/perl5/cygwin_nt-6.1/2.0.2/x86_64/cpan/5.22.0/cygwin/build/rpm-build-perl-0.82-V0DMm6/blib/lib/B/Walker.pm line 91
	B::Walker::walk_cv(B::CV=SCALAR(0x6003c5658)) called at /cygdrive/e/opt/perl5/cygwin_nt-6.1/2.0.2/x86_64/cpan/5.22.0/cygwin/build/rpm-build-perl-0.82-V0DMm6/blib/lib/B/Walker.pm line 77
	B::Walker::walk_av("BEGIN", B::AV=SCALAR(0x60006cd78)) called at /cygdrive/e/opt/perl5/cygwin_nt-6.1/2.0.2/x86_64/cpan/5.22.0/cygwin/build/rpm-build-perl-0.82-V0DMm6/blib/lib/B/Walker.pm line 97
	B::Walker::walk_blocks() called at /cygdrive/e/opt/perl5/cygwin_nt-6.1/2.0.2/x86_64/cpan/5.22.0/cygwin/build/rpm-build-perl-0.82-V0DMm6/blib/lib/B/PerlReq.pm line 390
	B::PerlReq::__ANON__() called at (eval 2) line 31
	O::CHECK() called at -e line 0
	eval {...} called at -e line 0
Can't locate object method "sv" via package "B::METHOP" at /cygdrive/e/opt/perl5/cygwin_nt-6.1/2.0.2/x86_64/cpan/5.22.0/cygwin/build/rpm-build-perl-0.82-V0DMm6/blib/lib/B/Walker.pm line 25.
CHECK failed--call queue aborted.

#   Failed test at t/01-B-PerlReq.t line 132.
#          got: 'perl(encoding.pm)
# perl(PerlIO/encoding.pm)
# perl(Encode/JP.pm)
# perl(Filter/Util/Call.pm)
# perl(utf8.pm)'
#     expected: ''
dying at -e line 1
 at /cygdrive/e/opt/perl5/cygwin_nt-6.1/2.0.2/x86_64/cpan/5.22.0/cygwin/build/rpm-build-perl-0.82-V0DMm6/blib/lib/B/PerlReq.pm line 388.
	B::PerlReq::__ANON__("Can't locate object method \"sv\" via package \"B::METHOP\" at /c"...) called at /cygdrive/e/opt/perl5/cygwin_nt-6.1/2.0.2/x86_64/cpan/5.22.0/cygwin/build/rpm-build-perl-0.82-V0DMm6/blib/lib/B/Walker.pm line 25
	B::Walker::const_sv(B::METHOP=SCALAR(0x60031fc30)) called at /cygdrive/e/opt/perl5/cygwin_nt-6.1/2.0.2/x86_64/cpan/5.22.0/cygwin/build/rpm-build-perl-0.82-V0DMm6/blib/lib/B/PerlReq.pm line 307
	B::PerlReq::grok_entersub(B::UNOP=SCALAR(0x60031fba0)) called at /cygdrive/e/opt/perl5/cygwin_nt-6.1/2.0.2/x86_64/cpan/5.22.0/cygwin/build/rpm-build-perl-0.82-V0DMm6/blib/lib/B/Walker.pm line 56
	B::Walker::walk_root(B::UNOP=SCALAR(0x60031fba0)) called at /cygdrive/e/opt/perl5/cygwin_nt-6.1/2.0.2/x86_64/cpan/5.22.0/cygwin/build/rpm-build-perl-0.82-V0DMm6/blib/lib/B/Walker.pm line 65
	B::Walker::walk_root(B::LISTOP=SCALAR(0x60031fb10)) called at /cygdrive/e/opt/perl5/cygwin_nt-6.1/2.0.2/x86_64/cpan/5.22.0/cygwin/build/rpm-build-perl-0.82-V0DMm6/blib/lib/B/Walker.pm line 65
	B::Walker::walk_root(B::LISTOP=SCALAR(0x60031f138)) called at /cygdrive/e/opt/perl5/cygwin_nt-6.1/2.0.2/x86_64/cpan/5.22.0/cygwin/build/rpm-build-perl-0.82-V0DMm6/blib/lib/B/Walker.pm line 65
	B::Walker::walk_root(B::UNOP=SCALAR(0x60031f078)) called at /cygdrive/e/opt/perl5/cygwin_nt-6.1/2.0.2/x86_64/cpan/5.22.0/cygwin/build/rpm-build-perl-0.82-V0DMm6/blib/lib/B/Walker.pm line 91
	B::Walker::walk_cv(B::CV=SCALAR(0x60031ef28)) called at /cygdrive/e/opt/perl5/cygwin_nt-6.1/2.0.2/x86_64/cpan/5.22.0/cygwin/build/rpm-build-perl-0.82-V0DMm6/blib/lib/B/Walker.pm line 77
	B::Walker::walk_av("BEGIN", B::AV=SCALAR(0x60006cd38)) called at /cygdrive/e/opt/perl5/cygwin_nt-6.1/2.0.2/x86_64/cpan/5.22.0/cygwin/build/rpm-build-perl-0.82-V0DMm6/blib/lib/B/Walker.pm line 97
	B::Walker::walk_blocks() called at /cygdrive/e/opt/perl5/cygwin_nt-6.1/2.0.2/x86_64/cpan/5.22.0/cygwin/build/rpm-build-perl-0.82-V0DMm6/blib/lib/B/PerlReq.pm line 390
	B::PerlReq::__ANON__() called at (eval 2) line 31
	O::CHECK() called at -e line 0
	eval {...} called at -e line 0
Can't locate object method "sv" via package "B::METHOP" at /cygdrive/e/opt/perl5/cygwin_nt-6.1/2.0.2/x86_64/cpan/5.22.0/cygwin/build/rpm-build-perl-0.82-V0DMm6/blib/lib/B/Walker.pm line 25.
CHECK failed--call queue aborted.

#   Failed test at t/01-B-PerlReq.t line 140.
#          got: 'perl(Cwd.pm) >= 1.0'
#     expected: ''
# Looks like you failed 39 tests of 78.
t/01-B-PerlReq.t .. 
Dubious, test returned 39 (wstat 9984, 0x2700)
Failed 39/78 subtests 
dying at /opt/perl5/cygwin_nt-6.1/2.0.2/x86_64/perl/5.22.0/cygwin/lib/5.22.0/AutoLoader.pm line 3
 at /cygdrive/e/opt/perl5/cygwin_nt-6.1/2.0.2/x86_64/cpan/5.22.0/cygwin/build/rpm-build-perl-0.82-V0DMm6/blib/lib/B/PerlReq.pm line 388.
	B::PerlReq::__ANON__("Can't locate object method \"sv\" via package \"B::METHOP\" at /c"...) called at /cygdrive/e/opt/perl5/cygwin_nt-6.1/2.0.2/x86_64/cpan/5.22.0/cygwin/build/rpm-build-perl-0.82-V0DMm6/blib/lib/B/Walker.pm line 25
	B::Walker::const_sv(B::METHOP=SCALAR(0x6002ceeb8)) called at /cygdrive/e/opt/perl5/cygwin_nt-6.1/2.0.2/x86_64/cpan/5.22.0/cygwin/build/rpm-build-perl-0.82-V0DMm6/blib/lib/B/PerlReq.pm line 307
	B::PerlReq::grok_entersub(B::UNOP=SCALAR(0x6002ceed0)) called at /cygdrive/e/opt/perl5/cygwin_nt-6.1/2.0.2/x86_64/cpan/5.22.0/cygwin/build/rpm-build-perl-0.82-V0DMm6/blib/lib/B/Walker.pm line 56
	B::Walker::walk_root(B::UNOP=SCALAR(0x6002ceed0)) called at /cygdrive/e/opt/perl5/cygwin_nt-6.1/2.0.2/x86_64/cpan/5.22.0/cygwin/build/rpm-build-perl-0.82-V0DMm6/blib/lib/B/Walker.pm line 65
	B::Walker::walk_root(B::LISTOP=SCALAR(0x6002ceee8)) called at /cygdrive/e/opt/perl5/cygwin_nt-6.1/2.0.2/x86_64/cpan/5.22.0/cygwin/build/rpm-build-perl-0.82-V0DMm6/blib/lib/B/Walker.pm line 65
	B::Walker::walk_root(B::LISTOP=SCALAR(0x6002cecf0)) called at /cygdrive/e/opt/perl5/cygwin_nt-6.1/2.0.2/x86_64/cpan/5.22.0/cygwin/build/rpm-build-perl-0.82-V0DMm6/blib/lib/B/Walker.pm line 65
	B::Walker::walk_root(B::UNOP=SCALAR(0x6002cec60)) called at /cygdrive/e/opt/perl5/cygwin_nt-6.1/2.0.2/x86_64/cpan/5.22.0/cygwin/build/rpm-build-perl-0.82-V0DMm6/blib/lib/B/Walker.pm line 91
	B::Walker::walk_cv(B::CV=SCALAR(0x6002d1840)) called at /cygdrive/e/opt/perl5/cygwin_nt-6.1/2.0.2/x86_64/cpan/5.22.0/cygwin/build/rpm-build-perl-0.82-V0DMm6/blib/lib/B/Walker.pm line 77
	B::Walker::walk_av("BEGIN", B::AV=SCALAR(0x60006d218)) called at /cygdrive/e/opt/perl5/cygwin_nt-6.1/2.0.2/x86_64/cpan/5.22.0/cygwin/build/rpm-build-perl-0.82-V0DMm6/blib/lib/B/Walker.pm line 97
	B::Walker::walk_blocks() called at /cygdrive/e/opt/perl5/cygwin_nt-6.1/2.0.2/x86_64/cpan/5.22.0/cygwin/build/rpm-build-perl-0.82-V0DMm6/blib/lib/B/PerlReq.pm line 390
	B::PerlReq::__ANON__() called at (eval 3) line 31
	O::CHECK() called at /opt/perl5/cygwin_nt-6.1/2.0.2/x86_64/perl/5.22.0/cygwin/lib/5.22.0/AutoLoader.pm line 0
	eval {...} called at /opt/perl5/cygwin_nt-6.1/2.0.2/x86_64/perl/5.22.0/cygwin/lib/5.22.0/AutoLoader.pm line 0
Can't locate object method "sv" via package "B::METHOP" at /cygdrive/e/opt/perl5/cygwin_nt-6.1/2.0.2/x86_64/cpan/5.22.0/cygwin/build/rpm-build-perl-0.82-V0DMm6/blib/lib/B/Walker.pm line 25.
CHECK failed--call queue aborted.
# /opt/perl5/cygwin_nt-6.1/2.0.2/x86_64/perl/5.22.0/cygwin/lib/5.22.0/AutoLoader.pm: deparse failed. prefix=/opt/perl5/cygwin_nt-6.1/2.0.2/x86_64/perl/5.22.0/cygwin/lib/5.22.0

#   Failed test 'AutoLoader.pm zero exit status'
#   at t/02-perlreq.t line 33.
dying at /opt/perl5/cygwin_nt-6.1/2.0.2/x86_64/perl/5.22.0/cygwin/lib/5.22.0/Exporter.pm line 89
 at /cygdrive/e/opt/perl5/cygwin_nt-6.1/2.0.2/x86_64/cpan/5.22.0/cygwin/build/rpm-build-perl-0.82-V0DMm6/blib/lib/B/PerlReq.pm line 388.
	B::PerlReq::__ANON__("Can't locate object method \"padix\" via package \"B::SVOP\" at /"...) called at /cygdrive/e/opt/perl5/cygwin_nt-6.1/2.0.2/x86_64/cpan/5.22.0/cygwin/build/rpm-build-perl-0.82-V0DMm6/blib/lib/B/PerlReq.pm line 319
	B::PerlReq::grok_entersub(B::UNOP=SCALAR(0x6002d4548)) called at /cygdrive/e/opt/perl5/cygwin_nt-6.1/2.0.2/x86_64/cpan/5.22.0/cygwin/build/rpm-build-perl-0.82-V0DMm6/blib/lib/B/Walker.pm line 56
	B::Walker::walk_root(B::UNOP=SCALAR(0x6002d4548)) called at /cygdrive/e/opt/perl5/cygwin_nt-6.1/2.0.2/x86_64/cpan/5.22.0/cygwin/build/rpm-build-perl-0.82-V0DMm6/blib/lib/B/Walker.pm line 65
	B::Walker::walk_root(B::LISTOP=SCALAR(0x6002d4518)) called at /cygdrive/e/opt/perl5/cygwin_nt-6.1/2.0.2/x86_64/cpan/5.22.0/cygwin/build/rpm-build-perl-0.82-V0DMm6/blib/lib/B/Walker.pm line 65
	B::Walker::walk_root(B::UNOP=SCALAR(0x6002d4068)) called at /cygdrive/e/opt/perl5/cygwin_nt-6.1/2.0.2/x86_64/cpan/5.22.0/cygwin/build/rpm-build-perl-0.82-V0DMm6/blib/lib/B/Walker.pm line 65
	B::Walker::walk_root(B::UNOP=SCALAR(0x6001f2b00)) called at /cygdrive/e/opt/perl5/cygwin_nt-6.1/2.0.2/x86_64/cpan/5.22.0/cygwin/build/rpm-build-perl-0.82-V0DMm6/blib/lib/B/Walker.pm line 65
	B::Walker::walk_root(B::UNOP=SCALAR(0x6001f2a88)) called at /cygdrive/e/opt/perl5/cygwin_nt-6.1/2.0.2/x86_64/cpan/5.22.0/cygwin/build/rpm-build-perl-0.82-V0DMm6/blib/lib/B/Walker.pm line 65
	B::Walker::walk_root(B::UNOP=SCALAR(0x6001f2a40)) called at /cygdrive/e/opt/perl5/cygwin_nt-6.1/2.0.2/x86_64/cpan/5.22.0/cygwin/build/rpm-build-perl-0.82-V0DMm6/blib/lib/B/Walker.pm line 65
	B::Walker::walk_root(B::UNOP=SCALAR(0x600319430)) called at /cygdrive/e/opt/perl5/cygwin_nt-6.1/2.0.2/x86_64/cpan/5.22.0/cygwin/build/rpm-build-perl-0.82-V0DMm6/blib/lib/B/Walker.pm line 65
	B::Walker::walk_root(B::UNOP=SCALAR(0x600207400)) called at /cygdrive/e/opt/perl5/cygwin_nt-6.1/2.0.2/x86_64/cpan/5.22.0/cygwin/build/rpm-build-perl-0.82-V0DMm6/blib/lib/B/Walker.pm line 65
	B::Walker::walk_root(B::LISTOP=SCALAR(0x6002c4bf8)) called at /cygdrive/e/opt/perl5/cygwin_nt-6.1/2.0.2/x86_64/cpan/5.22.0/cygwin/build/rpm-build-perl-0.82-V0DMm6/blib/lib/B/Walker.pm line 65
	B::Walker::walk_root(B::UNOP=SCALAR(0x60011c9b0)) called at /cygdrive/e/opt/perl5/cygwin_nt-6.1/2.0.2/x86_64/cpan/5.22.0/cygwin/build/rpm-build-perl-0.82-V0DMm6/blib/lib/B/Walker.pm line 91
	B::Walker::walk_cv(B::CV=SCALAR(0x6002c4628)) called at /cygdrive/e/opt/perl5/cygwin_nt-6.1/2.0.2/x86_64/cpan/5.22.0/cygwin/build/rpm-build-perl-0.82-V0DMm6/blib/lib/B/Walker.pm line 116
	B::Walker::walk_gv(B::GV=SCALAR(0x6002ea5d8)) called at /cygdrive/e/opt/perl5/cygwin_nt-6.1/2.0.2/x86_64/cpan/5.22.0/cygwin/build/rpm-build-perl-0.82-V0DMm6/blib/lib/B/Walker.pm line 133
	B::Walker::walk_stash(HASH(0x60006d458), "Exporter::") called at /cygdrive/e/opt/perl5/cygwin_nt-6.1/2.0.2/x86_64/cpan/5.22.0/cygwin/build/rpm-build-perl-0.82-V0DMm6/blib/lib/B/Walker.pm line 127
	B::Walker::walk_stash(HASH(0x60002a580), "") called at /cygdrive/e/opt/perl5/cygwin_nt-6.1/2.0.2/x86_64/cpan/5.22.0/cygwin/build/rpm-build-perl-0.82-V0DMm6/blib/lib/B/Walker.pm line 139
	B::Walker::walk_subs() called at /cygdrive/e/opt/perl5/cygwin_nt-6.1/2.0.2/x86_64/cpan/5.22.0/cygwin/build/rpm-build-perl-0.82-V0DMm6/blib/lib/B/PerlReq.pm line 392
	B::PerlReq::__ANON__() called at (eval 3) line 31
	O::CHECK() called at /opt/perl5/cygwin_nt-6.1/2.0.2/x86_64/perl/5.22.0/cygwin/lib/5.22.0/Exporter.pm line 0
	eval {...} called at /opt/perl5/cygwin_nt-6.1/2.0.2/x86_64/perl/5.22.0/cygwin/lib/5.22.0/Exporter.pm line 0
Can't locate object method "padix" via package "B::SVOP" at /cygdrive/e/opt/perl5/cygwin_nt-6.1/2.0.2/x86_64/cpan/5.22.0/cygwin/build/rpm-build-perl-0.82-V0DMm6/blib/lib/B/PerlReq.pm line 319.
CHECK failed--call queue aborted.
# /opt/perl5/cygwin_nt-6.1/2.0.2/x86_64/perl/5.22.0/cygwin/lib/5.22.0/Exporter.pm: deparse failed. prefix=/opt/perl5/cygwin_nt-6.1/2.0.2/x86_64/perl/5.22.0/cygwin/lib/5.22.0

#   Failed test 'Exporter.pm dependencies'
#   at t/02-perlreq.t line 32.
#          got: ''
#     expected: 'perl(Exporter/Heavy.pm)'

#   Failed test 'Exporter.pm zero exit status'
#   at t/02-perlreq.t line 33.
# Looks like you failed 3 tests of 4.
t/02-perlreq.t .... 
Dubious, test returned 3 (wstat 768, 0x300)
Failed 3/4 subtests 
t/03-perlprov.t ... ok

Test Summary Report
-------------------
t/01-B-PerlReq.t (Wstat: 9984 Tests: 78 Failed: 39)
  Failed tests:  1, 4, 20-48, 52-56, 74, 77-78
  Non-zero exit status: 39
t/02-perlreq.t  (Wstat: 768 Tests: 4 Failed: 3)
  Failed tests:  2-4
  Non-zero exit status: 3
Files=3, Tests=112, 30 wallclock secs ( 0.03 usr  0.11 sys +  9.06 cusr 19.72 csys = 28.92 CPU)
Result: FAIL
Failed 2/3 test programs. 42/112 subtests failed.
Makefile:978: recipe for target 'test_dynamic' failed
make: *** [test_dynamic] Error 255

------------------------------
PREREQUISITES
------------------------------

Prerequisite modules loaded:

requires:

    Module              Need Have    
    ------------------- ---- --------
    B                   0    1.58    
    Encode              0    2.72    
    O                   0    1.01    
    Safe                0    2.39    
    Test::More          0    1.001014

build_requires:

    Module              Need Have    
    ------------------- ---- --------
    ExtUtils::MakeMaker 0    7.04_01 

configure_requires:

    Module              Need Have    
    ------------------- ---- --------
    ExtUtils::MakeMaker 0    7.04_01 


------------------------------
ENVIRONMENT AND OTHER CONTEXT
------------------------------

Environment variables:

    AUTOMATED_TESTING = 1
    COMSPEC = C:\Windows\system32\cmd.exe
    LD_LIBRARY_PATH = 
    NUMBER_OF_PROCESSORS = 8
    PATH = /opt/perl5/cygwin_nt-6.1/2.0.2/x86_64/bin/5.22.0/cygwin:/opt/perl5/cygwin_nt-6.1/2.0.2/x86_64/perl/5.22.0/cygwin/local/bin:/opt/perl5/cygwin_nt-6.1/2.0.2/x86_64/perl/5.22.0/cygwin/bin:/usr/local/bin:/usr/bin
    PERL5LIB = /opt/perl5/cygwin_nt-6.1/2.0.2/x86_64/perl/5.22.0/cygwin/local/lib/site_perl/5.22.0:/opt/perl5/cygwin_nt-6.1/2.0.2/x86_64/perl/5.22.0/cygwin/local/lib/5.22.0:/opt/perl5/cygwin_nt-6.1/2.0.2/x86_64/perl/5.22.0/cygwin/local/lib/perl5
    PERL5OPT = 
    PERL5_CPANPLUS_IS_RUNNING = 6880
    PERL5_CPAN_IS_RUNNING = 6880
    PERL_CPAN_REPORTER_CONFIG = /opt/perl5/cygwin_nt-6.1/2.0.2/x86_64/cpan/5.22.0/cygwin/reporter/config.ini
    PERL_CPAN_REPORTER_DIR = /opt/perl5/cygwin_nt-6.1/2.0.2/x86_64/cpan/5.22.0/cygwin/reporter
    PERL_EXTUTILS_AUTOINSTALL = 1
    PERL_MM_USE_DEFAULT = 1
    PERL_MY_PREFIX = /opt/perl5
    PERL_MY_SOURCE_DIR = /cygdrive/e/src/perl
    PERL_TEST_CRITIC = 1
    PERL_TEST_CRITIC = 1
    PERL_TEST_POD = 1
    PERL_TEST_POD = 1
    POD_TESTING = 1
    POD_TESTS = 1
    PROCESSOR_IDENTIFIER = Intel64 Family 6 Model 42 Stepping 7, GenuineIntel
    SHELL = /usr/bin/bash
    TEMP = /tmp
    TERM = xterm

Perl special variables (and OS-specific diagnostics, for MSWin32):

    $^X = /cygdrive/e/opt/perl5/cygwin_nt-6.1/2.0.2/x86_64/perl/5.22.0/cygwin/bin/perl
    $UID/$EUID = 1006 / 1006
    $GID = 513 513 1003 545 4 66049 11 15 113 4095 66048 262154 401408
    $EGID = 513 513 1003 545 4 66049 11 15 113 4095 66048 262154 401408

Perl module toolchain versions installed:

    Module              Have    
    ------------------- --------
    CPAN                2.11    
    CPAN::Meta          2.150001
    Cwd                 3.56    
    ExtUtils::CBuilder  0.280221
    ExtUtils::Command   1.20    
    ExtUtils::Install   2.04    
    ExtUtils::MakeMaker 7.04_01 
    ExtUtils::Manifest  1.70    
    ExtUtils::ParseXS   3.28    
    File::Spec          3.56    
    JSON                n/a     
    JSON::PP            2.27300 
    Module::Build       0.4212  
    Module::Signature   n/a     
    Parse::CPAN::Meta   1.4414  
    Test::Harness       3.35    
    Test::More          1.001014
    YAML                1.15    
    YAML::Syck          n/a     
    version             0.9909  


--

Summary of my perl5 (revision 5 version 22 subversion 0) configuration:
   
  Platform:
    osname=cygwin, osvers=2.0.2(0.28753), archname=cygwin
    uname='cygwin_nt-6.1 rigel 2.0.2(0.28753) 2015-05-08 17:00 x86_64 cygwin '
    config_args='-de -Dmksymlinks -Dcc=gcc -Dld=g++ -Uinc_version_list -Uinstallusrbinperl -Uusethreads -Uusemultiplicity -Duse64bitint -Uuselongdouble -Dprefix=/opt/perl5/cygwin_nt-6.1/2.0.2/x86_64/perl/5.22.0/cygwin'
    hint=recommended, useposix=true, d_sigaction=define
    useithreads=undef, usemultiplicity=undef
    use64bitint=define, use64bitall=define, uselongdouble=undef
    usemymalloc=n, bincompat5005=undef
  Compiler:
    cc='gcc', ccflags ='-DPERL_USE_SAFE_PUTENV -U__STRICT_ANSI__ -fwrapv -fno-strict-aliasing -pipe -fstack-protector-strong -D_FORTIFY_SOURCE=2',
    optimize='-O3',
    cppflags='-DPERL_USE_SAFE_PUTENV -U__STRICT_ANSI__ -fwrapv -fno-strict-aliasing -pipe -fstack-protector-strong'
    ccversion='', gccversion='4.9.2', gccosandvers=''
    intsize=4, longsize=8, ptrsize=8, doublesize=8, byteorder=12345678, doublekind=3
    d_longlong=define, longlongsize=8, d_longdbl=define, longdblsize=16, longdblkind=3
    ivtype='long', ivsize=8, nvtype='double', nvsize=8, Off_t='off_t', lseeksize=8
    alignbytes=8, prototype=define
  Linker and Libraries:
    ld='g++', ldflags =' -Wl,--enable-auto-import -Wl,--export-all-symbols -Wl,--enable-auto-image-base -fstack-protector-strong -L/usr/local/lib'
    libpth=/usr/lib/gcc/x86_64-pc-cygwin/4.9.2/include-fixed /usr/lib /usr/lib/gcc/x86_64-pc-cygwin/4.9.2/../../../../lib/../include/w32api /usr/local/lib /lib
    libs=-lpthread -ldb -ldl -lcrypt
    perllibs=-lpthread -ldl -lcrypt
    libc=/usr/lib/libc.a, so=dll, useshrplib=true, libperl=cygperl5_22_0.dll
    gnulibc_version=''
  Dynamic Linking:
    dlsrc=dl_dlopen.xs, dlext=dll, d_dlsymun=undef, ccdlflags=' '
    cccdlflags=' ', lddlflags=' --shared  -Wl,--enable-auto-import -Wl,--export-all-symbols -Wl,--enable-auto-image-base -L/usr/local/lib -fstack-protector-strong'


Characteristics of this binary (from libperl): 
  Compile-time options: HAS_TIMES PERLIO_LAYERS PERL_DONT_CREATE_GVSV
                        PERL_HASH_FUNC_ONE_AT_A_TIME_HARD
                        PERL_NEW_COPY_ON_WRITE PERL_PRESERVE_IVUV
                        PERL_USE_SAFE_PUTENV USE_64_BIT_ALL USE_64_BIT_INT
                        USE_LARGE_FILES USE_LOCALE USE_LOCALE_COLLATE
                        USE_LOCALE_CTYPE USE_LOCALE_NUMERIC USE_LOCALE_TIME
                        USE_PERLIO USE_PERL_ATOF
  Built under cygwin
  Compiled at Jun  9 2015 14:05:59
  %ENV:
    PERL5LIB="/opt/perl5/cygwin_nt-6.1/2.0.2/x86_64/perl/5.22.0/cygwin/local/lib/site_perl/5.22.0:/opt/perl5/cygwin_nt-6.1/2.0.2/x86_64/perl/5.22.0/cygwin/local/lib/5.22.0:/opt/perl5/cygwin_nt-6.1/2.0.2/x86_64/perl/5.22.0/cygwin/local/lib/perl5"
    PERL5OPT=""
    PERL5_CPANPLUS_IS_RUNNING="6880"
    PERL5_CPAN_IS_RUNNING="6880"
    PERL_CPAN_REPORTER_CONFIG="/opt/perl5/cygwin_nt-6.1/2.0.2/x86_64/cpan/5.22.0/cygwin/reporter/config.ini"
    PERL_CPAN_REPORTER_DIR="/opt/perl5/cygwin_nt-6.1/2.0.2/x86_64/cpan/5.22.0/cygwin/reporter"
    PERL_EXTUTILS_AUTOINSTALL="1"
    PERL_MM_USE_DEFAULT="1"
    PERL_MY_PREFIX="/opt/perl5"
    PERL_MY_SOURCE_DIR="/cygdrive/e/src/perl"
    PERL_TEST_CRITIC="1"
    PERL_TEST_POD="1"
    CYGWIN="codepage:utf8 nodosfilewarning"
  @INC:
    /opt/perl5/cygwin_nt-6.1/2.0.2/x86_64/perl/5.22.0/cygwin/local/lib/site_perl/5.22.0/cygwin
    /opt/perl5/cygwin_nt-6.1/2.0.2/x86_64/perl/5.22.0/cygwin/local/lib/site_perl/5.22.0
    /opt/perl5/cygwin_nt-6.1/2.0.2/x86_64/perl/5.22.0/cygwin/local/lib/5.22.0/cygwin
    /opt/perl5/cygwin_nt-6.1/2.0.2/x86_64/perl/5.22.0/cygwin/local/lib/5.22.0
    /opt/perl5/cygwin_nt-6.1/2.0.2/x86_64/perl/5.22.0/cygwin/local/lib/perl5/cygwin
    /opt/perl5/cygwin_nt-6.1/2.0.2/x86_64/perl/5.22.0/cygwin/local/lib/perl5
    /opt/perl5/cygwin_nt-6.1/2.0.2/x86_64/perl/5.22.0/cygwin/lib/site_perl/5.22.0/cygwin
    /opt/perl5/cygwin_nt-6.1/2.0.2/x86_64/perl/5.22.0/cygwin/lib/site_perl/5.22.0
    /opt/perl5/cygwin_nt-6.1/2.0.2/x86_64/perl/5.22.0/cygwin/lib/5.22.0/cygwin
    /opt/perl5/cygwin_nt-6.1/2.0.2/x86_64/perl/5.22.0/cygwin/lib/5.22.0
    .