ACME-QuoteDB v0.1.2 Perl 5 v5.16.3 x86_64-linux
- Status
- Fail
- From
- Slaven Rezić (SREZIC)
- Dist
-
ACME-QuoteDB v0.1.2
- Platform
- Perl 5 v5.16.3 x86_64-linux
- Date
- 2019-03-31 17:18:14
- ID
- f76d6938-53d8-11e9-ab4e-bd2c1f24ea8f
This distribution has been tested as part of the CPAN Testers
project, supporting the Perl programming language. See
http://wiki.cpantesters.org/ for more information or email
questions to cpan-testers-discuss@perl.org
--
Dear David Wright,
This is a computer-generated report for ACME-QuoteDB-0.1.2
on perl 5.16.3, created by CPAN-Reporter-1.2018.
Thank you for uploading your work to CPAN. However, there was a problem
testing your distribution.
If you think this report is invalid, please consult the CPAN Testers Wiki
for suggestions on how to avoid getting FAIL reports for missing library
or binary dependencies, unsupported operating systems, and so on:
http://wiki.cpantesters.org/wiki/CPANAuthorNotes
Sections of this report:
* Tester comments
* Program output
* Prerequisites
* Environment and other context
------------------------------
TESTER COMMENTS
------------------------------
Additional comments from tester:
none provided
------------------------------
PROGRAM OUTPUT
------------------------------
Output from './Build test':
# Testing ACME::QuoteDB 0.1.2, Perl 5.016003, /opt/perl-5.16.3/bin/perl
t/00-load.t ................. ok
"unicode" attribute will be deprecated. Use "sqlite_unicode" instead. at /opt/perl-5.16.3/lib/site_perl/5.16.3/x86_64-linux/DBI.pm line 734, <$source> line 2.
t/01-load_quotes.t .......... ok
"unicode" attribute will be deprecated. Use "sqlite_unicode" instead. at /opt/perl-5.16.3/lib/site_perl/5.16.3/x86_64-linux/DBI.pm line 734, <$source> line 2.
t/02-get_quotes.t ........... ok
"unicode" attribute will be deprecated. Use "sqlite_unicode" instead. at /opt/perl-5.16.3/lib/site_perl/5.16.3/x86_64-linux/DBI.pm line 734, <$source> line 2.
t/03-load_quotes_env.t ...... ok
"unicode" attribute will be deprecated. Use "sqlite_unicode" instead. at /opt/perl-5.16.3/lib/site_perl/5.16.3/x86_64-linux/DBI.pm line 734, <$source> line 2.
t/04-get_quotes_more.t ...... ok
"unicode" attribute will be deprecated. Use "sqlite_unicode" instead. at /opt/perl-5.16.3/lib/site_perl/5.16.3/x86_64-linux/DBI.pm line 734, <$source> line 2.
t/04-load_get_quote_utf8.t .. ok
DBI connect('database=acme_quotedb;host=localhost','acme_user',...) failed: Can't connect to local MySQL server through socket '/var/lib/mysql/mysql.sock' (2) at /home/cpansand/.cpan/build/2019033116/ACME-QuoteDB-0.1.2-3/blib/lib/ACME/QuoteDB/LoadDB.pm line 507.
t/05-load_quotes_remote.t ... skipped: mysql not installed or not configured for test user
t/boilerplate.t ............. ok
t/pod-coverage.t ............ ok
# Failed test 'POD test for blib/lib/ACME/QuoteDB.pm'
# at /opt/perl-5.16.3/lib/site_perl/5.16.3/Test/Pod.pm line 184.
# blib/lib/ACME/QuoteDB.pm (740): Expected text after =item, not a bullet
# Looks like you failed 1 test of 7.
t/pod.t .....................
Dubious, test returned 1 (wstat 256, 0x100)
Failed 1/7 subtests
Test Summary Report
-------------------
t/pod.t (Wstat: 256 Tests: 7 Failed: 1)
Failed test: 1
Non-zero exit status: 1
Files=10, Tests=121, 240 wallclock secs ( 0.32 usr 0.33 sys + 19.28 cusr 4.86 csys = 24.79 CPU)
Result: FAIL
Failed 1/10 test programs. 1/121 subtests failed.
------------------------------
PREREQUISITES
------------------------------
Prerequisite modules loaded:
build_requires:
Module Need Have
---------------- -------- --------
aliased 0.22 0.34
Carp 1.04 1.50
Class::DBI v3.0.17 3.0.17
Cwd 3.25 3.75
Data::Dumper 2.121 2.173
DBD::SQLite 1.14 1.58
File::Basename 2.74 2.84
File::Copy 2.11 2.23
File::Spec 3.2501 3.75
HTML::TokeParser 2.37 3.69
Module::Build 0.280801 0.4224
Readonly 1.03 2.05
Test::More 0.8 1.302162
Text::CSV 1.06 1.99
version 0.7 0.9924
------------------------------
ENVIRONMENT AND OTHER CONTEXT
------------------------------
Environment variables:
LANG = en_US.UTF-8
LC_ALL = de_DE.UTF-8
PATH = /usr/local/bin:/usr/bin:/bin:/usr/local/sbin:/usr/sbin:/sbin:/home/cpansand/bin/linux-gnu:/home/cpansand/bin/sh:/home/cpansand/bin:/usr/games:/home/cpansand/devel:/home/eserte/src/srezic-misc/scripts
PERL5LIB = /home/cpansand/.cpan/build/2019033116/Class-DBI-v3.0.17-3/blib/arch:/home/cpansand/.cpan/build/2019033116/Class-DBI-v3.0.17-3/blib/lib:/home/cpansand/.cpan/build/2019033116/UNIVERSAL-moniker-0.08-3/blib/arch:/home/cpansand/.cpan/build/2019033116/UNIVERSAL-moniker-0.08-3/blib/lib:/home/cpansand/.cpan/build/2019033116/Ima-DBI-0.35-3/blib/arch:/home/cpansand/.cpan/build/2019033116/Ima-DBI-0.35-3/blib/lib:/home/cpansand/.cpan/build/2019033116/DBIx-ContextualFetch-1.03-3/blib/arch:/home/cpansand/.cpan/build/2019033116/DBIx-ContextualFetch-1.03-3/blib/lib
PERL5OPT =
PERL5_CPANPLUS_IS_RUNNING = 1392
PERL5_CPAN_IS_RUNNING = 1392
PERL5_CPAN_IS_RUNNING_IN_RECURSION = 28479,1392
PERLDOC = -MPod::Perldoc::ToTextOverstrike
PERL_BATCH = yes
PERL_CANARY_STABILITY_NOPROMPT = 1
PERL_CPAN_REPORTER_CONFIG = /var/tmp/cpansmoker-1023/2019033114/cpanreporter_000_config.ini
PERL_EXTUTILS_AUTOINSTALL = --defaultdeps
PERL_USE_UNSAFE_INC = 1
SHELL = /bin/zsh
TERM = screen
TMPDIR = /var/tmp/cpansmoker-1023/2019033114
Perl special variables (and OS-specific diagnostics, for MSWin32):
$^X = /opt/perl-5.16.3/bin/perl
$UID/$EUID = 1023 / 1023
$GID = 1023 1023
$EGID = 1023 1023
Perl module toolchain versions installed:
Module Have
------------------- --------
CPAN 2.26
CPAN::Meta 2.150010
Cwd 3.75
ExtUtils::CBuilder 0.280230
ExtUtils::Command 7.34
ExtUtils::Install 2.14
ExtUtils::MakeMaker 7.34
ExtUtils::Manifest 1.72
ExtUtils::ParseXS 3.30
File::Spec 3.75
JSON 4.01
JSON::PP 2.97001
Module::Build 0.4224
Module::Signature 0.83
Parse::CPAN::Meta 2.150010
Test::Harness 3.42
Test::More 1.302162
YAML 1.26
YAML::Syck 1.31
version 0.9924
--
Summary of my perl5 (revision 5 version 16 subversion 3) configuration:
Platform:
osname=linux, osvers=2.6.32-696.3.1.el6.x86_64, archname=x86_64-linux
uname='linux centos6 2.6.32-696.3.1.el6.x86_64 #1 smp tue may 30 19:52:55 utc 2017 x86_64 x86_64 x86_64 gnulinux '
config_args='-ds -e -Dprefix=/opt/perl-5.16.3 -Dcf_email=srezic@cpan.org'
hint=recommended, useposix=true, d_sigaction=define
useithreads=undef, usemultiplicity=undef
useperlio=define, d_sfio=undef, uselargefiles=define, usesocks=undef
use64bitint=define, use64bitall=define, uselongdouble=undef
usemymalloc=n, bincompat5005=undef
Compiler:
cc='cc', ccflags ='-fno-strict-aliasing -pipe -fstack-protector -I/usr/local/include -D_LARGEFILE_SOURCE -D_FILE_OFFSET_BITS=64',
optimize='-O2',
cppflags='-fno-strict-aliasing -pipe -fstack-protector -I/usr/local/include'
ccversion='', gccversion='4.4.7 20120313 (Red Hat 4.4.7-18)', gccosandvers=''
intsize=4, longsize=8, ptrsize=8, doublesize=8, byteorder=12345678
d_longlong=define, longlongsize=8, d_longdbl=define, longdblsize=16
ivtype='long', ivsize=8, nvtype='double', nvsize=8, Off_t='off_t', lseeksize=8
alignbytes=8, prototype=define
Linker and Libraries:
ld='cc', ldflags =' -fstack-protector -L/usr/local/lib'
libpth=/usr/local/lib /lib/../lib64 /usr/lib/../lib64 /lib /usr/lib /lib64 /usr/lib64 /usr/local/lib64
libs=-lnsl -lgdbm -ldb -ldl -lm -lcrypt -lutil -lc
perllibs=-lnsl -ldl -lm -lcrypt -lutil -lc
libc=, so=so, useshrplib=false, libperl=libperl.a
gnulibc_version='2.12'
Dynamic Linking:
dlsrc=dl_dlopen.xs, dlext=so, d_dlsymun=undef, ccdlflags='-Wl,-E'
cccdlflags='-fPIC', lddlflags='-shared -O2 -L/usr/local/lib -fstack-protector'
Characteristics of this binary (from libperl):
Compile-time options: HAS_TIMES PERLIO_LAYERS PERL_DONT_CREATE_GVSV
PERL_MALLOC_WRAP PERL_PRESERVE_IVUV USE_64_BIT_ALL
USE_64_BIT_INT USE_LARGE_FILES USE_LOCALE
USE_LOCALE_COLLATE USE_LOCALE_CTYPE
USE_LOCALE_NUMERIC USE_PERLIO USE_PERL_ATOF
Built under linux
Compiled at Jun 24 2017 09:37:57
%ENV:
PERL5LIB="/home/cpansand/.cpan/build/2019033116/Class-DBI-v3.0.17-3/blib/arch:/home/cpansand/.cpan/build/2019033116/Class-DBI-v3.0.17-3/blib/lib:/home/cpansand/.cpan/build/2019033116/UNIVERSAL-moniker-0.08-3/blib/arch:/home/cpansand/.cpan/build/2019033116/UNIVERSAL-moniker-0.08-3/blib/lib:/home/cpansand/.cpan/build/2019033116/Ima-DBI-0.35-3/blib/arch:/home/cpansand/.cpan/build/2019033116/Ima-DBI-0.35-3/blib/lib:/home/cpansand/.cpan/build/2019033116/DBIx-ContextualFetch-1.03-3/blib/arch:/home/cpansand/.cpan/build/2019033116/DBIx-ContextualFetch-1.03-3/blib/lib"
PERL5OPT=""
PERL5_CPANPLUS_IS_RUNNING="1392"
PERL5_CPAN_IS_RUNNING="1392"
PERL5_CPAN_IS_RUNNING_IN_RECURSION="28479,1392"
PERLDOC="-MPod::Perldoc::ToTextOverstrike"
PERL_BATCH="yes"
PERL_CANARY_STABILITY_NOPROMPT="1"
PERL_CPAN_REPORTER_CONFIG="/var/tmp/cpansmoker-1023/2019033114/cpanreporter_000_config.ini"
PERL_EXTUTILS_AUTOINSTALL="--defaultdeps"
PERL_USE_UNSAFE_INC="1"
@INC:
/home/cpansand/.cpan/build/2019033116/Class-DBI-v3.0.17-3/blib/arch
/home/cpansand/.cpan/build/2019033116/Class-DBI-v3.0.17-3/blib/lib
/home/cpansand/.cpan/build/2019033116/UNIVERSAL-moniker-0.08-3/blib/arch
/home/cpansand/.cpan/build/2019033116/UNIVERSAL-moniker-0.08-3/blib/lib
/home/cpansand/.cpan/build/2019033116/Ima-DBI-0.35-3/blib/arch
/home/cpansand/.cpan/build/2019033116/Ima-DBI-0.35-3/blib/lib
/home/cpansand/.cpan/build/2019033116/DBIx-ContextualFetch-1.03-3/blib/arch
/home/cpansand/.cpan/build/2019033116/DBIx-ContextualFetch-1.03-3/blib/lib
/opt/perl-5.16.3/lib/site_perl/5.16.3/x86_64-linux
/opt/perl-5.16.3/lib/site_perl/5.16.3
/opt/perl-5.16.3/lib/5.16.3/x86_64-linux
/opt/perl-5.16.3/lib/5.16.3
.