Report for Fey-ORM-0.38

Back
From: metabase:user:315f03b2-2aae-11df-837a-5e0a49663a4f
Subject: FAIL Fey-ORM-0.38 v5.14.2 NetBSD
Date: 2013-04-25T21:42:02Z

This distribution has been tested as part of the CPAN Testers
project, supporting the Perl programming language.  See
http://wiki.cpantesters.org/ for more information or email
questions to cpan-testers-discuss@perl.org


--
Dear Dave Rolsky,

This is a computer-generated report for Fey-ORM-0.38
on perl 5.14.2, created by CPAN-Reporter-1.2010.

Thank you for uploading your work to CPAN.  However, there was a problem
testing your distribution.

If you think this report is invalid, please consult the CPAN Testers Wiki
for suggestions on how to avoid getting FAIL reports for missing library
or binary dependencies, unsupported operating systems, and so on:

http://wiki.cpantesters.org/wiki/CPANAuthorNotes

Sections of this report:

    * Tester comments
    * Program output
    * Prerequisites
    * Environment and other context

------------------------------
TESTER COMMENTS
------------------------------

Additional comments from tester:

this report is from an automated smoke testing program
and was not reviewed by a human for accuracy

------------------------------
PROGRAM OUTPUT
------------------------------

Output from '/usr/bin/make test':

PERL_DL_NONLAZY=1 /home/smoke/perl5/perlbrew/perls/perl-5.14.2/bin/perl "-MExtUtils::Command::MM" "-e" "test_harness(0, 'blib/lib', 'blib/arch')" t/*.t t/Class/*.t t/Object/*.t t/Object/Iterator/*.t t/Object/Iterator/FromSelect/*.t
Can't locate MooseX/StrictConstructor/Role/Meta/Method/Constructor.pm in @INC (@INC contains: t/lib /home/smoke/.cpan/build/Fey-ORM-0.38-buXr2q/blib/lib /home/smoke/.cpan/build/Fey-ORM-0.38-buXr2q/blib/arch /home/smoke/perl5/perlbrew/perls/perl-5.14.2/lib/site_perl/5.14.2/i386-netbsd /home/smoke/perl5/perlbrew/perls/perl-5.14.2/lib/site_perl/5.14.2 /home/smoke/perl5/perlbrew/perls/perl-5.14.2/lib/5.14.2/i386-netbsd /home/smoke/perl5/perlbrew/perls/perl-5.14.2/lib/5.14.2 .) at /home/smoke/perl5/perlbrew/perls/perl-5.14.2/lib/site_perl/5.14.2/i386-netbsd/Moose/Exporter.pm line 409.
Compilation failed in require at /home/smoke/.cpan/build/Fey-ORM-0.38-buXr2q/blib/lib/Fey/Meta/Class/Table.pm line 21.
BEGIN failed--compilation aborted at /home/smoke/.cpan/build/Fey-ORM-0.38-buXr2q/blib/lib/Fey/Meta/Class/Table.pm line 21.
Compilation failed in require at /home/smoke/.cpan/build/Fey-ORM-0.38-buXr2q/blib/lib/Fey/Object/Schema.pm line 10.
BEGIN failed--compilation aborted at /home/smoke/.cpan/build/Fey-ORM-0.38-buXr2q/blib/lib/Fey/Object/Schema.pm line 10.
Compilation failed in require at /home/smoke/.cpan/build/Fey-ORM-0.38-buXr2q/blib/lib/Fey/ORM/Schema.pm line 11.
BEGIN failed--compilation aborted at /home/smoke/.cpan/build/Fey-ORM-0.38-buXr2q/blib/lib/Fey/ORM/Schema.pm line 11.
Compilation failed in require at t/Class/Policy.t line 105.
BEGIN failed--compilation aborted at t/Class/Policy.t line 105.
t/Class/Policy.t ........................ 
Dubious, test returned 2 (wstat 512, 0x200)
No subtests run 
Can't locate MooseX/StrictConstructor/Role/Meta/Method/Constructor.pm in @INC (@INC contains: t/lib /home/smoke/.cpan/build/Fey-ORM-0.38-buXr2q/blib/lib /home/smoke/.cpan/build/Fey-ORM-0.38-buXr2q/blib/arch /home/smoke/perl5/perlbrew/perls/perl-5.14.2/lib/site_perl/5.14.2/i386-netbsd /home/smoke/perl5/perlbrew/perls/perl-5.14.2/lib/site_perl/5.14.2 /home/smoke/perl5/perlbrew/perls/perl-5.14.2/lib/5.14.2/i386-netbsd /home/smoke/perl5/perlbrew/perls/perl-5.14.2/lib/5.14.2 .) at /home/smoke/perl5/perlbrew/perls/perl-5.14.2/lib/site_perl/5.14.2/i386-netbsd/Moose/Exporter.pm line 409.
Compilation failed in require at /home/smoke/.cpan/build/Fey-ORM-0.38-buXr2q/blib/lib/Fey/Meta/Class/Table.pm line 21.
BEGIN failed--compilation aborted at /home/smoke/.cpan/build/Fey-ORM-0.38-buXr2q/blib/lib/Fey/Meta/Class/Table.pm line 21.
Compilation failed in require at /home/smoke/.cpan/build/Fey-ORM-0.38-buXr2q/blib/lib/Fey/Object/Schema.pm line 10.
BEGIN failed--compilation aborted at /home/smoke/.cpan/build/Fey-ORM-0.38-buXr2q/blib/lib/Fey/Object/Schema.pm line 10.
Compilation failed in require at /home/smoke/.cpan/build/Fey-ORM-0.38-buXr2q/blib/lib/Fey/ORM/Schema.pm line 11.
BEGIN failed--compilation aborted at /home/smoke/.cpan/build/Fey-ORM-0.38-buXr2q/blib/lib/Fey/ORM/Schema.pm line 11.
Compilation failed in require at t/Class/Schema.t line 16.
BEGIN failed--compilation aborted at t/Class/Schema.t line 16.
t/Class/Schema.t ........................ 
Dubious, test returned 2 (wstat 512, 0x200)
No subtests run 
Can't locate MooseX/StrictConstructor/Role/Meta/Method/Constructor.pm in @INC (@INC contains: t/lib /home/smoke/.cpan/build/Fey-ORM-0.38-buXr2q/blib/lib /home/smoke/.cpan/build/Fey-ORM-0.38-buXr2q/blib/arch /home/smoke/perl5/perlbrew/perls/perl-5.14.2/lib/site_perl/5.14.2/i386-netbsd /home/smoke/perl5/perlbrew/perls/perl-5.14.2/lib/site_perl/5.14.2 /home/smoke/perl5/perlbrew/perls/perl-5.14.2/lib/5.14.2/i386-netbsd /home/smoke/perl5/perlbrew/perls/perl-5.14.2/lib/5.14.2 .) at /home/smoke/perl5/perlbrew/perls/perl-5.14.2/lib/site_perl/5.14.2/i386-netbsd/Moose/Exporter.pm line 409.
Compilation failed in require at /home/smoke/.cpan/build/Fey-ORM-0.38-buXr2q/blib/lib/Fey/Meta/Class/Table.pm line 21.
BEGIN failed--compilation aborted at /home/smoke/.cpan/build/Fey-ORM-0.38-buXr2q/blib/lib/Fey/Meta/Class/Table.pm line 21.
Compilation failed in require at /home/smoke/.cpan/build/Fey-ORM-0.38-buXr2q/blib/lib/Fey/Object/Schema.pm line 10.
BEGIN failed--compilation aborted at /home/smoke/.cpan/build/Fey-ORM-0.38-buXr2q/blib/lib/Fey/Object/Schema.pm line 10.
Compilation failed in require at /home/smoke/.cpan/build/Fey-ORM-0.38-buXr2q/blib/lib/Fey/ORM/Schema.pm line 11.
BEGIN failed--compilation aborted at /home/smoke/.cpan/build/Fey-ORM-0.38-buXr2q/blib/lib/Fey/ORM/Schema.pm line 11.
Compilation failed in require at t/Class/Table-has_many.t line 17.
BEGIN failed--compilation aborted at t/Class/Table-has_many.t line 17.
t/Class/Table-has_many.t ................ 
Dubious, test returned 2 (wstat 512, 0x200)
No subtests run 
Can't locate MooseX/StrictConstructor/Role/Meta/Method/Constructor.pm in @INC (@INC contains: t/lib /home/smoke/.cpan/build/Fey-ORM-0.38-buXr2q/blib/lib /home/smoke/.cpan/build/Fey-ORM-0.38-buXr2q/blib/arch /home/smoke/perl5/perlbrew/perls/perl-5.14.2/lib/site_perl/5.14.2/i386-netbsd /home/smoke/perl5/perlbrew/perls/perl-5.14.2/lib/site_perl/5.14.2 /home/smoke/perl5/perlbrew/perls/perl-5.14.2/lib/5.14.2/i386-netbsd /home/smoke/perl5/perlbrew/perls/perl-5.14.2/lib/5.14.2 .) at /home/smoke/perl5/perlbrew/perls/perl-5.14.2/lib/site_perl/5.14.2/i386-netbsd/Moose/Exporter.pm line 409.
Compilation failed in require at /home/smoke/.cpan/build/Fey-ORM-0.38-buXr2q/blib/lib/Fey/Meta/Class/Table.pm line 21.
BEGIN failed--compilation aborted at /home/smoke/.cpan/build/Fey-ORM-0.38-buXr2q/blib/lib/Fey/Meta/Class/Table.pm line 21.
Compilation failed in require at /home/smoke/.cpan/build/Fey-ORM-0.38-buXr2q/blib/lib/Fey/Object/Schema.pm line 10.
BEGIN failed--compilation aborted at /home/smoke/.cpan/build/Fey-ORM-0.38-buXr2q/blib/lib/Fey/Object/Schema.pm line 10.
Compilation failed in require at /home/smoke/.cpan/build/Fey-ORM-0.38-buXr2q/blib/lib/Fey/ORM/Schema.pm line 11.
BEGIN failed--compilation aborted at /home/smoke/.cpan/build/Fey-ORM-0.38-buXr2q/blib/lib/Fey/ORM/Schema.pm line 11.
Compilation failed in require at t/Class/Table-has_one.t line 17.
BEGIN failed--compilation aborted at t/Class/Table-has_one.t line 17.
t/Class/Table-has_one.t ................. 
Dubious, test returned 2 (wstat 512, 0x200)
No subtests run 
Can't locate MooseX/StrictConstructor/Role/Meta/Method/Constructor.pm in @INC (@INC contains: t/lib /home/smoke/.cpan/build/Fey-ORM-0.38-buXr2q/blib/lib /home/smoke/.cpan/build/Fey-ORM-0.38-buXr2q/blib/arch /home/smoke/perl5/perlbrew/perls/perl-5.14.2/lib/site_perl/5.14.2/i386-netbsd /home/smoke/perl5/perlbrew/perls/perl-5.14.2/lib/site_perl/5.14.2 /home/smoke/perl5/perlbrew/perls/perl-5.14.2/lib/5.14.2/i386-netbsd /home/smoke/perl5/perlbrew/perls/perl-5.14.2/lib/5.14.2 .) at /home/smoke/perl5/perlbrew/perls/perl-5.14.2/lib/site_perl/5.14.2/i386-netbsd/Moose/Exporter.pm line 409.
Compilation failed in require at /home/smoke/.cpan/build/Fey-ORM-0.38-buXr2q/blib/lib/Fey/Meta/Class/Table.pm line 21.
BEGIN failed--compilation aborted at /home/smoke/.cpan/build/Fey-ORM-0.38-buXr2q/blib/lib/Fey/Meta/Class/Table.pm line 21.
Compilation failed in require at /home/smoke/.cpan/build/Fey-ORM-0.38-buXr2q/blib/lib/Fey/ORM/Table.pm line 11.
BEGIN failed--compilation aborted at /home/smoke/.cpan/build/Fey-ORM-0.38-buXr2q/blib/lib/Fey/ORM/Table.pm line 11.
Compilation failed in require at t/Class/Table.t line 15.
BEGIN failed--compilation aborted at t/Class/Table.t line 15.
t/Class/Table.t ......................... 
Dubious, test returned 2 (wstat 512, 0x200)
No subtests run 
Can't locate MooseX/StrictConstructor/Role/Meta/Method/Constructor.pm in @INC (@INC contains: t/lib /home/smoke/.cpan/build/Fey-ORM-0.38-buXr2q/blib/lib /home/smoke/.cpan/build/Fey-ORM-0.38-buXr2q/blib/arch /home/smoke/perl5/perlbrew/perls/perl-5.14.2/lib/site_perl/5.14.2/i386-netbsd /home/smoke/perl5/perlbrew/perls/perl-5.14.2/lib/site_perl/5.14.2 /home/smoke/perl5/perlbrew/perls/perl-5.14.2/lib/5.14.2/i386-netbsd /home/smoke/perl5/perlbrew/perls/perl-5.14.2/lib/5.14.2 .) at /home/smoke/perl5/perlbrew/perls/perl-5.14.2/lib/site_perl/5.14.2/i386-netbsd/Moose/Exporter.pm line 409.
Compilation failed in require at /home/smoke/.cpan/build/Fey-ORM-0.38-buXr2q/blib/lib/Fey/Meta/Class/Table.pm line 21.
BEGIN failed--compilation aborted at /home/smoke/.cpan/build/Fey-ORM-0.38-buXr2q/blib/lib/Fey/Meta/Class/Table.pm line 21.
Compilation failed in require at /home/smoke/.cpan/build/Fey-ORM-0.38-buXr2q/blib/lib/Fey/Object/Schema.pm line 10.
BEGIN failed--compilation aborted at /home/smoke/.cpan/build/Fey-ORM-0.38-buXr2q/blib/lib/Fey/Object/Schema.pm line 10.
Compilation failed in require at /home/smoke/.cpan/build/Fey-ORM-0.38-buXr2q/blib/lib/Fey/ORM/Schema.pm line 11.
BEGIN failed--compilation aborted at /home/smoke/.cpan/build/Fey-ORM-0.38-buXr2q/blib/lib/Fey/ORM/Schema.pm line 11.
Compilation failed in require at (eval 767) line 4.
BEGIN failed--compilation aborted at (eval 767) line 4.
t/Object/Iterator/FromArray.t ........... 
Dubious, test returned 2 (wstat 512, 0x200)
No subtests run 
Can't locate MooseX/StrictConstructor/Role/Meta/Method/Constructor.pm in @INC (@INC contains: t/lib /home/smoke/.cpan/build/Fey-ORM-0.38-buXr2q/blib/lib /home/smoke/.cpan/build/Fey-ORM-0.38-buXr2q/blib/arch /home/smoke/perl5/perlbrew/perls/perl-5.14.2/lib/site_perl/5.14.2/i386-netbsd /home/smoke/perl5/perlbrew/perls/perl-5.14.2/lib/site_perl/5.14.2 /home/smoke/perl5/perlbrew/perls/perl-5.14.2/lib/5.14.2/i386-netbsd /home/smoke/perl5/perlbrew/perls/perl-5.14.2/lib/5.14.2 .) at /home/smoke/perl5/perlbrew/perls/perl-5.14.2/lib/site_perl/5.14.2/i386-netbsd/Moose/Exporter.pm line 409.
Compilation failed in require at /home/smoke/.cpan/build/Fey-ORM-0.38-buXr2q/blib/lib/Fey/Meta/Class/Table.pm line 21.
BEGIN failed--compilation aborted at /home/smoke/.cpan/build/Fey-ORM-0.38-buXr2q/blib/lib/Fey/Meta/Class/Table.pm line 21.
Compilation failed in require at /home/smoke/.cpan/build/Fey-ORM-0.38-buXr2q/blib/lib/Fey/Object/Schema.pm line 10.
BEGIN failed--compilation aborted at /home/smoke/.cpan/build/Fey-ORM-0.38-buXr2q/blib/lib/Fey/Object/Schema.pm line 10.
Compilation failed in require at /home/smoke/.cpan/build/Fey-ORM-0.38-buXr2q/blib/lib/Fey/ORM/Schema.pm line 11.
BEGIN failed--compilation aborted at /home/smoke/.cpan/build/Fey-ORM-0.38-buXr2q/blib/lib/Fey/ORM/Schema.pm line 11.
Compilation failed in require at (eval 754) line 4.
BEGIN failed--compilation aborted at (eval 754) line 4.
t/Object/Iterator/FromSelect.t .......... 
Dubious, test returned 2 (wstat 512, 0x200)
No subtests run 
Can't locate MooseX/StrictConstructor/Role/Meta/Method/Constructor.pm in @INC (@INC contains: t/lib /home/smoke/.cpan/build/Fey-ORM-0.38-buXr2q/blib/lib /home/smoke/.cpan/build/Fey-ORM-0.38-buXr2q/blib/arch /home/smoke/perl5/perlbrew/perls/perl-5.14.2/lib/site_perl/5.14.2/i386-netbsd /home/smoke/perl5/perlbrew/perls/perl-5.14.2/lib/site_perl/5.14.2 /home/smoke/perl5/perlbrew/perls/perl-5.14.2/lib/5.14.2/i386-netbsd /home/smoke/perl5/perlbrew/perls/perl-5.14.2/lib/5.14.2 .) at /home/smoke/perl5/perlbrew/perls/perl-5.14.2/lib/site_perl/5.14.2/i386-netbsd/Moose/Exporter.pm line 409.
Compilation failed in require at /home/smoke/.cpan/build/Fey-ORM-0.38-buXr2q/blib/lib/Fey/Meta/Class/Table.pm line 21.
BEGIN failed--compilation aborted at /home/smoke/.cpan/build/Fey-ORM-0.38-buXr2q/blib/lib/Fey/Meta/Class/Table.pm line 21.
Compilation failed in require at /home/smoke/.cpan/build/Fey-ORM-0.38-buXr2q/blib/lib/Fey/Object/Schema.pm line 10.
BEGIN failed--compilation aborted at /home/smoke/.cpan/build/Fey-ORM-0.38-buXr2q/blib/lib/Fey/Object/Schema.pm line 10.
Compilation failed in require at /home/smoke/.cpan/build/Fey-ORM-0.38-buXr2q/blib/lib/Fey/ORM/Schema.pm line 11.
BEGIN failed--compilation aborted at /home/smoke/.cpan/build/Fey-ORM-0.38-buXr2q/blib/lib/Fey/ORM/Schema.pm line 11.
Compilation failed in require at (eval 766) line 4.
BEGIN failed--compilation aborted at (eval 766) line 4.
t/Object/Iterator/FromSelect/Caching.t .. 
Dubious, test returned 2 (wstat 512, 0x200)
No subtests run 
Can't locate MooseX/StrictConstructor/Role/Meta/Method/Constructor.pm in @INC (@INC contains: t/lib /home/smoke/.cpan/build/Fey-ORM-0.38-buXr2q/blib/lib /home/smoke/.cpan/build/Fey-ORM-0.38-buXr2q/blib/arch /home/smoke/perl5/perlbrew/perls/perl-5.14.2/lib/site_perl/5.14.2/i386-netbsd /home/smoke/perl5/perlbrew/perls/perl-5.14.2/lib/site_perl/5.14.2 /home/smoke/perl5/perlbrew/perls/perl-5.14.2/lib/5.14.2/i386-netbsd /home/smoke/perl5/perlbrew/perls/perl-5.14.2/lib/5.14.2 .) at /home/smoke/perl5/perlbrew/perls/perl-5.14.2/lib/site_perl/5.14.2/i386-netbsd/Moose/Exporter.pm line 409.
Compilation failed in require at /home/smoke/.cpan/build/Fey-ORM-0.38-buXr2q/blib/lib/Fey/Meta/Class/Table.pm line 21.
BEGIN failed--compilation aborted at /home/smoke/.cpan/build/Fey-ORM-0.38-buXr2q/blib/lib/Fey/Meta/Class/Table.pm line 21.
Compilation failed in require at /home/smoke/.cpan/build/Fey-ORM-0.38-buXr2q/blib/lib/Fey/Object/Schema.pm line 10.
BEGIN failed--compilation aborted at /home/smoke/.cpan/build/Fey-ORM-0.38-buXr2q/blib/lib/Fey/Object/Schema.pm line 10.
Compilation failed in require at /home/smoke/.cpan/build/Fey-ORM-0.38-buXr2q/blib/lib/Fey/ORM/Schema.pm line 11.
BEGIN failed--compilation aborted at /home/smoke/.cpan/build/Fey-ORM-0.38-buXr2q/blib/lib/Fey/ORM/Schema.pm line 11.
Compilation failed in require at (eval 713) line 4.
BEGIN failed--compilation aborted at (eval 713) line 4.
t/Object/Schema.t ....................... 
Dubious, test returned 2 (wstat 512, 0x200)
No subtests run 
Can't locate MooseX/StrictConstructor/Role/Meta/Method/Constructor.pm in @INC (@INC contains: t/lib /home/smoke/.cpan/build/Fey-ORM-0.38-buXr2q/blib/lib /home/smoke/.cpan/build/Fey-ORM-0.38-buXr2q/blib/arch /home/smoke/perl5/perlbrew/perls/perl-5.14.2/lib/site_perl/5.14.2/i386-netbsd /home/smoke/perl5/perlbrew/perls/perl-5.14.2/lib/site_perl/5.14.2 /home/smoke/perl5/perlbrew/perls/perl-5.14.2/lib/5.14.2/i386-netbsd /home/smoke/perl5/perlbrew/perls/perl-5.14.2/lib/5.14.2 .) at /home/smoke/perl5/perlbrew/perls/perl-5.14.2/lib/site_perl/5.14.2/i386-netbsd/Moose/Exporter.pm line 409.
Compilation failed in require at /home/smoke/.cpan/build/Fey-ORM-0.38-buXr2q/blib/lib/Fey/Meta/Class/Table.pm line 21.
BEGIN failed--compilation aborted at /home/smoke/.cpan/build/Fey-ORM-0.38-buXr2q/blib/lib/Fey/Meta/Class/Table.pm line 21.
Compilation failed in require at /home/smoke/.cpan/build/Fey-ORM-0.38-buXr2q/blib/lib/Fey/Object/Schema.pm line 10.
BEGIN failed--compilation aborted at /home/smoke/.cpan/build/Fey-ORM-0.38-buXr2q/blib/lib/Fey/Object/Schema.pm line 10.
Compilation failed in require at /home/smoke/.cpan/build/Fey-ORM-0.38-buXr2q/blib/lib/Fey/ORM/Schema.pm line 11.
BEGIN failed--compilation aborted at /home/smoke/.cpan/build/Fey-ORM-0.38-buXr2q/blib/lib/Fey/ORM/Schema.pm line 11.
Compilation failed in require at (eval 712) line 4.
BEGIN failed--compilation aborted at (eval 712) line 4.
t/Object/Table-cache.t .................. 
Dubious, test returned 2 (wstat 512, 0x200)
No subtests run 
Can't locate MooseX/StrictConstructor/Role/Meta/Method/Constructor.pm in @INC (@INC contains: t/lib /home/smoke/.cpan/build/Fey-ORM-0.38-buXr2q/blib/lib /home/smoke/.cpan/build/Fey-ORM-0.38-buXr2q/blib/arch /home/smoke/perl5/perlbrew/perls/perl-5.14.2/lib/site_perl/5.14.2/i386-netbsd /home/smoke/perl5/perlbrew/perls/perl-5.14.2/lib/site_perl/5.14.2 /home/smoke/perl5/perlbrew/perls/perl-5.14.2/lib/5.14.2/i386-netbsd /home/smoke/perl5/perlbrew/perls/perl-5.14.2/lib/5.14.2 .) at /home/smoke/perl5/perlbrew/perls/perl-5.14.2/lib/site_perl/5.14.2/i386-netbsd/Moose/Exporter.pm line 409.
Compilation failed in require at /home/smoke/.cpan/build/Fey-ORM-0.38-buXr2q/blib/lib/Fey/Meta/Class/Table.pm line 21.
BEGIN failed--compilation aborted at /home/smoke/.cpan/build/Fey-ORM-0.38-buXr2q/blib/lib/Fey/Meta/Class/Table.pm line 21.
Compilation failed in require at /home/smoke/.cpan/build/Fey-ORM-0.38-buXr2q/blib/lib/Fey/ORM/Table.pm line 11.
BEGIN failed--compilation aborted at /home/smoke/.cpan/build/Fey-ORM-0.38-buXr2q/blib/lib/Fey/ORM/Table.pm line 11.
Compilation failed in require at t/Object/Table-has_many.t line 19.
BEGIN failed--compilation aborted at t/Object/Table-has_many.t line 19.
t/Object/Table-has_many.t ............... 
Dubious, test returned 2 (wstat 512, 0x200)
No subtests run 
Can't locate MooseX/StrictConstructor/Role/Meta/Method/Constructor.pm in @INC (@INC contains: t/lib /home/smoke/.cpan/build/Fey-ORM-0.38-buXr2q/blib/lib /home/smoke/.cpan/build/Fey-ORM-0.38-buXr2q/blib/arch /home/smoke/perl5/perlbrew/perls/perl-5.14.2/lib/site_perl/5.14.2/i386-netbsd /home/smoke/perl5/perlbrew/perls/perl-5.14.2/lib/site_perl/5.14.2 /home/smoke/perl5/perlbrew/perls/perl-5.14.2/lib/5.14.2/i386-netbsd /home/smoke/perl5/perlbrew/perls/perl-5.14.2/lib/5.14.2 .) at /home/smoke/perl5/perlbrew/perls/perl-5.14.2/lib/site_perl/5.14.2/i386-netbsd/Moose/Exporter.pm line 409.
Compilation failed in require at /home/smoke/.cpan/build/Fey-ORM-0.38-buXr2q/blib/lib/Fey/Meta/Class/Table.pm line 21.
BEGIN failed--compilation aborted at /home/smoke/.cpan/build/Fey-ORM-0.38-buXr2q/blib/lib/Fey/Meta/Class/Table.pm line 21.
Compilation failed in require at /home/smoke/.cpan/build/Fey-ORM-0.38-buXr2q/blib/lib/Fey/ORM/Table.pm line 11.
BEGIN failed--compilation aborted at /home/smoke/.cpan/build/Fey-ORM-0.38-buXr2q/blib/lib/Fey/ORM/Table.pm line 11.
Compilation failed in require at t/Object/Table-has_one.t line 19.
BEGIN failed--compilation aborted at t/Object/Table-has_one.t line 19.
t/Object/Table-has_one.t ................ 
Dubious, test returned 2 (wstat 512, 0x200)
No subtests run 
Can't locate MooseX/StrictConstructor/Role/Meta/Method/Constructor.pm in @INC (@INC contains: t/lib /home/smoke/.cpan/build/Fey-ORM-0.38-buXr2q/blib/lib /home/smoke/.cpan/build/Fey-ORM-0.38-buXr2q/blib/arch /home/smoke/perl5/perlbrew/perls/perl-5.14.2/lib/site_perl/5.14.2/i386-netbsd /home/smoke/perl5/perlbrew/perls/perl-5.14.2/lib/site_perl/5.14.2 /home/smoke/perl5/perlbrew/perls/perl-5.14.2/lib/5.14.2/i386-netbsd /home/smoke/perl5/perlbrew/perls/perl-5.14.2/lib/5.14.2 .) at /home/smoke/perl5/perlbrew/perls/perl-5.14.2/lib/site_perl/5.14.2/i386-netbsd/Moose/Exporter.pm line 409.
Compilation failed in require at /home/smoke/.cpan/build/Fey-ORM-0.38-buXr2q/blib/lib/Fey/Meta/Class/Table.pm line 21.
BEGIN failed--compilation aborted at /home/smoke/.cpan/build/Fey-ORM-0.38-buXr2q/blib/lib/Fey/Meta/Class/Table.pm line 21.
Compilation failed in require at /home/smoke/.cpan/build/Fey-ORM-0.38-buXr2q/blib/lib/Fey/ORM/Table.pm line 11.
BEGIN failed--compilation aborted at /home/smoke/.cpan/build/Fey-ORM-0.38-buXr2q/blib/lib/Fey/ORM/Table.pm line 11.
Compilation failed in require at t/Object/Table-query-method.t line 18.
BEGIN failed--compilation aborted at t/Object/Table-query-method.t line 18.
t/Object/Table-query-method.t ........... 
Dubious, test returned 2 (wstat 512, 0x200)
No subtests run 
Can't locate MooseX/StrictConstructor/Role/Meta/Method/Constructor.pm in @INC (@INC contains: t/lib /home/smoke/.cpan/build/Fey-ORM-0.38-buXr2q/blib/lib /home/smoke/.cpan/build/Fey-ORM-0.38-buXr2q/blib/arch /home/smoke/perl5/perlbrew/perls/perl-5.14.2/lib/site_perl/5.14.2/i386-netbsd /home/smoke/perl5/perlbrew/perls/perl-5.14.2/lib/site_perl/5.14.2 /home/smoke/perl5/perlbrew/perls/perl-5.14.2/lib/5.14.2/i386-netbsd /home/smoke/perl5/perlbrew/perls/perl-5.14.2/lib/5.14.2 .) at /home/smoke/perl5/perlbrew/perls/perl-5.14.2/lib/site_perl/5.14.2/i386-netbsd/Moose/Exporter.pm line 409.
Compilation failed in require at /home/smoke/.cpan/build/Fey-ORM-0.38-buXr2q/blib/lib/Fey/Meta/Class/Table.pm line 21.
BEGIN failed--compilation aborted at /home/smoke/.cpan/build/Fey-ORM-0.38-buXr2q/blib/lib/Fey/Meta/Class/Table.pm line 21.
Compilation failed in require at /home/smoke/.cpan/build/Fey-ORM-0.38-buXr2q/blib/lib/Fey/ORM/Table.pm line 11.
BEGIN failed--compilation aborted at /home/smoke/.cpan/build/Fey-ORM-0.38-buXr2q/blib/lib/Fey/ORM/Table.pm line 11.
Compilation failed in require at t/Object/Table-select-attr.t line 18.
BEGIN failed--compilation aborted at t/Object/Table-select-attr.t line 18.
t/Object/Table-select-attr.t ............ 
Dubious, test returned 2 (wstat 512, 0x200)
No subtests run 
Can't locate MooseX/StrictConstructor/Role/Meta/Method/Constructor.pm in @INC (@INC contains: t/lib /home/smoke/.cpan/build/Fey-ORM-0.38-buXr2q/blib/lib /home/smoke/.cpan/build/Fey-ORM-0.38-buXr2q/blib/arch /home/smoke/perl5/perlbrew/perls/perl-5.14.2/lib/site_perl/5.14.2/i386-netbsd /home/smoke/perl5/perlbrew/perls/perl-5.14.2/lib/site_perl/5.14.2 /home/smoke/perl5/perlbrew/perls/perl-5.14.2/lib/5.14.2/i386-netbsd /home/smoke/perl5/perlbrew/perls/perl-5.14.2/lib/5.14.2 .) at /home/smoke/perl5/perlbrew/perls/perl-5.14.2/lib/site_perl/5.14.2/i386-netbsd/Moose/Exporter.pm line 409.
Compilation failed in require at /home/smoke/.cpan/build/Fey-ORM-0.38-buXr2q/blib/lib/Fey/Meta/Class/Table.pm line 21.
BEGIN failed--compilation aborted at /home/smoke/.cpan/build/Fey-ORM-0.38-buXr2q/blib/lib/Fey/Meta/Class/Table.pm line 21.
Compilation failed in require at /home/smoke/.cpan/build/Fey-ORM-0.38-buXr2q/blib/lib/Fey/ORM/Table.pm line 11.
BEGIN failed--compilation aborted at /home/smoke/.cpan/build/Fey-ORM-0.38-buXr2q/blib/lib/Fey/ORM/Table.pm line 11.
Compilation failed in require at t/Object/Table.t line 392.
BEGIN failed--compilation aborted at t/Object/Table.t line 392.
t/Object/Table.t ........................ 
Dubious, test returned 2 (wstat 512, 0x200)
No subtests run 
t/release-eol.t ......................... skipped: these tests are for release candidate testing
t/release-kwalitee.t .................... skipped: these tests are for release candidate testing
t/release-no-tabs.t ..................... skipped: these tests are for release candidate testing

Test Summary Report
-------------------
t/Class/Policy.t                      (Wstat: 512 Tests: 0 Failed: 0)
  Non-zero exit status: 2
  Parse errors: No plan found in TAP output
t/Class/Schema.t                      (Wstat: 512 Tests: 0 Failed: 0)
  Non-zero exit status: 2
  Parse errors: No plan found in TAP output
t/Class/Table-has_many.t              (Wstat: 512 Tests: 0 Failed: 0)
  Non-zero exit status: 2
  Parse errors: No plan found in TAP output
t/Class/Table-has_one.t               (Wstat: 512 Tests: 0 Failed: 0)
  Non-zero exit status: 2
  Parse errors: No plan found in TAP output
t/Class/Table.t                       (Wstat: 512 Tests: 0 Failed: 0)
  Non-zero exit status: 2
  Parse errors: No plan found in TAP output
t/Object/Iterator/FromArray.t         (Wstat: 512 Tests: 0 Failed: 0)
  Non-zero exit status: 2
  Parse errors: No plan found in TAP output
t/Object/Iterator/FromSelect.t        (Wstat: 512 Tests: 0 Failed: 0)
  Non-zero exit status: 2
  Parse errors: No plan found in TAP output
t/Object/Iterator/FromSelect/Caching.t (Wstat: 512 Tests: 0 Failed: 0)
  Non-zero exit status: 2
  Parse errors: No plan found in TAP output
t/Object/Schema.t                     (Wstat: 512 Tests: 0 Failed: 0)
  Non-zero exit status: 2
  Parse errors: No plan found in TAP output
t/Object/Table-cache.t                (Wstat: 512 Tests: 0 Failed: 0)
  Non-zero exit status: 2
  Parse errors: No plan found in TAP output
t/Object/Table-has_many.t             (Wstat: 512 Tests: 0 Failed: 0)
  Non-zero exit status: 2
  Parse errors: No plan found in TAP output
t/Object/Table-has_one.t              (Wstat: 512 Tests: 0 Failed: 0)
  Non-zero exit status: 2
  Parse errors: No plan found in TAP output
t/Object/Table-query-method.t         (Wstat: 512 Tests: 0 Failed: 0)
  Non-zero exit status: 2
  Parse errors: No plan found in TAP output
t/Object/Table-select-attr.t          (Wstat: 512 Tests: 0 Failed: 0)
  Non-zero exit status: 2
  Parse errors: No plan found in TAP output
t/Object/Table.t                      (Wstat: 512 Tests: 0 Failed: 0)
  Non-zero exit status: 2
  Parse errors: No plan found in TAP output
Files=18, Tests=0, 53 wallclock secs ( 0.09 usr  0.06 sys + 51.51 cusr  1.35 csys = 53.01 CPU)
Result: FAIL
Failed 15/18 test programs. 0/0 subtests failed.
*** Error code 255

Stop.
make: stopped in /home/smoke/.cpan/build/Fey-ORM-0.38-buXr2q

------------------------------
PREREQUISITES
------------------------------

Prerequisite modules loaded:

requires:

    Module                         Need Have  
    ------------------------------ ---- ------
    Devel::GlobalDestruction       0    0.11  
    Exception::Class               0    1.37  
    Fey                            0.39 0.40  
    Fey::DBIManager                0.07 0.16  
    List::AllUtils                 0    0.03  
    Moose                          1.15 2.0801
    MooseX::ClassAttribute         0.17 0.27  
    MooseX::SemiAffordanceAccessor 0    0.09  
    MooseX::StrictConstructor      0.08 0.15  
    namespace::autoclean           0    0.13  
    Object::ID                     0    v0.1.2
    Scalar::Util                   0    1.27  
    Sub::Exporter                  0    0.985 

build_requires:

    Module                         Need Have  
    ------------------------------ ---- ------
    Fey::Test                      0.05 0.10  
    Test::Exception                0    0.31  
    Test::More                     0.88 0.98  

configure_requires:

    Module                         Need Have  
    ------------------------------ ---- ------
    ExtUtils::MakeMaker            6.31 6.64  


------------------------------
ENVIRONMENT AND OTHER CONTEXT
------------------------------

Environment variables:

    AUTOMATED_TESTING = 1
    MANPATH_WITHOUT_PERLBREW = 
    PATH = /home/smoke/perl5/perlbrew/bin:/home/smoke/perl5/perlbrew/perls/perl-5.14.2/bin:/home/smoke/bin:/usr/pkg/sbin:/usr/pkg/bin:/bin:/sbin:/usr/bin:/usr/sbin:/usr/local/bin:/usr/local/sbin:/usr/X11R7/bin:/usr/X11R6/bin:/usr/games
    PATH_WITHOUT_PERLBREW = /home/smoke/bin:/usr/pkg/sbin:/usr/pkg/bin:/bin:/sbin:/usr/bin:/usr/sbin:/usr/local/bin:/usr/local/sbin:/usr/X11R7/bin:/usr/X11R6/bin:/usr/games
    PERL5LIB = 
    PERL5OPT = 
    PERL5_CPANPLUS_IS_RUNNING = 10808
    PERL5_CPAN_IS_RUNNING = 10808
    PERL5_CPAN_IS_RUNNING_IN_RECURSION = 12970,10808
    PERLBREW_BASHRC_VERSION = 0.41
    PERLBREW_HOME = /home/smoke/.perlbrew
    PERLBREW_MANPATH = /home/smoke/perl5/perlbrew/perls/perl-5.14.2/man
    PERLBREW_PATH = /home/smoke/perl5/perlbrew/bin:/home/smoke/perl5/perlbrew/perls/perl-5.14.2/bin
    PERLBREW_PERL = perl-5.14.2
    PERLBREW_ROOT = /home/smoke/perl5/perlbrew
    PERLBREW_VERSION = 0.41
    PERL_CR_SMOKER_CURRENT = Fey-ORM-0.38
    PERL_EXTUTILS_AUTOINSTALL = --defaultdeps
    PERL_MM_USE_DEFAULT = 1
    SHELL = /usr/pkg/bin/bash
    TERM = xterm-color

Perl special variables (and OS-specific diagnostics, for MSWin32):

    $^X = /home/smoke/perl5/perlbrew/perls/perl-5.14.2/bin/perl
    $UID/$EUID = 1002 / 1002
    $GID = 100 100
    $EGID = 100 100

Perl module toolchain versions installed:

    Module              Have    
    ------------------- --------
    CPAN                2.00    
    CPAN::Meta          2.130880
    Cwd                 3.40    
    ExtUtils::CBuilder  0.280205
    ExtUtils::Command   1.17    
    ExtUtils::Install   1.56    
    ExtUtils::MakeMaker 6.64    
    ExtUtils::Manifest  1.61    
    ExtUtils::ParseXS   3.18    
    File::Spec          3.40    
    JSON                2.57    
    JSON::PP            2.27202 
    Module::Build       0.4004  
    Module::Signature   n/a     
    Parse::CPAN::Meta   1.4404  
    Test::Harness       3.26    
    Test::More          0.98    
    YAML                0.73    
    YAML::Syck          1.25    
    version             0.9902  


--

Summary of my perl5 (revision 5 version 14 subversion 2) configuration:
   
  Platform:
    osname=netbsd, osvers=6.0.1_patch, archname=i386-netbsd
    uname='netbsd prickle.zeroclue.com 6.0.1_patch netbsd 6.0.1_patch (generic) i386 '
    config_args='-de -Dprefix=/home/smoke/perl5/perlbrew/perls/perl-5.14.2'
    hint=recommended, useposix=true, d_sigaction=define
    useithreads=undef, usemultiplicity=undef
    useperlio=define, d_sfio=undef, uselargefiles=define, usesocks=undef
    use64bitint=undef, use64bitall=undef, uselongdouble=undef
    usemymalloc=n, bincompat5005=undef
  Compiler:
    cc='cc', ccflags ='-fno-strict-aliasing -pipe -fstack-protector -I/usr/pkg/include',
    optimize='-O',
    cppflags='-fno-strict-aliasing -pipe -fstack-protector -I/usr/pkg/include'
    ccversion='', gccversion='4.5.3', gccosandvers=''
    intsize=4, longsize=4, ptrsize=4, doublesize=8, byteorder=1234
    d_longlong=define, longlongsize=8, d_longdbl=define, longdblsize=12
    ivtype='long', ivsize=4, nvtype='double', nvsize=8, Off_t='off_t', lseeksize=8
    alignbytes=4, prototype=define
  Linker and Libraries:
    ld='cc', ldflags =' -Wl,-rpath,/usr/pkg/lib -Wl,-rpath,/usr/local/lib -fstack-protector -L/usr/pkg/lib'
    libpth=/usr/pkg/lib /lib /usr/lib
    libs=-lm -lcrypt -lutil -lc -lposix
    perllibs=-lm -lcrypt -lutil -lc -lposix
    libc=/lib/libc.so, so=so, useshrplib=false, libperl=libperl.a
    gnulibc_version=''
  Dynamic Linking:
    dlsrc=dl_dlopen.xs, dlext=so, d_dlsymun=undef, ccdlflags='-Wl,-E '
    cccdlflags='-DPIC -fPIC ', lddlflags='--whole-archive -shared  -L/usr/pkg/lib -fstack-protector'


Characteristics of this binary (from libperl): 
  Compile-time options: PERL_DONT_CREATE_GVSV PERL_MALLOC_WRAP
                        PERL_PRESERVE_IVUV USE_LARGE_FILES USE_PERLIO
                        USE_PERL_ATOF
  Built under netbsd
  Compiled at Apr 12 2013 16:41:18
  %ENV:
    PERL5LIB=""
    PERL5OPT=""
    PERL5_CPANPLUS_IS_RUNNING="10808"
    PERL5_CPAN_IS_RUNNING="10808"
    PERL5_CPAN_IS_RUNNING_IN_RECURSION="12970,10808"
    PERLBREW_BASHRC_VERSION="0.41"
    PERLBREW_HOME="/home/smoke/.perlbrew"
    PERLBREW_MANPATH="/home/smoke/perl5/perlbrew/perls/perl-5.14.2/man"
    PERLBREW_PATH="/home/smoke/perl5/perlbrew/bin:/home/smoke/perl5/perlbrew/perls/perl-5.14.2/bin"
    PERLBREW_PERL="perl-5.14.2"
    PERLBREW_ROOT="/home/smoke/perl5/perlbrew"
    PERLBREW_VERSION="0.41"
    PERL_CR_SMOKER_CURRENT="Fey-ORM-0.38"
    PERL_EXTUTILS_AUTOINSTALL="--defaultdeps"
    PERL_MM_USE_DEFAULT="1"
  @INC:
    /home/smoke/perl5/perlbrew/perls/perl-5.14.2/lib/site_perl/5.14.2/i386-netbsd
    /home/smoke/perl5/perlbrew/perls/perl-5.14.2/lib/site_perl/5.14.2
    /home/smoke/perl5/perlbrew/perls/perl-5.14.2/lib/5.14.2/i386-netbsd
    /home/smoke/perl5/perlbrew/perls/perl-5.14.2/lib/5.14.2
    .