Report for Padre-0.98

Back
From: metabase:user:dc1c8589-6bf4-1014-abca-562cf06b08ef
Subject: FAIL Padre-0.98 v5.14.2 
Date: 2013-04-30T12:21:14Z

This distribution has been tested as part of the CPAN Testers
project, supporting the Perl programming language.  See
http://wiki.cpantesters.org/ for more information or email
questions to cpan-testers-discuss@perl.org


--
Dear Reserved Local Account,

This is a computer-generated report for Padre-0.98
on perl 5.14.2, created by CPAN-Reporter-1.2010.

Thank you for uploading your work to CPAN.  However, there was a problem
testing your distribution.

If you think this report is invalid, please consult the CPAN Testers Wiki
for suggestions on how to avoid getting FAIL reports for missing library
or binary dependencies, unsupported operating systems, and so on:

http://wiki.cpantesters.org/wiki/CPANAuthorNotes

Sections of this report:

    * Tester comments
    * Program output
    * Prerequisites
    * Environment and other context

------------------------------
TESTER COMMENTS
------------------------------

Additional comments from tester:

none provided

------------------------------
PROGRAM OUTPUT
------------------------------

Output from 'C:\strawberry-perl-5.14.2.1-32bit\c\bin\dmake.EXE test':

blib\lib\auto\share\dist\Padre\locale -> blib\lib\auto\share\dist\Padre\locale
blib\lib\auto\share\dist\Padre\locale\ru.po -> blib\lib\auto\share\dist\Padre\locale\ru.mo
blib\lib\auto\share\dist\Padre\locale\pt-br.po -> blib\lib\auto\share\dist\Padre\locale\pt-br.mo
blib\lib\auto\share\dist\Padre\locale\he.po -> blib\lib\auto\share\dist\Padre\locale\he.mo
blib\lib\auto\share\dist\Padre\locale\ja.po -> blib\lib\auto\share\dist\Padre\locale\ja.mo
blib\lib\auto\share\dist\Padre\locale\fa.po -> blib\lib\auto\share\dist\Padre\locale\fa.mo
blib\lib\auto\share\dist\Padre\locale\it-it.po -> blib\lib\auto\share\dist\Padre\locale\it-it.mo
blib\lib\auto\share\dist\Padre\locale\nl-nl.po -> blib\lib\auto\share\dist\Padre\locale\nl-nl.mo
blib\lib\auto\share\dist\Padre\locale\es-es.po -> blib\lib\auto\share\dist\Padre\locale\es-es.mo
blib\lib\auto\share\dist\Padre\locale\de.po -> blib\lib\auto\share\dist\Padre\locale\de.mo
blib\lib\auto\share\dist\Padre\locale\no.po -> blib\lib\auto\share\dist\Padre\locale\no.mo
blib\lib\auto\share\dist\Padre\locale\ar.po -> blib\lib\auto\share\dist\Padre\locale\ar.mo
blib\lib\auto\share\dist\Padre\locale\tr.po -> blib\lib\auto\share\dist\Padre\locale\tr.mo
blib\lib\auto\share\dist\Padre\locale\cz.po -> blib\lib\auto\share\dist\Padre\locale\cz.mo
blib\lib\auto\share\dist\Padre\locale\zh-tw.po -> blib\lib\auto\share\dist\Padre\locale\zh-tw.mo
blib\lib\auto\share\dist\Padre\locale\ko.po -> blib\lib\auto\share\dist\Padre\locale\ko.mo
blib\lib\auto\share\dist\Padre\locale\pl.po -> blib\lib\auto\share\dist\Padre\locale\pl.mo
blib\lib\auto\share\dist\Padre\locale\zh-cn.po -> blib\lib\auto\share\dist\Padre\locale\zh-cn.mo
blib\lib\auto\share\dist\Padre\locale\fr.po -> blib\lib\auto\share\dist\Padre\locale\fr.mo
blib\lib\auto\share\dist\Padre\locale\hu.po -> blib\lib\auto\share\dist\Padre\locale\hu.mo
-blib\lib\auto\share\dist\Padre\locale\messages.pot
C:\strawberry-perl-5.14.2.1-32bit\perl\bin\perl.exe "-MExtUtils::Command::MM" "-e" "test_harness(0, 'inc', 'blib\lib', 'blib\arch')" t/*.t t/perl/*.t t/python/*.t t/ruby/*.t t/java/*.t t/csharp/*.t
# Tests find Wx: 0.9918 wxWidgets 2.9.4
t/01_compile.t ............. ok
t/02_new.t ................. ok
t/03_db.t .................. ok
t/04_config.t .............. ok
t/05_project.t ............. ok
t/06_utils.t ............... ok
t/07_version.t ............. ok
t/08_style.t ............... ok
t/09_search.t .............. ok
t/10_delta.t ............... ok
t/11_svn.t ................. skipped: Not in an SVN checkout

#   Failed test '->detect(zerolengthsvn)'
#   at t/12_mime.t line 75.
#          got: 'text/plain'
#     expected: 'application/x-perl'
# Looks like you failed 1 test of 758.
t/12_mime.t ................ 
Dubious, test returned 1 (wstat 256, 0x100)
Failed 1/758 subtests 
	(less 3 skipped subtests: 754 okay)
t/13_findinfiles.t ......... ok
t/14_warnings.t ............ ok
t/15_locale.t .............. ok
t/16_locale_format.t ....... ok
t/17_messages.t ............ ok
t/18_newline.t ............. ok
t/19_search.t .............. ok
t/20_comment.t ............. ok
t/21_sloc.t ................ ok
t/31_task_queue.t .......... ok
t/32_task_worker.t ......... ok
t/33_task_chain.t .......... ok
t/34_task_master.t ......... ok
t/35_task_handle.t ......... ok
t/36_task_eval.t ........... ok
t/37_task_signal.t ......... ok
t/38_task_manager.t ........ ok
t/39_task_nothreads.t ...... ok
t/40_display.t ............. ok
t/41_editor.t .............. ok
t/42_document.t ............ ok
t/43_frame_html.t .......... ok
t/50_browser.t ............. ok
t/61_directory_path.t ...... ok
t/74_history_combobox.t .... ok
t/75_autocomplete.t ........ ok
t/76_preferences.t ......... ok
t/82_plugin_manager.t ...... ok
t/83_autosave.t ............ ok
t/85_commandline.t ......... ok
t/90_autocomplete.t ........ ok
t/91_vi.t .................. ok
t/92_padre_file.t .......... ok
t/93_padre_filename_win.t .. ok
t/94_padre_file_remote.t ... ok
t/95_edit_patch.t .......... ok
t/96_help_about.t .......... ok
t/97_debug_debugger.t ...... ok
t/98_debug_breakpoints.t ... ok
t/99_debug_debugoutput.t ... ok
t/csharp/functionlist.t .... ok
t/java/functionlist.t ...... ok
t/perl/functionlist.t ...... ok
t/perl/general.t ........... ok
t/perl/project.t ........... ok
t/perl/project_temp.t ...... ok
t/perl/starter.t ........... ok
t/perl/syntax.t ............ ok
t/python/functionlist.t .... ok
t/ruby/functionlist.t ...... ok

Test Summary Report
-------------------
t/12_mime.t              (Wstat: 256 Tests: 758 Failed: 1)
  Failed test:  757
  Non-zero exit status: 1
t/93_padre_filename_win.t (Wstat: 0 Tests: 7 Failed: 0)
  TODO passed:   1-7
Files=62, Tests=2542, 329 wallclock secs ( 0.84 usr +  0.14 sys =  0.98 CPU)
Result: FAIL
Failed 1/62 test programs. 1/2542 subtests failed.
dmake.EXE:  Error code 255, while making 'test_dynamic'

------------------------------
PREREQUISITES
------------------------------

Prerequisite modules loaded:

requires:

    Module                   Need     Have      
    ------------------------ -------- ----------
    Algorithm::Diff          1.19     1.1902    
    App::cpanminus           0.9923   1.6909    
    B::Deparse               0        1.04      
    Capture::Tiny            0.06     0.22      
    CGI                      3.47     3.63      
    Class::Adapter           1.05     1.08      
    Class::Inspector         1.22     1.28      
    Class::XSAccessor        1.13     1.16      
    Cwd                      3.2701   3.40      
    Data::Dumper             2.101    2.145     
    DBD::SQLite              1.35     1.37      
    DBI                      1.58     1.625     
    Debug::Client            0.24     0.25      
    Devel::Dumpvar           0.04     1.06      
    Devel::Refactor          0.05     0.05      
    Encode                   2.26     2.51      
    ExtUtils::MakeMaker      6.56     6.66      
    ExtUtils::Manifest       1.56     1.61      
    File::Basename           0        2.82      
    File::Copy::Recursive    0.37     0.38      
    File::Find::Rule         0.30     0.33      
    File::Glob               0        1.13      
    File::Glob::Windows      v0.1.3   0.1.5     
    File::HomeDir            0.98     1.00      
    File::Path               2.08     2.09      
    File::pushd              1.00     1.005     
    File::Remove             1.49     1.52      
    File::ShareDir           1.00     1.03      
    File::Spec               3.2701   3.40      
    File::Spec::Functions    3.2701   3.40      
    File::Temp               0.20     0.2301    
    File::Which              1.08     1.09      
    FindBin                  0        1.50      
    Getopt::Long             0        2.39      
    HTML::Entities           3.57     3.69      
    HTML::Parser             3.58     3.70      
    IO::Scalar               2.110    2.110     
    IO::Socket               1.30     1.32      
    IO::String               1.08     1.08      
    IPC::Open2               0        1.03      
    IPC::Open3               0        1.09      
    IPC::Run                 0.83     0.92      
    JSON::XS                 2.29     2.33      
    List::MoreUtils          0.22     0.33      
    List::Util               1.18     1.27      
    LWP                      5.815    6.05      
    LWP::UserAgent           5.815    6.05      
    Module::Build            0.3603   0.4005    
    Module::CoreList         2.22     2.88      
    Module::Manifest         0.07     1.08      
    Module::Starter          1.60     1.60      
    ORLite                   1.98     1.98      
    ORLite::Migrate          1.10     1.10      
    Params::Util             0.33     1.07      
    Parse::ErrorString::Perl 0.14     0.15      
    Parse::ExuberantCTags    1.00     1.02      
    perl                     5.008005 5.014002  
    POD2::Base               0.043    0.043     
    Pod::Abstract            0.16     0.20      
    Pod::Functions           0        1.04      
    Pod::Perldoc             3.15     3.20      
    Pod::POM                 0.17     0.27      
    Pod::Simple              3.07     3.26      
    Pod::Simple::XHTML       3.04     3.26      
    POSIX                    0        1.24      
    PPI                      1.215    1.215     
    PPIx::EditorTools        0.18     0.18      
    PPIx::Regexp             0.011    0.033     
    Probe::Perl              0.01     0.01      
    Sort::Versions           1.5      1.5       
    Storable                 2.16     2.39      
    Template::Tiny           0.11     1.12      
    Term::ReadLine           0        1.10      
    Text::Balanced           2.01     2.02      
    Text::Diff               1.41     1.41      
    Text::FindIndent         0.10     0.10      
    Text::Patch              1.8      1.8       
    threads                  1.71     1.86      
    threads::shared          1.33     1.43      
    Time::HiRes              1.9718   1.9725    
    URI                      0        1.60      
    version                  0.80     0.9902    
    Win32                    0.31     0.47      
    Win32::Shortcut          0.07     0.07      
    Win32::TieRegistry       0.26     0.26      
    Wx                       0.9916   0.9918    
    Wx::Perl::ProcessStream  0.32     0.32      
    Wx::Scintilla            0.39     0.39      
    YAML::Tiny               1.32     1.51      

build_requires:

    Module                   Need     Have      
    ------------------------ -------- ----------
    Alien::wxWidgets         0.62     0.64      
    ExtUtils::Embed          1.250601 1.30      
    ExtUtils::MakeMaker      6.59     6.66      
    Locale::Msgfmt           0.15     0.15      
    Test::Exception          0.27     0.32      
    Test::MockObject         1.09     1.20120301
    Test::More               0.98     0.98      
    Test::NoWarnings         1.04     1.04      
    Test::Script             1.07     1.07      
    Test::Warn               0.24     0.24      

configure_requires:

    Module                   Need     Have      
    ------------------------ -------- ----------
    Alien::wxWidgets         0.62     0.64      
    ExtUtils::Embed          1.250601 1.30      
    ExtUtils::MakeMaker      6.59     6.66      


------------------------------
ENVIRONMENT AND OTHER CONTEXT
------------------------------

Environment variables:

    COMSPEC = C:\Windows\system32\cmd.exe
    LANG = KO
    NUMBER_OF_PROCESSORS = 4
    PATH = C:\strawberry-perl-5.14.2.1-32bit\perl\site\bin;C:\strawberry-perl-5.14.2.1-32bit\perl\bin;C:\strawberry-perl-5.14.2.1-32bit\c\bin;C:\Program Files (x86)\Wizvera\Delfino;C:\PROGRAM FILES\BROADCOM\BROADCOM 802.11 NETWORK ADAPTER\DRIVER;C:\Windows\SYSTEM32;C:\Windows;C:\Windows\SYSTEM32\WBEM;C:\Windows\SYSTEM32\WINDOWSPOWERSHELL\V1.0\;C:\PROGRAM FILES (X86)\LENOVO\ACCESS CONNECTIONS\;C:\PROGRAM FILES\THINKPAD\BLUETOOTH SOFTWARE\;C:\PROGRAM FILES\THINKPAD\BLUETOOTH SOFTWARE\SYSWOW64;;C:\Program Files (x86)\Intel\OpenCL SDK\2.0\bin\x86;C:\Program Files (x86)\Intel\OpenCL SDK\2.0\bin\x64
    PERL5LIB = 
    PERL5OPT = 
    PERL5_CPANPLUS_IS_RUNNING = 38304
    PERL5_CPAN_IS_RUNNING = 38304
    PROCESSOR_IDENTIFIER = Intel64 Family 6 Model 42 Stepping 7, GenuineIntel
    TEMP = C:\Users\kang\AppData\Local\Temp
    TERM = dumb

Perl special variables (and OS-specific diagnostics, for MSWin32):

    $^X = C:\strawberry-perl-5.14.2.1-32bit\perl\bin\perl.exe
    $UID/$EUID = 0 / 0
    $GID = 0
    $EGID = 0
    Win32::GetOSName = Win7
    Win32::GetOSVersion = Service Pack 1, 6, 1, 7601, 2, 1, 0, 256, 1
    Win32::FsType = NTFS
    Win32::IsAdminUser = 0

Perl module toolchain versions installed:

    Module              Have    
    ------------------- --------
    CPAN                2.00    
    CPAN::Meta          2.130880
    Cwd                 3.40    
    ExtUtils::CBuilder  0.280205
    ExtUtils::Command   1.17    
    ExtUtils::Install   1.56    
    ExtUtils::MakeMaker 6.66    
    ExtUtils::Manifest  1.61    
    ExtUtils::ParseXS   3.18    
    File::Spec          3.40    
    JSON                2.57    
    JSON::PP            2.27202 
    Module::Build       0.4005  
    Module::Signature   0.70    
    Parse::CPAN::Meta   1.4404  
    Test::Harness       3.26    
    Test::More          0.98    
    YAML                0.84    
    YAML::Syck          1.25    
    version             0.9902  


--

Summary of my perl5 (revision 5 version 14 subversion 2) configuration:
   
  Platform:
    osname=MSWin32, osvers=4.0, archname=MSWin32-x86-multi-thread
    uname='Win32 strawberryperl 5.14.2.1 #1 Tue Nov 22 21:00:59 2011 i386'
    config_args='undef'
    hint=recommended, useposix=true, d_sigaction=undef
    useithreads=define, usemultiplicity=define
    useperlio=define, d_sfio=undef, uselargefiles=define, usesocks=undef
    use64bitint=undef, use64bitall=undef, uselongdouble=undef
    usemymalloc=n, bincompat5005=undef
  Compiler:
    cc='gcc', ccflags =' -s -O2 -DWIN32  -DPERL_TEXTMODE_SCRIPTS -DUSE_SITECUSTOMIZE -DPERL_IMPLICIT_CONTEXT -DPERL_IMPLICIT_SYS -fno-strict-aliasing -mms-bitfields',
    optimize='-s -O2',
    cppflags='-DWIN32'
    ccversion='', gccversion='4.4.7', gccosandvers=''
    intsize=4, longsize=4, ptrsize=4, doublesize=8, byteorder=1234
    d_longlong=undef, longlongsize=8, d_longdbl=define, longdblsize=12
    ivtype='long', ivsize=4, nvtype='double', nvsize=8, Off_t='long long', lseeksize=8
    alignbytes=8, prototype=define
  Linker and Libraries:
    ld='g++', ldflags ='-s -L"C:\strawberry-perl-5.14.2.1-32bit\perl\lib\CORE" -L"C:\strawberry-perl-5.14.2.1-32bit\c\lib"'
    libpth=C:\strawberry-perl-5.14.2.1-32bit\c\lib C:\strawberry-perl-5.14.2.1-32bit\c\i686-w64-mingw32\lib
    libs=-lmoldname -lkernel32 -luser32 -lgdi32 -lwinspool -lcomdlg32 -ladvapi32 -lshell32 -lole32 -loleaut32 -lnetapi32 -luuid -lws2_32 -lmpr -lwinmm -lversion -lodbc32 -lodbccp32 -lcomctl32
    perllibs=-lmoldname -lkernel32 -luser32 -lgdi32 -lwinspool -lcomdlg32 -ladvapi32 -lshell32 -lole32 -loleaut32 -lnetapi32 -luuid -lws2_32 -lmpr -lwinmm -lversion -lodbc32 -lodbccp32 -lcomctl32
    libc=, so=dll, useshrplib=true, libperl=libperl514.a
    gnulibc_version=''
  Dynamic Linking:
    dlsrc=dl_win32.xs, dlext=dll, d_dlsymun=undef, ccdlflags=' '
    cccdlflags=' ', lddlflags='-mdll -s -L"C:\strawberry-perl-5.14.2.1-32bit\perl\lib\CORE" -L"C:\strawberry-perl-5.14.2.1-32bit\c\lib"'


Characteristics of this binary (from libperl): 
  Compile-time options: MULTIPLICITY PERL_DONT_CREATE_GVSV
                        PERL_IMPLICIT_CONTEXT PERL_IMPLICIT_SYS
                        PERL_MALLOC_WRAP PERL_PRESERVE_IVUV PL_OP_SLAB_ALLOC
                        USE_ITHREADS USE_LARGE_FILES USE_PERLIO USE_PERL_ATOF
                        USE_SITECUSTOMIZE
  Built under MSWin32
  Compiled at Nov 22 2011 21:13:28
  %ENV:
    PERL5_CPANPLUS_IS_RUNNING="38304"
    PERL5_CPAN_IS_RUNNING="38304"
  @INC:
    C:/strawberry-perl-5.14.2.1-32bit/perl/site/lib/MSWin32-x86-multi-thread
    C:/strawberry-perl-5.14.2.1-32bit/perl/site/lib
    C:/strawberry-perl-5.14.2.1-32bit/perl/vendor/lib
    C:/strawberry-perl-5.14.2.1-32bit/perl/lib
    .