Back
From: metabase:user:9820532a-708b-1014-9a05-b18a96298da1
Subject: FAIL Test-Unit-0.25 v5.14.2 GNU/Linux
Date: 2011-12-16T11:41:58Z
This distribution has been tested as part of the CPAN Testers
project, supporting the Perl programming language. See
http://wiki.cpantesters.org/ for more information or email
questions to cpan-testers-discuss@perl.org
--
Dear Matthew Astley,
This is a computer-generated report for Test-Unit-0.25
on perl 5.14.2, created by CPAN-Reporter-1.2003.
Thank you for uploading your work to CPAN. However, there was a problem
testing your distribution.
If you think this report is invalid, please consult the CPAN Testers Wiki
for suggestions on how to avoid getting FAIL reports for missing library
or binary dependencies, unsupported operating systems, and so on:
http://wiki.cpantesters.org/wiki/CPANAuthorNotes
Sections of this report:
* Tester comments
* Program output
* Prerequisites
* Environment and other context
------------------------------
TESTER COMMENTS
------------------------------
Additional comments from tester:
this report is from an automated smoke testing program
and was not reviewed by a human for accuracy
------------------------------
PROGRAM OUTPUT
------------------------------
Output from '/usr/bin/make test':
PERL_DL_NONLAZY=1 /home/test/perl5/perlbrew/perls/perl-5.14.2-th/bin/perl "-MExtUtils::Command::MM" "-e" "test_harness(0, 'blib/lib', 'blib/arch')" t/*.t
t/all_tests.t ..... ok
t/assert.t ........
Failed 2/40 subtests
t/try_examples.t .. ok
Test Summary Report
-------------------
t/assert.t (Wstat: 0 Tests: 40 Failed: 2)
Failed tests: 26, 39
Files=3, Tests=89, 1 wallclock secs ( 0.04 usr 0.01 sys + 1.13 cusr 0.15 csys = 1.33 CPU)
Result: FAIL
Failed 1/3 test programs. 2/89 subtests failed.
make: *** [test_dynamic] Error 255
------------------------------
PREREQUISITES
------------------------------
Prerequisite modules loaded:
requires:
Module Need Have
------------------- ---- --------
base 1 2.16
Class::Inner 0 0.200001
Devel::Symdump 0 2.08
Error 0 0.17016
build_requires:
Module Need Have
------------------- ---- --------
ExtUtils::MakeMaker 0 6.63_02
------------------------------
ENVIRONMENT AND OTHER CONTEXT
------------------------------
Environment variables:
AUTOMATED_TESTING = 1
LANG = C
LC_ALL = C
PATH = /home/test/perl5/perlbrew/bin:/home/test/perl5/perlbrew/perls/perl-5.14.2-th/bin:/home/test/bin:~/bin:/usr/bin:/bin
PATH_WITHOUT_PERLBREW = /home/test/bin:~/bin:/usr/bin:/bin
PERL5LIB =
PERL5OPT =
PERL5_CPANPLUS_IS_RUNNING = 23979
PERL5_CPAN_IS_RUNNING = 23979
PERL5_CPAN_IS_RUNNING_IN_RECURSION = 23437,23979
PERLBREW_BASHRC_VERSION = 0.33
PERLBREW_HOME = /home/test/.perlbrew
PERLBREW_PATH = /home/test/perl5/perlbrew/bin:/home/test/perl5/perlbrew/perls/perl-5.14.2-th/bin
PERLBREW_PERL = perl-5.14.2-th
PERLBREW_ROOT = /home/test/perl5/perlbrew
PERLBREW_VERSION = 0.33
PERL_CPANM_OPT = --prompt --mirror file:///mirrors/cpan/
PERL_CR_SMOKER_CURRENT = Tree-Interval-0.3.1
PERL_EXTUTILS_AUTOINSTALL = --defaultdeps
PERL_MM_USE_DEFAULT = 1
SHELL = /bin/bash
TERM = linux
Perl special variables (and OS-specific diagnostics, for MSWin32):
$^X = /home/test/perl5/perlbrew/perls/perl-5.14.2-th/bin/perl
$UID/$EUID = 1001 / 1001
$GID = 1001 1001
$EGID = 1001 1001
Perl module toolchain versions installed:
Module Have
------------------- ------------
CPAN 1.9800
CPAN::Meta 2.112621
Cwd 3.36
ExtUtils::CBuilder 0.280203
ExtUtils::Command 1.17
ExtUtils::Install 1.56
ExtUtils::MakeMaker 6.63_02
ExtUtils::Manifest 1.60
ExtUtils::ParseXS 3.07
File::Spec 3.33
JSON 2.53
JSON::PP 2.27200
Module::Build 0.3800
Module::Signature n/a
Parse::CPAN::Meta 1.4401
Test::Harness 3.23
Test::More 1.005000_002
YAML 0.77
YAML::Syck 1.19
version 0.95
--
Summary of my perl5 (revision 5 version 14 subversion 2) configuration:
Platform:
osname=linux, osvers=2.6.35-28-generic, archname=x86_64-linux-thread-multi
uname='linux zippy 2.6.35-28-generic #50-ubuntu smp fri mar 18 18:42:20 utc 2011 x86_64 gnulinux '
config_args='-de -Dprefix=/home/test/perl5/perlbrew/perls/perl-5.14.2-th -Dusethreads'
hint=recommended, useposix=true, d_sigaction=define
useithreads=define, usemultiplicity=define
useperlio=define, d_sfio=undef, uselargefiles=define, usesocks=undef
use64bitint=define, use64bitall=define, uselongdouble=undef
usemymalloc=n, bincompat5005=undef
Compiler:
cc='cc', ccflags ='-D_REENTRANT -D_GNU_SOURCE -fno-strict-aliasing -pipe -fstack-protector -I/usr/local/include -D_LARGEFILE_SOURCE -D_FILE_OFFSET_BITS=64',
optimize='-O2',
cppflags='-D_REENTRANT -D_GNU_SOURCE -fno-strict-aliasing -pipe -fstack-protector -I/usr/local/include'
ccversion='', gccversion='4.4.5', gccosandvers=''
intsize=4, longsize=8, ptrsize=8, doublesize=8, byteorder=12345678
d_longlong=define, longlongsize=8, d_longdbl=define, longdblsize=16
ivtype='long', ivsize=8, nvtype='double', nvsize=8, Off_t='off_t', lseeksize=8
alignbytes=8, prototype=define
Linker and Libraries:
ld='cc', ldflags =' -fstack-protector -L/usr/local/lib'
libpth=/usr/local/lib /lib/../lib /usr/lib/../lib /lib /usr/lib /usr/lib/x86_64-linux-gnu /lib64 /usr/lib64
libs=-lnsl -ldl -lm -lcrypt -lutil -lpthread -lc
perllibs=-lnsl -ldl -lm -lcrypt -lutil -lpthread -lc
libc=/lib/libc-2.12.1.so, so=so, useshrplib=false, libperl=libperl.a
gnulibc_version='2.12.1'
Dynamic Linking:
dlsrc=dl_dlopen.xs, dlext=so, d_dlsymun=undef, ccdlflags='-Wl,-E'
cccdlflags='-fPIC', lddlflags='-shared -O2 -L/usr/local/lib -fstack-protector'
Characteristics of this binary (from libperl):
Compile-time options: MULTIPLICITY PERL_DONT_CREATE_GVSV
PERL_IMPLICIT_CONTEXT PERL_MALLOC_WRAP
PERL_PRESERVE_IVUV USE_64_BIT_ALL USE_64_BIT_INT
USE_ITHREADS USE_LARGE_FILES USE_PERLIO USE_PERL_ATOF
USE_REENTRANT_API
Built under linux
Compiled at Dec 15 2011 11:09:50
%ENV:
PERL5LIB=""
PERL5OPT=""
PERL5_CPANPLUS_IS_RUNNING="23979"
PERL5_CPAN_IS_RUNNING="23979"
PERL5_CPAN_IS_RUNNING_IN_RECURSION="23437,23979"
PERLBREW_BASHRC_VERSION="0.33"
PERLBREW_HOME="/home/test/.perlbrew"
PERLBREW_PATH="/home/test/perl5/perlbrew/bin:/home/test/perl5/perlbrew/perls/perl-5.14.2-th/bin"
PERLBREW_PERL="perl-5.14.2-th"
PERLBREW_ROOT="/home/test/perl5/perlbrew"
PERLBREW_VERSION="0.33"
PERL_CPANM_OPT="--prompt --mirror file:///mirrors/cpan/"
PERL_CR_SMOKER_CURRENT="Tree-Interval-0.3.1"
PERL_EXTUTILS_AUTOINSTALL="--defaultdeps"
PERL_MM_USE_DEFAULT="1"
@INC:
/home/test/perl5/perlbrew/perls/perl-5.14.2-th/lib/site_perl/5.14.2/x86_64-linux-thread-multi
/home/test/perl5/perlbrew/perls/perl-5.14.2-th/lib/site_perl/5.14.2
/home/test/perl5/perlbrew/perls/perl-5.14.2-th/lib/5.14.2/x86_64-linux-thread-multi
/home/test/perl5/perlbrew/perls/perl-5.14.2-th/lib/5.14.2
.