Proc-Daemon v0.23 Perl 5 v5.26.3 x86_64-linux-gnu
- Status
- Fail
- From
- Dist
-
Proc-Daemon v0.23
- Platform
- Perl 5 v5.26.3 x86_64-linux-gnu
- Date
- 2019-06-25 00:41:24
- ID
- f5c514f4-96e1-11e9-9326-c00cc8533dc5
This distribution has been tested as part of the CPAN Testers
project, supporting the Perl programming language. See
http://wiki.cpantesters.org/ for more information or email
questions to cpan-testers-discuss@perl.org
--
Dear AKREAL,
This is a computer-generated report for Proc-Daemon-0.23
on perl 5.26.3, created by App::cpanminus::reporter 0.17 (1.7044).
Thank you for uploading your work to CPAN. However, there was a problem
testing your distribution.
If you think this report is invalid, please consult the CPAN Testers Wiki
for suggestions on how to avoid getting FAIL reports for missing library
or binary dependencies, unsupported operating systems, and so on:
http://wiki.cpantesters.org/wiki/CPANAuthorNotes
Sections of this report:
* Tester comments
* Program output
* Prerequisites
* Environment and other context
------------------------------
TESTER COMMENTS
------------------------------
Additional comments from tester:
none provided
------------------------------
PROGRAM OUTPUT
------------------------------
Output from '':
Building and testing Proc-Daemon-0.23
cp lib/Proc/Daemon.pod blib/lib/Proc/Daemon.pod
cp lib/Proc/Daemon.pm blib/lib/Proc/Daemon.pm
PERL_DL_NONLAZY=1 "/usr/local/bin/perl" "-MExtUtils::Command::MM" "-MTest::Harness" "-e" "undef *Test::Harness::Switches; test_harness(0, 'blib/lib', 'blib/arch')" t/*.t
t/01_loadmodule.t .. ok
# Failed test 'child_1 process did exit within 61 sec.'
# at t/02_testmodule.t line 73.
Use of uninitialized value in numeric eq (==) at t/02_testmodule.t line 168.
# Failed test 'the 'pid2.file' has right permissions via file_umask'
# at t/02_testmodule.t line 168.
# Looks like you planned 19 tests but ran 3.
# Looks like you failed 2 tests of 3 run.
t/02_testmodule.t ..
Dubious, test returned 2 (wstat 512, 0x200)
Failed 18/19 subtests
# Failed test 'child_1 process did exit within 61 sec.'
# at /root/.cpanm/work/1561405092.6/Proc-Daemon-0.23/t/02_testmodule.t line 73.
Use of uninitialized value in numeric eq (==) at /root/.cpanm/work/1561405092.6/Proc-Daemon-0.23/t/02_testmodule.t line 168.
# Failed test 'the 'pid2.file' has right permissions via file_umask'
# at /root/.cpanm/work/1561405092.6/Proc-Daemon-0.23/t/02_testmodule.t line 168.
# Looks like you planned 19 tests but ran 3.
# Looks like you failed 2 tests of 3 run.
t/03_taintmode.t ...
Dubious, test returned 2 (wstat 512, 0x200)
Failed 18/19 subtests
Test Summary Report
-------------------
t/02_testmodule.t (Wstat: 512 Tests: 3 Failed: 2)
Failed tests: 2-3
Non-zero exit status: 2
Parse errors: Bad plan. You planned 19 tests but ran 3.
t/03_taintmode.t (Wstat: 512 Tests: 3 Failed: 2)
Failed tests: 2-3
Non-zero exit status: 2
Parse errors: Bad plan. You planned 19 tests but ran 3.
Files=3, Tests=7, 245 wallclock secs ( 0.08 usr 0.06 sys + 0.58 cusr 0.36 csys = 1.08 CPU)
Result: FAIL
------------------------------
PREREQUISITES
------------------------------
Prerequisite modules loaded:
No requirements found
------------------------------
ENVIRONMENT AND OTHER CONTEXT
------------------------------
Environment variables:
PATH = /usr/local/sbin:/usr/local/bin:/usr/sbin:/usr/bin:/sbin:/bin
PERL_CPAN_REPORTER_DIR = /etc/cpanm-reporter
TERM = xterm
Perl special variables (and OS-specific diagnostics, for MSWin32):
EGID = 0
EUID = 0
EXECUTABLE_NAME = /usr/local/bin/perl
GID = 0
UID = 0
Perl module toolchain versions installed:
Module Have
------------------- ----------
CPAN 2.18
CPAN::Meta 2.150010
Cwd 3.67
ExtUtils::CBuilder 0.280225
ExtUtils::Command 7.24
ExtUtils::Install 2.04
ExtUtils::MakeMaker 7.24
ExtUtils::Manifest 1.70
ExtUtils::ParseXS 3.34
File::Spec 3.67
JSON 4.02
JSON::PP 2.27400_02
Module::Build 0.4229
Module::Signature n/a
Parse::CPAN::Meta 2.150010
Test::Harness 3.38
Test::More 1.302164
YAML 1.29
YAML::Syck 1.31
version 0.9917
--
Summary of my perl5 (revision 5 version 26 subversion 3) configuration:
Platform:
osname=linux
osvers=4.9.0-8-amd64
archname=x86_64-linux-gnu
uname='linux bd2491545afc 4.9.0-8-amd64 #1 smp debian 4.9.110-3+deb9u4 (2018-08-21) x86_64 gnulinux '
config_args='-Darchname=x86_64-linux-gnu -Duse64bitall -Duseshrplib -Dvendorprefix=/usr/local -des'
hint=recommended
useposix=true
d_sigaction=define
useithreads=undef
usemultiplicity=undef
use64bitint=define
use64bitall=define
uselongdouble=undef
usemymalloc=n
default_inc_excludes_dot=define
bincompat5005=undef
Compiler:
cc='cc'
ccflags ='-fwrapv -fno-strict-aliasing -pipe -fstack-protector-strong -I/usr/local/include -D_LARGEFILE_SOURCE -D_FILE_OFFSET_BITS=64 -D_FORTIFY_SOURCE=2'
optimize='-O2'
cppflags='-fwrapv -fno-strict-aliasing -pipe -fstack-protector-strong -I/usr/local/include'
ccversion=''
gccversion='6.3.0 20170516'
gccosandvers=''
intsize=4
longsize=8
ptrsize=8
doublesize=8
byteorder=12345678
doublekind=3
d_longlong=define
longlongsize=8
d_longdbl=define
longdblsize=16
longdblkind=3
ivtype='long'
ivsize=8
nvtype='double'
nvsize=8
Off_t='off_t'
lseeksize=8
alignbytes=8
prototype=define
Linker and Libraries:
ld='cc'
ldflags =' -fstack-protector-strong -L/usr/local/lib'
libpth=/usr/local/lib /usr/lib/gcc/x86_64-linux-gnu/6/include-fixed /usr/include/x86_64-linux-gnu /usr/lib /lib/x86_64-linux-gnu /lib/../lib /usr/lib/x86_64-linux-gnu /usr/lib/../lib /lib
libs=-lpthread -lnsl -lgdbm -ldb -ldl -lm -lcrypt -lutil -lc -lgdbm_compat
perllibs=-lpthread -lnsl -ldl -lm -lcrypt -lutil -lc
libc=libc-2.24.so
so=so
useshrplib=true
libperl=libperl.so
gnulibc_version='2.24'
Dynamic Linking:
dlsrc=dl_dlopen.xs
dlext=so
d_dlsymun=undef
ccdlflags='-Wl,-E -Wl,-rpath,/usr/local/lib/perl5/5.26.3/x86_64-linux-gnu/CORE'
cccdlflags='-fPIC'
lddlflags='-shared -O2 -L/usr/local/lib -fstack-protector-strong'
Characteristics of this binary (from libperl):
Compile-time options:
HAS_TIMES
PERLIO_LAYERS
PERL_COPY_ON_WRITE
PERL_DONT_CREATE_GVSV
PERL_MALLOC_WRAP
PERL_OP_PARENT
PERL_PRESERVE_IVUV
USE_64_BIT_ALL
USE_64_BIT_INT
USE_LARGE_FILES
USE_LOCALE
USE_LOCALE_COLLATE
USE_LOCALE_CTYPE
USE_LOCALE_NUMERIC
USE_LOCALE_TIME
USE_PERLIO
USE_PERL_ATOF
Built under linux
Compiled at May 8 2019 04:07:02
%ENV:
PERL_CPAN_REPORTER_DIR="/etc/cpanm-reporter"
@INC:
/usr/local/lib/perl5/site_perl/5.26.3/x86_64-linux-gnu
/usr/local/lib/perl5/site_perl/5.26.3
/usr/local/lib/perl5/vendor_perl/5.26.3/x86_64-linux-gnu
/usr/local/lib/perl5/vendor_perl/5.26.3
/usr/local/lib/perl5/5.26.3/x86_64-linux-gnu
/usr/local/lib/perl5/5.26.3