Back
From: metabase:user:9820532a-708b-1014-9a05-b18a96298da1
Subject: FAIL Bundle-PBib-2.08 v5.15.5 GNU/Linux
Date: 2011-12-13T21:32:27Z
This distribution has been tested as part of the CPAN Testers
project, supporting the Perl programming language. See
http://wiki.cpantesters.org/ for more information or email
questions to cpan-testers-discuss@perl.org
--
Dear Peter Tandler,
This is a computer-generated report for Bundle-PBib-2.08
on perl 5.15.5, created by CPAN-Reporter-1.2003.
Thank you for uploading your work to CPAN. However, there was a problem
testing your distribution.
If you think this report is invalid, please consult the CPAN Testers Wiki
for suggestions on how to avoid getting FAIL reports for missing library
or binary dependencies, unsupported operating systems, and so on:
http://wiki.cpantesters.org/wiki/CPANAuthorNotes
Sections of this report:
* Tester comments
* Program output
* Prerequisites
* Environment and other context
------------------------------
TESTER COMMENTS
------------------------------
Additional comments from tester:
this report is from an automated smoke testing program
and was not reviewed by a human for accuracy
------------------------------
PROGRAM OUTPUT
------------------------------
Output from './Build test':
t/00-signature.t .... ok
t/10-pbib-config.t .. ok
defined(%hash) is deprecated at /home/bri/.cpan/build/Bundle-PBib-2.08-_sI5RM/blib/lib/Biblio/bp/lib/bp-p-cs.pl line 115.
(Maybe you should just omit the defined()?)
defined(%hash) is deprecated at /home/bri/.cpan/build/Bundle-PBib-2.08-_sI5RM/blib/lib/Biblio/bp/lib/bp-p-cs.pl line 129.
(Maybe you should just omit the defined()?)
$[ used in numeric ge (>=) (did you mean $] ?) at /home/bri/.cpan/build/Bundle-PBib-2.08-_sI5RM/blib/lib/Biblio/bp/lib/bp-p-cs.pl line 168.
$[ used in numeric ge (>=) (did you mean $] ?) at /home/bri/.cpan/build/Bundle-PBib-2.08-_sI5RM/blib/lib/Biblio/bp/lib/bp-p-utils.pl line 511.
BPD: ( format) format ( auto -> auto )
BPD: ( load_format) fmt: auto, cset: <undef>
BPD: ( reg_format) registering format auto:auto (aut) in bp_auto
BPD: ( load_charset) cset: auto
BPD: ( load_format) fmt: auto, cset: <undef>
BPD: ( check_consist) Checking bp variable consistency
BPD: ( (eval)) bp package loaded with defaults
BPD: ( format) format ( auto -> canon:8859-1 )
BPD: ( load_format) fmt: auto, cset: <undef>
BPD: ( load_format) fmt: canon, cset: 8859-1
BPD: ( reg_format) registering format canon:canon (can) in bp_canon
BPD: ( load_charset) cset: 8859-1
BPD: ( check_consist) Checking bp variable consistency
BPD: (load_converter) conv: aut2can
BPD: ( check_consist) Checking bp variable consistency
Using bp, version 0.2.97 (19 Dec 96).
Reading: auto:auto Writing: canon:8859-1
BPD: ( format) format ( auto -> canon:8859-1 )
BPD: ( load_format) fmt: auto, cset: <undef>
BPD: ( load_format) fmt: canon, cset: 8859-1
BPD: ( load_charset) cset: 8859-1
BPD: ( check_consist) Checking bp variable consistency
BPD: (load_converter) conv: aut2can
BPD: ( check_consist) Checking bp variable consistency
Use of uninitialized value $pattern in lc at /home/bri/.cpan/build/Bundle-PBib-2.08-_sI5RM/blib/lib/Biblio/File.pm line 66.
BPD: ( bp_auto::open) auto step 1: t/sample.bib<bibtex> with mode read
BPD: ( load_format) fmt: bibtex, cset: <undef>
BPD: ( reg_format) registering format bibtex:tex (btx) in bp_bibtex
BPD: ( load_charset) cset: tex
BPD: ( check_consist) Checking bp variable consistency
BPD: ( format) format ( canon:canon -> canon:utf8 )
BPD: ( load_format) fmt: canon, cset: canon
BPD: ( load_charset) cset: canon
BPD: ( load_format) fmt: canon, cset: utf8
BPD: ( load_charset) cset: utf8
Unrecognized escape \X passed through at /home/bri/.cpan/build/Bundle-PBib-2.08-_sI5RM/blib/lib/Biblio/bp/lib/bp-cs-utf8.pl line 40, <GFMIt/sample.bib> line 16.
BPD: ( check_consist) Checking bp variable consistency
BPD: ( check_consist) Checking bp variable consistency
BPD: ( format) format ( canon:canon -> canon:utf8 )
BPD: ( load_format) fmt: canon, cset: canon
BPD: ( load_charset) cset: canon
BPD: ( load_format) fmt: canon, cset: utf8
BPD: ( load_charset) cset: utf8
BPD: ( check_consist) Checking bp variable consistency
BPD: ( check_consist) Checking bp variable consistency
BPD: ( format) format ( canon:canon -> canon:utf8 )
BPD: ( load_format) fmt: canon, cset: canon
BPD: ( load_charset) cset: canon
BPD: ( load_format) fmt: canon, cset: utf8
BPD: ( load_charset) cset: utf8
BPD: ( check_consist) Checking bp variable consistency
BPD: ( check_consist) Checking bp variable consistency
BPD: ( format) format ( canon:canon -> canon:utf8 )
BPD: ( load_format) fmt: canon, cset: canon
BPD: ( load_charset) cset: canon
BPD: ( load_format) fmt: canon, cset: utf8
BPD: ( load_charset) cset: utf8
BPD: ( check_consist) Checking bp variable consistency
BPD: ( check_consist) Checking bp variable consistency
BPD: ( format) format ( canon:canon -> canon:utf8 )
BPD: ( load_format) fmt: canon, cset: canon
BPD: ( load_charset) cset: canon
BPD: ( load_format) fmt: canon, cset: utf8
BPD: ( load_charset) cset: utf8
BPD: ( check_consist) Checking bp variable consistency
BPD: ( check_consist) Checking bp variable consistency
BPD: ( format) format ( canon:canon -> canon:utf8 )
BPD: ( load_format) fmt: canon, cset: canon
BPD: ( load_charset) cset: canon
BPD: ( load_format) fmt: canon, cset: utf8
BPD: ( load_charset) cset: utf8
BPD: ( check_consist) Checking bp variable consistency
BPD: ( check_consist) Checking bp variable consistency
BPD: ( format) format ( canon:canon -> canon:utf8 )
BPD: ( load_format) fmt: canon, cset: canon
BPD: ( load_charset) cset: canon
BPD: ( load_format) fmt: canon, cset: utf8
BPD: ( load_charset) cset: utf8
BPD: ( check_consist) Checking bp variable consistency
BPD: ( check_consist) Checking bp variable consistency
BPD: ( format) format ( canon:canon -> canon:utf8 )
BPD: ( load_format) fmt: canon, cset: canon
BPD: ( load_charset) cset: canon
BPD: ( load_format) fmt: canon, cset: utf8
BPD: ( load_charset) cset: utf8
BPD: ( check_consist) Checking bp variable consistency
BPD: ( check_consist) Checking bp variable consistency
BPD: ( format) format ( canon:canon -> canon:utf8 )
BPD: ( load_format) fmt: canon, cset: canon
BPD: ( load_charset) cset: canon
BPD: ( load_format) fmt: canon, cset: utf8
BPD: ( load_charset) cset: utf8
BPD: ( check_consist) Checking bp variable consistency
BPD: ( check_consist) Checking bp variable consistency
BPD: ( format) format ( canon:canon -> canon:utf8 )
BPD: ( load_format) fmt: canon, cset: canon
BPD: ( load_charset) cset: canon
BPD: ( load_format) fmt: canon, cset: utf8
BPD: ( load_charset) cset: utf8
BPD: ( check_consist) Checking bp variable consistency
BPD: ( check_consist) Checking bp variable consistency
BPD: ( (eval)) Loading approx tables
BPD: ( format) format ( canon:canon -> canon:utf8 )
BPD: ( load_format) fmt: canon, cset: canon
BPD: ( load_charset) cset: canon
BPD: ( load_format) fmt: canon, cset: utf8
BPD: ( load_charset) cset: utf8
BPD: ( check_consist) Checking bp variable consistency
BPD: ( check_consist) Checking bp variable consistency
BPD: ( format) format ( canon:canon -> canon:utf8 )
BPD: ( load_format) fmt: canon, cset: canon
BPD: ( load_charset) cset: canon
BPD: ( load_format) fmt: canon, cset: utf8
BPD: ( load_charset) cset: utf8
BPD: ( check_consist) Checking bp variable consistency
BPD: ( check_consist) Checking bp variable consistency
BPD: ( format) format ( canon:canon -> canon:utf8 )
BPD: ( load_format) fmt: canon, cset: canon
BPD: ( load_charset) cset: canon
BPD: ( load_format) fmt: canon, cset: utf8
BPD: ( load_charset) cset: utf8
BPD: ( check_consist) Checking bp variable consistency
BPD: ( check_consist) Checking bp variable consistency
BPD: ( format) format ( canon:canon -> canon:utf8 )
BPD: ( load_format) fmt: canon, cset: canon
BPD: ( load_charset) cset: canon
BPD: ( load_format) fmt: canon, cset: utf8
BPD: ( load_charset) cset: utf8
BPD: ( check_consist) Checking bp variable consistency
BPD: ( check_consist) Checking bp variable consistency
BPD: ( format) format ( canon:canon -> canon:utf8 )
BPD: ( load_format) fmt: canon, cset: canon
BPD: ( load_charset) cset: canon
BPD: ( load_format) fmt: canon, cset: utf8
BPD: ( load_charset) cset: utf8
BPD: ( check_consist) Checking bp variable consistency
BPD: ( check_consist) Checking bp variable consistency
Use of uninitialized value $bp_bibtex::id in string eq at /home/bri/.cpan/build/Bundle-PBib-2.08-_sI5RM/blib/lib/Biblio/bp/lib/bp-bibtex.pl line 1065, <GFMIt/sample.bib> line 1071.
bp warning (record 16): Could not find bibtex crossref: CSCW96
BPD: ( format) format ( canon:canon -> canon:utf8 )
BPD: ( load_format) fmt: canon, cset: canon
BPD: ( load_charset) cset: canon
BPD: ( load_format) fmt: canon, cset: utf8
BPD: ( load_charset) cset: utf8
BPD: ( check_consist) Checking bp variable consistency
BPD: ( check_consist) Checking bp variable consistency
BPD: ( format) format ( canon:canon -> canon:utf8 )
BPD: ( load_format) fmt: canon, cset: canon
BPD: ( load_charset) cset: canon
BPD: ( load_format) fmt: canon, cset: utf8
BPD: ( load_charset) cset: utf8
BPD: ( check_consist) Checking bp variable consistency
BPD: ( check_consist) Checking bp variable consistency
BPD: ( format) format ( canon:canon -> canon:utf8 )
BPD: ( load_format) fmt: canon, cset: canon
BPD: ( load_charset) cset: canon
BPD: ( load_format) fmt: canon, cset: utf8
BPD: ( load_charset) cset: utf8
BPD: ( check_consist) Checking bp variable consistency
BPD: ( check_consist) Checking bp variable consistency
BPD: ( format) format ( canon:canon -> canon:utf8 )
BPD: ( load_format) fmt: canon, cset: canon
BPD: ( load_charset) cset: canon
BPD: ( load_format) fmt: canon, cset: utf8
BPD: ( load_charset) cset: utf8
BPD: ( check_consist) Checking bp variable consistency
BPD: ( check_consist) Checking bp variable consistency
BPD: ( format) format ( canon:canon -> canon:utf8 )
BPD: ( load_format) fmt: canon, cset: canon
BPD: ( load_charset) cset: canon
BPD: ( load_format) fmt: canon, cset: utf8
BPD: ( load_charset) cset: utf8
BPD: ( check_consist) Checking bp variable consistency
BPD: ( check_consist) Checking bp variable consistency
BPD: ( format) format ( canon:canon -> canon:utf8 )
BPD: ( load_format) fmt: canon, cset: canon
BPD: ( load_charset) cset: canon
BPD: ( load_format) fmt: canon, cset: utf8
BPD: ( load_charset) cset: utf8
BPD: ( check_consist) Checking bp variable consistency
BPD: ( check_consist) Checking bp variable consistency
BPD: ( format) format ( canon:canon -> canon:utf8 )
BPD: ( load_format) fmt: canon, cset: canon
BPD: ( load_charset) cset: canon
BPD: ( load_format) fmt: canon, cset: utf8
BPD: ( load_charset) cset: utf8
BPD: ( check_consist) Checking bp variable consistency
BPD: ( check_consist) Checking bp variable consistency
BPD: ( format) format ( canon:canon -> canon:utf8 )
BPD: ( load_format) fmt: canon, cset: canon
BPD: ( load_charset) cset: canon
BPD: ( load_format) fmt: canon, cset: utf8
BPD: ( load_charset) cset: utf8
BPD: ( check_consist) Checking bp variable consistency
BPD: ( check_consist) Checking bp variable consistency
BPD: ( format) format ( canon:canon -> canon:utf8 )
BPD: ( load_format) fmt: canon, cset: canon
BPD: ( load_charset) cset: canon
BPD: ( load_format) fmt: canon, cset: utf8
BPD: ( load_charset) cset: utf8
BPD: ( check_consist) Checking bp variable consistency
BPD: ( check_consist) Checking bp variable consistency
BPD: ( format) format ( canon:canon -> canon:utf8 )
BPD: ( load_format) fmt: canon, cset: canon
BPD: ( load_charset) cset: canon
BPD: ( load_format) fmt: canon, cset: utf8
BPD: ( load_charset) cset: utf8
BPD: ( check_consist) Checking bp variable consistency
BPD: ( check_consist) Checking bp variable consistency
BPD: ( format) format ( canon:canon -> canon:utf8 )
BPD: ( load_format) fmt: canon, cset: canon
BPD: ( load_charset) cset: canon
BPD: ( load_format) fmt: canon, cset: utf8
BPD: ( load_charset) cset: utf8
BPD: ( check_consist) Checking bp variable consistency
BPD: ( check_consist) Checking bp variable consistency
BPD: ( format) format ( canon:canon -> canon:utf8 )
BPD: ( load_format) fmt: canon, cset: canon
BPD: ( load_charset) cset: canon
BPD: ( load_format) fmt: canon, cset: utf8
BPD: ( load_charset) cset: utf8
BPD: ( check_consist) Checking bp variable consistency
BPD: ( check_consist) Checking bp variable consistency
BPD: ( format) format ( canon:canon -> canon:utf8 )
BPD: ( load_format) fmt: canon, cset: canon
BPD: ( load_charset) cset: canon
BPD: ( load_format) fmt: canon, cset: utf8
BPD: ( load_charset) cset: utf8
BPD: ( check_consist) Checking bp variable consistency
BPD: ( check_consist) Checking bp variable consistency
BPD: ( format) format ( canon:canon -> canon:utf8 )
BPD: ( load_format) fmt: canon, cset: canon
BPD: ( load_charset) cset: canon
BPD: ( load_format) fmt: canon, cset: utf8
BPD: ( load_charset) cset: utf8
BPD: ( check_consist) Checking bp variable consistency
BPD: ( check_consist) Checking bp variable consistency
Use of uninitialized value $bp_bibtex::id in string eq at /home/bri/.cpan/build/Bundle-PBib-2.08-_sI5RM/blib/lib/Biblio/bp/lib/bp-bibtex.pl line 1065, <GFMIt/sample.bib> line 1071.
bp warning (record 30): Could not find bibtex crossref: HUC00
BPD: ( format) format ( canon:canon -> canon:utf8 )
BPD: ( load_format) fmt: canon, cset: canon
BPD: ( load_charset) cset: canon
BPD: ( load_format) fmt: canon, cset: utf8
BPD: ( load_charset) cset: utf8
BPD: ( check_consist) Checking bp variable consistency
BPD: ( check_consist) Checking bp variable consistency
BPD: ( format) format ( canon:canon -> canon:utf8 )
BPD: ( load_format) fmt: canon, cset: canon
BPD: ( load_charset) cset: canon
BPD: ( load_format) fmt: canon, cset: utf8
BPD: ( load_charset) cset: utf8
BPD: ( check_consist) Checking bp variable consistency
BPD: ( check_consist) Checking bp variable consistency
BPD: ( format) format ( canon:canon -> canon:utf8 )
BPD: ( load_format) fmt: canon, cset: canon
BPD: ( load_charset) cset: canon
BPD: ( load_format) fmt: canon, cset: utf8
BPD: ( load_charset) cset: utf8
BPD: ( check_consist) Checking bp variable consistency
BPD: ( check_consist) Checking bp variable consistency
Use of uninitialized value $bp_bibtex::id in string eq at /home/bri/.cpan/build/Bundle-PBib-2.08-_sI5RM/blib/lib/Biblio/bp/lib/bp-bibtex.pl line 1065, <GFMIt/sample.bib> line 1071.
bp warning (record 33): Could not find bibtex crossref: Carroll-HCIMillennium
BPD: ( format) format ( canon:canon -> canon:utf8 )
BPD: ( load_format) fmt: canon, cset: canon
BPD: ( load_charset) cset: canon
BPD: ( load_format) fmt: canon, cset: utf8
BPD: ( load_charset) cset: utf8
BPD: ( check_consist) Checking bp variable consistency
BPD: ( check_consist) Checking bp variable consistency
BPD: ( format) format ( canon:canon -> canon:utf8 )
BPD: ( load_format) fmt: canon, cset: canon
BPD: ( load_charset) cset: canon
BPD: ( load_format) fmt: canon, cset: utf8
BPD: ( load_charset) cset: utf8
BPD: ( check_consist) Checking bp variable consistency
BPD: ( check_consist) Checking bp variable consistency
Use of uninitialized value $bp_bibtex::id in string eq at /home/bri/.cpan/build/Bundle-PBib-2.08-_sI5RM/blib/lib/Biblio/bp/lib/bp-bibtex.pl line 1065, <GFMIt/sample.bib> line 1071.
bp warning (record 35): Could not find bibtex crossref: CHI92
BPD: ( format) format ( canon:canon -> canon:utf8 )
BPD: ( load_format) fmt: canon, cset: canon
BPD: ( load_charset) cset: canon
BPD: ( load_format) fmt: canon, cset: utf8
BPD: ( load_charset) cset: utf8
BPD: ( check_consist) Checking bp variable consistency
BPD: ( check_consist) Checking bp variable consistency
BPD: ( format) format ( canon:canon -> canon:utf8 )
BPD: ( load_format) fmt: canon, cset: canon
BPD: ( load_charset) cset: canon
BPD: ( load_format) fmt: canon, cset: utf8
BPD: ( load_charset) cset: utf8
BPD: ( check_consist) Checking bp variable consistency
BPD: ( check_consist) Checking bp variable consistency
BPD: ( format) format ( canon:canon -> canon:utf8 )
BPD: ( load_format) fmt: canon, cset: canon
BPD: ( load_charset) cset: canon
BPD: ( load_format) fmt: canon, cset: utf8
BPD: ( load_charset) cset: utf8
BPD: ( check_consist) Checking bp variable consistency
BPD: ( check_consist) Checking bp variable consistency
BPD: ( format) format ( canon:canon -> canon:utf8 )
BPD: ( load_format) fmt: canon, cset: canon
BPD: ( load_charset) cset: canon
BPD: ( load_format) fmt: canon, cset: utf8
BPD: ( load_charset) cset: utf8
BPD: ( check_consist) Checking bp variable consistency
BPD: ( check_consist) Checking bp variable consistency
BPD: ( format) format ( canon:canon -> canon:utf8 )
BPD: ( load_format) fmt: canon, cset: canon
BPD: ( load_charset) cset: canon
BPD: ( load_format) fmt: canon, cset: utf8
BPD: ( load_charset) cset: utf8
BPD: ( check_consist) Checking bp variable consistency
BPD: ( check_consist) Checking bp variable consistency
Use of uninitialized value $bp_bibtex::id in string eq at /home/bri/.cpan/build/Bundle-PBib-2.08-_sI5RM/blib/lib/Biblio/bp/lib/bp-bibtex.pl line 1065, <GFMIt/sample.bib> line 1071.
bp warning (record 40): Could not find bibtex crossref: UIST02
BPD: ( format) format ( canon:canon -> canon:utf8 )
BPD: ( load_format) fmt: canon, cset: canon
BPD: ( load_charset) cset: canon
BPD: ( load_format) fmt: canon, cset: utf8
BPD: ( load_charset) cset: utf8
BPD: ( check_consist) Checking bp variable consistency
BPD: ( check_consist) Checking bp variable consistency
BPD: ( format) format ( canon:canon -> canon:utf8 )
BPD: ( load_format) fmt: canon, cset: canon
BPD: ( load_charset) cset: canon
BPD: ( load_format) fmt: canon, cset: utf8
BPD: ( load_charset) cset: utf8
BPD: ( check_consist) Checking bp variable consistency
BPD: ( check_consist) Checking bp variable consistency
BPD: ( format) format ( canon:canon -> canon:utf8 )
BPD: ( load_format) fmt: canon, cset: canon
BPD: ( load_charset) cset: canon
BPD: ( load_format) fmt: canon, cset: utf8
BPD: ( load_charset) cset: utf8
BPD: ( check_consist) Checking bp variable consistency
BPD: ( check_consist) Checking bp variable consistency
Use of uninitialized value $bp_bibtex::id in string eq at /home/bri/.cpan/build/Bundle-PBib-2.08-_sI5RM/blib/lib/Biblio/bp/lib/bp-bibtex.pl line 1065, <GFMIt/sample.bib> line 1071.
bp warning (record 43): Could not find bibtex crossref: CSCW02
BPD: ( format) format ( canon:canon -> canon:utf8 )
BPD: ( load_format) fmt: canon, cset: canon
BPD: ( load_charset) cset: canon
BPD: ( load_format) fmt: canon, cset: utf8
BPD: ( load_charset) cset: utf8
BPD: ( check_consist) Checking bp variable consistency
BPD: ( check_consist) Checking bp variable consistency
BPD: ( format) format ( canon:canon -> canon:utf8 )
BPD: ( load_format) fmt: canon, cset: canon
BPD: ( load_charset) cset: canon
BPD: ( load_format) fmt: canon, cset: utf8
BPD: ( load_charset) cset: utf8
BPD: ( check_consist) Checking bp variable consistency
BPD: ( check_consist) Checking bp variable consistency
BPD: ( format) format ( canon:canon -> canon:utf8 )
BPD: ( load_format) fmt: canon, cset: canon
BPD: ( load_charset) cset: canon
BPD: ( load_format) fmt: canon, cset: utf8
BPD: ( load_charset) cset: utf8
BPD: ( check_consist) Checking bp variable consistency
BPD: ( check_consist) Checking bp variable consistency
BPD: ( format) format ( canon:canon -> canon:utf8 )
BPD: ( load_format) fmt: canon, cset: canon
BPD: ( load_charset) cset: canon
BPD: ( load_format) fmt: canon, cset: utf8
BPD: ( load_charset) cset: utf8
BPD: ( check_consist) Checking bp variable consistency
BPD: ( check_consist) Checking bp variable consistency
BPD: ( format) format ( canon:canon -> canon:utf8 )
BPD: ( load_format) fmt: canon, cset: canon
BPD: ( load_charset) cset: canon
BPD: ( load_format) fmt: canon, cset: utf8
BPD: ( load_charset) cset: utf8
BPD: ( check_consist) Checking bp variable consistency
BPD: ( check_consist) Checking bp variable consistency
BPD: ( format) format ( canon:canon -> canon:utf8 )
BPD: ( load_format) fmt: canon, cset: canon
BPD: ( load_charset) cset: canon
BPD: ( load_format) fmt: canon, cset: utf8
BPD: ( load_charset) cset: utf8
BPD: ( check_consist) Checking bp variable consistency
BPD: ( check_consist) Checking bp variable consistency
BPD: ( format) format ( canon:canon -> canon:utf8 )
BPD: ( load_format) fmt: canon, cset: canon
BPD: ( load_charset) cset: canon
BPD: ( load_format) fmt: canon, cset: utf8
BPD: ( load_charset) cset: utf8
BPD: ( check_consist) Checking bp variable consistency
BPD: ( check_consist) Checking bp variable consistency
BPD: ( format) format ( canon:canon -> canon:utf8 )
BPD: ( load_format) fmt: canon, cset: canon
BPD: ( load_charset) cset: canon
BPD: ( load_format) fmt: canon, cset: utf8
BPD: ( load_charset) cset: utf8
BPD: ( check_consist) Checking bp variable consistency
BPD: ( check_consist) Checking bp variable consistency
BPD: ( format) format ( canon:canon -> canon:utf8 )
BPD: ( load_format) fmt: canon, cset: canon
BPD: ( load_charset) cset: canon
BPD: ( load_format) fmt: canon, cset: utf8
BPD: ( load_charset) cset: utf8
BPD: ( check_consist) Checking bp variable consistency
BPD: ( check_consist) Checking bp variable consistency
BPD: ( format) format ( canon:canon -> canon:utf8 )
BPD: ( load_format) fmt: canon, cset: canon
BPD: ( load_charset) cset: canon
BPD: ( load_format) fmt: canon, cset: utf8
BPD: ( load_charset) cset: utf8
BPD: ( check_consist) Checking bp variable consistency
BPD: ( check_consist) Checking bp variable consistency
BPD: ( format) format ( canon:canon -> canon:utf8 )
BPD: ( load_format) fmt: canon, cset: canon
BPD: ( load_charset) cset: canon
BPD: ( load_format) fmt: canon, cset: utf8
BPD: ( load_charset) cset: utf8
BPD: ( check_consist) Checking bp variable consistency
BPD: ( check_consist) Checking bp variable consistency
BPD: ( format) format ( canon:canon -> canon:utf8 )
BPD: ( load_format) fmt: canon, cset: canon
BPD: ( load_charset) cset: canon
BPD: ( load_format) fmt: canon, cset: utf8
BPD: ( load_charset) cset: utf8
BPD: ( check_consist) Checking bp variable consistency
BPD: ( check_consist) Checking bp variable consistency
BPD: ( format) format ( canon:canon -> canon:utf8 )
BPD: ( load_format) fmt: canon, cset: canon
BPD: ( load_charset) cset: canon
BPD: ( load_format) fmt: canon, cset: utf8
BPD: ( load_charset) cset: utf8
BPD: ( check_consist) Checking bp variable consistency
BPD: ( check_consist) Checking bp variable consistency
BPD: ( format) format ( canon:canon -> canon:utf8 )
BPD: ( load_format) fmt: canon, cset: canon
BPD: ( load_charset) cset: canon
BPD: ( load_format) fmt: canon, cset: utf8
BPD: ( load_charset) cset: utf8
BPD: ( check_consist) Checking bp variable consistency
BPD: ( check_consist) Checking bp variable consistency
Use of uninitialized value $bp_bibtex::id in string eq at /home/bri/.cpan/build/Bundle-PBib-2.08-_sI5RM/blib/lib/Biblio/bp/lib/bp-bibtex.pl line 1065, <GFMIt/sample.bib> line 1071.
bp warning (record 57): Could not find bibtex crossref: CHI99
BPD: ( format) format ( canon:canon -> canon:utf8 )
BPD: ( load_format) fmt: canon, cset: canon
BPD: ( load_charset) cset: canon
BPD: ( load_format) fmt: canon, cset: utf8
BPD: ( load_charset) cset: utf8
BPD: ( check_consist) Checking bp variable consistency
BPD: ( check_consist) Checking bp variable consistency
BPD: ( format) format ( canon:canon -> canon:utf8 )
BPD: ( load_format) fmt: canon, cset: canon
BPD: ( load_charset) cset: canon
BPD: ( load_format) fmt: canon, cset: utf8
BPD: ( load_charset) cset: utf8
BPD: ( check_consist) Checking bp variable consistency
BPD: ( check_consist) Checking bp variable consistency
BPD: ( format) format ( canon:canon -> canon:utf8 )
BPD: ( load_format) fmt: canon, cset: canon
BPD: ( load_charset) cset: canon
BPD: ( load_format) fmt: canon, cset: utf8
BPD: ( load_charset) cset: utf8
BPD: ( check_consist) Checking bp variable consistency
BPD: ( check_consist) Checking bp variable consistency
BPD: ( format) format ( canon:canon -> canon:utf8 )
BPD: ( load_format) fmt: canon, cset: canon
BPD: ( load_charset) cset: canon
BPD: ( load_format) fmt: canon, cset: utf8
BPD: ( load_charset) cset: utf8
BPD: ( check_consist) Checking bp variable consistency
BPD: ( check_consist) Checking bp variable consistency
BPD: ( format) format ( canon:canon -> canon:utf8 )
BPD: ( load_format) fmt: canon, cset: canon
BPD: ( load_charset) cset: canon
BPD: ( load_format) fmt: canon, cset: utf8
BPD: ( load_charset) cset: utf8
BPD: ( check_consist) Checking bp variable consistency
BPD: ( check_consist) Checking bp variable consistency
BPD: ( format) format ( canon:canon -> canon:utf8 )
BPD: ( load_format) fmt: canon, cset: canon
BPD: ( load_charset) cset: canon
BPD: ( load_format) fmt: canon, cset: utf8
BPD: ( load_charset) cset: utf8
BPD: ( check_consist) Checking bp variable consistency
BPD: ( check_consist) Checking bp variable consistency
Use of uninitialized value $bp_bibtex::id in string eq at /home/bri/.cpan/build/Bundle-PBib-2.08-_sI5RM/blib/lib/Biblio/bp/lib/bp-bibtex.pl line 1065, <GFMIt/sample.bib> line 1071.
bp warning (record 63): Could not find bibtex crossref: UIST01
BPD: ( format) format ( canon:canon -> canon:utf8 )
BPD: ( load_format) fmt: canon, cset: canon
BPD: ( load_charset) cset: canon
BPD: ( load_format) fmt: canon, cset: utf8
BPD: ( load_charset) cset: utf8
BPD: ( check_consist) Checking bp variable consistency
BPD: ( check_consist) Checking bp variable consistency
BPD: ( format) format ( canon:canon -> canon:utf8 )
BPD: ( load_format) fmt: canon, cset: canon
BPD: ( load_charset) cset: canon
BPD: ( load_format) fmt: canon, cset: utf8
BPD: ( load_charset) cset: utf8
BPD: ( check_consist) Checking bp variable consistency
BPD: ( check_consist) Checking bp variable consistency
BPD: ( format) format ( canon:canon -> canon:utf8 )
BPD: ( load_format) fmt: canon, cset: canon
BPD: ( load_charset) cset: canon
BPD: ( load_format) fmt: canon, cset: utf8
BPD: ( load_charset) cset: utf8
BPD: ( check_consist) Checking bp variable consistency
BPD: ( check_consist) Checking bp variable consistency
BPD: ( format) format ( canon:canon -> canon:utf8 )
BPD: ( load_format) fmt: canon, cset: canon
BPD: ( load_charset) cset: canon
BPD: ( load_format) fmt: canon, cset: utf8
BPD: ( load_charset) cset: utf8
BPD: ( check_consist) Checking bp variable consistency
BPD: ( check_consist) Checking bp variable consistency
BPD: ( check_consist) Checking bp variable consistency
storePaper not yet supported ...
t/20-biblio.t ....... ok
t/21-odbc.t ......... skipped: Cannot assume that there is a ODBC data source available
defined(%hash) is deprecated at /home/bri/.cpan/build/Bundle-PBib-2.08-_sI5RM/blib/lib/Biblio/bp/lib/bp-p-cs.pl line 115.
(Maybe you should just omit the defined()?)
defined(%hash) is deprecated at /home/bri/.cpan/build/Bundle-PBib-2.08-_sI5RM/blib/lib/Biblio/bp/lib/bp-p-cs.pl line 129.
(Maybe you should just omit the defined()?)
$[ used in numeric ge (>=) (did you mean $] ?) at /home/bri/.cpan/build/Bundle-PBib-2.08-_sI5RM/blib/lib/Biblio/bp/lib/bp-p-cs.pl line 168.
$[ used in numeric ge (>=) (did you mean $] ?) at /home/bri/.cpan/build/Bundle-PBib-2.08-_sI5RM/blib/lib/Biblio/bp/lib/bp-p-utils.pl line 511.
BPD: ( format) format ( auto -> auto )
BPD: ( load_format) fmt: auto, cset: <undef>
BPD: ( reg_format) registering format auto:auto (aut) in bp_auto
BPD: ( load_charset) cset: auto
BPD: ( load_format) fmt: auto, cset: <undef>
BPD: ( check_consist) Checking bp variable consistency
BPD: ( (eval)) bp package loaded with defaults
BPD: ( format) format ( auto -> canon:8859-1 )
BPD: ( load_format) fmt: auto, cset: <undef>
BPD: ( load_format) fmt: canon, cset: 8859-1
BPD: ( reg_format) registering format canon:canon (can) in bp_canon
BPD: ( load_charset) cset: 8859-1
BPD: ( check_consist) Checking bp variable consistency
BPD: (load_converter) conv: aut2can
BPD: ( check_consist) Checking bp variable consistency
Using bp, version 0.2.97 (19 Dec 96).
Reading: auto:auto Writing: canon:8859-1
"\c " is more clearly written simply as "\@" at /home/bri/.cpan/build/Bundle-PBib-2.08-_sI5RM/blib/lib/PBib/ReferenceConverter.pm line 453.
# Failed test 'use PBib::PBib;'
# at t/30-pbib-module.t line 12.
# Tried to use 'PBib::PBib'.
# Error: Can't locate unicore/Name.pm in @INC (@INC contains: /home/bri/.cpan/build/Bundle-PBib-2.08-_sI5RM/blib/lib/Biblio/bp/lib /home/bri/.cpan/build/Bundle-PBib-2.08-_sI5RM/blib/lib /home/bri/.cpan/build/Bundle-PBib-2.08-_sI5RM/blib/arch /home/bri/.cpan/build/Bundle-PBib-2.08-_sI5RM/lib /home/bri/perl5/perlbrew/perls/perl-5.15.5-th/lib/site_perl/5.15.5/i686-linux-thread-multi /home/bri/perl5/perlbrew/perls/perl-5.15.5-th/lib/site_perl/5.15.5 /home/bri/perl5/perlbrew/perls/perl-5.15.5-th/lib/5.15.5/i686-linux-thread-multi /home/bri/perl5/perlbrew/perls/perl-5.15.5-th/lib/5.15.5 .) at /home/bri/perl5/perlbrew/perls/perl-5.15.5-th/lib/5.15.5/charnames.pm line 6.
# BEGIN failed--compilation aborted at /home/bri/perl5/perlbrew/perls/perl-5.15.5-th/lib/5.15.5/charnames.pm line 6.
# Compilation failed in require at /home/bri/.cpan/build/Bundle-PBib-2.08-_sI5RM/blib/lib/PBib/BibliographyStyle.pm line 8.
# BEGIN failed--compilation aborted at /home/bri/.cpan/build/Bundle-PBib-2.08-_sI5RM/blib/lib/PBib/BibliographyStyle.pm line 8.
# Compilation failed in require at /home/bri/.cpan/build/Bundle-PBib-2.08-_sI5RM/blib/lib/PBib/PBib.pm line 293.
# BEGIN failed--compilation aborted at /home/bri/.cpan/build/Bundle-PBib-2.08-_sI5RM/blib/lib/PBib/PBib.pm line 293.
# Compilation failed in require at (eval 13) line 2.
# BEGIN failed--compilation aborted at (eval 13) line 2.
BPD: ( format) format ( auto -> canon:8859-1 )
BPD: ( load_format) fmt: auto, cset: <undef>
BPD: ( load_format) fmt: canon, cset: 8859-1
BPD: ( load_charset) cset: 8859-1
BPD: ( check_consist) Checking bp variable consistency
BPD: (load_converter) conv: aut2can
BPD: ( check_consist) Checking bp variable consistency
Using bp, version 0.2.97 (19 Dec 96).
Reading: auto:auto Writing: canon:8859-1
BPD: ( format) format ( auto -> canon:8859-1 )
BPD: ( load_format) fmt: auto, cset: <undef>
BPD: ( load_format) fmt: canon, cset: 8859-1
BPD: ( load_charset) cset: 8859-1
BPD: ( check_consist) Checking bp variable consistency
BPD: (load_converter) conv: aut2can
BPD: ( check_consist) Checking bp variable consistency
Use of uninitialized value $pattern in lc at /home/bri/.cpan/build/Bundle-PBib-2.08-_sI5RM/blib/lib/Biblio/File.pm line 66.
BPD: ( bp_auto::open) auto step 1: t/sample.bib<bibtex> with mode read
BPD: ( load_format) fmt: bibtex, cset: <undef>
BPD: ( reg_format) registering format bibtex:tex (btx) in bp_bibtex
BPD: ( load_charset) cset: tex
BPD: ( check_consist) Checking bp variable consistency
BPD: ( format) format ( canon:canon -> canon:utf8 )
BPD: ( load_format) fmt: canon, cset: canon
BPD: ( load_charset) cset: canon
BPD: ( load_format) fmt: canon, cset: utf8
BPD: ( load_charset) cset: utf8
Unrecognized escape \X passed through at /home/bri/.cpan/build/Bundle-PBib-2.08-_sI5RM/blib/lib/Biblio/bp/lib/bp-cs-utf8.pl line 40, <GFMIt/sample.bib> line 16.
BPD: ( check_consist) Checking bp variable consistency
BPD: ( check_consist) Checking bp variable consistency
BPD: ( format) format ( canon:canon -> canon:utf8 )
BPD: ( load_format) fmt: canon, cset: canon
BPD: ( load_charset) cset: canon
BPD: ( load_format) fmt: canon, cset: utf8
BPD: ( load_charset) cset: utf8
BPD: ( check_consist) Checking bp variable consistency
BPD: ( check_consist) Checking bp variable consistency
BPD: ( format) format ( canon:canon -> canon:utf8 )
BPD: ( load_format) fmt: canon, cset: canon
BPD: ( load_charset) cset: canon
BPD: ( load_format) fmt: canon, cset: utf8
BPD: ( load_charset) cset: utf8
BPD: ( check_consist) Checking bp variable consistency
BPD: ( check_consist) Checking bp variable consistency
BPD: ( format) format ( canon:canon -> canon:utf8 )
BPD: ( load_format) fmt: canon, cset: canon
BPD: ( load_charset) cset: canon
BPD: ( load_format) fmt: canon, cset: utf8
BPD: ( load_charset) cset: utf8
BPD: ( check_consist) Checking bp variable consistency
BPD: ( check_consist) Checking bp variable consistency
BPD: ( format) format ( canon:canon -> canon:utf8 )
BPD: ( load_format) fmt: canon, cset: canon
BPD: ( load_charset) cset: canon
BPD: ( load_format) fmt: canon, cset: utf8
BPD: ( load_charset) cset: utf8
BPD: ( check_consist) Checking bp variable consistency
BPD: ( check_consist) Checking bp variable consistency
BPD: ( format) format ( canon:canon -> canon:utf8 )
BPD: ( load_format) fmt: canon, cset: canon
BPD: ( load_charset) cset: canon
BPD: ( load_format) fmt: canon, cset: utf8
BPD: ( load_charset) cset: utf8
BPD: ( check_consist) Checking bp variable consistency
BPD: ( check_consist) Checking bp variable consistency
BPD: ( format) format ( canon:canon -> canon:utf8 )
BPD: ( load_format) fmt: canon, cset: canon
BPD: ( load_charset) cset: canon
BPD: ( load_format) fmt: canon, cset: utf8
BPD: ( load_charset) cset: utf8
BPD: ( check_consist) Checking bp variable consistency
BPD: ( check_consist) Checking bp variable consistency
BPD: ( format) format ( canon:canon -> canon:utf8 )
BPD: ( load_format) fmt: canon, cset: canon
BPD: ( load_charset) cset: canon
BPD: ( load_format) fmt: canon, cset: utf8
BPD: ( load_charset) cset: utf8
BPD: ( check_consist) Checking bp variable consistency
BPD: ( check_consist) Checking bp variable consistency
BPD: ( format) format ( canon:canon -> canon:utf8 )
BPD: ( load_format) fmt: canon, cset: canon
BPD: ( load_charset) cset: canon
BPD: ( load_format) fmt: canon, cset: utf8
BPD: ( load_charset) cset: utf8
BPD: ( check_consist) Checking bp variable consistency
BPD: ( check_consist) Checking bp variable consistency
BPD: ( format) format ( canon:canon -> canon:utf8 )
BPD: ( load_format) fmt: canon, cset: canon
BPD: ( load_charset) cset: canon
BPD: ( load_format) fmt: canon, cset: utf8
BPD: ( load_charset) cset: utf8
BPD: ( check_consist) Checking bp variable consistency
BPD: ( check_consist) Checking bp variable consistency
BPD: ( (eval)) Loading approx tables
BPD: ( format) format ( canon:canon -> canon:utf8 )
BPD: ( load_format) fmt: canon, cset: canon
BPD: ( load_charset) cset: canon
BPD: ( load_format) fmt: canon, cset: utf8
BPD: ( load_charset) cset: utf8
BPD: ( check_consist) Checking bp variable consistency
BPD: ( check_consist) Checking bp variable consistency
BPD: ( format) format ( canon:canon -> canon:utf8 )
BPD: ( load_format) fmt: canon, cset: canon
BPD: ( load_charset) cset: canon
BPD: ( load_format) fmt: canon, cset: utf8
BPD: ( load_charset) cset: utf8
BPD: ( check_consist) Checking bp variable consistency
BPD: ( check_consist) Checking bp variable consistency
BPD: ( format) format ( canon:canon -> canon:utf8 )
BPD: ( load_format) fmt: canon, cset: canon
BPD: ( load_charset) cset: canon
BPD: ( load_format) fmt: canon, cset: utf8
BPD: ( load_charset) cset: utf8
BPD: ( check_consist) Checking bp variable consistency
BPD: ( check_consist) Checking bp variable consistency
BPD: ( format) format ( canon:canon -> canon:utf8 )
BPD: ( load_format) fmt: canon, cset: canon
BPD: ( load_charset) cset: canon
BPD: ( load_format) fmt: canon, cset: utf8
BPD: ( load_charset) cset: utf8
BPD: ( check_consist) Checking bp variable consistency
BPD: ( check_consist) Checking bp variable consistency
BPD: ( format) format ( canon:canon -> canon:utf8 )
BPD: ( load_format) fmt: canon, cset: canon
BPD: ( load_charset) cset: canon
BPD: ( load_format) fmt: canon, cset: utf8
BPD: ( load_charset) cset: utf8
BPD: ( check_consist) Checking bp variable consistency
BPD: ( check_consist) Checking bp variable consistency
Use of uninitialized value $bp_bibtex::id in string eq at /home/bri/.cpan/build/Bundle-PBib-2.08-_sI5RM/blib/lib/Biblio/bp/lib/bp-bibtex.pl line 1065, <GFMIt/sample.bib> line 1071.
bp warning (record 16): Could not find bibtex crossref: CSCW96
BPD: ( format) format ( canon:canon -> canon:utf8 )
BPD: ( load_format) fmt: canon, cset: canon
BPD: ( load_charset) cset: canon
BPD: ( load_format) fmt: canon, cset: utf8
BPD: ( load_charset) cset: utf8
BPD: ( check_consist) Checking bp variable consistency
BPD: ( check_consist) Checking bp variable consistency
BPD: ( format) format ( canon:canon -> canon:utf8 )
BPD: ( load_format) fmt: canon, cset: canon
BPD: ( load_charset) cset: canon
BPD: ( load_format) fmt: canon, cset: utf8
BPD: ( load_charset) cset: utf8
BPD: ( check_consist) Checking bp variable consistency
BPD: ( check_consist) Checking bp variable consistency
BPD: ( format) format ( canon:canon -> canon:utf8 )
BPD: ( load_format) fmt: canon, cset: canon
BPD: ( load_charset) cset: canon
BPD: ( load_format) fmt: canon, cset: utf8
BPD: ( load_charset) cset: utf8
BPD: ( check_consist) Checking bp variable consistency
BPD: ( check_consist) Checking bp variable consistency
BPD: ( format) format ( canon:canon -> canon:utf8 )
BPD: ( load_format) fmt: canon, cset: canon
BPD: ( load_charset) cset: canon
BPD: ( load_format) fmt: canon, cset: utf8
BPD: ( load_charset) cset: utf8
BPD: ( check_consist) Checking bp variable consistency
BPD: ( check_consist) Checking bp variable consistency
BPD: ( format) format ( canon:canon -> canon:utf8 )
BPD: ( load_format) fmt: canon, cset: canon
BPD: ( load_charset) cset: canon
BPD: ( load_format) fmt: canon, cset: utf8
BPD: ( load_charset) cset: utf8
BPD: ( check_consist) Checking bp variable consistency
BPD: ( check_consist) Checking bp variable consistency
BPD: ( format) format ( canon:canon -> canon:utf8 )
BPD: ( load_format) fmt: canon, cset: canon
BPD: ( load_charset) cset: canon
BPD: ( load_format) fmt: canon, cset: utf8
BPD: ( load_charset) cset: utf8
BPD: ( check_consist) Checking bp variable consistency
BPD: ( check_consist) Checking bp variable consistency
BPD: ( format) format ( canon:canon -> canon:utf8 )
BPD: ( load_format) fmt: canon, cset: canon
BPD: ( load_charset) cset: canon
BPD: ( load_format) fmt: canon, cset: utf8
BPD: ( load_charset) cset: utf8
BPD: ( check_consist) Checking bp variable consistency
BPD: ( check_consist) Checking bp variable consistency
BPD: ( format) format ( canon:canon -> canon:utf8 )
BPD: ( load_format) fmt: canon, cset: canon
BPD: ( load_charset) cset: canon
BPD: ( load_format) fmt: canon, cset: utf8
BPD: ( load_charset) cset: utf8
BPD: ( check_consist) Checking bp variable consistency
BPD: ( check_consist) Checking bp variable consistency
BPD: ( format) format ( canon:canon -> canon:utf8 )
BPD: ( load_format) fmt: canon, cset: canon
BPD: ( load_charset) cset: canon
BPD: ( load_format) fmt: canon, cset: utf8
BPD: ( load_charset) cset: utf8
BPD: ( check_consist) Checking bp variable consistency
BPD: ( check_consist) Checking bp variable consistency
BPD: ( format) format ( canon:canon -> canon:utf8 )
BPD: ( load_format) fmt: canon, cset: canon
BPD: ( load_charset) cset: canon
BPD: ( load_format) fmt: canon, cset: utf8
BPD: ( load_charset) cset: utf8
BPD: ( check_consist) Checking bp variable consistency
BPD: ( check_consist) Checking bp variable consistency
BPD: ( format) format ( canon:canon -> canon:utf8 )
BPD: ( load_format) fmt: canon, cset: canon
BPD: ( load_charset) cset: canon
BPD: ( load_format) fmt: canon, cset: utf8
BPD: ( load_charset) cset: utf8
BPD: ( check_consist) Checking bp variable consistency
BPD: ( check_consist) Checking bp variable consistency
BPD: ( format) format ( canon:canon -> canon:utf8 )
BPD: ( load_format) fmt: canon, cset: canon
BPD: ( load_charset) cset: canon
BPD: ( load_format) fmt: canon, cset: utf8
BPD: ( load_charset) cset: utf8
BPD: ( check_consist) Checking bp variable consistency
BPD: ( check_consist) Checking bp variable consistency
BPD: ( format) format ( canon:canon -> canon:utf8 )
BPD: ( load_format) fmt: canon, cset: canon
BPD: ( load_charset) cset: canon
BPD: ( load_format) fmt: canon, cset: utf8
BPD: ( load_charset) cset: utf8
BPD: ( check_consist) Checking bp variable consistency
BPD: ( check_consist) Checking bp variable consistency
BPD: ( format) format ( canon:canon -> canon:utf8 )
BPD: ( load_format) fmt: canon, cset: canon
BPD: ( load_charset) cset: canon
BPD: ( load_format) fmt: canon, cset: utf8
BPD: ( load_charset) cset: utf8
BPD: ( check_consist) Checking bp variable consistency
BPD: ( check_consist) Checking bp variable consistency
Use of uninitialized value $bp_bibtex::id in string eq at /home/bri/.cpan/build/Bundle-PBib-2.08-_sI5RM/blib/lib/Biblio/bp/lib/bp-bibtex.pl line 1065, <GFMIt/sample.bib> line 1071.
bp warning (record 30): Could not find bibtex crossref: HUC00
BPD: ( format) format ( canon:canon -> canon:utf8 )
BPD: ( load_format) fmt: canon, cset: canon
BPD: ( load_charset) cset: canon
BPD: ( load_format) fmt: canon, cset: utf8
BPD: ( load_charset) cset: utf8
BPD: ( check_consist) Checking bp variable consistency
BPD: ( check_consist) Checking bp variable consistency
BPD: ( format) format ( canon:canon -> canon:utf8 )
BPD: ( load_format) fmt: canon, cset: canon
BPD: ( load_charset) cset: canon
BPD: ( load_format) fmt: canon, cset: utf8
BPD: ( load_charset) cset: utf8
BPD: ( check_consist) Checking bp variable consistency
BPD: ( check_consist) Checking bp variable consistency
BPD: ( format) format ( canon:canon -> canon:utf8 )
BPD: ( load_format) fmt: canon, cset: canon
BPD: ( load_charset) cset: canon
BPD: ( load_format) fmt: canon, cset: utf8
BPD: ( load_charset) cset: utf8
BPD: ( check_consist) Checking bp variable consistency
BPD: ( check_consist) Checking bp variable consistency
Use of uninitialized value $bp_bibtex::id in string eq at /home/bri/.cpan/build/Bundle-PBib-2.08-_sI5RM/blib/lib/Biblio/bp/lib/bp-bibtex.pl line 1065, <GFMIt/sample.bib> line 1071.
bp warning (record 33): Could not find bibtex crossref: Carroll-HCIMillennium
BPD: ( format) format ( canon:canon -> canon:utf8 )
BPD: ( load_format) fmt: canon, cset: canon
BPD: ( load_charset) cset: canon
BPD: ( load_format) fmt: canon, cset: utf8
BPD: ( load_charset) cset: utf8
BPD: ( check_consist) Checking bp variable consistency
BPD: ( check_consist) Checking bp variable consistency
BPD: ( format) format ( canon:canon -> canon:utf8 )
BPD: ( load_format) fmt: canon, cset: canon
BPD: ( load_charset) cset: canon
BPD: ( load_format) fmt: canon, cset: utf8
BPD: ( load_charset) cset: utf8
BPD: ( check_consist) Checking bp variable consistency
BPD: ( check_consist) Checking bp variable consistency
Use of uninitialized value $bp_bibtex::id in string eq at /home/bri/.cpan/build/Bundle-PBib-2.08-_sI5RM/blib/lib/Biblio/bp/lib/bp-bibtex.pl line 1065, <GFMIt/sample.bib> line 1071.
bp warning (record 35): Could not find bibtex crossref: CHI92
BPD: ( format) format ( canon:canon -> canon:utf8 )
BPD: ( load_format) fmt: canon, cset: canon
BPD: ( load_charset) cset: canon
BPD: ( load_format) fmt: canon, cset: utf8
BPD: ( load_charset) cset: utf8
BPD: ( check_consist) Checking bp variable consistency
BPD: ( check_consist) Checking bp variable consistency
BPD: ( format) format ( canon:canon -> canon:utf8 )
BPD: ( load_format) fmt: canon, cset: canon
BPD: ( load_charset) cset: canon
BPD: ( load_format) fmt: canon, cset: utf8
BPD: ( load_charset) cset: utf8
BPD: ( check_consist) Checking bp variable consistency
BPD: ( check_consist) Checking bp variable consistency
BPD: ( format) format ( canon:canon -> canon:utf8 )
BPD: ( load_format) fmt: canon, cset: canon
BPD: ( load_charset) cset: canon
BPD: ( load_format) fmt: canon, cset: utf8
BPD: ( load_charset) cset: utf8
BPD: ( check_consist) Checking bp variable consistency
BPD: ( check_consist) Checking bp variable consistency
BPD: ( format) format ( canon:canon -> canon:utf8 )
BPD: ( load_format) fmt: canon, cset: canon
BPD: ( load_charset) cset: canon
BPD: ( load_format) fmt: canon, cset: utf8
BPD: ( load_charset) cset: utf8
BPD: ( check_consist) Checking bp variable consistency
BPD: ( check_consist) Checking bp variable consistency
BPD: ( format) format ( canon:canon -> canon:utf8 )
BPD: ( load_format) fmt: canon, cset: canon
BPD: ( load_charset) cset: canon
BPD: ( load_format) fmt: canon, cset: utf8
BPD: ( load_charset) cset: utf8
BPD: ( check_consist) Checking bp variable consistency
BPD: ( check_consist) Checking bp variable consistency
Use of uninitialized value $bp_bibtex::id in string eq at /home/bri/.cpan/build/Bundle-PBib-2.08-_sI5RM/blib/lib/Biblio/bp/lib/bp-bibtex.pl line 1065, <GFMIt/sample.bib> line 1071.
bp warning (record 40): Could not find bibtex crossref: UIST02
BPD: ( format) format ( canon:canon -> canon:utf8 )
BPD: ( load_format) fmt: canon, cset: canon
BPD: ( load_charset) cset: canon
BPD: ( load_format) fmt: canon, cset: utf8
BPD: ( load_charset) cset: utf8
BPD: ( check_consist) Checking bp variable consistency
BPD: ( check_consist) Checking bp variable consistency
BPD: ( format) format ( canon:canon -> canon:utf8 )
BPD: ( load_format) fmt: canon, cset: canon
BPD: ( load_charset) cset: canon
BPD: ( load_format) fmt: canon, cset: utf8
BPD: ( load_charset) cset: utf8
BPD: ( check_consist) Checking bp variable consistency
BPD: ( check_consist) Checking bp variable consistency
BPD: ( format) format ( canon:canon -> canon:utf8 )
BPD: ( load_format) fmt: canon, cset: canon
BPD: ( load_charset) cset: canon
BPD: ( load_format) fmt: canon, cset: utf8
BPD: ( load_charset) cset: utf8
BPD: ( check_consist) Checking bp variable consistency
BPD: ( check_consist) Checking bp variable consistency
Use of uninitialized value $bp_bibtex::id in string eq at /home/bri/.cpan/build/Bundle-PBib-2.08-_sI5RM/blib/lib/Biblio/bp/lib/bp-bibtex.pl line 1065, <GFMIt/sample.bib> line 1071.
bp warning (record 43): Could not find bibtex crossref: CSCW02
BPD: ( format) format ( canon:canon -> canon:utf8 )
BPD: ( load_format) fmt: canon, cset: canon
BPD: ( load_charset) cset: canon
BPD: ( load_format) fmt: canon, cset: utf8
BPD: ( load_charset) cset: utf8
BPD: ( check_consist) Checking bp variable consistency
BPD: ( check_consist) Checking bp variable consistency
BPD: ( format) format ( canon:canon -> canon:utf8 )
BPD: ( load_format) fmt: canon, cset: canon
BPD: ( load_charset) cset: canon
BPD: ( load_format) fmt: canon, cset: utf8
BPD: ( load_charset) cset: utf8
BPD: ( check_consist) Checking bp variable consistency
BPD: ( check_consist) Checking bp variable consistency
BPD: ( format) format ( canon:canon -> canon:utf8 )
BPD: ( load_format) fmt: canon, cset: canon
BPD: ( load_charset) cset: canon
BPD: ( load_format) fmt: canon, cset: utf8
BPD: ( load_charset) cset: utf8
BPD: ( check_consist) Checking bp variable consistency
BPD: ( check_consist) Checking bp variable consistency
BPD: ( format) format ( canon:canon -> canon:utf8 )
BPD: ( load_format) fmt: canon, cset: canon
BPD: ( load_charset) cset: canon
BPD: ( load_format) fmt: canon, cset: utf8
BPD: ( load_charset) cset: utf8
BPD: ( check_consist) Checking bp variable consistency
BPD: ( check_consist) Checking bp variable consistency
BPD: ( format) format ( canon:canon -> canon:utf8 )
BPD: ( load_format) fmt: canon, cset: canon
BPD: ( load_charset) cset: canon
BPD: ( load_format) fmt: canon, cset: utf8
BPD: ( load_charset) cset: utf8
BPD: ( check_consist) Checking bp variable consistency
BPD: ( check_consist) Checking bp variable consistency
BPD: ( format) format ( canon:canon -> canon:utf8 )
BPD: ( load_format) fmt: canon, cset: canon
BPD: ( load_charset) cset: canon
BPD: ( load_format) fmt: canon, cset: utf8
BPD: ( load_charset) cset: utf8
BPD: ( check_consist) Checking bp variable consistency
BPD: ( check_consist) Checking bp variable consistency
BPD: ( format) format ( canon:canon -> canon:utf8 )
BPD: ( load_format) fmt: canon, cset: canon
BPD: ( load_charset) cset: canon
BPD: ( load_format) fmt: canon, cset: utf8
BPD: ( load_charset) cset: utf8
BPD: ( check_consist) Checking bp variable consistency
BPD: ( check_consist) Checking bp variable consistency
BPD: ( format) format ( canon:canon -> canon:utf8 )
BPD: ( load_format) fmt: canon, cset: canon
BPD: ( load_charset) cset: canon
BPD: ( load_format) fmt: canon, cset: utf8
BPD: ( load_charset) cset: utf8
BPD: ( check_consist) Checking bp variable consistency
BPD: ( check_consist) Checking bp variable consistency
BPD: ( format) format ( canon:canon -> canon:utf8 )
BPD: ( load_format) fmt: canon, cset: canon
BPD: ( load_charset) cset: canon
BPD: ( load_format) fmt: canon, cset: utf8
BPD: ( load_charset) cset: utf8
BPD: ( check_consist) Checking bp variable consistency
BPD: ( check_consist) Checking bp variable consistency
BPD: ( format) format ( canon:canon -> canon:utf8 )
BPD: ( load_format) fmt: canon, cset: canon
BPD: ( load_charset) cset: canon
BPD: ( load_format) fmt: canon, cset: utf8
BPD: ( load_charset) cset: utf8
BPD: ( check_consist) Checking bp variable consistency
BPD: ( check_consist) Checking bp variable consistency
BPD: ( format) format ( canon:canon -> canon:utf8 )
BPD: ( load_format) fmt: canon, cset: canon
BPD: ( load_charset) cset: canon
BPD: ( load_format) fmt: canon, cset: utf8
BPD: ( load_charset) cset: utf8
BPD: ( check_consist) Checking bp variable consistency
BPD: ( check_consist) Checking bp variable consistency
BPD: ( format) format ( canon:canon -> canon:utf8 )
BPD: ( load_format) fmt: canon, cset: canon
BPD: ( load_charset) cset: canon
BPD: ( load_format) fmt: canon, cset: utf8
BPD: ( load_charset) cset: utf8
BPD: ( check_consist) Checking bp variable consistency
BPD: ( check_consist) Checking bp variable consistency
BPD: ( format) format ( canon:canon -> canon:utf8 )
BPD: ( load_format) fmt: canon, cset: canon
BPD: ( load_charset) cset: canon
BPD: ( load_format) fmt: canon, cset: utf8
BPD: ( load_charset) cset: utf8
BPD: ( check_consist) Checking bp variable consistency
BPD: ( check_consist) Checking bp variable consistency
BPD: ( format) format ( canon:canon -> canon:utf8 )
BPD: ( load_format) fmt: canon, cset: canon
BPD: ( load_charset) cset: canon
BPD: ( load_format) fmt: canon, cset: utf8
BPD: ( load_charset) cset: utf8
BPD: ( check_consist) Checking bp variable consistency
BPD: ( check_consist) Checking bp variable consistency
Use of uninitialized value $bp_bibtex::id in string eq at /home/bri/.cpan/build/Bundle-PBib-2.08-_sI5RM/blib/lib/Biblio/bp/lib/bp-bibtex.pl line 1065, <GFMIt/sample.bib> line 1071.
bp warning (record 57): Could not find bibtex crossref: CHI99
BPD: ( format) format ( canon:canon -> canon:utf8 )
BPD: ( load_format) fmt: canon, cset: canon
BPD: ( load_charset) cset: canon
BPD: ( load_format) fmt: canon, cset: utf8
BPD: ( load_charset) cset: utf8
BPD: ( check_consist) Checking bp variable consistency
BPD: ( check_consist) Checking bp variable consistency
BPD: ( format) format ( canon:canon -> canon:utf8 )
BPD: ( load_format) fmt: canon, cset: canon
BPD: ( load_charset) cset: canon
BPD: ( load_format) fmt: canon, cset: utf8
BPD: ( load_charset) cset: utf8
BPD: ( check_consist) Checking bp variable consistency
BPD: ( check_consist) Checking bp variable consistency
BPD: ( format) format ( canon:canon -> canon:utf8 )
BPD: ( load_format) fmt: canon, cset: canon
BPD: ( load_charset) cset: canon
BPD: ( load_format) fmt: canon, cset: utf8
BPD: ( load_charset) cset: utf8
BPD: ( check_consist) Checking bp variable consistency
BPD: ( check_consist) Checking bp variable consistency
BPD: ( format) format ( canon:canon -> canon:utf8 )
BPD: ( load_format) fmt: canon, cset: canon
BPD: ( load_charset) cset: canon
BPD: ( load_format) fmt: canon, cset: utf8
BPD: ( load_charset) cset: utf8
BPD: ( check_consist) Checking bp variable consistency
BPD: ( check_consist) Checking bp variable consistency
BPD: ( format) format ( canon:canon -> canon:utf8 )
BPD: ( load_format) fmt: canon, cset: canon
BPD: ( load_charset) cset: canon
BPD: ( load_format) fmt: canon, cset: utf8
BPD: ( load_charset) cset: utf8
BPD: ( check_consist) Checking bp variable consistency
BPD: ( check_consist) Checking bp variable consistency
BPD: ( format) format ( canon:canon -> canon:utf8 )
BPD: ( load_format) fmt: canon, cset: canon
BPD: ( load_charset) cset: canon
BPD: ( load_format) fmt: canon, cset: utf8
BPD: ( load_charset) cset: utf8
BPD: ( check_consist) Checking bp variable consistency
BPD: ( check_consist) Checking bp variable consistency
Use of uninitialized value $bp_bibtex::id in string eq at /home/bri/.cpan/build/Bundle-PBib-2.08-_sI5RM/blib/lib/Biblio/bp/lib/bp-bibtex.pl line 1065, <GFMIt/sample.bib> line 1071.
bp warning (record 63): Could not find bibtex crossref: UIST01
BPD: ( format) format ( canon:canon -> canon:utf8 )
BPD: ( load_format) fmt: canon, cset: canon
BPD: ( load_charset) cset: canon
BPD: ( load_format) fmt: canon, cset: utf8
BPD: ( load_charset) cset: utf8
BPD: ( check_consist) Checking bp variable consistency
BPD: ( check_consist) Checking bp variable consistency
BPD: ( format) format ( canon:canon -> canon:utf8 )
BPD: ( load_format) fmt: canon, cset: canon
BPD: ( load_charset) cset: canon
BPD: ( load_format) fmt: canon, cset: utf8
BPD: ( load_charset) cset: utf8
BPD: ( check_consist) Checking bp variable consistency
BPD: ( check_consist) Checking bp variable consistency
BPD: ( format) format ( canon:canon -> canon:utf8 )
BPD: ( load_format) fmt: canon, cset: canon
BPD: ( load_charset) cset: canon
BPD: ( load_format) fmt: canon, cset: utf8
BPD: ( load_charset) cset: utf8
BPD: ( check_consist) Checking bp variable consistency
BPD: ( check_consist) Checking bp variable consistency
BPD: ( format) format ( canon:canon -> canon:utf8 )
BPD: ( load_format) fmt: canon, cset: canon
BPD: ( load_charset) cset: canon
BPD: ( load_format) fmt: canon, cset: utf8
BPD: ( load_charset) cset: utf8
BPD: ( check_consist) Checking bp variable consistency
BPD: ( check_consist) Checking bp variable consistency
BPD: ( check_consist) Checking bp variable consistency
Can't locate object method "new" via package "PBib::PBib" at t/30-pbib-module.t line 45.
# Looks like you planned 15 tests but ran 6.
# Looks like you failed 1 test of 6 run.
# Looks like your test exited with 255 just after 6.
t/30-pbib-module.t ..
Dubious, test returned 255 (wstat 65280, 0xff00)
Failed 10/15 subtests
# Converting t/sample.rtf ...
defined(%hash) is deprecated at /home/bri/.cpan/build/Bundle-PBib-2.08-_sI5RM/bin/../lib/Biblio/bp/lib/bp-p-cs.pl line 115.
(Maybe you should just omit the defined()?)
defined(%hash) is deprecated at /home/bri/.cpan/build/Bundle-PBib-2.08-_sI5RM/bin/../lib/Biblio/bp/lib/bp-p-cs.pl line 129.
(Maybe you should just omit the defined()?)
Using bp, version 0.2.97 (19 Dec 96).
Reading: auto:auto Writing: canon:8859-1
"\c " is more clearly written simply as "\@" at /home/bri/.cpan/build/Bundle-PBib-2.08-_sI5RM/bin/../lib/PBib/ReferenceConverter.pm line 453.
Can't locate unicore/Name.pm in @INC (@INC contains: /home/bri/.cpan/build/Bundle-PBib-2.08-_sI5RM/bin/../lib/Biblio/bp/lib /home/bri/.cpan/build/Bundle-PBib-2.08-_sI5RM/bin/../lib $FindBin::Bin/../lib/Biblio/bp/lib /home/bri/.cpan/build/Bundle-PBib-2.08-_sI5RM/blib/lib /home/bri/.cpan/build/Bundle-PBib-2.08-_sI5RM/blib/arch /home/bri/.cpan/build/Bundle-PBib-2.08-_sI5RM/lib /home/bri/perl5/perlbrew/perls/perl-5.15.5-th/lib/site_perl/5.15.5/i686-linux-thread-multi /home/bri/perl5/perlbrew/perls/perl-5.15.5-th/lib/site_perl/5.15.5 /home/bri/perl5/perlbrew/perls/perl-5.15.5-th/lib/5.15.5/i686-linux-thread-multi /home/bri/perl5/perlbrew/perls/perl-5.15.5-th/lib/5.15.5 .) at /home/bri/perl5/perlbrew/perls/perl-5.15.5-th/lib/5.15.5/charnames.pm line 6.
BEGIN failed--compilation aborted at /home/bri/perl5/perlbrew/perls/perl-5.15.5-th/lib/5.15.5/charnames.pm line 6.
Compilation failed in require at /home/bri/.cpan/build/Bundle-PBib-2.08-_sI5RM/bin/../lib/PBib/BibliographyStyle.pm line 8.
BEGIN failed--compilation aborted at /home/bri/.cpan/build/Bundle-PBib-2.08-_sI5RM/bin/../lib/PBib/BibliographyStyle.pm line 8.
Compilation failed in require at /home/bri/.cpan/build/Bundle-PBib-2.08-_sI5RM/bin/../lib/PBib/PBib.pm line 293.
BEGIN failed--compilation aborted at /home/bri/.cpan/build/Bundle-PBib-2.08-_sI5RM/bin/../lib/PBib/PBib.pm line 293.
Compilation failed in require at /home/bri/.cpan/build/Bundle-PBib-2.08-_sI5RM/t/../bin/pbib.pl line 66.
BEGIN failed--compilation aborted at /home/bri/.cpan/build/Bundle-PBib-2.08-_sI5RM/t/../bin/pbib.pl line 66.
# Failed test 'system(/home/bri/perl5/perlbrew/perls/perl-5.15.5-th/bin/perl5.15.5, /home/bri/.cpan/build/Bundle-PBib-2.08-_sI5RM/t/../bin/pbib.pl, t/sample.rtf)'
# at t/31-pbib-script.t line 50.
# got: '512'
# expected: '0'
# Converting t/sample.sxw ...
defined(%hash) is deprecated at /home/bri/.cpan/build/Bundle-PBib-2.08-_sI5RM/bin/../lib/Biblio/bp/lib/bp-p-cs.pl line 115.
(Maybe you should just omit the defined()?)
defined(%hash) is deprecated at /home/bri/.cpan/build/Bundle-PBib-2.08-_sI5RM/bin/../lib/Biblio/bp/lib/bp-p-cs.pl line 129.
(Maybe you should just omit the defined()?)
Using bp, version 0.2.97 (19 Dec 96).
Reading: auto:auto Writing: canon:8859-1
"\c " is more clearly written simply as "\@" at /home/bri/.cpan/build/Bundle-PBib-2.08-_sI5RM/bin/../lib/PBib/ReferenceConverter.pm line 453.
Can't locate unicore/Name.pm in @INC (@INC contains: /home/bri/.cpan/build/Bundle-PBib-2.08-_sI5RM/bin/../lib/Biblio/bp/lib /home/bri/.cpan/build/Bundle-PBib-2.08-_sI5RM/bin/../lib $FindBin::Bin/../lib/Biblio/bp/lib /home/bri/.cpan/build/Bundle-PBib-2.08-_sI5RM/blib/lib /home/bri/.cpan/build/Bundle-PBib-2.08-_sI5RM/blib/arch /home/bri/.cpan/build/Bundle-PBib-2.08-_sI5RM/lib /home/bri/perl5/perlbrew/perls/perl-5.15.5-th/lib/site_perl/5.15.5/i686-linux-thread-multi /home/bri/perl5/perlbrew/perls/perl-5.15.5-th/lib/site_perl/5.15.5 /home/bri/perl5/perlbrew/perls/perl-5.15.5-th/lib/5.15.5/i686-linux-thread-multi /home/bri/perl5/perlbrew/perls/perl-5.15.5-th/lib/5.15.5 .) at /home/bri/perl5/perlbrew/perls/perl-5.15.5-th/lib/5.15.5/charnames.pm line 6.
BEGIN failed--compilation aborted at /home/bri/perl5/perlbrew/perls/perl-5.15.5-th/lib/5.15.5/charnames.pm line 6.
Compilation failed in require at /home/bri/.cpan/build/Bundle-PBib-2.08-_sI5RM/bin/../lib/PBib/BibliographyStyle.pm line 8.
BEGIN failed--compilation aborted at /home/bri/.cpan/build/Bundle-PBib-2.08-_sI5RM/bin/../lib/PBib/BibliographyStyle.pm line 8.
Compilation failed in require at /home/bri/.cpan/build/Bundle-PBib-2.08-_sI5RM/bin/../lib/PBib/PBib.pm line 293.
BEGIN failed--compilation aborted at /home/bri/.cpan/build/Bundle-PBib-2.08-_sI5RM/bin/../lib/PBib/PBib.pm line 293.
Compilation failed in require at /home/bri/.cpan/build/Bundle-PBib-2.08-_sI5RM/t/../bin/pbib.pl line 66.
BEGIN failed--compilation aborted at /home/bri/.cpan/build/Bundle-PBib-2.08-_sI5RM/t/../bin/pbib.pl line 66.
# Failed test 'system(/home/bri/perl5/perlbrew/perls/perl-5.15.5-th/bin/perl5.15.5, /home/bri/.cpan/build/Bundle-PBib-2.08-_sI5RM/t/../bin/pbib.pl, t/sample.sxw)'
# at t/31-pbib-script.t line 50.
# got: '512'
# expected: '0'
# Converting t/sample.txt ...
defined(%hash) is deprecated at /home/bri/.cpan/build/Bundle-PBib-2.08-_sI5RM/bin/../lib/Biblio/bp/lib/bp-p-cs.pl line 115.
(Maybe you should just omit the defined()?)
defined(%hash) is deprecated at /home/bri/.cpan/build/Bundle-PBib-2.08-_sI5RM/bin/../lib/Biblio/bp/lib/bp-p-cs.pl line 129.
(Maybe you should just omit the defined()?)
Using bp, version 0.2.97 (19 Dec 96).
Reading: auto:auto Writing: canon:8859-1
"\c " is more clearly written simply as "\@" at /home/bri/.cpan/build/Bundle-PBib-2.08-_sI5RM/bin/../lib/PBib/ReferenceConverter.pm line 453.
Can't locate unicore/Name.pm in @INC (@INC contains: /home/bri/.cpan/build/Bundle-PBib-2.08-_sI5RM/bin/../lib/Biblio/bp/lib /home/bri/.cpan/build/Bundle-PBib-2.08-_sI5RM/bin/../lib $FindBin::Bin/../lib/Biblio/bp/lib /home/bri/.cpan/build/Bundle-PBib-2.08-_sI5RM/blib/lib /home/bri/.cpan/build/Bundle-PBib-2.08-_sI5RM/blib/arch /home/bri/.cpan/build/Bundle-PBib-2.08-_sI5RM/lib /home/bri/perl5/perlbrew/perls/perl-5.15.5-th/lib/site_perl/5.15.5/i686-linux-thread-multi /home/bri/perl5/perlbrew/perls/perl-5.15.5-th/lib/site_perl/5.15.5 /home/bri/perl5/perlbrew/perls/perl-5.15.5-th/lib/5.15.5/i686-linux-thread-multi /home/bri/perl5/perlbrew/perls/perl-5.15.5-th/lib/5.15.5 .) at /home/bri/perl5/perlbrew/perls/perl-5.15.5-th/lib/5.15.5/charnames.pm line 6.
BEGIN failed--compilation aborted at /home/bri/perl5/perlbrew/perls/perl-5.15.5-th/lib/5.15.5/charnames.pm line 6.
Compilation failed in require at /home/bri/.cpan/build/Bundle-PBib-2.08-_sI5RM/bin/../lib/PBib/BibliographyStyle.pm line 8.
BEGIN failed--compilation aborted at /home/bri/.cpan/build/Bundle-PBib-2.08-_sI5RM/bin/../lib/PBib/BibliographyStyle.pm line 8.
Compilation failed in require at /home/bri/.cpan/build/Bundle-PBib-2.08-_sI5RM/bin/../lib/PBib/PBib.pm line 293.
BEGIN failed--compilation aborted at /home/bri/.cpan/build/Bundle-PBib-2.08-_sI5RM/bin/../lib/PBib/PBib.pm line 293.
Compilation failed in require at /home/bri/.cpan/build/Bundle-PBib-2.08-_sI5RM/t/../bin/pbib.pl line 66.
BEGIN failed--compilation aborted at /home/bri/.cpan/build/Bundle-PBib-2.08-_sI5RM/t/../bin/pbib.pl line 66.
# Failed test 'system(/home/bri/perl5/perlbrew/perls/perl-5.15.5-th/bin/perl5.15.5, /home/bri/.cpan/build/Bundle-PBib-2.08-_sI5RM/t/../bin/pbib.pl, t/sample.txt)'
# at t/31-pbib-script.t line 50.
# got: '512'
# expected: '0'
# Looks like you failed 3 tests of 11.
t/31-pbib-script.t ..
Dubious, test returned 3 (wstat 768, 0x300)
Failed 3/11 subtests
(less 3 skipped subtests: 5 okay)
Test Summary Report
-------------------
t/30-pbib-module.t (Wstat: 65280 Tests: 6 Failed: 1)
Failed test: 3
Non-zero exit status: 255
Parse errors: Bad plan. You planned 15 tests but ran 6.
t/31-pbib-script.t (Wstat: 768 Tests: 11 Failed: 3)
Failed tests: 4, 7, 10
Non-zero exit status: 3
Files=6, Tests=30, 3 wallclock secs ( 0.05 usr 0.01 sys + 1.23 cusr 0.08 csys = 1.37 CPU)
Result: FAIL
Failed 2/6 test programs. 4/30 subtests failed.
------------------------------
PREREQUISITES
------------------------------
Prerequisite modules loaded:
requires:
Module Need Have
--------------- ------ ---------
Bundle::DBI 11.02 12.008695
Config::General 2.18 2.50
Cwd 2.06 3.33
Data::Dumper 2.12 2.131
perl v5.6.1 5.015005
------------------------------
ENVIRONMENT AND OTHER CONTEXT
------------------------------
Environment variables:
AUTOMATED_TESTING = 1
LANG = C
LANGUAGE = en_GB:en
LC_ALL = C
PATH = /home/bri/bin:/home/bri/perl5/perlbrew/bin:/home/bri/perl5/perlbrew/perls/perl-5.15.5-th/bin:~/bin:/usr/local/sbin:/usr/local/bin:/usr/sbin:/usr/bin:/sbin:/bin:/usr/games
PATH_WITHOUT_PERLBREW = ~/bin:/usr/local/sbin:/usr/local/bin:/usr/sbin:/usr/bin:/sbin:/bin:/usr/games
PERL5LIB =
PERL5OPT =
PERL5_CPANPLUS_IS_RUNNING = 15617
PERL5_CPAN_IS_RUNNING = 15617
PERL5_CPAN_IS_RUNNING_IN_RECURSION = 1978,15617
PERLBREW_BASHRC_VERSION = 0.33
PERLBREW_HOME = /home/bri/.perlbrew
PERLBREW_PATH = /home/bri/perl5/perlbrew/bin:/home/bri/perl5/perlbrew/perls/perl-5.15.5-th/bin
PERLBREW_PERL = perl-5.15.5-th
PERLBREW_ROOT = /home/bri/perl5/perlbrew
PERLBREW_VERSION = 0.33
PERL_CPANM_OPT = --prompt --mirror http://172.16.1.3/cpan/
PERL_CR_SMOKER_CURRENT = Bundle-PBib-2.08
PERL_EXTUTILS_AUTOINSTALL = --defaultdeps
PERL_MM_USE_DEFAULT = 1
SHELL = /bin/bash
TERM = linux
Perl special variables (and OS-specific diagnostics, for MSWin32):
$^X = /home/bri/perl5/perlbrew/perls/perl-5.15.5-th/bin/perl5.15.5
$UID/$EUID = 1000 / 1000
$GID = 1000 4 20 24 46 112 120 122 1000
$EGID = 1000 4 20 24 46 112 120 122 1000
Perl module toolchain versions installed:
Module Have
------------------- --------
CPAN 1.9800
CPAN::Meta 2.112621
Cwd 3.33
ExtUtils::CBuilder 0.280202
ExtUtils::Command 1.17
ExtUtils::Install 1.52
ExtUtils::MakeMaker 6.63_02
ExtUtils::Manifest 1.60
ExtUtils::ParseXS 3.07
File::Spec 3.33
JSON 2.53
JSON::PP 2.27200
Module::Build 0.3800
Module::Signature n/a
Parse::CPAN::Meta 1.4401
Test::Harness 3.23
Test::More 0.98
YAML 0.77
YAML::Syck 1.19
version 0.95
--
Summary of my perl5 (revision 5 version 15 subversion 5) configuration:
Platform:
osname=linux, osvers=2.6.38-11-generic, archname=i686-linux-thread-multi
uname='linux lappy 2.6.38-11-generic #48-ubuntu smp fri jul 29 19:05:14 utc 2011 i686 i686 i386 gnulinux '
config_args='-de -Dprefix=/home/bri/perl5/perlbrew/perls/perl-5.15.5-th -Dusethreads -Dusedevel'
hint=recommended, useposix=true, d_sigaction=define
useithreads=define, usemultiplicity=define
useperlio=define, d_sfio=undef, uselargefiles=define, usesocks=undef
use64bitint=undef, use64bitall=undef, uselongdouble=undef
usemymalloc=n, bincompat5005=undef
Compiler:
cc='cc', ccflags ='-D_REENTRANT -D_GNU_SOURCE -fno-strict-aliasing -pipe -fstack-protector -I/usr/local/include -D_LARGEFILE_SOURCE -D_FILE_OFFSET_BITS=64',
optimize='-O2',
cppflags='-D_REENTRANT -D_GNU_SOURCE -fno-strict-aliasing -pipe -fstack-protector -I/usr/local/include'
ccversion='', gccversion='4.5.2', gccosandvers=''
intsize=4, longsize=4, ptrsize=4, doublesize=8, byteorder=1234
d_longlong=define, longlongsize=8, d_longdbl=define, longdblsize=12
ivtype='long', ivsize=4, nvtype='double', nvsize=8, Off_t='off_t', lseeksize=8
alignbytes=4, prototype=define
Linker and Libraries:
ld='cc', ldflags =' -fstack-protector -L/usr/local/lib'
libpth=/usr/local/lib /lib /usr/lib /usr/lib/i386-linux-gnu /usr/lib64
libs=-lnsl -ldl -lm -lcrypt -lutil -lpthread -lc
perllibs=-lnsl -ldl -lm -lcrypt -lutil -lpthread -lc
libc=, so=so, useshrplib=false, libperl=libperl.a
gnulibc_version='2.13'
Dynamic Linking:
dlsrc=dl_dlopen.xs, dlext=so, d_dlsymun=undef, ccdlflags='-Wl,-E'
cccdlflags='-fPIC', lddlflags='-shared -O2 -L/usr/local/lib -fstack-protector'
Characteristics of this binary (from libperl):
Compile-time options: HAS_TIMES MULTIPLICITY PERLIO_LAYERS
PERL_DONT_CREATE_GVSV PERL_IMPLICIT_CONTEXT
PERL_MALLOC_WRAP PERL_PRESERVE_IVUV PERL_USE_DEVEL
USE_ITHREADS USE_LARGE_FILES USE_LOCALE
USE_LOCALE_COLLATE USE_LOCALE_CTYPE
USE_LOCALE_NUMERIC USE_PERLIO USE_PERL_ATOF
USE_REENTRANT_API
Built under linux
Compiled at Dec 5 2011 21:58:55
%ENV:
PERL5LIB=""
PERL5OPT=""
PERL5_CPANPLUS_IS_RUNNING="15617"
PERL5_CPAN_IS_RUNNING="15617"
PERL5_CPAN_IS_RUNNING_IN_RECURSION="1978,15617"
PERLBREW_BASHRC_VERSION="0.33"
PERLBREW_HOME="/home/bri/.perlbrew"
PERLBREW_PATH="/home/bri/perl5/perlbrew/bin:/home/bri/perl5/perlbrew/perls/perl-5.15.5-th/bin"
PERLBREW_PERL="perl-5.15.5-th"
PERLBREW_ROOT="/home/bri/perl5/perlbrew"
PERLBREW_VERSION="0.33"
PERL_CPANM_OPT="--prompt --mirror http://172.16.1.3/cpan/"
PERL_CR_SMOKER_CURRENT="Bundle-PBib-2.08"
PERL_EXTUTILS_AUTOINSTALL="--defaultdeps"
PERL_MM_USE_DEFAULT="1"
@INC:
/home/bri/perl5/perlbrew/perls/perl-5.15.5-th/lib/site_perl/5.15.5/i686-linux-thread-multi
/home/bri/perl5/perlbrew/perls/perl-5.15.5-th/lib/site_perl/5.15.5
/home/bri/perl5/perlbrew/perls/perl-5.15.5-th/lib/5.15.5/i686-linux-thread-multi
/home/bri/perl5/perlbrew/perls/perl-5.15.5-th/lib/5.15.5
.