CloudDeploy v1.07 Perl 5 v5.32.1 x86_64-linux

Status
Fail
From
Slaven Rezić
Dist
CloudDeploy v1.07
Platform
Perl 5 v5.32.1 x86_64-linux
Date
2021-03-28T06:15:11
ID
f3c212ce-8f8c-11eb-8bb6-f4401f24ea8f
This distribution has been tested as part of the CPAN Testers
project, supporting the Perl programming language.  See
http://wiki.cpantesters.org/ for more information or email
questions to cpan-testers-discuss@perl.org


--
Dear Jose Luis Martinez Torres,

This is a computer-generated report for CloudDeploy-1.07
on perl 5.32.1, created by CPAN-Reporter-1.2018.

Thank you for uploading your work to CPAN.  However, there was a problem
testing your distribution.

If you think this report is invalid, please consult the CPAN Testers Wiki
for suggestions on how to avoid getting FAIL reports for missing library
or binary dependencies, unsupported operating systems, and so on:

http://wiki.cpantesters.org/wiki/CPANAuthorNotes

Sections of this report:

    * Tester comments
    * Program output
    * Prerequisites
    * Environment and other context

------------------------------
TESTER COMMENTS
------------------------------

Additional comments from tester:

none provided

------------------------------
PROGRAM OUTPUT
------------------------------

Output from '/usr/bin/make test':

PERL_DL_NONLAZY=1 "/opt/perl-5.32.1/bin/perl" "-MExtUtils::Command::MM" "-MTest::Harness" "-e" "undef *Test::Harness::Switches; test_harness(0, 'blib/lib', 'blib/arch')" t/*.t
t/005_dynamicvalues.t ............. ok
t/099_build.t ..................... ok
t/101_cfstring.t .................. ok
t/102_outputs.t ................... ok
t/105_dependson.t ................. ok
t/106_resource_extended.t ......... ok
t/107_attachments.t ............... ok
t/108_policy_addstatement.t ....... ok
t/109_short_param_and_atts.t ...... ok
t/110_fn_namespace.t .............. ok
t/112_dup_resource.t .............. ok
t/113_stack_metadata.t ............ ok
t/117_resource_inheritance_dsl.t .. ok
t/300_makeamibase.t ............... ok
Resolved R2 Prop1 at /home/cpansand/.cpan/build/2021032721/Cfn-0.13-0/blib/lib/Cfn.pm line 768.
Resolved R2 Attribute at /home/cpansand/.cpan/build/2021032721/Cfn-0.13-0/blib/lib/Cfn.pm line 768.
t/400_create.t .................... ok
Can't locate object method "diff" via package "Cfn::Diff" at t/401_diff.t line 221.
t/401_diff.t ...................... 
Dubious, test returned 2 (wstat 512, 0x200)
No subtests run 

Test Summary Report
-------------------
t/401_diff.t                    (Wstat: 512 Tests: 0 Failed: 0)
  Non-zero exit status: 2
  Parse errors: No plan found in TAP output
Files=16, Tests=82,  8 wallclock secs ( 0.06 usr  0.06 sys +  7.32 cusr  1.54 csys =  8.98 CPU)
Result: FAIL
Failed 1/16 test programs. 0/82 subtests failed.
make: *** [Makefile:979: test_dynamic] Error 2

------------------------------
PREREQUISITES
------------------------------

Prerequisite modules loaded:

requires:

    Module                    Need Have      
    ------------------------- ---- ----------
    Array::Compare            0    3.0.8     
    AWS::CLIWrapper           0    1.20      
    Cfn                       0    0.13      
    Data::Graph::Util         0    0.006     
    Data::Printer             0    1.000004  
    Hash::Merge               0    0.302     
    Module::Runtime           0    0.016     
    MongoDB                   0    v2.2.2    
    Moose                     0    2.2014    
    MooseX::App               0    1.41      
    MooseX::Getopt            0    0.75      
    MooseX::StrictConstructor 0    0.21      
    Paws                      0    0.42      
    Regexp::Common            0    2017060201
    String::Diff              0    0.07      
    Template                  0    3.009     
    Term::ANSIColor           0    5.01      
    Text::ASCIITable          0    0.22      

build_requires:

    Module                    Need Have      
    ------------------------- ---- ----------
    ExtUtils::MakeMaker       0    7.60      
    File::Slurp               0    9999.32   

configure_requires:

    Module                    Need Have      
    ------------------------- ---- ----------
    ExtUtils::MakeMaker       0    7.60      


------------------------------
ENVIRONMENT AND OTHER CONTEXT
------------------------------

Environment variables:

    LANG = C
    PATH = /usr/local/bin:/usr/bin:/bin:/usr/local/sbin:/usr/sbin:/sbin:/home/cpansand/bin/linux-gnu:/home/cpansand/bin/sh:/home/cpansand/bin:/usr/games:/home/cpansand/devel:/home/eserte/src/srezic-misc/scripts
    PERL5LIB = /home/cpansand/.cpan/build/2021032721/String-Diff-0.07-0/blib/arch:/home/cpansand/.cpan/build/2021032721/String-Diff-0.07-0/blib/lib:/home/cpansand/.cpan/build/2021032721/MooseX-App-1.41-0/blib/arch:/home/cpansand/.cpan/build/2021032721/MooseX-App-1.41-0/blib/lib:/home/cpansand/.cpan/build/2021032721/Cfn-0.13-0/blib/arch:/home/cpansand/.cpan/build/2021032721/Cfn-0.13-0/blib/lib:/home/cpansand/.cpan/build/2021032721/Paws-0.42-0/blib/arch:/home/cpansand/.cpan/build/2021032721/Paws-0.42-0/blib/lib:/home/cpansand/.cpan/build/2021032721/CloudHealth-CLI-0.01-0/blib/arch:/home/cpansand/.cpan/build/2021032721/CloudHealth-CLI-0.01-0/blib/lib:/home/cpansand/.cpan/build/2021032721/CloudHealth-API-0.01-0/blib/arch:/home/cpansand/.cpan/build/2021032721/CloudHealth-API-0.01-0/blib/lib:/home/cpansand/.cpan/build/2021032721/ARGV-Struct-0.06-0/blib/arch:/home/cpansand/.cpan/build/2021032721/ARGV-Struct-0.06-0/blib/lib
    PERL5OPT = 
    PERL5_CPANPLUS_IS_RUNNING = 17300
    PERL5_CPAN_IS_RUNNING = 17300
    PERL5_CPAN_IS_RUNNING_IN_RECURSION = 5073,17300
    PERLDOC = -MPod::Perldoc::ToTextOverstrike
    PERL_BATCH = yes
    PERL_CANARY_STABILITY_NOPROMPT = 1
    PERL_CPAN_REPORTER_CONFIG = /var/tmp/cpansmoker-1023/2021032721/cpanreporter_000_config.ini
    PERL_EXTUTILS_AUTOINSTALL = --defaultdeps
    PERL_USE_UNSAFE_INC = 1
    SHELL = /usr/bin/zsh
    TERM = screen
    TMPDIR = /var/tmp/cpansmoker-1023/2021032721

Perl special variables (and OS-specific diagnostics, for MSWin32):

    $^X = /opt/perl-5.32.1/bin/perl
    $UID/$EUID = 1023 / 1023
    $GID = 1023 1023
    $EGID = 1023 1023

Perl module toolchain versions installed:

    Module              Have    
    ------------------- --------
    CPAN                2.28    
    CPAN::Meta          2.150010
    Cwd                 3.78    
    ExtUtils::CBuilder  0.280236
    ExtUtils::Command   7.60    
    ExtUtils::Install   2.20    
    ExtUtils::MakeMaker 7.60    
    ExtUtils::Manifest  1.72    
    ExtUtils::ParseXS   3.40    
    File::Spec          3.78    
    JSON                4.03    
    JSON::PP            4.06    
    Module::Build       0.4231  
    Module::Signature   0.87    
    Parse::CPAN::Meta   2.150010
    Test::Harness       3.42    
    Test::More          1.302183
    YAML                1.30    
    YAML::Syck          1.34    
    version             0.9924  


--

Summary of my perl5 (revision 5 version 32 subversion 1) configuration:
   
  Platform:
    osname=linux
    osvers=4.19.0-13-amd64
    archname=x86_64-linux
    uname='linux debian10 4.19.0-13-amd64 #1 smp debian 4.19.160-2 (2020-11-28) x86_64 gnulinux '
    config_args='-ds -e -Dprefix=/opt/perl-5.32.1 -Dcf_email=srezic@cpan.org'
    hint=recommended
    useposix=true
    d_sigaction=define
    useithreads=undef
    usemultiplicity=undef
    use64bitint=define
    use64bitall=define
    uselongdouble=undef
    usemymalloc=n
    default_inc_excludes_dot=define
    bincompat5005=undef
  Compiler:
    cc='cc'
    ccflags ='-fwrapv -fno-strict-aliasing -pipe -fstack-protector-strong -I/usr/local/include -D_LARGEFILE_SOURCE -D_FILE_OFFSET_BITS=64 -D_FORTIFY_SOURCE=2'
    optimize='-O2'
    cppflags='-fwrapv -fno-strict-aliasing -pipe -fstack-protector-strong -I/usr/local/include'
    ccversion=''
    gccversion='8.3.0'
    gccosandvers=''
    intsize=4
    longsize=8
    ptrsize=8
    doublesize=8
    byteorder=12345678
    doublekind=3
    d_longlong=define
    longlongsize=8
    d_longdbl=define
    longdblsize=16
    longdblkind=3
    ivtype='long'
    ivsize=8
    nvtype='double'
    nvsize=8
    Off_t='off_t'
    lseeksize=8
    alignbytes=8
    prototype=define
  Linker and Libraries:
    ld='cc'
    ldflags =' -fstack-protector-strong -L/usr/local/lib'
    libpth=/usr/local/lib /usr/lib/gcc/x86_64-linux-gnu/8/include-fixed /usr/include/x86_64-linux-gnu /usr/lib /lib/x86_64-linux-gnu /lib/../lib /usr/lib/x86_64-linux-gnu /usr/lib/../lib /lib
    libs=-lpthread -lnsl -lgdbm -ldb -ldl -lm -lcrypt -lutil -lc
    perllibs=-lpthread -lnsl -ldl -lm -lcrypt -lutil -lc
    libc=libc-2.28.so
    so=so
    useshrplib=false
    libperl=libperl.a
    gnulibc_version='2.28'
  Dynamic Linking:
    dlsrc=dl_dlopen.xs
    dlext=so
    d_dlsymun=undef
    ccdlflags='-Wl,-E'
    cccdlflags='-fPIC'
    lddlflags='-shared -O2 -L/usr/local/lib -fstack-protector-strong'


Characteristics of this binary (from libperl): 
  Compile-time options:
    HAS_TIMES
    PERLIO_LAYERS
    PERL_COPY_ON_WRITE
    PERL_DONT_CREATE_GVSV
    PERL_MALLOC_WRAP
    PERL_OP_PARENT
    PERL_PRESERVE_IVUV
    USE_64_BIT_ALL
    USE_64_BIT_INT
    USE_LARGE_FILES
    USE_LOCALE
    USE_LOCALE_COLLATE
    USE_LOCALE_CTYPE
    USE_LOCALE_NUMERIC
    USE_LOCALE_TIME
    USE_PERLIO
    USE_PERL_ATOF
  Built under linux
  Compiled at Jan 24 2021 20:38:51
  %ENV:
    PERL5LIB="/home/cpansand/.cpan/build/2021032721/String-Diff-0.07-0/blib/arch:/home/cpansand/.cpan/build/2021032721/String-Diff-0.07-0/blib/lib:/home/cpansand/.cpan/build/2021032721/MooseX-App-1.41-0/blib/arch:/home/cpansand/.cpan/build/2021032721/MooseX-App-1.41-0/blib/lib:/home/cpansand/.cpan/build/2021032721/Cfn-0.13-0/blib/arch:/home/cpansand/.cpan/build/2021032721/Cfn-0.13-0/blib/lib:/home/cpansand/.cpan/build/2021032721/Paws-0.42-0/blib/arch:/home/cpansand/.cpan/build/2021032721/Paws-0.42-0/blib/lib:/home/cpansand/.cpan/build/2021032721/CloudHealth-CLI-0.01-0/blib/arch:/home/cpansand/.cpan/build/2021032721/CloudHealth-CLI-0.01-0/blib/lib:/home/cpansand/.cpan/build/2021032721/CloudHealth-API-0.01-0/blib/arch:/home/cpansand/.cpan/build/2021032721/CloudHealth-API-0.01-0/blib/lib:/home/cpansand/.cpan/build/2021032721/ARGV-Struct-0.06-0/blib/arch:/home/cpansand/.cpan/build/2021032721/ARGV-Struct-0.06-0/blib/lib"
    PERL5OPT=""
    PERL5_CPANPLUS_IS_RUNNING="17300"
    PERL5_CPAN_IS_RUNNING="17300"
    PERL5_CPAN_IS_RUNNING_IN_RECURSION="5073,17300"
    PERLDOC="-MPod::Perldoc::ToTextOverstrike"
    PERL_BATCH="yes"
    PERL_CANARY_STABILITY_NOPROMPT="1"
    PERL_CPAN_REPORTER_CONFIG="/var/tmp/cpansmoker-1023/2021032721/cpanreporter_000_config.ini"
    PERL_EXTUTILS_AUTOINSTALL="--defaultdeps"
    PERL_USE_UNSAFE_INC="1"
  @INC:
    /home/cpansand/.cpan/build/2021032721/String-Diff-0.07-0/blib/arch
    /home/cpansand/.cpan/build/2021032721/String-Diff-0.07-0/blib/lib
    /home/cpansand/.cpan/build/2021032721/MooseX-App-1.41-0/blib/arch
    /home/cpansand/.cpan/build/2021032721/MooseX-App-1.41-0/blib/lib
    /home/cpansand/.cpan/build/2021032721/Cfn-0.13-0/blib/arch
    /home/cpansand/.cpan/build/2021032721/Cfn-0.13-0/blib/lib
    /home/cpansand/.cpan/build/2021032721/Paws-0.42-0/blib/arch
    /home/cpansand/.cpan/build/2021032721/Paws-0.42-0/blib/lib
    /home/cpansand/.cpan/build/2021032721/CloudHealth-CLI-0.01-0/blib/arch
    /home/cpansand/.cpan/build/2021032721/CloudHealth-CLI-0.01-0/blib/lib
    /home/cpansand/.cpan/build/2021032721/CloudHealth-API-0.01-0/blib/arch
    /home/cpansand/.cpan/build/2021032721/CloudHealth-API-0.01-0/blib/lib
    /home/cpansand/.cpan/build/2021032721/ARGV-Struct-0.06-0/blib/arch
    /home/cpansand/.cpan/build/2021032721/ARGV-Struct-0.06-0/blib/lib
    /opt/perl-5.32.1/lib/site_perl/5.32.1/x86_64-linux
    /opt/perl-5.32.1/lib/site_perl/5.32.1
    /opt/perl-5.32.1/lib/5.32.1/x86_64-linux
    /opt/perl-5.32.1/lib/5.32.1
    .