SpeL-Wizard v20240619.1846 Perl 5 v5.41.1 darwin-2level

Status
Fail
From
David Cantrell (DCANTRELL)
Dist
SpeL-Wizard v20240619.1846
Platform
Perl 5 v5.41.1 darwin-2level
Date
2024-06-21 03:54:24
ID
f3002810-2f81-11ef-af0b-d5db0cc7a51e
This distribution has been tested as part of the CPAN Testers
project, supporting the Perl programming language.  See
http://wiki.cpantesters.org/ for more information or email
questions to cpan-testers-discuss@perl.org


--
Dear Walter Daems,

This is a computer-generated report for SpeL-Wizard-20240619.1846
on perl 5.41.1, created by CPAN-Reporter-1.2019.

Thank you for uploading your work to CPAN.  However, there was a problem
testing your distribution.

If you think this report is invalid, please consult the CPAN Testers Wiki
for suggestions on how to avoid getting FAIL reports for missing library
or binary dependencies, unsupported operating systems, and so on:

http://wiki.cpantesters.org/wiki/CPANAuthorNotes

Sections of this report:

    * Tester comments
    * Program output
    * Prerequisites
    * Environment and other context

------------------------------
TESTER COMMENTS
------------------------------

Additional comments from tester:

this report is from an automated smoke testing program
and was not reviewed by a human for accuracy

------------------------------
PROGRAM OUTPUT
------------------------------

Output from '/usr/bin/make test':

Skip blib/lib/auto/share/dist/SpeL-Wizard/awspolly-neural-Lisa.tr (unchanged)
Skip blib/lib/auto/share/dist/SpeL-Wizard/tts.conf (unchanged)
PERL_DL_NONLAZY=1 "/Users/cpantesting/cpantesting/perl-blead/bin/perl5.41.1" "-MExtUtils::Command::MM" "-MTest::Harness" "-e" "undef *Test::Harness::Switches; test_harness(0, 'blib/lib', 'blib/arch')" t/*.t t/01-lib/SpeL/Object/*.t t/01-lib/SpeL/Parser/*.t t/02-bin/*.t
# 
# Versions for all modules listed in MYMETA.json (including optional ones):
# 
# === Configure Requires ===
# 
#     Module                  Want Have
#     ----------------------- ---- ----
#     ExtUtils::MakeMaker      any 7.70
#     File::ShareDir::Install 0.06 0.14
# 
# === Build Requires ===
# 
#     Module              Want Have
#     ------------------- ---- ----
#     ExtUtils::MakeMaker  any 7.70
# 
# === Test Requires ===
# 
#     Module              Want     Have
#     ------------------- ---- --------
#     ExtUtils::MakeMaker  any     7.70
#     File::Compare        any   1.1008
#     File::Spec           any     3.90
#     Test::More           any 1.302199
# 
# === Test Recommends ===
# 
#     Module         Want     Have
#     ---------- -------- --------
#     CPAN::Meta 2.120900 2.150010
# 
# === Runtime Requires ===
# 
#     Module                Want       Have
#     ----------------- -------- ----------
#     Carp                   any       1.54
#     Config::Tiny           any       2.30
#     Data::Dumper           any      2.189
#     Digest::MD5::File      any       0.08
#     Exporter               any       5.78
#     File::Basename         any       2.86
#     File::Path             any       2.18
#     File::ShareDir         any      1.118
#     File::Spec             any       3.90
#     FindBin                any       1.54
#     Getopt::Long           any       2.58
#     IO::File               any       1.55
#     IPC::Run               any 20231003.0
#     Locale::Maketext       any       1.33
#     Pod::Usage             any       2.03
#     Regexp::Common         any 2017060201
#     Regexp::Grammars       any      1.058
#     parent                 any      0.241
#     perl              5.032000   5.041001
#     strict                 any       1.13
#     warnings               any       1.70
# 
t/00-report-prereqs.t ................. ok
t/01-lib/SpeL/Object/ModuleLoading.t .. ok
t/01-lib/SpeL/Parser/Auxiliary.t ...... ok
t/01-lib/SpeL/Parser/Chunk.t .......... ok

#   Failed test 't/02-bin/auxiliary/realistic.aux'
#   at t/02-bin/auxiliary.t line 24.
# Looks like you failed 1 test of 1.
t/02-bin/auxiliary.t .................. 
Dubious, test returned 1 (wstat 256, 0x100)
Failed 1/1 subtests 
t/02-bin/spel

#   Failed test 't/02-bin/spel/bracketstring.spelidx'
#   at t/02-bin/spel.t line 38.

#   Failed test 't/02-bin/spel/chunk-firstmathcommand.spelidx'
#   at t/02-bin/spel.t line 38.

#   Failed test 't/02-bin/spel/chunk-nestedmath.spelidx'
#   at t/02-bin/spel.t line 38.

#   Failed test 't/02-bin/spel/chunk-numbers.spelidx'
#   at t/02-bin/spel.t line 38.
== GOLDEN ==== t/02-bin/spel/docstrip =======================
== BROWN ===================================
== STDERR===================================
============================================

#   Failed test 't/02-bin/spel/docstrip.spelidx'
#   at t/02-bin/spel.t line 38.
== GOLDEN ==== t/02-bin/spel/i18n =======================
== BROWN ===================================
== STDERR===================================
============================================

#   Failed test 't/02-bin/spel/i18n.spelidx'
#   at t/02-bin/spel.t line 38.

#   Failed test 't/02-bin/spel/inlinemath.spelidx'
#   at t/02-bin/spel.t line 38.

#   Failed test 't/02-bin/spel/inlinemathlimitsexpr.spelidx'
#   at t/02-bin/spel.t line 38.

#   Failed test 't/02-bin/spel/leadsto.spelidx'
#   at t/02-bin/spel.t line 38.

#   Failed test 't/02-bin/spel/mathenvexpressions.spelidx'
#   at t/02-bin/spel.t line 38.

#   Failed test 't/02-bin/spel/matrices.spelidx'
#   at t/02-bin/spel.t line 38.

#   Failed test 't/02-bin/spel/percent.spelidx'
#   at t/02-bin/spel.t line 38.

#   Failed test 't/02-bin/spel/scratch.spelidx'
#   at t/02-bin/spel.t line 38.

#   Failed test 't/02-bin/spel/section.spelidx'
#   at t/02-bin/spel.t line 38.

#   Failed test 't/02-bin/spel/sets.spelidx'
#   at t/02-bin/spel.t line 38.

#   Failed test 't/02-bin/spel/sine-cosine.spelidx'
#   at t/02-bin/spel.t line 38.

#   Failed test 't/02-bin/spel/sqrt.spelidx'
#   at t/02-bin/spel.t line 38.

#   Failed test 't/02-bin/spel/title.spelidx'
#   at t/02-bin/spel.t line 38.

#   Failed test 't/02-bin/spel/trigpowers.spelidx'
#   at t/02-bin/spel.t line 38.
# Looks like you failed 19 tests of 19.
t/02-bin/spel.t ....................... 
Dubious, test returned 19 (wstat 4864, 0x1300)
Failed 19/19 subtests 

Test Summary Report
-------------------
t/02-bin/auxiliary.t                (Wstat: 256 (exited 1) Tests: 1 Failed: 1)
  Failed test:  1
  Non-zero exit status: 1
t/02-bin/spel.t                     (Wstat: 4864 (exited 19) Tests: 19 Failed: 19)
  Failed tests:  1-19
  Non-zero exit status: 19
Files=6, Tests=94, 27 wallclock secs ( 0.04 usr  0.02 sys + 25.86 cusr  0.85 csys = 26.77 CPU)
Result: FAIL
Failed 2/6 test programs. 20/94 subtests failed.
make: *** [test_dynamic] Error 19

------------------------------
PREREQUISITES
------------------------------

Prerequisite modules loaded:

requires:

    Module                  Need     Have      
    ----------------------- -------- ----------
    Carp                    0        1.54      
    Config::Tiny            0        2.30      
    Data::Dumper            0        2.189     
    Digest::MD5::File       0        0.08      
    Exporter                0        5.78      
    File::Basename          0        2.86      
    File::Path              0        2.18      
    File::ShareDir          0        1.118     
    File::Spec              0        3.90      
    FindBin                 0        1.54      
    Getopt::Long            0        2.58      
    IO::File                0        1.55      
    IPC::Run                0        20231003.0
    Locale::Maketext        0        1.33      
    parent                  0        0.241     
    perl                    5.032000 5.041001  
    Pod::Usage              0        2.03      
    Regexp::Common          0        2017060201
    Regexp::Grammars        0        1.058     
    strict                  0        1.13      
    warnings                0        1.70      

build_requires:

    Module                  Need     Have      
    ----------------------- -------- ----------
    ExtUtils::MakeMaker     0        7.70      
    File::Compare           0        1.1008    
    File::Spec              0        3.90      
    Test::More              0        1.302199  

configure_requires:

    Module                  Need     Have      
    ----------------------- -------- ----------
    ExtUtils::MakeMaker     0        7.70      
    File::ShareDir::Install 0.06     0.14      

opt_build_requires:

    Module                  Need     Have      
    ----------------------- -------- ----------
    CPAN::Meta              2.120900 2.150010  


------------------------------
ENVIRONMENT AND OTHER CONTEXT
------------------------------

Environment variables:

    AUTOMATED_TESTING = 1
    NONINTERACTIVE_TESTING = 1
    PATH = /Users/cpantesting/perl5/perlbrew/bin:/Users/cpantesting/perl5/perlbrew/perls/perl-5.32.0/bin:/usr/local/bin:/System/Cryptexes/App/usr/bin:/usr/bin:/bin:/usr/sbin:/sbin:/var/run/com.apple.security.cryptexd/codex.system/bootstrap/usr/local/bin:/var/run/com.apple.security.cryptexd/codex.system/bootstrap/usr/bin:/var/run/com.apple.security.cryptexd/codex.system/bootstrap/usr/appleinternal/bin:/Library/Apple/usr/bin:/Users/cpantesting/.cargo/bin
    PERL = blead
    PERL5LIB = 
    PERL5OPT = 
    PERL5_CPANPLUS_IS_RUNNING = 68953
    PERL5_CPAN_IS_RUNNING = 68953
    PERLBREW_HOME = /Users/cpantesting/.perlbrew
    PERLBREW_MANPATH = /Users/cpantesting/perl5/perlbrew/perls/perl-5.32.0/man
    PERLBREW_PATH = /Users/cpantesting/perl5/perlbrew/bin:/Users/cpantesting/perl5/perlbrew/perls/perl-5.32.0/bin
    PERLBREW_PERL = perl-5.32.0
    PERLBREW_ROOT = /Users/cpantesting/perl5/perlbrew
    PERLBREW_SHELLRC_VERSION = 0.94
    PERLBREW_VERSION = 0.94
    PERLVER = blead
    PERL_INLINE_DIRECTORY = /Users/cpantesting/.Inline-blead
    PERL_MM_USE_DEFAULT = 1
    PERL_USE_UNSAFE_INC = 0
    SHELL = /bin/bash
    TERM = screen

Perl special variables (and OS-specific diagnostics, for MSWin32):

    $^X = /Users/cpantesting/cpantesting/perl-blead/bin/perl5.41.1
    $UID/$EUID = 503 / 503
    $GID = 20 20 12 61 703 702 701 100
    $EGID = 20 20 12 61 703 702 701 100

Perl module toolchain versions installed:

    Module              Have    
    ------------------- --------
    CPAN                2.36    
    CPAN::Meta          2.150010
    Cwd                 3.90    
    ExtUtils::CBuilder  0.280240
    ExtUtils::Command   7.70    
    ExtUtils::Install   2.22    
    ExtUtils::MakeMaker 7.70    
    ExtUtils::Manifest  1.75    
    ExtUtils::ParseXS   3.51    
    File::Spec          3.90    
    JSON                4.10    
    JSON::PP            4.16    
    Module::Build       0.4234  
    Module::Signature   n/a     
    Parse::CPAN::Meta   2.150010
    Test2               1.302199
    Test::Harness       3.48    
    Test::More          1.302199
    YAML                1.31    
    YAML::Syck          n/a     
    version             0.9930  


--

Summary of my perl5 (revision 5 version 41 subversion 1) configuration:
  Commit id: 1f177170641074541dc32a66603ac06a2703111d
  Platform:
    osname=darwin
    osvers=23.5.0
    archname=darwin-2level
    uname='darwin harrow.home 23.5.0 darwin kernel version 23.5.0: wed may 1 20:09:52 pdt 2024; root:xnu-10063.121.3~5release_x86_64 x86_64 '
    config_args='-de -Dprefix=/Users/cpantesting/cpantesting/perl-blead -Dusedevel'
    hint=recommended
    useposix=true
    d_sigaction=define
    useithreads=undef
    usemultiplicity=undef
    use64bitint=define
    use64bitall=define
    uselongdouble=undef
    usemymalloc=n
    default_inc_excludes_dot=define
  Compiler:
    cc='cc'
    ccflags ='-fno-common -DPERL_DARWIN -mmacosx-version-min=14.5 -DNO_THREAD_SAFE_QUERYLOCALE -DNO_POSIX_2008_LOCALE -fno-strict-aliasing -pipe -fstack-protector-strong -I/usr/local/include'
    optimize='-O3'
    cppflags='-fno-common -DPERL_DARWIN -mmacosx-version-min=14.5 -DNO_THREAD_SAFE_QUERYLOCALE -DNO_POSIX_2008_LOCALE -fno-strict-aliasing -pipe -fstack-protector-strong -I/usr/local/include'
    ccversion=''
    gccversion='Apple LLVM 15.0.0 (clang-1500.3.9.4)'
    gccosandvers=''
    intsize=4
    longsize=8
    ptrsize=8
    doublesize=8
    byteorder=12345678
    doublekind=3
    d_longlong=define
    longlongsize=8
    d_longdbl=define
    longdblsize=16
    longdblkind=3
    ivtype='long'
    ivsize=8
    nvtype='double'
    nvsize=8
    Off_t='off_t'
    lseeksize=8
    alignbytes=8
    prototype=define
  Linker and Libraries:
    ld='cc'
    ldflags =' -mmacosx-version-min=14.5 -fstack-protector-strong -L/usr/local/lib'
    libpth=/usr/local/lib /Applications/Xcode.app/Contents/Developer/Toolchains/XcodeDefault.xctoolchain/usr/lib/clang/15.0.0/lib /Applications/Xcode.app/Contents/Developer/Platforms/MacOSX.platform/Developer/SDKs/MacOSX.sdk/usr/lib /Applications/Xcode.app/Contents/Developer/Toolchains/XcodeDefault.xctoolchain/usr/lib /usr/lib
    libs= 
    perllibs=
    libc=
    so=dylib
    useshrplib=false
    libperl=libperl.a
    gnulibc_version=''
  Dynamic Linking:
    dlsrc=dl_dlopen.xs
    dlext=bundle
    d_dlsymun=undef
    ccdlflags=' '
    cccdlflags=' '
    lddlflags=' -mmacosx-version-min=14.5 -bundle -undefined dynamic_lookup -L/usr/local/lib -fstack-protector-strong'


Characteristics of this binary (from libperl): 
  Compile-time options:
    HAS_LONG_DOUBLE
    HAS_STRTOLD
    HAS_TIMES
    PERLIO_LAYERS
    PERL_COPY_ON_WRITE
    PERL_DONT_CREATE_GVSV
    PERL_HASH_FUNC_SIPHASH13
    PERL_HASH_USE_SBOX32
    PERL_MALLOC_WRAP
    PERL_OP_PARENT
    PERL_PRESERVE_IVUV
    PERL_USE_DEVEL
    PERL_USE_SAFE_PUTENV
    USE_64_BIT_ALL
    USE_64_BIT_INT
    USE_LARGE_FILES
    USE_LOCALE
    USE_LOCALE_COLLATE
    USE_LOCALE_CTYPE
    USE_LOCALE_NUMERIC
    USE_LOCALE_TIME
    USE_PERLIO
    USE_PERL_ATOF
  Built under darwin
  Compiled at Jun 14 2024 16:17:56
  %ENV:
    PERL="blead"
    PERL5LIB=""
    PERL5OPT=""
    PERL5_CPANPLUS_IS_RUNNING="68953"
    PERL5_CPAN_IS_RUNNING="68953"
    PERLBREW_HOME="/Users/cpantesting/.perlbrew"
    PERLBREW_MANPATH="/Users/cpantesting/perl5/perlbrew/perls/perl-5.32.0/man"
    PERLBREW_PATH="/Users/cpantesting/perl5/perlbrew/bin:/Users/cpantesting/perl5/perlbrew/perls/perl-5.32.0/bin"
    PERLBREW_PERL="perl-5.32.0"
    PERLBREW_ROOT="/Users/cpantesting/perl5/perlbrew"
    PERLBREW_SHELLRC_VERSION="0.94"
    PERLBREW_VERSION="0.94"
    PERLVER="blead"
    PERL_INLINE_DIRECTORY="/Users/cpantesting/.Inline-blead"
    PERL_MM_USE_DEFAULT="1"
    PERL_USE_UNSAFE_INC="0"
  @INC:
    /Users/cpantesting/cpantesting/perl-blead/lib/site_perl/5.41.1/darwin-2level
    /Users/cpantesting/cpantesting/perl-blead/lib/site_perl/5.41.1
    /Users/cpantesting/cpantesting/perl-blead/lib/5.41.1/darwin-2level
    /Users/cpantesting/cpantesting/perl-blead/lib/5.41.1