Imager-Font-T1 v1.030 Perl 5 v5.10.1 amd64-freebsd

Status
Fail
From
Slaven Rezić
Dist
Imager-Font-T1 v1.030
Platform
Perl 5 v5.10.1 amd64-freebsd
Date
2023-11-12 09:00:37
ID
f2a8693c-8139-11ee-8762-94406e8775ea
This distribution has been tested as part of the CPAN Testers
project, supporting the Perl programming language.  See
http://wiki.cpantesters.org/ for more information or email
questions to cpan-testers-discuss@perl.org


--
Dear Tony Cook,

This is a computer-generated report for Imager-Font-T1-1.030
on perl 5.10.1, created by CPAN-Reporter-1.2019.

Thank you for uploading your work to CPAN.  However, there was a problem
testing your distribution.

If you think this report is invalid, please consult the CPAN Testers Wiki
for suggestions on how to avoid getting FAIL reports for missing library
or binary dependencies, unsupported operating systems, and so on:

http://wiki.cpantesters.org/wiki/CPANAuthorNotes

Sections of this report:

    * Tester comments
    * Program output
    * Prerequisites
    * Environment and other context

------------------------------
TESTER COMMENTS
------------------------------

Additional comments from tester:

none provided

------------------------------
PROGRAM OUTPUT
------------------------------

Output from '/usr/bin/make test':

"/usr/perl5.10.1/bin/perl" -MExtUtils::Command::MM -e 'cp_nonempty' -- T1.bs blib/arch/auto/Imager/Font/T1/T1.bs 644
PERL_DL_NONLAZY=1 "/usr/perl5.10.1/bin/perl" "-MExtUtils::Command::MM" "-MTest::Harness" "-e" "undef *Test::Harness::Switches; test_harness(0, 'blib/lib', 'blib/arch')" t/*.t
Can't load '/usr/home/cpansand/.cpan/build/2023111208/Imager-Font-T1-1.030-4/blib/arch/auto/Imager/Font/T1/T1.so' for module Imager::Font::T1: /usr/home/cpansand/.cpan/build/2023111208/Imager-Font-T1-1.030-4/blib/arch/auto/Imager/Font/T1/T1.so: Undefined symbol "SvPV_nomg_nolen" at /usr/perl5.10.1/lib/5.10.1/amd64-freebsd/DynaLoader.pm line 200.
 at /usr/home/cpansand/.cpan/build/2023111208/Imager-Font-T1-1.030-4/blib/lib/Imager/Font/T1.pm line 13.
BEGIN failed--compilation aborted at /usr/home/cpansand/.cpan/build/2023111208/Imager-Font-T1-1.030-4/blib/lib/Imager/Font/T1.pm line 13.
Compilation failed in require at t/t10type1.t line 6.
BEGIN failed--compilation aborted at t/t10type1.t line 6.
t/t10type1.t ... 
Dubious, test returned 2 (wstat 512, 0x200)
No subtests run 
Use of uninitialized value in die at t/t20oo.t line 23.
Can't load '/usr/home/cpansand/.cpan/build/2023111208/Imager-Font-T1-1.030-4/blib/arch/auto/Imager/Font/T1/T1.so' for module Imager::Font::T1: /usr/home/cpansand/.cpan/build/2023111208/Imager-Font-T1-1.030-4/blib/arch/auto/Imager/Font/T1/T1.so: Undefined symbol "SvPV_nomg_nolen" at /usr/perl5.10.1/lib/5.10.1/amd64-freebsd/DynaLoader.pm line 200.
 at /usr/home/cpansand/.cpan/build/2023111208/Imager-Font-T1-1.030-4/blib/lib/Imager/Font/T1.pm line 13.
BEGIN failed--compilation aborted at /usr/home/cpansand/.cpan/build/2023111208/Imager-Font-T1-1.030-4/blib/lib/Imager/Font/T1.pm line 13.
Compilation failed in require at /usr/perl5.10.1/lib/site_perl/5.10.1/amd64-freebsd/Imager.pm line 1827.
	...propagated at t/t20oo.t line 23.
# Looks like your test exited with 2 just after 1.
t/t20oo.t ...... 
Dubious, test returned 2 (wstat 512, 0x200)
Failed 13/14 subtests 
t/t30thread.t .. skipped: can't test Imager's threads support with no threads
t/t90std.t ..... ok

Test Summary Report
-------------------
t/t10type1.t (Wstat: 512 (exited 2) Tests: 0 Failed: 0)
  Non-zero exit status: 2
  Parse errors: No plan found in TAP output
t/t20oo.t    (Wstat: 512 (exited 2) Tests: 1 Failed: 0)
  Non-zero exit status: 2
  Parse errors: Bad plan.  You planned 14 tests but ran 1.
Files=4, Tests=22,  0 wallclock secs ( 0.02 usr  0.00 sys +  0.22 cusr  0.03 csys =  0.27 CPU)
Result: FAIL
Failed 2/4 test programs. 0/22 subtests failed.
*** [test_dynamic] Error code 255

Stop in /usr/home/cpansand/.cpan/build/2023111208/Imager-Font-T1-1.030-4.

------------------------------
PREREQUISITES
------------------------------

Prerequisite modules loaded:

requires:

    Module              Need Have    
    ------------------- ---- --------
    Imager              0.95 1.019   
    XSLoader            0    0.24    

build_requires:

    Module              Need Have    
    ------------------- ---- --------
    ExtUtils::MakeMaker 0    7.70    
    Test::More          0.47 1.302196

configure_requires:

    Module              Need Have    
    ------------------- ---- --------
    ExtUtils::MakeMaker 0    7.70    
    Imager              0.95 1.019   


------------------------------
ENVIRONMENT AND OTHER CONTEXT
------------------------------

Environment variables:

    LC_ALL = de_DE.ISO8859-1
    PATH = /usr/local/bin:/usr/bin:/bin:/usr/local/sbin:/usr/sbin:/sbin:/home/cpansand/bin/freebsd9.3:/home/cpansand/bin/sh:/home/cpansand/bin:/usr/games:/home/cpansand/devel:/usr/home/eserte/src/srezic-misc/scripts
    PERL5LIB = 
    PERL5OPT = 
    PERL5_CPANPLUS_IS_RUNNING = 23536
    PERL5_CPAN_IS_RUNNING = 23536
    PERL5_CPAN_IS_RUNNING_IN_RECURSION = 22267,23536
    PERLDOC = -MPod::Perldoc::ToTextOverstrike
    PERL_BATCH = yes
    PERL_CANARY_STABILITY_NOPROMPT = 1
    PERL_CPAN_REPORTER_CONFIG = /var/tmp/cpansmoker-1023/2023111208/cpanreporter_000_config.ini
    PERL_EXTUTILS_AUTOINSTALL = --defaultdeps
    PERL_USE_UNSAFE_INC = 1
    SHELL = /usr/local/bin/zsh
    TERM = screen
    TMPDIR = /var/tmp/cpansmoker-1023/2023111208

Perl special variables (and OS-specific diagnostics, for MSWin32):

    $^X = /usr/perl5.10.1/bin/perl
    $UID/$EUID = 1023 / 1023
    $GID = 1023 1023
    $EGID = 1023 1023

Perl module toolchain versions installed:

    Module              Have    
    ------------------- --------
    CPAN                2.36    
    CPAN::Meta          2.150010
    Cwd                 3.75    
    ExtUtils::CBuilder  0.280236
    ExtUtils::Command   7.70    
    ExtUtils::Install   2.22    
    ExtUtils::MakeMaker 7.70    
    ExtUtils::Manifest  1.75    
    ExtUtils::ParseXS   3.51    
    File::Spec          3.75    
    JSON                4.10    
    JSON::PP            4.16    
    Module::Build       0.4234  
    Module::Signature   0.88    
    Parse::CPAN::Meta   2.150010
    Test2               1.302196
    Test::Harness       3.47    
    Test::More          1.302196
    YAML                1.30    
    YAML::Syck          1.34    
    version             0.9929  


--

Summary of my perl5 (revision 5 version 10 subversion 1) configuration:
   
  Platform:
    osname=freebsd, osvers=9.2-release-p4, archname=amd64-freebsd
    uname='freebsd cvrsnica-freebsd-92 9.2-release-p4 freebsd 9.2-release-p4 #0: tue apr 8 18:08:22 utc 2014 root@amd64-builder.daemonology.net:usrobjusrsrcsysgeneric amd64 '
    config_args='-ds -e -Dprefix=/usr/perl5.10.1'
    hint=recommended, useposix=true, d_sigaction=define
    useithreads=undef, usemultiplicity=undef
    useperlio=define, d_sfio=undef, uselargefiles=define, usesocks=undef
    use64bitint=define, use64bitall=define, uselongdouble=undef
    usemymalloc=n, bincompat5005=undef
  Compiler:
    cc='cc', ccflags ='-DHAS_FPSETMASK -DHAS_FLOATINGPOINT_H -fno-strict-aliasing -pipe -fstack-protector -I/usr/local/include',
    optimize='-O',
    cppflags='-DHAS_FPSETMASK -DHAS_FLOATINGPOINT_H -fno-strict-aliasing -pipe -fstack-protector -I/usr/local/include'
    ccversion='', gccversion='4.2.1 20070831 patched [FreeBSD]', gccosandvers=''
    intsize=4, longsize=8, ptrsize=8, doublesize=8, byteorder=12345678
    d_longlong=define, longlongsize=8, d_longdbl=define, longdblsize=16
    ivtype='long', ivsize=8, nvtype='double', nvsize=8, Off_t='off_t', lseeksize=8
    alignbytes=8, prototype=define
  Linker and Libraries:
    ld='cc', ldflags ='-Wl,-E  -fstack-protector -L/usr/local/lib'
    libpth=/usr/lib /usr/local/lib
    libs=-lgdbm -lm -lcrypt -lutil -lc
    perllibs=-lm -lcrypt -lutil -lc
    libc=, so=so, useshrplib=false, libperl=libperl.a
    gnulibc_version=''
  Dynamic Linking:
    dlsrc=dl_dlopen.xs, dlext=so, d_dlsymun=undef, ccdlflags=' '
    cccdlflags='-DPIC -fPIC', lddlflags='-shared  -L/usr/local/lib -fstack-protector'


Characteristics of this binary (from libperl): 
  Compile-time options: PERL_DONT_CREATE_GVSV PERL_MALLOC_WRAP USE_64_BIT_ALL
                        USE_64_BIT_INT USE_LARGE_FILES USE_PERLIO
  Built under freebsd
  Compiled at May 15 2014 23:30:26
  %ENV:
    PERL5LIB=""
    PERL5OPT=""
    PERL5_CPANPLUS_IS_RUNNING="23536"
    PERL5_CPAN_IS_RUNNING="23536"
    PERL5_CPAN_IS_RUNNING_IN_RECURSION="22267,23536"
    PERLDOC="-MPod::Perldoc::ToTextOverstrike"
    PERL_BATCH="yes"
    PERL_CANARY_STABILITY_NOPROMPT="1"
    PERL_CPAN_REPORTER_CONFIG="/var/tmp/cpansmoker-1023/2023111208/cpanreporter_000_config.ini"
    PERL_EXTUTILS_AUTOINSTALL="--defaultdeps"
    PERL_USE_UNSAFE_INC="1"
  @INC:
    /usr/perl5.10.1/lib/5.10.1/amd64-freebsd
    /usr/perl5.10.1/lib/5.10.1
    /usr/perl5.10.1/lib/site_perl/5.10.1/amd64-freebsd
    /usr/perl5.10.1/lib/site_perl/5.10.1
    .