Math-NumSeq v75 Perl 5 v5.34.0 x86_64-linux

Status
Fail
From
Andreas J. König (ANDK)
Dist
Math-NumSeq v75
Platform
Perl 5 v5.34.0 x86_64-linux
Date
2022-06-06 06:00:18
ID
f15fa5e6-e55d-11ec-a394-07b0f82fcc57
This distribution has been tested as part of the CPAN Testers
project, supporting the Perl programming language.  See
http://wiki.cpantesters.org/ for more information or email
questions to cpan-testers-discuss@perl.org


--
Dear Kevin Ryde,

This is a computer-generated report for Math-NumSeq-75
on perl 5.34.0, created by CPAN-Reporter-1.2018.

Thank you for uploading your work to CPAN.  However, there was a problem
testing your distribution.

If you think this report is invalid, please consult the CPAN Testers Wiki
for suggestions on how to avoid getting FAIL reports for missing library
or binary dependencies, unsupported operating systems, and so on:

http://wiki.cpantesters.org/wiki/CPANAuthorNotes

Sections of this report:

    * Tester comments
    * Program output
    * Prerequisites
    * Environment and other context

------------------------------
TESTER COMMENTS
------------------------------

Additional comments from tester:

this report is from an automated smoke testing program
and was not reviewed by a human for accuracy

------------------------------
PROGRAM OUTPUT
------------------------------

Output from '/usr/bin/make test':

PERL_DL_NONLAZY=1 "/home/sand/src/perl/repoperls/installed-perls/host/k93stretch/v5.34.0/d665/bin/perl" "-MExtUtils::Command::MM" "-MTest::Harness" "-e" "undef *Test::Harness::Switches; test_harness(0, 'blib/lib', 'blib/arch')" t/*.t
t/Abundant.t ..................... ok
t/All.t .......................... ok
t/AsciiSelf.t .................... ok
t/BalancedBinary.t ............... ok
# Math::BigInt version 1.999830
t/bigint-preload.t ............... ok
t/Catalan.t ...................... ok
# uv_bits is 64
t/CollatzSteps.t ................. ok
# cbrt(27) is 3
# int() is 3
# equal is ''
t/Cubes.t ........................ ok
t/DeletablePrimes.t .............. ok
t/DigitProduct.t ................. ok
t/DivisorCount.t ................. ok
t/Emirps.t ....................... ok
t/ErdosSelfridgeClass.t .......... ok
t/Even.t ......................... ok
t/Expression.t ................... ok
t/Factorials.t ................... ok
# big_calc 1968465517034375322200706745147694433505589739315889588670778928134523203878912
# big_conv 1968465517034375322200706745147694433505589739315889588670778928134523203878912
# nv is 1.96846551703438e+78
# ~0 is 18446744073709551615
# sprintf is 1968465517034375322200706745147694433505589739315889588670778928134523203878912
# _to_bigint(nv) is 1968465517034375322200706745147694433505589739315889588670778928134523203878912
# big & (big>>1) is 0
t/Fibbinary.t .................... ok
t/Fibonacci.t .................... ok
t/FibonacciRepresentations.t ..... ok
t/FibonacciWord.t ................ ok
t/File.t ......................... ok
t/FractionDigits-Catalogue.t ..... ok
# Math::BigInt version 1.999830
t/FractionDigits.t ............... ok
t/GolayRudinShapiroCumulative.t .. ok
t/GolombSequence.t ............... ok
t/HafermanCarpet.t ............... ok
# max_diff=530
t/HofstadterFigure.t ............. ok
t/LucasNumbers.t ................. ok
t/LuckyNumbers.t ................. ok
t/MephistoWaltz.t ................ ok
t/MobiusFunction.t ............... ok
t/Multiples.t .................... ok
t/NumSeq.t ....................... ok
t/Odd.t .......................... ok
Unescaped left brace in regex is passed through in regex; marked by <-- HERE in m/{
	     { <-- HERE 
	     ((?i)([-+]?)((?=[.]?[0123456789])([0123456789]{1,3}(?:(?:[,.]?)[0123456789]{3})*)(?:([.])([0123456789]{0,}))?)(?:([E])(([-+]?)([0123456789]+))|))
	     }
	     ([:\w]+)?
	     }
	    / at /home/sand/src/perl/repoperls/installed-perls/host/k93stretch/v5.34.0/d665/lib/site_perl/5.34.0/Lingua/Slavic/Numbers.pm line 542.
# Saw 1 warning(s):
# 
# Trace begun at t/MyTestHelpers.pm line 57
# MyTestHelpers::nowarnings_handler('Unescaped left brace in regex is passed through in regex; marked by <-- HERE in m/{^J^I     { <-- HERE ^J^I     ((?i)([-+]?)((?=[.]?[0123456789])([0123456789]{1,3}(?:(?:[,.]?)[0123456789]{3})*)(?:([.])([0123456789]{0,}))?)(?:([E])(([-+]?)([0123456789]+))|))^J^I     }^J^I     ([:\w]+)?^J^I     }^J^I    / at /home/sand/src/perl/repoperls/installed-perls/host/k93stretch/v5.34.0/d665/lib/site_perl/5.34.0/Lingua/Slavic/Numbers.pm line 542.^J') called at /home/sand/src/perl/repoperls/installed-perls/host/k93stretch/v5.34.0/d665/lib/site_perl/5.34.0/Lingua/Slavic/Numbers.pm line 542
# Lingua::Slavic::Numbers::interpolate_string('bg', '{7}[10]') called at /home/sand/src/perl/repoperls/installed-perls/host/k93stretch/v5.34.0/d665/lib/site_perl/5.34.0/Lingua/Slavic/Numbers.pm line 161
# require Lingua/Slavic/Numbers.pm at /home/sand/src/perl/repoperls/installed-perls/host/k93stretch/v5.34.0/d665/lib/site_perl/5.34.0/Lingua/BG/Numbers.pm line 4
# Lingua::BG::Numbers::BEGIN at /home/sand/src/perl/repoperls/installed-perls/host/k93stretch/v5.34.0/d665/lib/site_perl/5.34.0/Lingua/Slavic/Numbers.pm line 0
# eval {...} at /home/sand/src/perl/repoperls/installed-perls/host/k93stretch/v5.34.0/d665/lib/site_perl/5.34.0/Lingua/Slavic/Numbers.pm line 0
# require Lingua/BG/Numbers.pm at /home/sand/src/perl/repoperls/installed-perls/host/k93stretch/v5.34.0/d665/lib/site_perl/5.34.0/Lingua/Any/Numbers.pm line 159
# eval {...} at /home/sand/src/perl/repoperls/installed-perls/host/k93stretch/v5.34.0/d665/lib/site_perl/5.34.0/Lingua/Any/Numbers.pm line 162
# Lingua::Any::Numbers::_probe at /home/sand/src/perl/repoperls/installed-perls/host/k93stretch/v5.34.0/d665/lib/site_perl/5.34.0/Lingua/Any/Numbers.pm line 66
# require Lingua/Any/Numbers.pm at /home/sand/src/perl/repoperls/installed-perls/host/k93stretch/v5.34.0/d665/lib/site_perl/5.34.0/Math/NumSeq/OEIS/Catalogue/Plugin/Alpha.pm line 32
# Math::NumSeq::OEIS::Catalogue::Plugin::Alpha::__ANON__('Math::NumSeq::OEIS::Catalogue::Plugin::Alpha') called at /home/sand/src/perl/repoperls/installed-perls/host/k93stretch/v5.34.0/d665/lib/site_perl/5.34.0/constant/defer.pm line 81
# constant::defer::_run(undef, undef, undef, undef, 'Math::NumSeq::OEIS::Catalogue::Plugin::Alpha') called at /tmp/loop_over_bdir-12235-U29kpd/Math-NumSeq-75-0/blib/lib/Math/NumSeq/OEIS/Catalogue/Plugin.pm line 49
# Math::NumSeq::OEIS::Catalogue::Plugin::anum_after('Math::NumSeq::OEIS::Catalogue::Plugin::Alpha', 'A000000') called at /tmp/loop_over_bdir-12235-U29kpd/Math-NumSeq-75-0/blib/lib/Math/NumSeq/OEIS/Catalogue/Plugin.pm line 73
# Math::NumSeq::OEIS::Catalogue::Plugin::anum_first('Math::NumSeq::OEIS::Catalogue::Plugin::Alpha') called at /tmp/loop_over_bdir-12235-U29kpd/Math-NumSeq-75-0/blib/lib/Math/NumSeq/OEIS/Catalogue.pm line 74
# Math::NumSeq::OEIS::Catalogue::_method_apply('CODE(0x563e2142d448)', 'anum_first') called at /tmp/loop_over_bdir-12235-U29kpd/Math-NumSeq-75-0/blib/lib/Math/NumSeq/OEIS/Catalogue.pm line 89
# Math::NumSeq::OEIS::Catalogue::anum_first('Math::NumSeq::OEIS::Catalogue') called at /tmp/loop_over_bdir-12235-U29kpd/Math-NumSeq-75-0/blib/lib/Math/NumSeq/OEIS.pm line 41
# Math::NumSeq::OEIS::parameter_info_array('Math::NumSeq::OEIS::File=HASH(0x563e213a2b60)') called at /tmp/loop_over_bdir-12235-U29kpd/Math-NumSeq-75-0/blib/lib/Math/NumSeq.pm line 114
# Math::NumSeq::parameter_info_list('Math::NumSeq::OEIS::File=HASH(0x563e213a2b60)') called at /tmp/loop_over_bdir-12235-U29kpd/Math-NumSeq-75-0/blib/lib/Math/NumSeq.pm line 192
# Math::NumSeq::new('Math::NumSeq::OEIS::File', 'anum', 'A002260') called at /tmp/loop_over_bdir-12235-U29kpd/Math-NumSeq-75-0/blib/lib/Math/NumSeq/OEIS/File.pm line 204
# Math::NumSeq::OEIS::File::new('Math::NumSeq::OEIS::File', 'anum', 'A002260') called at t/OEIS-File.t line 118
# eval {...} at t/OEIS-File.t line 118
# 
# 
# Exit code 1 for warnings
t/OEIS-File.t .................... 
Dubious, test returned 1 (wstat 256, 0x100)
All 69 subtests passed 
	(less 65 skipped subtests: 4 okay)
Unescaped left brace in regex is passed through in regex; marked by <-- HERE in m/{
	     { <-- HERE 
	     ((?i)([-+]?)((?=[.]?[0123456789])([0123456789]{1,3}(?:(?:[,.]?)[0123456789]{3})*)(?:([.])([0123456789]{0,}))?)(?:([E])(([-+]?)([0123456789]+))|))
	     }
	     ([:\w]+)?
	     }
	    / at /home/sand/src/perl/repoperls/installed-perls/host/k93stretch/v5.34.0/d665/lib/site_perl/5.34.0/Lingua/Slavic/Numbers.pm line 542.
# Saw 1 warning(s):
# 
# Trace begun at t/MyTestHelpers.pm line 57
# MyTestHelpers::nowarnings_handler('Unescaped left brace in regex is passed through in regex; marked by <-- HERE in m/{^J^I     { <-- HERE ^J^I     ((?i)([-+]?)((?=[.]?[0123456789])([0123456789]{1,3}(?:(?:[,.]?)[0123456789]{3})*)(?:([.])([0123456789]{0,}))?)(?:([E])(([-+]?)([0123456789]+))|))^J^I     }^J^I     ([:\w]+)?^J^I     }^J^I    / at /home/sand/src/perl/repoperls/installed-perls/host/k93stretch/v5.34.0/d665/lib/site_perl/5.34.0/Lingua/Slavic/Numbers.pm line 542.^J') called at /home/sand/src/perl/repoperls/installed-perls/host/k93stretch/v5.34.0/d665/lib/site_perl/5.34.0/Lingua/Slavic/Numbers.pm line 542
# Lingua::Slavic::Numbers::interpolate_string('bg', '{3}[10]') called at /home/sand/src/perl/repoperls/installed-perls/host/k93stretch/v5.34.0/d665/lib/site_perl/5.34.0/Lingua/Slavic/Numbers.pm line 161
# require Lingua/Slavic/Numbers.pm at /home/sand/src/perl/repoperls/installed-perls/host/k93stretch/v5.34.0/d665/lib/site_perl/5.34.0/Lingua/BG/Numbers.pm line 4
# Lingua::BG::Numbers::BEGIN at /home/sand/src/perl/repoperls/installed-perls/host/k93stretch/v5.34.0/d665/lib/site_perl/5.34.0/Lingua/Slavic/Numbers.pm line 0
# eval {...} at /home/sand/src/perl/repoperls/installed-perls/host/k93stretch/v5.34.0/d665/lib/site_perl/5.34.0/Lingua/Slavic/Numbers.pm line 0
# require Lingua/BG/Numbers.pm at /home/sand/src/perl/repoperls/installed-perls/host/k93stretch/v5.34.0/d665/lib/site_perl/5.34.0/Lingua/Any/Numbers.pm line 159
# eval {...} at /home/sand/src/perl/repoperls/installed-perls/host/k93stretch/v5.34.0/d665/lib/site_perl/5.34.0/Lingua/Any/Numbers.pm line 162
# Lingua::Any::Numbers::_probe at /home/sand/src/perl/repoperls/installed-perls/host/k93stretch/v5.34.0/d665/lib/site_perl/5.34.0/Lingua/Any/Numbers.pm line 66
# require Lingua/Any/Numbers.pm at /home/sand/src/perl/repoperls/installed-perls/host/k93stretch/v5.34.0/d665/lib/site_perl/5.34.0/Math/NumSeq/OEIS/Catalogue/Plugin/Alpha.pm line 32
# Math::NumSeq::OEIS::Catalogue::Plugin::Alpha::__ANON__('Math::NumSeq::OEIS::Catalogue::Plugin::Alpha') called at /home/sand/src/perl/repoperls/installed-perls/host/k93stretch/v5.34.0/d665/lib/site_perl/5.34.0/constant/defer.pm line 81
# constant::defer::_run(undef, undef, undef, undef, 'Math::NumSeq::OEIS::Catalogue::Plugin::Alpha') called at /tmp/loop_over_bdir-12235-U29kpd/Math-NumSeq-75-0/blib/lib/Math/NumSeq/OEIS/Catalogue/Plugin.pm line 33
# Math::NumSeq::OEIS::Catalogue::Plugin::anum_to_info_hashref('Math::NumSeq::OEIS::Catalogue::Plugin::Alpha') called at /tmp/loop_over_bdir-12235-U29kpd/Math-NumSeq-75-0/blib/lib/Math/NumSeq/OEIS/Catalogue/Plugin.pm line 41
# Math::NumSeq::OEIS::Catalogue::Plugin::anum_to_info('Math::NumSeq::OEIS::Catalogue::Plugin::Alpha', 'A000002') called at /tmp/loop_over_bdir-12235-U29kpd/Math-NumSeq-75-0/blib/lib/Math/NumSeq/OEIS/Catalogue.pm line 50
# Math::NumSeq::OEIS::Catalogue::anum_to_info('Math::NumSeq::OEIS::Catalogue', 'A000002') called at /tmp/loop_over_bdir-12235-U29kpd/Math-NumSeq-75-0/blib/lib/Math/NumSeq/OEIS.pm line 70
# Math::NumSeq::OEIS::new('Math::NumSeq::OEIS', 'anum', 'A000002') called at t/OEIS.t line 56
# 
# 
# Exit code 1 for warnings
t/OEIS.t ......................... 
Dubious, test returned 1 (wstat 256, 0x100)
All 6 subtests passed 
t/Pell.t ......................... ok
t/Perrin.t ....................... ok
t/PolignacObstinate.t ............ ok
t/PowerFlip.t .................... ok
t/Powerful.t ..................... ok
t/PrimeFactorsCount.t ............ ok
t/Primes.t ....................... ok
t/Pronic.t ....................... ok
t/ProthNumbers.t ................. ok
t/RepdigitAny.t .................. ok
t/RepdigitRadix.t ................ ok
t/Repdigits.t .................... ok
t/ReRound.t ...................... ok
# n type: Math::BigInt
# str   : 3377699871522813
# n str : 3377699871522813
# BigInt can(as_bin): CODE(0x558314f27280)
# n as_bin(): 0b1100000000000000000000001000111111111111111111111101
# BigInt can(from_bin): CODE(0x558314d66c30)
t/ReverseAdd.t ................... ok
t/Runs.t ......................... ok
t/SophieGermainPrimes.t .......... ok
t/SqrtContinued.t ................ ok
# Math::BigInt version 1.999830
t/SqrtDigits.t ................... ok
t/SqrtEngel.t .................... ok
t/Squares.t ...................... ok
t/Tetraheral.t ................... ok
t/Totient.t ...................... ok
t/TotientCumulative.t ............ ok
t/Triangular.t ................... ok
t/Tribonacci.t ................... ok
t/TwinPrimes.t ................... ok
t/UndulatingNumbers.t ............ ok
t/WoodallNumbers.t ............... ok

Test Summary Report
-------------------
t/OEIS-File.t                  (Wstat: 256 (exited 1) Tests: 69 Failed: 0)
  Non-zero exit status: 1
t/OEIS.t                       (Wstat: 256 (exited 1) Tests: 6 Failed: 0)
  Non-zero exit status: 1
Files=64, Tests=12297, 31 wallclock secs ( 0.85 usr  0.10 sys +  9.04 cusr  0.54 csys = 10.53 CPU)
Result: FAIL
Failed 2/64 test programs. 0/12297 subtests failed.
Makefile:1419: recipe for target 'test_dynamic' failed
make: *** [test_dynamic] Error 255

------------------------------
PREREQUISITES
------------------------------

Prerequisite modules loaded:

requires:

    Module              Need  Have    
    ------------------- ----- --------
    constant            1.02  1.33    
    constant::defer     1     6       
    File::HomeDir       0     1.006   
    File::Spec          0     3.80    
    File::Temp          0     0.2311  
    List::Util          0     1.62    
    Math::Factor::XS    0.40  0.40    
    Math::Libm          0     1.00    
    Math::Prime::XS     0.23  0.27    
    Module::Load        0     0.36    
    Module::Pluggable   0     5.2     
    Module::Util        0     1.09    
    perl                5.004 5.034000

build_requires:

    Module              Need  Have    
    ------------------- ----- --------
    ExtUtils::MakeMaker 0     7.64    
    Test                0     1.31    

configure_requires:

    Module              Need  Have    
    ------------------- ----- --------
    ExtUtils::MakeMaker 0     7.64    


------------------------------
ENVIRONMENT AND OTHER CONTEXT
------------------------------

Environment variables:

    AUTOMATED_TESTING = 1
    LANG = en_US.UTF-8
    LANGUAGE = en_US:en
    PATH = /home/sand/bin:/usr/local/bin:/usr/bin:/bin:/usr/games:/usr/local/perl/bin:/usr/X11/bin:/sbin:/usr/sbin
    PERL5LIB = 
    PERL5OPT = 
    PERL5_CPANPLUS_IS_RUNNING = 2284
    PERL5_CPAN_IS_RUNNING = 2284
    PERL_CANARY_STABILITY_NOPROMPT = 1
    PERL_MM_USE_DEFAULT = 1
    PERL_USE_UNSAFE_INC = 1
    SHELL = /usr/bin/zsh
    TERM = screen

Perl special variables (and OS-specific diagnostics, for MSWin32):

    $^X = /home/sand/src/perl/repoperls/installed-perls/host/k93stretch/v5.34.0/d665/bin/perl
    $UID/$EUID = 1005 / 1005
    $GID = 1005 1005
    $EGID = 1005 1005

Perl module toolchain versions installed:

    Module              Have    
    ------------------- --------
    CPAN                2.34    
    CPAN::Meta          2.150010
    Cwd                 3.80    
    ExtUtils::CBuilder  0.280236
    ExtUtils::Command   7.64    
    ExtUtils::Install   2.20    
    ExtUtils::MakeMaker 7.64    
    ExtUtils::Manifest  1.73    
    ExtUtils::ParseXS   3.44    
    File::Spec          3.80    
    JSON                4.05    
    JSON::PP            4.08    
    Module::Build       0.4231  
    Module::Signature   0.88    
    Parse::CPAN::Meta   2.150010
    Test::Harness       3.44    
    Test::More          1.302190
    YAML                1.30    
    YAML::Syck          1.34    
    version             0.9929  


--

Summary of my perl5 (revision 5 version 34 subversion 0) configuration:
  Commit id: 79a7b254d85a10b65126ad99bf10e70480569d68
  Platform:
    osname=linux
    osvers=4.9.0-18-amd64
    archname=x86_64-linux
    uname='linux k93stretch 4.9.0-18-amd64 #1 smp debian 4.9.303-1 (2022-03-07) x86_64 gnulinux '
    config_args='-Dprefix=/home/sand/src/perl/repoperls/installed-perls/host/k93stretch/v5.34.0/d665 -Dmyhostname=k93stretch -Dinstallusrbinperl=n -Uversiononly -Dusedevel -des -Ui_db -Dlibswanted=cl pthread socket inet nsl gdbm dbm malloc dl ld sun m crypt sec util c cposix posix ucb BSD gdbm_compat -Uuseithreads -Uuselongdouble -DEBUGGING=both'
    hint=recommended
    useposix=true
    d_sigaction=define
    useithreads=undef
    usemultiplicity=undef
    use64bitint=define
    use64bitall=define
    uselongdouble=undef
    usemymalloc=n
    default_inc_excludes_dot=define
  Compiler:
    cc='cc'
    ccflags ='-fwrapv -DDEBUGGING -fno-strict-aliasing -pipe -fstack-protector-strong -I/usr/local/include -D_LARGEFILE_SOURCE -D_FILE_OFFSET_BITS=64 -D_FORTIFY_SOURCE=2'
    optimize='-O2 -g'
    cppflags='-fwrapv -DDEBUGGING -fno-strict-aliasing -pipe -fstack-protector-strong -I/usr/local/include'
    ccversion=''
    gccversion='6.3.0 20170516'
    gccosandvers=''
    intsize=4
    longsize=8
    ptrsize=8
    doublesize=8
    byteorder=12345678
    doublekind=3
    d_longlong=define
    longlongsize=8
    d_longdbl=define
    longdblsize=16
    longdblkind=3
    ivtype='long'
    ivsize=8
    nvtype='double'
    nvsize=8
    Off_t='off_t'
    lseeksize=8
    alignbytes=8
    prototype=define
  Linker and Libraries:
    ld='cc'
    ldflags =' -fstack-protector-strong -L/usr/local/lib'
    libpth=/usr/local/lib /usr/lib/x86_64-linux-gnu /usr/lib /lib/x86_64-linux-gnu /lib
    libs=-lpthread -lnsl -ldl -lm -lcrypt -lutil -lc
    perllibs=-lpthread -lnsl -ldl -lm -lcrypt -lutil -lc
    libc=libc-2.24.so
    so=so
    useshrplib=false
    libperl=libperl.a
    gnulibc_version='2.24'
  Dynamic Linking:
    dlsrc=dl_dlopen.xs
    dlext=so
    d_dlsymun=undef
    ccdlflags='-Wl,-E'
    cccdlflags='-fPIC'
    lddlflags='-shared -O2 -g -L/usr/local/lib -fstack-protector-strong'


Characteristics of this binary (from libperl): 
  Compile-time options:
    DEBUGGING
    HAS_TIMES
    PERLIO_LAYERS
    PERL_COPY_ON_WRITE
    PERL_DONT_CREATE_GVSV
    PERL_MALLOC_WRAP
    PERL_OP_PARENT
    PERL_PRESERVE_IVUV
    PERL_USE_DEVEL
    USE_64_BIT_ALL
    USE_64_BIT_INT
    USE_LARGE_FILES
    USE_LOCALE
    USE_LOCALE_COLLATE
    USE_LOCALE_CTYPE
    USE_LOCALE_NUMERIC
    USE_LOCALE_TIME
    USE_PERLIO
    USE_PERL_ATOF
  Built under linux
  Compiled at Apr 21 2022 06:16:54
  %ENV:
    PERL5LIB=""
    PERL5OPT=""
    PERL5_CPANPLUS_IS_RUNNING="2284"
    PERL5_CPAN_IS_RUNNING="2284"
    PERL_CANARY_STABILITY_NOPROMPT="1"
    PERL_MM_USE_DEFAULT="1"
    PERL_USE_UNSAFE_INC="1"
  @INC:
    /home/sand/src/perl/repoperls/installed-perls/host/k93stretch/v5.34.0/d665/lib/site_perl/5.34.0/x86_64-linux
    /home/sand/src/perl/repoperls/installed-perls/host/k93stretch/v5.34.0/d665/lib/site_perl/5.34.0
    /home/sand/src/perl/repoperls/installed-perls/host/k93stretch/v5.34.0/d665/lib/5.34.0/x86_64-linux
    /home/sand/src/perl/repoperls/installed-perls/host/k93stretch/v5.34.0/d665/lib/5.34.0
    .