Back
From: metabase:user:30ae4450-2aae-11df-837a-5e0a49663a4f
Subject: FAIL DBIx-Class-Validation-Structure-0.10 v5.12.2
Date: 2014-08-06T07:19:10Z
This distribution has been tested as part of the CPAN Testers
project, supporting the Perl programming language. See
http://wiki.cpantesters.org/ for more information or email
questions to cpan-testers-discuss@perl.org
--
Dear Sean Zellmer,
This is a computer-generated report for DBIx-Class-Validation-Structure-0.10
on perl 5.12.2, created by CPAN-Reporter-1.2011.
Thank you for uploading your work to CPAN. However, there was a problem
testing your distribution.
If you think this report is invalid, please consult the CPAN Testers Wiki
for suggestions on how to avoid getting FAIL reports for missing library
or binary dependencies, unsupported operating systems, and so on:
http://wiki.cpantesters.org/wiki/CPANAuthorNotes
Sections of this report:
* Tester comments
* Program output
* Prerequisites
* Environment and other context
------------------------------
TESTER COMMENTS
------------------------------
Additional comments from tester:
this report is from an automated smoke testing program
and was not reviewed by a human for accuracy
------------------------------
PROGRAM OUTPUT
------------------------------
Output from 'C:\strawberry\perl\bin\perl.exe ./Build test':
# Failed test 'use DBIx::Class::Validation::Structure;'
# at t/001-basic.t line 8.
# Tried to use 'DBIx::Class::Validation::Structure'.
# Error: Type of arg 1 to values must be hash or array (not scalar dereference) at C:\strawberry\cpan\build\DBIx-Class-Validation-Structure-0.10-66ka8W\blib\lib/DBIx/Class/Validation/Structure.pm line 153, near "$_ }"
# Compilation failed in require at t/001-basic.t line 8.
# BEGIN failed--compilation aborted at t/001-basic.t line 8.
# Looks like you failed 1 test of 2.
t/001-basic.t ...........
Dubious, test returned 1 (wstat 256, 0x100)
Failed 1/2 subtests
Type of arg 1 to values must be hash or array (not scalar dereference) at C:\strawberry\cpan\build\DBIx-Class-Validation-Structure-0.10-66ka8W\blib\lib/DBIx/Class/Validation/Structure.pm line 153, near "$_ }"
Compilation failed in require at t/002-validators.t line 8.
BEGIN failed--compilation aborted at t/002-validators.t line 8.
t/002-validators.t ......
Dubious, test returned 255 (wstat 65280, 0xff00)
No subtests run
# Can't initialize a schema with the given configuration
# Returned Error: {UNKNOWN}: {UNKNOWN}: Type of arg 1 to values must be hash or array (not scalar dereference) at C:\strawberry\cpan\build\DBIx-Class-Validation-Structure-0.10-66ka8W\blib\lib/DBIx/Class/Validation/Structure.pm line 153, near "$_ }"
# Compilation failed in require at C:/strawberry/perl/site/lib/Class/C3/Componentised.pm line 150. at C:/strawberry/perl/site/lib/Class/C3/Componentised.pm line 155
# Compilation failed in require at C:/strawberry/perl/site/lib/Class/C3/Componentised.pm line 150. at C:/strawberry/perl/site/lib/Class/C3/Componentised.pm line 155
# Compilation failed in require at C:/strawberry/perl/site/lib/Module/Runtime.pm line 317.
# configuration: {
# 'fixture_sets' => {},
# 'schema_class' => 'test::Schema'
# }
The plan was already output at C:/strawberry/perl/lib/Test/Builder.pm line 756.
t/003-validate.t ........
Failed 6/6 subtests
t/release-pod-syntax.t .. skipped: these tests are for release candidate testing
Test Summary Report
-------------------
t/001-basic.t (Wstat: 256 Tests: 2 Failed: 1)
Failed test: 2
Non-zero exit status: 1
t/002-validators.t (Wstat: 65280 Tests: 0 Failed: 0)
Non-zero exit status: 255
Parse errors: No plan found in TAP output
t/003-validate.t (Wstat: 0 Tests: 0 Failed: 0)
Parse errors: More than one plan found in TAP output
Bad plan. You planned 6 tests but ran 0.
Files=4, Tests=2, 2 wallclock secs ( 0.02 usr + 0.01 sys = 0.03 CPU)
Result: FAIL
------------------------------
PREREQUISITES
------------------------------
Prerequisite modules loaded:
requires:
Module Need Have
------------------- -------- --------
DBIx::Class 0 0.08270
Email::Valid 0 1.194
HTML::TagFilter 0 1.03
perl 5.008005 5.012002
build_requires:
Module Need Have
------------------- -------- --------
Test::DBIx::Class 0 0.41
Test::More 0.88 1.001003
Test::Warnings 0 0.016
configure_requires:
Module Need Have
------------------- -------- --------
Module::Build::Tiny 0.035 0.037
------------------------------
ENVIRONMENT AND OTHER CONTEXT
------------------------------
Environment variables:
AUTOMATED_TESTING = 1
COMSPEC = C:\WINDOWS\system32\cmd.exe
NUMBER_OF_PROCESSORS = 1
PATH = C:\Program Files\Far Manager\;c:\Windows\system32;%c:\Windows\;c:\Windows\System32\Wbem;C:\Git\cmd;C:\strawberry\c\bin;C:\strawberry\perl\site\bin;C:\strawberry\perl\bin
PERL5LIB =
PERL5OPT =
PERL5_CPANPLUS_IS_RUNNING = 460
PERL5_CPAN_IS_RUNNING = 460
PERL5_CPAN_IS_RUNNING_IN_RECURSION = 1272,460
PERL_CR_SMOKER_CURRENT = DBIx-Class-Validation-Structure-0.10
PERL_EXTUTILS_AUTOINSTALL = --defaultdeps
PERL_MM_USE_DEFAULT = 1
PROCESSOR_IDENTIFIER = x86 Family 16 Model 5 Stepping 3, AuthenticAMD
TEMP = C:\DOCUME~1\c\LOCALS~1\Temp
TERM = dumb
Perl special variables (and OS-specific diagnostics, for MSWin32):
$^X = C:\strawberry\perl\bin\perl.exe
$UID/$EUID = 0 / 0
$GID = 0
$EGID = 0
Win32::GetOSName = WinXP/.Net
Win32::GetOSVersion = Service Pack 3, 5, 1, 2600, 2, 3, 0, 256, 1
Win32::FsType = NTFS
Win32::IsAdminUser = 1
Perl module toolchain versions installed:
Module Have
------------------- --------
CPAN 2.00
CPAN::Meta 2.141520
Cwd 3.47
ExtUtils::CBuilder 0.280216
ExtUtils::Command 1.16
ExtUtils::Install 1.55
ExtUtils::MakeMaker 6.98
ExtUtils::Manifest 1.60
ExtUtils::ParseXS 3.24
File::Spec 3.47
JSON 2.90
JSON::PP 2.27203
Module::Build 0.4206
Module::Signature 0.66
Parse::CPAN::Meta 1.4414
Test::Harness 3.32
Test::More 1.001003
YAML 0.98
YAML::Syck 1.27
version 0.9908
--
Summary of my perl5 (revision 5 version 12 subversion 2) configuration:
Platform:
osname=MSWin32, osvers=5.1, archname=MSWin32-x86-multi-thread
uname='Win32 strawberryperl 5.12.2.0 #1 Fri Nov 5 05:17:27 2010 i386'
config_args='undef'
hint=recommended, useposix=true, d_sigaction=undef
useithreads=define, usemultiplicity=define
useperlio=define, d_sfio=undef, uselargefiles=define, usesocks=undef
use64bitint=undef, use64bitall=undef, uselongdouble=undef
usemymalloc=n, bincompat5005=undef
Compiler:
cc='gcc', ccflags =' -s -O2 -DWIN32 -DHAVE_DES_FCRYPT -DUSE_SITECUSTOMIZE -DPERL_IMPLICIT_CONTEXT -DPERL_IMPLICIT_SYS -fno-strict-aliasing -mms-bitfields -DPERL_MSVCRT_READFIX',
optimize='-s -O2',
cppflags='-DWIN32'
ccversion='', gccversion='4.4.3', gccosandvers=''
intsize=4, longsize=4, ptrsize=4, doublesize=8, byteorder=1234
d_longlong=undef, longlongsize=8, d_longdbl=define, longdblsize=12
ivtype='long', ivsize=4, nvtype='double', nvsize=8, Off_t='long long', lseeksize=8
alignbytes=8, prototype=define
Linker and Libraries:
ld='g++', ldflags ='-s -L"C:\strawberry\perl\lib\CORE" -L"C:\strawberry\c\lib"'
libpth=C:\strawberry\c\lib C:\strawberry\c\i686-w64-mingw32\lib
libs=-lmoldname -lkernel32 -luser32 -lgdi32 -lwinspool -lcomdlg32 -ladvapi32 -lshell32 -lole32 -loleaut32 -lnetapi32 -luuid -lws2_32 -lmpr -lwinmm -lversion -lodbc32 -lodbccp32 -lcomctl32
perllibs=-lmoldname -lkernel32 -luser32 -lgdi32 -lwinspool -lcomdlg32 -ladvapi32 -lshell32 -lole32 -loleaut32 -lnetapi32 -luuid -lws2_32 -lmpr -lwinmm -lversion -lodbc32 -lodbccp32 -lcomctl32
libc=, so=dll, useshrplib=true, libperl=libperl512.a
gnulibc_version=''
Dynamic Linking:
dlsrc=dl_win32.xs, dlext=dll, d_dlsymun=undef, ccdlflags=' '
cccdlflags=' ', lddlflags='-mdll -s -L"C:\strawberry\perl\lib\CORE" -L"C:\strawberry\c\lib"'
Characteristics of this binary (from libperl):
Compile-time options: MULTIPLICITY PERL_DONT_CREATE_GVSV
PERL_IMPLICIT_CONTEXT PERL_IMPLICIT_SYS
PERL_MALLOC_WRAP PL_OP_SLAB_ALLOC USE_ITHREADS
USE_LARGE_FILES USE_PERLIO USE_PERL_ATOF
USE_SITECUSTOMIZE
Built under MSWin32
Compiled at Nov 5 2010 08:39:08
%ENV:
PERL5_CPANPLUS_IS_RUNNING="460"
PERL5_CPAN_IS_RUNNING="460"
PERL5_CPAN_IS_RUNNING_IN_RECURSION="1272,460"
PERL_CR_SMOKER_CURRENT="DBIx-Class-Validation-Structure-0.10"
PERL_EXTUTILS_AUTOINSTALL="--defaultdeps"
PERL_MM_USE_DEFAULT="1"
@INC:
C:/strawberry/perl/site/lib
C:/strawberry/perl/vendor/lib
C:/strawberry/perl/lib
.