Archive-SCS v1.01 Perl 5 v5.38.0 x86_64-linux

Status
Fail
From
Chris Williams (BINGOS)
Dist
Archive-SCS v1.01
Platform
Perl 5 v5.38.0 x86_64-linux
Date
2024-06-03 16:54:25
ID
ef111b1c-21c9-11ef-98b0-b3c3213a625c
This distribution has been tested as part of the CPAN Testers
project, supporting the Perl programming language.  See
http://wiki.cpantesters.org/ for more information or email
questions to cpan-testers-discuss@perl.org


--

Dear NAUTOFON,

This is a computer-generated error report created automatically by
CPANPLUS, version 0.9914. Testers personal comments may appear
at the end of this report.


Thank you for uploading your work to CPAN.  However, it appears that
there were some problems testing your distribution.

TEST RESULTS:

Below is the error stack from stage 'make test':

"/home/cpan/pit/bare/perl-5.38.0/bin/perl" -MExtUtils::Command::MM -e 'cp_nonempty' -- lib/Archive/SCS/CityHash.bs blib/arch/auto/Archive/SCS/CityHash/CityHash.bs 644
PERL_DL_NONLAZY=1 "/home/cpan/pit/bare/perl-5.38.0/bin/perl" "-MExtUtils::Command::MM" "-MTest::Harness" "-e" "undef *Test::Harness::Switches; test_harness(0, 'blib/lib', 'blib/arch')" t/*.t
t/00-compile.t ........... ok
t/01-cityhash.t .......... ok
t/40-hashfs-roundtrip.t .. ok
t/50-hashfs2.t ........... ok
t/60-game-dir.t .......... ok
t/61-game-dir-mount.t .... skipped: ATS or ETS2 not found

#   Failed test 'usage'
#   at t/70-cli.t line 16.
#                   'Can't load '/home/cpan/pit/jail/39nwCzP4g6/lib/perl5/x86_64-linux/auto/Object/Pad/Pad.so' for module Object::Pad: Error relocating /home/cpan/pit/jail/39nwCzP4g6/lib/perl5/x86_64-linux/auto/Object/Pad/Pad.so: Perl_sv_derived_from_hv: symbol not found at /usr/lib/perl5/core_perl/DynaLoader.pm line 206.
#  at /home/cpan/pit/jail/39nwCzP4g6/lib/perl5/x86_64-linux/Object/Pad.pm line 16.
# Compilation failed in require at lib/Archive/SCS.pm line 3.
# BEGIN failed--compilation aborted at lib/Archive/SCS.pm line 3.
# Compilation failed in require at script/scs_archive line 7.
# BEGIN failed--compilation aborted at script/scs_archive line 7.
# '
#     doesn't match '(?^:Usage:)'

#   Failed test 'version'
#   at t/70-cli.t line 19.
#                   'Can't load '/home/cpan/pit/jail/39nwCzP4g6/lib/perl5/x86_64-linux/auto/Object/Pad/Pad.so' for module Object::Pad: Error relocating /home/cpan/pit/jail/39nwCzP4g6/lib/perl5/x86_64-linux/auto/Object/Pad/Pad.so: Perl_sv_derived_from_hv: symbol not found at /usr/lib/perl5/core_perl/DynaLoader.pm line 206.
#  at /home/cpan/pit/jail/39nwCzP4g6/lib/perl5/x86_64-linux/Object/Pad.pm line 16.
# Compilation failed in require at lib/Archive/SCS.pm line 3.
# BEGIN failed--compilation aborted at lib/Archive/SCS.pm line 3.
# Compilation failed in require at script/scs_archive line 7.
# BEGIN failed--compilation aborted at script/scs_archive line 7.
# '
#     doesn't match '(?^:Archive::SCS version)'

#   Failed test 'help'
#   at t/70-cli.t line 23.

#   Failed test 'unknown option'
#   at t/70-cli.t line 25.
#                   'Can't load '/home/cpan/pit/jail/39nwCzP4g6/lib/perl5/x86_64-linux/auto/Object/Pad/Pad.so' for module Object::Pad: Error relocating /home/cpan/pit/jail/39nwCzP4g6/lib/perl5/x86_64-linux/auto/Object/Pad/Pad.so: Perl_sv_derived_from_hv: symbol not found at /usr/lib/perl5/core_perl/DynaLoader.pm line 206.
#  at /home/cpan/pit/jail/39nwCzP4g6/lib/perl5/x86_64-linux/Object/Pad.pm line 16.
# Compilation failed in require at lib/Archive/SCS.pm line 3.
# BEGIN failed--compilation aborted at lib/Archive/SCS.pm line 3.
# Compilation failed in require at script/scs_archive line 7.
# BEGIN failed--compilation aborted at script/scs_archive line 7.
# '
#     doesn't match '(?^s:Unknown option: foobar.*Usage:)'

#   Failed test 'list-files'
#   at t/70-cli.t line 36.
#     Structures begin differing at:
#          $got->[0] = 'Can't load '/home/cpan/pit/jail/39nwCzP4g6/lib/perl5/x86_64-linux/auto/Object/Pad/Pad.so' for module Object::Pad: Error relocating /home/cpan/pit/jail/39nwCzP4g6/lib/perl5/x86_64-linux/auto/Object/Pad/Pad.so: Perl_sv_derived_from_hv: symbol not found at /usr/lib/perl5/core_perl/DynaLoader.pm line 206.'
#     $expected->[0] = 'dir/subdir/SubDirFile'

#   Failed test 'list-dirs'
#   at t/70-cli.t line 43.
#     Structures begin differing at:
#          $got->[0] = 'Can't load '/home/cpan/pit/jail/39nwCzP4g6/lib/perl5/x86_64-linux/auto/Object/Pad/Pad.so' for module Object::Pad: Error relocating /home/cpan/pit/jail/39nwCzP4g6/lib/perl5/x86_64-linux/auto/Object/Pad/Pad.so: Perl_sv_derived_from_hv: symbol not found at /usr/lib/perl5/core_perl/DynaLoader.pm line 206.'
#     $expected->[0] = 'dir'

#   Failed test 'list-orphans'
#   at t/70-cli.t line 50.
#     Structures begin differing at:
#          $got->[0] = 'Can't load '/home/cpan/pit/jail/39nwCzP4g6/lib/perl5/x86_64-linux/auto/Object/Pad/Pad.so' for module Object::Pad: Error relocating /home/cpan/pit/jail/39nwCzP4g6/lib/perl5/x86_64-linux/auto/Object/Pad/Pad.so: Perl_sv_derived_from_hv: symbol not found at /usr/lib/perl5/core_perl/DynaLoader.pm line 206.'
#     $expected->[0] = '4063fbd34a25e9f0'

#   Failed test 'extract'
#   at t/70-cli.t line 53.
#     Structures begin differing at:
#          $got->[0] = 'Can't load '/home/cpan/pit/jail/39nwCzP4g6/lib/perl5/x86_64-linux/auto/Object/Pad/Pad.so' for module Object::Pad: Error relocating /home/cpan/pit/jail/39nwCzP4g6/lib/perl5/x86_64-linux/auto/Object/Pad/Pad.so: Perl_sv_derived_from_hv: symbol not found at /usr/lib/perl5/core_perl/DynaLoader.pm line 206.'
#     $expected->[0] = '1111111111111111111111111111111111111111111111111111111111111111111111111111111111111111111111111111'

#   Failed test 'extract abbr'
#   at t/70-cli.t line 56.
#     Structures begin differing at:
#          $got->[0] = 'Can't load '/home/cpan/pit/jail/39nwCzP4g6/lib/perl5/x86_64-linux/auto/Object/Pad/Pad.so' for module Object::Pad: Error relocating /home/cpan/pit/jail/39nwCzP4g6/lib/perl5/x86_64-linux/auto/Object/Pad/Pad.so: Perl_sv_derived_from_hv: symbol not found at /usr/lib/perl5/core_perl/DynaLoader.pm line 206.'
#     $expected->[0] = '1111111111111111111111111111111111111111111111111111111111111111111111111111111111111111111111111111'

#   Failed test 'extract orphan ok'
#   at t/70-cli.t line 61.
#          got: 'Can't load '/home/cpan/pit/jail/39nwCzP4g6/lib/perl5/x86_64-linux/auto/Object/Pad/Pad.so' for module Object::Pad: Error relocating /home/cpan/pit/jail/39nwCzP4g6/lib/perl5/x86_64-linux/auto/Object/Pad/Pad.so: Perl_sv_derived_from_hv: symbol not found at /usr/lib/perl5/core_perl/DynaLoader.pm line 206.
#  at /home/cpan/pit/jail/39nwCzP4g6/lib/perl5/x86_64-linux/Object/Pad.pm line 16.
# Compilation failed in require at lib/Archive/SCS.pm line 3.
# BEGIN failed--compilation aborted at lib/Archive/SCS.pm line 3.
# Compilation failed in require at script/scs_archive line 7.
# BEGIN failed--compilation aborted at script/scs_archive line 7.
# '
#     expected: ''

#   Failed test 'orphan'
#   at t/70-cli.t line 62.

#   Failed test 'extract dir ok'
#   at t/70-cli.t line 64.
#          got: 'Can't load '/home/cpan/pit/jail/39nwCzP4g6/lib/perl5/x86_64-linux/auto/Object/Pad/Pad.so' for module Object::Pad: Error relocating /home/cpan/pit/jail/39nwCzP4g6/lib/perl5/x86_64-linux/auto/Object/Pad/Pad.so: Perl_sv_derived_from_hv: symbol not found at /usr/lib/perl5/core_perl/DynaLoader.pm line 206.
#  at /home/cpan/pit/jail/39nwCzP4g6/lib/perl5/x86_64-linux/Object/Pad.pm line 16.
# Compilation failed in require at lib/Archive/SCS.pm line 3.
# BEGIN failed--compilation aborted at lib/Archive/SCS.pm line 3.
# Compilation failed in require at script/scs_archive line 7.
# BEGIN failed--compilation aborted at script/scs_archive line 7.
# '
#     expected: ''

#   Failed test 'dir'
#   at t/70-cli.t line 65.
Error opendir on '/tmp/Archive-SCS-test-ptToBq/dir': No such file or directory at t/70-cli.t line 66.
# Tests were run but no plan was declared and done_testing() was not seen.
# Looks like your test exited with 2 just after 13.
t/70-cli.t ............... 
Dubious, test returned 2 (wstat 512, 0x200)
Failed 13/13 subtests 

#   Failed test 'union'
#   at t/71-cli-multifile.t line 22.
#                   'Can't load '/home/cpan/pit/jail/39nwCzP4g6/lib/perl5/x86_64-linux/auto/Object/Pad/Pad.so' for module Object::Pad: Error relocating /home/cpan/pit/jail/39nwCzP4g6/lib/perl5/x86_64-linux/auto/Object/Pad/Pad.so: Perl_sv_derived_from_hv: symbol not found at /usr/lib/perl5/core_perl/DynaLoader.pm line 206.
#  at /home/cpan/pit/jail/39nwCzP4g6/lib/perl5/x86_64-linux/Object/Pad.pm line 16.
# Compilation failed in require at lib/Archive/SCS.pm line 3.
# BEGIN failed--compilation aborted at lib/Archive/SCS.pm line 3.
# Compilation failed in require at script/scs_archive line 7.
# BEGIN failed--compilation aborted at script/scs_archive line 7.
# '
#     doesn't match '(?^:whats my name)'

#   Failed test 'extract ok'
#   at t/71-cli-multifile.t line 27.
#          got: 'Can't load '/home/cpan/pit/jail/39nwCzP4g6/lib/perl5/x86_64-linux/auto/Object/Pad/Pad.so' for module Object::Pad: Error relocating /home/cpan/pit/jail/39nwCzP4g6/lib/perl5/x86_64-linux/auto/Object/Pad/Pad.so: Perl_sv_derived_from_hv: symbol not found at /usr/lib/perl5/core_perl/DynaLoader.pm line 206.
#  at /home/cpan/pit/jail/39nwCzP4g6/lib/perl5/x86_64-linux/Object/Pad.pm line 16.
# Compilation failed in require at lib/Archive/SCS.pm line 3.
# BEGIN failed--compilation aborted at lib/Archive/SCS.pm line 3.
# Compilation failed in require at script/scs_archive line 7.
# BEGIN failed--compilation aborted at script/scs_archive line 7.
# '
#     expected: ''

#   Failed test 'extracted orphan'
#   at t/71-cli-multifile.t line 30.

#   Failed test 'extracted empty'
#   at t/71-cli-multifile.t line 31.
# Looks like you failed 4 tests of 4.
t/71-cli-multifile.t ..... 
Dubious, test returned 4 (wstat 1024, 0x400)
Failed 4/4 subtests 

#   Failed test 'ats version'
#   at t/72-cli-game.t line 29.
#                   'Can't load '/home/cpan/pit/jail/39nwCzP4g6/lib/perl5/x86_64-linux/auto/Object/Pad/Pad.so' for module Object::Pad: Error relocating /home/cpan/pit/jail/39nwCzP4g6/lib/perl5/x86_64-linux/auto/Object/Pad/Pad.so: Perl_sv_derived_from_hv: symbol not found at /usr/lib/perl5/core_perl/DynaLoader.pm line 206.
#  at /home/cpan/pit/jail/39nwCzP4g6/lib/perl5/x86_64-linux/Object/Pad.pm line 16.
# Compilation failed in require at lib/Archive/SCS.pm line 3.
# BEGIN failed--compilation aborted at lib/Archive/SCS.pm line 3.
# Compilation failed in require at script/scs_archive line 7.
# BEGIN failed--compilation aborted at script/scs_archive line 7.
# '
#     doesn't match '(?^:American Truck Simulator (?^:version (?:\d+\.){3}\d))'

#   Failed test 'ets2 version abbr'
#   at t/72-cli-game.t line 31.
#                   'Can't load '/home/cpan/pit/jail/39nwCzP4g6/lib/perl5/x86_64-linux/auto/Object/Pad/Pad.so' for module Object::Pad: Error relocating /home/cpan/pit/jail/39nwCzP4g6/lib/perl5/x86_64-linux/auto/Object/Pad/Pad.so: Perl_sv_derived_from_hv: symbol not found at /usr/lib/perl5/core_perl/DynaLoader.pm line 206.
#  at /home/cpan/pit/jail/39nwCzP4g6/lib/perl5/x86_64-linux/Object/Pad.pm line 16.
# Compilation failed in require at lib/Archive/SCS.pm line 3.
# BEGIN failed--compilation aborted at lib/Archive/SCS.pm line 3.
# Compilation failed in require at script/scs_archive line 7.
# BEGIN failed--compilation aborted at script/scs_archive line 7.
# '
#     doesn't match '(?^:Euro Truck Simulator 2 (?^:version (?:\d+\.){3}\d))'

#   Failed test 'full name'
#   at t/72-cli-game.t line 34.
#                   'Can't load '/home/cpan/pit/jail/39nwCzP4g6/lib/perl5/x86_64-linux/auto/Object/Pad/Pad.so' for module Object::Pad: Error relocating /home/cpan/pit/jail/39nwCzP4g6/lib/perl5/x86_64-linux/auto/Object/Pad/Pad.so: Perl_sv_derived_from_hv: symbol not found at /usr/lib/perl5/core_perl/DynaLoader.pm line 206.
#  at /home/cpan/pit/jail/39nwCzP4g6/lib/perl5/x86_64-linux/Object/Pad.pm line 16.
# Compilation failed in require at lib/Archive/SCS.pm line 3.
# BEGIN failed--compilation aborted at lib/Archive/SCS.pm line 3.
# Compilation failed in require at script/scs_archive line 7.
# BEGIN failed--compilation aborted at script/scs_archive line 7.
# '
#     doesn't match '(?^:American Truck Simulator (?^:version (?:\d+\.){3}\d))'

#   Failed test 'path'
#   at t/72-cli-game.t line 42.
#                   'Can't load '/home/cpan/pit/jail/39nwCzP4g6/lib/perl5/x86_64-linux/auto/Object/Pad/Pad.so' for module Object::Pad: Error relocating /home/cpan/pit/jail/39nwCzP4g6/lib/perl5/x86_64-linux/auto/Object/Pad/Pad.so: Perl_sv_derived_from_hv: symbol not found at /usr/lib/perl5/core_perl/DynaLoader.pm line 206.
#  at /home/cpan/pit/jail/39nwCzP4g6/lib/perl5/x86_64-linux/Object/Pad.pm line 16.
# Compilation failed in require at lib/Archive/SCS.pm line 3.
# BEGIN failed--compilation aborted at lib/Archive/SCS.pm line 3.
# Compilation failed in require at script/scs_archive line 7.
# BEGIN failed--compilation aborted at script/scs_archive line 7.
# '
#     doesn't match '(?^:American Truck Simulator version 0\.0\.0\.0)'
# Looks like you failed 4 tests of 4.
t/72-cli-game.t .......... 
Dubious, test returned 4 (wstat 1024, 0x400)
Failed 4/4 subtests 

#   Failed test 'no error'
#   at t/73-cli-stdin.t line 29.
#          got: 'Can't load '/home/cpan/pit/jail/39nwCzP4g6/lib/perl5/x86_64-linux/auto/Object/Pad/Pad.so' for module Object::Pad: Error relocating /home/cpan/pit/jail/39nwCzP4g6/lib/perl5/x86_64-linux/auto/Object/Pad/Pad.so: Perl_sv_derived_from_hv: symbol not found at /usr/lib/perl5/core_perl/DynaLoader.pm line 206.
#  at /home/cpan/pit/jail/39nwCzP4g6/lib/perl5/x86_64-linux/Object/Pad.pm line 16.
# Compilation failed in require at lib/Archive/SCS.pm line 3.
# BEGIN failed--compilation aborted at lib/Archive/SCS.pm line 3.
# Compilation failed in require at script/scs_archive line 7.
# BEGIN failed--compilation aborted at script/scs_archive line 7.
# '
#     expected: ''

#   Failed test 'ones'
#   at t/73-cli-stdin.t line 30.
#                   ''
#     doesn't match '(?^:11111)'

#   Failed test 'subdir file'
#   at t/73-cli-stdin.t line 31.
#                   ''
#     doesn't match '(?^:in a subdirectory)'
# Looks like you failed 3 tests of 3.
t/73-cli-stdin.t ......... 
Dubious, test returned 3 (wstat 768, 0x300)
Failed 3/3 subtests 

Test Summary Report
-------------------
t/70-cli.t             (Wstat: 512 (exited 2) Tests: 13 Failed: 13)
  Failed tests:  1-13
  Non-zero exit status: 2
  Parse errors: No plan found in TAP output
t/71-cli-multifile.t   (Wstat: 1024 (exited 4) Tests: 4 Failed: 4)
  Failed tests:  1-4
  Non-zero exit status: 4
t/72-cli-game.t        (Wstat: 1024 (exited 4) Tests: 4 Failed: 4)
  Failed tests:  1-4
  Non-zero exit status: 4
t/73-cli-stdin.t       (Wstat: 768 (exited 3) Tests: 3 Failed: 3)
  Failed tests:  1-3
  Non-zero exit status: 3
Files=10, Tests=59,  2 wallclock secs ( 0.04 usr  0.01 sys +  1.18 cusr  0.29 csys =  1.52 CPU)
Result: FAIL
Failed 4/10 test programs. 24/59 subtests failed.
make: *** [Makefile:1216: test_dynamic] Error 3


PREREQUISITES:

Here is a list of prerequisites you specified and versions we
managed to load:

	  Module Name                        Have     Want
	  Compress::Raw::Zlib            2.204_001    2.048
	  Feature::Compat::Defer             0.02        0
	  Feature::Compat::Try               0.05        0
	  IPC::Run3                         0.049        0
	  List::Util                         1.63     1.45
	  Object::Pad                       0.808     0.73
	  Path::Tiny                        0.146    0.119
	  builtin::Backport                  0.02        0
	  stable                            0.031    0.031

Perl module toolchain versions installed:
	Module Name                        Have
	CPANPLUS                         0.9914
	CPANPLUS::Dist::Build              0.90
	Cwd                                3.89
	ExtUtils::CBuilder             0.280238
	ExtUtils::Command                  7.70
	ExtUtils::Install                  2.22
	ExtUtils::MakeMaker                7.70
	ExtUtils::Manifest                 1.75
	ExtUtils::ParseXS                  3.51
	File::Spec                         3.88
	Module::Build                    0.4234
	Pod::Parser                           0
	Pod::Simple                        3.43
	Test2                          1.302195
	Test::Harness                      3.44
	Test::More                     1.302195
	version                          0.9929

******************************** NOTE ********************************
The comments above are created mechanically, possibly without manual
checking by the sender.  As there are many people performing automatic
tests on each upload to CPAN, it is likely that you will receive
identical messages about the same problem.

If you believe that the message is mistaken, please reply to the first
one with correction and/or additional informations, and do not take
it personally.  We appreciate your patience. :)
**********************************************************************

Additional comments:


This report was machine-generated by CPANPLUS::Dist::YACSmoke 1.08.
Powered by minismokebox version 0.68

CPANPLUS is prefering Build.PL

------------------------------
ENVIRONMENT AND OTHER CONTEXT
------------------------------

Environment variables:

    AUTOMATED_TESTING = 1
    LANG = C.UTF-8
    LC_COLLATE = C
    NONINTERACTIVE_TESTING = 1
    PATH = /home/cpan/pit/bare/conf/perl-5.38.0/.cpanplus/5.38.0/build/Cfng29DqTA/Archive-SCS-1.01/blib/script:/usr/local/sbin:/usr/local/bin:/usr/sbin:/usr/bin:/sbin:/bin
    PERL5LIB = /home/cpan/pit/jail/39nwCzP4g6/lib/perl5:/home/cpan/pit/bare/conf/perl-5.38.0/.cpanplus/5.38.0/build/kkdkoH26Wd/ExtUtils-CChecker-0.12/blib/lib:/home/cpan/pit/bare/conf/perl-5.38.0/.cpanplus/5.38.0/build/kkdkoH26Wd/ExtUtils-CChecker-0.12/blib/arch:/home/cpan/pit/bare/conf/perl-5.38.0/.cpanplus/5.38.0/build/xooc6dMN5V/XS-Parse-Keyword-0.42/blib/lib:/home/cpan/pit/bare/conf/perl-5.38.0/.cpanplus/5.38.0/build/xooc6dMN5V/XS-Parse-Keyword-0.42/blib/arch:/home/cpan/pit/bare/conf/perl-5.38.0/.cpanplus/5.38.0/build/mfIUBRVOqx/XS-Parse-Sublike-0.21/blib/lib:/home/cpan/pit/bare/conf/perl-5.38.0/.cpanplus/5.38.0/build/mfIUBRVOqx/XS-Parse-Sublike-0.21/blib/arch:/home/cpan/pit/bare/conf/perl-5.38.0/.cpanplus/5.38.0/build/PRMg4F8V2i/Object-Pad-0.808/blib/lib:/home/cpan/pit/bare/conf/perl-5.38.0/.cpanplus/5.38.0/build/PRMg4F8V2i/Object-Pad-0.808/blib/arch:/home/cpan/pit/bare/conf/perl-5.38.0/.cpanplus/5.38.0/build/De6YtIOYh3/builtin-Backport-0.02/blib/lib:/home/cpan/pit/bare/conf/perl-5.38.0/.cpanplus/5.38.0/build/De6YtIOYh3/builtin-Backport-0.02/blib/arch:/home/cpan/pit/bare/conf/perl-5.38.0/.cpanplus/5.38.0/build/Cfng29DqTA/Archive-SCS-1.01/blib/lib:/home/cpan/pit/bare/conf/perl-5.38.0/.cpanplus/5.38.0/build/Cfng29DqTA/Archive-SCS-1.01/blib/arch
    PERL5_CPANPLUS_IS_RUNNING = 11903
    PERL5_CPANPLUS_IS_VERSION = 0.9914
    PERL5_MINISMOKEBOX = 0.68
    PERL5_YACSMOKE_BASE = /home/cpan/pit/bare/conf/perl-5.38.0
    PERL_EXTUTILS_AUTOINSTALL = --defaultdeps
    PERL_LOCAL_LIB_ROOT = /home/cpan/pit/jail/39nwCzP4g6
    PERL_MB_OPT = --install_base "/home/cpan/pit/jail/39nwCzP4g6"
    PERL_MM_OPT = INSTALL_BASE=/home/cpan/pit/jail/39nwCzP4g6
    PERL_MM_USE_DEFAULT = 1
    SHELL = /bin/bash
    TERM = screen

Perl special variables (and OS-specific diagnostics, for MSWin32):

    Perl: $^X = /home/cpan/pit/bare/perl-5.38.0/bin/perl
    UID:  $<  = 1001
    EUID: $>  = 1001
    GID:  $(  = 1001 1001
    EGID: $)  = 1001 1001


-------------------------------


--

Summary of my perl5 (revision 5 version 38 subversion 0) configuration:
   
  Platform:
    osname=linux
    osvers=5.15.119-0-lts
    archname=x86_64-linux
    uname='linux agaric 5.15.119-0-lts #1-alpine smp wed, 28 jun 2023 19:17:16 +0000 x86_64 linux '
    config_args='-des -Dprefix=/home/cpan/pit/bare/perl-5.38.0'
    hint=recommended
    useposix=true
    d_sigaction=define
    useithreads=undef
    usemultiplicity=undef
    use64bitint=define
    use64bitall=define
    uselongdouble=undef
    usemymalloc=n
    default_inc_excludes_dot=define
  Compiler:
    cc='cc'
    ccflags ='-D_GNU_SOURCE -fwrapv -fno-strict-aliasing -pipe -fstack-protector-strong -D_LARGEFILE_SOURCE -D_FILE_OFFSET_BITS=64'
    optimize='-O2'
    cppflags='-D_GNU_SOURCE -fwrapv -fno-strict-aliasing -pipe -fstack-protector-strong'
    ccversion=''
    gccversion='10.3.1 20211027'
    gccosandvers=''
    intsize=4
    longsize=8
    ptrsize=8
    doublesize=8
    byteorder=12345678
    doublekind=3
    d_longlong=define
    longlongsize=8
    d_longdbl=define
    longdblsize=16
    longdblkind=3
    ivtype='long'
    ivsize=8
    nvtype='double'
    nvsize=8
    Off_t='off_t'
    lseeksize=8
    alignbytes=8
    prototype=define
  Linker and Libraries:
    ld='cc'
    ldflags =' -fstack-protector-strong -L/usr/local/lib'
    libpth=/usr/lib /usr/local/lib /lib
    libs=-lpthread -lgdbm -ldl -lm -lcrypt -lutil -lc -lgdbm_compat
    perllibs=-lpthread -ldl -lm -lcrypt -lutil -lc
    libc=/usr/lib/libc.a
    so=so
    useshrplib=false
    libperl=libperl.a
    gnulibc_version=''
  Dynamic Linking:
    dlsrc=dl_dlopen.xs
    dlext=so
    d_dlsymun=undef
    ccdlflags='-Wl,-E'
    cccdlflags='-fPIC'
    lddlflags='-shared -O2 -L/usr/local/lib -fstack-protector-strong'


Characteristics of this binary (from libperl): 
  Compile-time options:
    HAS_LONG_DOUBLE
    HAS_STRTOLD
    HAS_TIMES
    PERLIO_LAYERS
    PERL_COPY_ON_WRITE
    PERL_DONT_CREATE_GVSV
    PERL_HASH_FUNC_SIPHASH13
    PERL_HASH_USE_SBOX32
    PERL_MALLOC_WRAP
    PERL_OP_PARENT
    PERL_PRESERVE_IVUV
    PERL_USE_SAFE_PUTENV
    USE_64_BIT_ALL
    USE_64_BIT_INT
    USE_LARGE_FILES
    USE_LOCALE
    USE_LOCALE_COLLATE
    USE_LOCALE_CTYPE
    USE_LOCALE_NUMERIC
    USE_LOCALE_TIME
    USE_PERLIO
    USE_PERL_ATOF
  Built under linux
  Compiled at Jul  4 2023 16:34:36
  %ENV:
    PERL5LIB="/home/cpan/pit/jail/39nwCzP4g6/lib/perl5:/home/cpan/pit/bare/conf/perl-5.38.0/.cpanplus/5.38.0/build/kkdkoH26Wd/ExtUtils-CChecker-0.12/blib/lib:/home/cpan/pit/bare/conf/perl-5.38.0/.cpanplus/5.38.0/build/kkdkoH26Wd/ExtUtils-CChecker-0.12/blib/arch:/home/cpan/pit/bare/conf/perl-5.38.0/.cpanplus/5.38.0/build/xooc6dMN5V/XS-Parse-Keyword-0.42/blib/lib:/home/cpan/pit/bare/conf/perl-5.38.0/.cpanplus/5.38.0/build/xooc6dMN5V/XS-Parse-Keyword-0.42/blib/arch:/home/cpan/pit/bare/conf/perl-5.38.0/.cpanplus/5.38.0/build/mfIUBRVOqx/XS-Parse-Sublike-0.21/blib/lib:/home/cpan/pit/bare/conf/perl-5.38.0/.cpanplus/5.38.0/build/mfIUBRVOqx/XS-Parse-Sublike-0.21/blib/arch:/home/cpan/pit/bare/conf/perl-5.38.0/.cpanplus/5.38.0/build/PRMg4F8V2i/Object-Pad-0.808/blib/lib:/home/cpan/pit/bare/conf/perl-5.38.0/.cpanplus/5.38.0/build/PRMg4F8V2i/Object-Pad-0.808/blib/arch:/home/cpan/pit/bare/conf/perl-5.38.0/.cpanplus/5.38.0/build/De6YtIOYh3/builtin-Backport-0.02/blib/lib:/home/cpan/pit/bare/conf/perl-5.38.0/.cpanplus/5.38.0/build/De6YtIOYh3/builtin-Backport-0.02/blib/arch:/home/cpan/pit/bare/conf/perl-5.38.0/.cpanplus/5.38.0/build/Cfng29DqTA/Archive-SCS-1.01/blib/lib:/home/cpan/pit/bare/conf/perl-5.38.0/.cpanplus/5.38.0/build/Cfng29DqTA/Archive-SCS-1.01/blib/arch"
    PERL5_CPANPLUS_IS_RUNNING="11903"
    PERL5_CPANPLUS_IS_VERSION="0.9914"
    PERL5_MINISMOKEBOX="0.68"
    PERL5_YACSMOKE_BASE="/home/cpan/pit/bare/conf/perl-5.38.0"
    PERL_EXTUTILS_AUTOINSTALL="--defaultdeps"
    PERL_LOCAL_LIB_ROOT="/home/cpan/pit/jail/39nwCzP4g6"
    PERL_MB_OPT="--install_base "/home/cpan/pit/jail/39nwCzP4g6""
    PERL_MM_OPT="INSTALL_BASE=/home/cpan/pit/jail/39nwCzP4g6"
    PERL_MM_USE_DEFAULT="1"
  @INC:
    /home/cpan/pit/jail/39nwCzP4g6/lib/perl5/5.38.0/x86_64-linux
    /home/cpan/pit/jail/39nwCzP4g6/lib/perl5/5.38.0
    /home/cpan/pit/jail/39nwCzP4g6/lib/perl5/x86_64-linux
    /home/cpan/pit/jail/39nwCzP4g6/lib/perl5
    /home/cpan/pit/bare/conf/perl-5.38.0/.cpanplus/5.38.0/build/kkdkoH26Wd/ExtUtils-CChecker-0.12/blib/lib
    /home/cpan/pit/bare/conf/perl-5.38.0/.cpanplus/5.38.0/build/kkdkoH26Wd/ExtUtils-CChecker-0.12/blib/arch
    /home/cpan/pit/bare/conf/perl-5.38.0/.cpanplus/5.38.0/build/xooc6dMN5V/XS-Parse-Keyword-0.42/blib/lib
    /home/cpan/pit/bare/conf/perl-5.38.0/.cpanplus/5.38.0/build/xooc6dMN5V/XS-Parse-Keyword-0.42/blib/arch
    /home/cpan/pit/bare/conf/perl-5.38.0/.cpanplus/5.38.0/build/mfIUBRVOqx/XS-Parse-Sublike-0.21/blib/lib
    /home/cpan/pit/bare/conf/perl-5.38.0/.cpanplus/5.38.0/build/mfIUBRVOqx/XS-Parse-Sublike-0.21/blib/arch
    /home/cpan/pit/bare/conf/perl-5.38.0/.cpanplus/5.38.0/build/PRMg4F8V2i/Object-Pad-0.808/blib/lib
    /home/cpan/pit/bare/conf/perl-5.38.0/.cpanplus/5.38.0/build/PRMg4F8V2i/Object-Pad-0.808/blib/arch
    /home/cpan/pit/bare/conf/perl-5.38.0/.cpanplus/5.38.0/build/De6YtIOYh3/builtin-Backport-0.02/blib/lib
    /home/cpan/pit/bare/conf/perl-5.38.0/.cpanplus/5.38.0/build/De6YtIOYh3/builtin-Backport-0.02/blib/arch
    /home/cpan/pit/bare/conf/perl-5.38.0/.cpanplus/5.38.0/build/Cfng29DqTA/Archive-SCS-1.01/blib/lib
    /home/cpan/pit/bare/conf/perl-5.38.0/.cpanplus/5.38.0/build/Cfng29DqTA/Archive-SCS-1.01/blib/arch
    /home/cpan/pit/bare/perl-5.38.0/lib/site_perl/5.38.0/x86_64-linux
    /home/cpan/pit/bare/perl-5.38.0/lib/site_perl/5.38.0
    /home/cpan/pit/bare/perl-5.38.0/lib/5.38.0/x86_64-linux
    /home/cpan/pit/bare/perl-5.38.0/lib/5.38.0