Geo-Coder-CA v0.13 Perl 5 v5.36.0 x86_64-linux

Status
Fail
From
Slaven Rezić
Dist
Geo-Coder-CA v0.13
Platform
Perl 5 v5.36.0 x86_64-linux
Date
2022-10-21 18:26:52
ID
ef0f54f4-516d-11ed-b8d5-d52f6e8775ea
This distribution has been tested as part of the CPAN Testers
project, supporting the Perl programming language.  See
http://wiki.cpantesters.org/ for more information or email
questions to cpan-testers-discuss@perl.org


--
Dear Nigel Horne,

This is a computer-generated report for Geo-Coder-CA-0.13
on perl 5.36.0, created by CPAN-Reporter-1.2018.

Thank you for uploading your work to CPAN.  However, there was a problem
testing your distribution.

If you think this report is invalid, please consult the CPAN Testers Wiki
for suggestions on how to avoid getting FAIL reports for missing library
or binary dependencies, unsupported operating systems, and so on:

http://wiki.cpantesters.org/wiki/CPANAuthorNotes

Sections of this report:

    * Tester comments
    * Program output
    * Prerequisites
    * Environment and other context

------------------------------
TESTER COMMENTS
------------------------------

Additional comments from tester:

none provided

------------------------------
PROGRAM OUTPUT
------------------------------

Output from '/usr/bin/make test':

PERL_DL_NONLAZY=1 "/opt/perl-5.36.0/bin/perl" "-MExtUtils::Command::MM" "-MTest::Harness" "-e" "undef *Test::Harness::Switches; test_harness(0, 'blib/lib', 'blib/arch')" t/*.t
# Testing Geo::Coder::CA 0.13, Perl 5.036000, /opt/perl-5.36.0/bin/perl
t/00-load.t ........... ok
t/10-new.t ............ ok
t/bin.t ............... ok
t/boiler.t ............ ok
https://geocoder.ca/some_location?json=1&locate=9235%2BMain%2BSt%2C%2BRichibucto%2C%2BNew%2BBrunswick%2C%2BCanada&strictmode=1 API returned error: 403 Forbidden at t/ca.t line 25.
# Looks like your test exited with 255 just after 2.
t/ca.t ................ 
Dubious, test returned 255 (wstat 65280, 0xff00)
Failed 5/7 subtests 
t/carp.t .............. ok
t/changes.t ........... skipped: Author tests not required for installation
t/comment-spelling.t .. skipped: Author tests not required for installation
t/coverage.t .......... ok
t/critic.t ............ skipped: Author tests not required for installation
t/cv.t ................ skipped: Author tests not required for installation
t/dist.t .............. skipped: Author tests not required for installation
t/eof.t ............... skipped: Author tests not required for installation
t/eol.t ............... skipped: Author tests not required for installation
t/gv.t ................ skipped: Author tests not required for installation
t/kwalitee.t .......... skipped: Author tests not required for installation
t/links.t ............. skipped: Author tests not required for installation
t/manifest.t .......... skipped: Author tests not required for installation
t/metrics.t ........... skipped: Author tests not required for installation
t/namespaces.t ........ skipped: Author tests not required for installation
t/no404s.t ............ skipped: Author tests not required for installation
# Author tests not required for installation
t/noopentickets.t ..... ok
t/noplan.t ............ skipped: Author tests not required for installation
t/pod-cm.t ............ skipped: Test::Pod::Spelling::CommonMistakes required for testing POD spelling
t/pod-spelling.t ...... skipped: Author tests not required for installation
t/pod.t ............... skipped: Author tests not required for installation
t/port.t .............. ok
t/prereq.t ............ skipped: Author tests not required for installation
t/snippets.t .......... skipped: Author tests not required for installation
t/strict.t ............ skipped: Author tests not required for installation
t/unused.t ............ skipped: Author tests not required for installation
https://geocoder.ca/some_location?strictmode=1&json=1&locate= API returned error: 403 Forbidden at t/us.t line 68.
# Looks like your test exited with 255 just after 13.
t/us.t ................ 
Dubious, test returned 255 (wstat 65280, 0xff00)
Failed 6/19 subtests 
t/used.t .............. skipped: Author tests not required for installation
t/vars.t .............. skipped: Author tests not required for installation

Test Summary Report
-------------------
t/boiler.t          (Wstat: 0 Tests: 3 Failed: 0)
  TODO passed:   1-3
t/ca.t              (Wstat: 65280 (exited 255) Tests: 2 Failed: 0)
  Non-zero exit status: 255
  Parse errors: Bad plan.  You planned 7 tests but ran 2.
t/us.t              (Wstat: 65280 (exited 255) Tests: 13 Failed: 0)
  Non-zero exit status: 255
  Parse errors: Bad plan.  You planned 19 tests but ran 13.
Files=34, Tests=37,  9 wallclock secs ( 0.08 usr  0.04 sys +  2.55 cusr  0.38 csys =  3.05 CPU)
Result: FAIL
Failed 2/34 test programs. 0/37 subtests failed.
make: *** [Makefile:897: test_dynamic] Error 255

------------------------------
PREREQUISITES
------------------------------

Prerequisite modules loaded:

requires:

    Module               Need     Have    
    -------------------- -------- --------
    Encode               0        3.17    
    HTTP::Request        0        6.40    
    JSON::MaybeXS        0        1.004004
    LWP::Protocol::https 0        6.10    
    LWP::UserAgent       0        6.67    
    perl                 5.006002 5.036000
    URI                  0        5.15    

build_requires:

    Module               Need     Have    
    -------------------- -------- --------
    autodie              0        2.34    
    ExtUtils::MakeMaker  0        7.64    
    IPC::System::Simple  0        1.30    
    Test::Carp           0        0.2     
    Test::LWP::UserAgent 0        0.036   
    Test::Most           0        0.38    
    Test::NoWarnings     0        1.06    
    Test::Number::Delta  0        1.06    
    Test::Script         1.12     1.29    
    WWW::RT::CPAN        0        0.002   

configure_requires:

    Module               Need     Have    
    -------------------- -------- --------
    ExtUtils::MakeMaker  0        7.64    


------------------------------
ENVIRONMENT AND OTHER CONTEXT
------------------------------

Environment variables:

    LANG = en_US.UTF-8
    PATH = /usr/local/bin:/usr/bin:/bin:/usr/local/sbin:/usr/sbin:/sbin:/home/cpansand/bin/linux-gnu:/home/cpansand/bin/sh:/home/cpansand/bin:/usr/games:/home/cpansand/devel:/home/eserte/src/srezic-misc/scripts
    PERL5LIB = 
    PERL5OPT = 
    PERL5_CPANPLUS_IS_RUNNING = 8231
    PERL5_CPAN_IS_RUNNING = 8231
    PERL5_CPAN_IS_RUNNING_IN_RECURSION = 1359,8231
    PERLDOC = -MPod::Perldoc::ToTextOverstrike
    PERL_BATCH = yes
    PERL_CANARY_STABILITY_NOPROMPT = 1
    PERL_CPAN_REPORTER_CONFIG = /var/tmp/cpansmoker-1023/2022102117/cpanreporter_000_config.ini
    PERL_EXTUTILS_AUTOINSTALL = --defaultdeps
    PERL_USE_UNSAFE_INC = 1
    SHELL = /usr/bin/zsh
    TERM = screen
    TMPDIR = /var/tmp/cpansmoker-1023/2022102117

Perl special variables (and OS-specific diagnostics, for MSWin32):

    $^X = /opt/perl-5.36.0/bin/perl
    $UID/$EUID = 1023 / 1023
    $GID = 1023 1023
    $EGID = 1023 1023

Perl module toolchain versions installed:

    Module              Have    
    ------------------- --------
    CPAN                2.33    
    CPAN::Meta          2.150010
    Cwd                 3.84    
    ExtUtils::CBuilder  0.280236
    ExtUtils::Command   7.64    
    ExtUtils::Install   2.20    
    ExtUtils::MakeMaker 7.64    
    ExtUtils::Manifest  1.73    
    ExtUtils::ParseXS   3.45    
    File::Spec          3.84    
    JSON                4.09    
    JSON::PP            4.12    
    Module::Build       0.4231  
    Module::Signature   0.88    
    Parse::CPAN::Meta   2.150010
    Test::Harness       3.44    
    Test::More          1.302190
    YAML                1.30    
    YAML::Syck          1.34    
    version             0.9929  


--

Summary of my perl5 (revision 5 version 36 subversion 0) configuration:
   
  Platform:
    osname=linux
    osvers=5.19.9-200.fc36.x86_64
    archname=x86_64-linux
    uname='linux cloud4.bbbike.org 5.19.9-200.fc36.x86_64 #1 smp preempt_dynamic thu sep 15 09:49:52 utc 2022 x86_64 x86_64 x86_64 gnulinux '
    config_args='-ds -e -Dprefix=/opt/perl-5.36.0 -Dcf_email=srezic@cpan.org'
    hint=recommended
    useposix=true
    d_sigaction=define
    useithreads=undef
    usemultiplicity=undef
    use64bitint=define
    use64bitall=define
    uselongdouble=undef
    usemymalloc=n
    default_inc_excludes_dot=define
  Compiler:
    cc='cc'
    ccflags ='-fwrapv -fno-strict-aliasing -pipe -fstack-protector-strong -I/usr/local/include -D_LARGEFILE_SOURCE -D_FILE_OFFSET_BITS=64 -D_FORTIFY_SOURCE=2'
    optimize='-O2'
    cppflags='-fwrapv -fno-strict-aliasing -pipe -fstack-protector-strong -I/usr/local/include'
    ccversion=''
    gccversion='12.2.1 20220819 (Red Hat 12.2.1-2)'
    gccosandvers=''
    intsize=4
    longsize=8
    ptrsize=8
    doublesize=8
    byteorder=12345678
    doublekind=3
    d_longlong=define
    longlongsize=8
    d_longdbl=define
    longdblsize=16
    longdblkind=3
    ivtype='long'
    ivsize=8
    nvtype='double'
    nvsize=8
    Off_t='off_t'
    lseeksize=8
    alignbytes=8
    prototype=define
  Linker and Libraries:
    ld='cc'
    ldflags =' -fstack-protector-strong -L/usr/local/lib'
    libpth=/usr/local/lib /usr/lib /usr/lib64 /usr/local/lib64
    libs=-lpthread -ldl -lm -lcrypt -lutil -lc
    perllibs=-lpthread -ldl -lm -lcrypt -lutil -lc
    libc=/lib/../lib64/libc.so.6
    so=so
    useshrplib=false
    libperl=libperl.a
    gnulibc_version='2.35'
  Dynamic Linking:
    dlsrc=dl_dlopen.xs
    dlext=so
    d_dlsymun=undef
    ccdlflags='-Wl,-E'
    cccdlflags='-fPIC'
    lddlflags='-shared -O2 -L/usr/local/lib -fstack-protector-strong'


Characteristics of this binary (from libperl): 
  Compile-time options:
    HAS_TIMES
    PERLIO_LAYERS
    PERL_COPY_ON_WRITE
    PERL_DONT_CREATE_GVSV
    PERL_MALLOC_WRAP
    PERL_OP_PARENT
    PERL_PRESERVE_IVUV
    USE_64_BIT_ALL
    USE_64_BIT_INT
    USE_LARGE_FILES
    USE_LOCALE
    USE_LOCALE_COLLATE
    USE_LOCALE_CTYPE
    USE_LOCALE_NUMERIC
    USE_LOCALE_TIME
    USE_PERLIO
    USE_PERL_ATOF
  Built under linux
  Compiled at Sep 20 2022 21:00:03
  %ENV:
    PERL5LIB=""
    PERL5OPT=""
    PERL5_CPANPLUS_IS_RUNNING="8231"
    PERL5_CPAN_IS_RUNNING="8231"
    PERL5_CPAN_IS_RUNNING_IN_RECURSION="1359,8231"
    PERLDOC="-MPod::Perldoc::ToTextOverstrike"
    PERL_BATCH="yes"
    PERL_CANARY_STABILITY_NOPROMPT="1"
    PERL_CPAN_REPORTER_CONFIG="/var/tmp/cpansmoker-1023/2022102117/cpanreporter_000_config.ini"
    PERL_EXTUTILS_AUTOINSTALL="--defaultdeps"
    PERL_USE_UNSAFE_INC="1"
  @INC:
    /opt/perl-5.36.0/lib/site_perl/5.36.0/x86_64-linux
    /opt/perl-5.36.0/lib/site_perl/5.36.0
    /opt/perl-5.36.0/lib/5.36.0/x86_64-linux
    /opt/perl-5.36.0/lib/5.36.0
    .