Report for Text-Hatena-0.20

Back
From: metabase:user:30f0bd62-2aae-11df-837a-5e0a49663a4f
Subject: FAIL Text-Hatena-0.20 v5.16.1 MirOS BSD
Date: 2012-12-15T23:12:44Z

This distribution has been tested as part of the CPAN Testers
project, supporting the Perl programming language.  See
http://wiki.cpantesters.org/ for more information or email
questions to cpan-testers-discuss@perl.org


--
Dear Junya Kondo,

This is a computer-generated report for Text-Hatena-0.20
on perl 5.16.1, created by CPAN-Reporter-1.2006.

Thank you for uploading your work to CPAN.  However, there was a problem
testing your distribution.

If you think this report is invalid, please consult the CPAN Testers Wiki
for suggestions on how to avoid getting FAIL reports for missing library
or binary dependencies, unsupported operating systems, and so on:

http://wiki.cpantesters.org/wiki/CPANAuthorNotes

Sections of this report:

    * Tester comments
    * Program output
    * Prerequisites
    * Environment and other context

------------------------------
TESTER COMMENTS
------------------------------

Additional comments from tester:

this report is from an automated smoke testing program
and was not reviewed by a human for accuracy

------------------------------
PROGRAM OUTPUT
------------------------------

Output from '/usr/bin/make test':

PERL_DL_NONLAZY=1 /home/sts/cpansmoke/perl-5.16.1/bin/perl "-MExtUtils::Command::MM" "-e" "test_harness(0, 'blib/lib', 'blib/arch')" t/*.t

#   Failed test 'use Text::Hatena;'
#   at t/00_compile.t line 7.
#     Tried to use 'Text::Hatena'.
#     Error:  Base class package "Class::Data::Inheritable" is empty.
#     (Perhaps you need to 'use' the module which defines that package first,
#     or make that module available in @INC (@INC contains: lib /home/sts/cpansmoke/perl-5.16.1/cpan/build/Text-Hatena-0.20-PLHXCX/blib/lib /home/sts/cpansmoke/perl-5.16.1/cpan/build/Text-Hatena-0.20-PLHXCX/blib/arch /home/sts/cpansmoke/perl-5.16.1/cpan/build/Parse-RecDescent-1.967009-i2peX6/blib/arch /home/sts/cpansmoke/perl-5.16.1/cpan/build/Parse-RecDescent-1.967009-i2peX6/blib/lib /home/sts/cpansmoke/perl-5.16.1/cpan/build/Regexp-Assemble-0.35-n17KyU/blib/arch /home/sts/cpansmoke/perl-5.16.1/cpan/build/Regexp-Assemble-0.35-n17KyU/blib/lib /home/sts/cpansmoke/perl-5.16.1/cpan/build/Test-Base-0.60-KhxUpo/blib/arch /home/sts/cpansmoke/perl-5.16.1/cpan/build/Test-Base-0.60-KhxUpo/blib/lib /home/sts/cpansmoke/perl-5.16.1/cpan/build/Spiffy-0.31-5kkHib/blib/arch /home/sts/cpansmoke/perl-5.16.1/cpan/build/Spiffy-0.31-5kkHib/blib/lib /home/sts/cpansmoke/perl-5.16.1/lib/site_perl/5.16.1/MirBSD.i386-mirbsd-thread-multi /home/sts/cpansmoke/perl-5.16.1/lib/site_perl/5.16.1 /home/sts/cpansmoke/perl-5.16.1/lib/5.16.1/MirBSD.i386-mirbsd-thread-multi /home/sts/cpansmoke/perl-5.16.1/lib/5.16.1 .).
#  at lib/Text/Hatena.pm line 5.
# BEGIN failed--compilation aborted at lib/Text/Hatena.pm line 5.
# Compilation failed in require at (eval 4) line 2.
# BEGIN failed--compilation aborted at (eval 4) line 2.
# Looks like you failed 1 test of 1.
t/00_compile.t .......... 
Dubious, test returned 1 (wstat 256, 0x100)
Failed 1/1 subtests 
Can't locate object method "mk_classdata" via package "Text::Hatena::AutoLink" at /home/sts/cpansmoke/perl-5.16.1/cpan/build/Text-Hatena-0.20-PLHXCX/blib/lib/Text/Hatena/AutoLink.pm line 9.
Compilation failed in require at /home/sts/cpansmoke/perl-5.16.1/cpan/build/Text-Hatena-0.20-PLHXCX/blib/lib/Text/Hatena.pm line 8.
BEGIN failed--compilation aborted at /home/sts/cpansmoke/perl-5.16.1/cpan/build/Text-Hatena-0.20-PLHXCX/blib/lib/Text/Hatena.pm line 8.
Compilation failed in require at t/01_module.t line 5.
BEGIN failed--compilation aborted at t/01_module.t line 5.
t/01_module.t ........... 
Dubious, test returned 2 (wstat 512, 0x200)
No subtests run 
Attempt to reload Text/Hatena.pm aborted.
Compilation failed in require at (eval 30) line 2.
	...propagated at /home/sts/cpansmoke/perl-5.16.1/lib/5.16.1/base.pm line 84.
BEGIN failed--compilation aborted at t/lib/MyParser.pm line 4.
Compilation failed in require at t/02_module_extend.t line 6.
BEGIN failed--compilation aborted at t/02_module_extend.t line 6.
t/02_module_extend.t .... 
Dubious, test returned 2 (wstat 512, 0x200)
No subtests run 
Can't locate object method "mk_classdata" via package "Text::Hatena::AutoLink" at /home/sts/cpansmoke/perl-5.16.1/cpan/build/Text-Hatena-0.20-PLHXCX/blib/lib/Text/Hatena/AutoLink.pm line 9.
Compilation failed in require at t/10_autolink.t line 4.
BEGIN failed--compilation aborted at t/10_autolink.t line 4.
t/10_autolink.t ......... 
Dubious, test returned 2 (wstat 512, 0x200)
No subtests run 
Can't locate object method "mk_classdata" via package "Text::Hatena::AutoLink" at /home/sts/cpansmoke/perl-5.16.1/cpan/build/Text-Hatena-0.20-PLHXCX/blib/lib/Text/Hatena/AutoLink.pm line 9.
Compilation failed in require at t/11_autolink_extend.t line 4.
BEGIN failed--compilation aborted at t/11_autolink_extend.t line 4.
t/11_autolink_extend.t .. 
Dubious, test returned 2 (wstat 512, 0x200)
No subtests run 

Test Summary Report
-------------------
t/00_compile.t        (Wstat: 256 Tests: 1 Failed: 1)
  Failed test:  1
  Non-zero exit status: 1
t/01_module.t         (Wstat: 512 Tests: 0 Failed: 0)
  Non-zero exit status: 2
  Parse errors: No plan found in TAP output
t/02_module_extend.t  (Wstat: 512 Tests: 0 Failed: 0)
  Non-zero exit status: 2
  Parse errors: No plan found in TAP output
t/10_autolink.t       (Wstat: 512 Tests: 0 Failed: 0)
  Non-zero exit status: 2
  Parse errors: No plan found in TAP output
t/11_autolink_extend.t (Wstat: 512 Tests: 0 Failed: 0)
  Non-zero exit status: 2
  Parse errors: No plan found in TAP output
Files=5, Tests=1,  1 wallclock secs ( 0.05 usr  0.04 sys +  0.82 cusr  0.10 csys =  1.01 CPU)
Result: FAIL
Failed 5/5 test programs. 1/1 subtests failed.
*** Error code 2

Stop in /home/sts/cpansmoke/perl-5.16.1/cpan/build/Text-Hatena-0.20-PLHXCX (line 832 of Makefile).

------------------------------
PREREQUISITES
------------------------------

Prerequisite modules loaded:

requires:

    Module              Need Have    
    ------------------- ---- --------
    Parse::RecDescent   1.94 1.967009
    Regexp::Assemble    0.28 0.35    
    Test::Base          0.53 0.60    
    Test::More          0.32 0.98    

build_requires:

    Module              Need Have    
    ------------------- ---- --------
    ExtUtils::MakeMaker 0    6.63_02 


------------------------------
ENVIRONMENT AND OTHER CONTEXT
------------------------------

Environment variables:

    AUTOMATED_TESTING = 1
    LC_CTYPE = en_US.UTF-8
    PATH = /home/sts/bin:/home/sts/.etc/bin:/usr/local/bin:/usr/mpkg/bin:/usr/bin:/bin:/usr/X11R6/bin:/usr/sbin:/sbin:/usr/mpkg/sbin:/usr/games
    PERL5LIB = /home/sts/cpansmoke/perl-5.16.1/cpan/build/Parse-RecDescent-1.967009-i2peX6/blib/arch:/home/sts/cpansmoke/perl-5.16.1/cpan/build/Parse-RecDescent-1.967009-i2peX6/blib/lib:/home/sts/cpansmoke/perl-5.16.1/cpan/build/Regexp-Assemble-0.35-n17KyU/blib/arch:/home/sts/cpansmoke/perl-5.16.1/cpan/build/Regexp-Assemble-0.35-n17KyU/blib/lib:/home/sts/cpansmoke/perl-5.16.1/cpan/build/Test-Base-0.60-KhxUpo/blib/arch:/home/sts/cpansmoke/perl-5.16.1/cpan/build/Test-Base-0.60-KhxUpo/blib/lib:/home/sts/cpansmoke/perl-5.16.1/cpan/build/Spiffy-0.31-5kkHib/blib/arch:/home/sts/cpansmoke/perl-5.16.1/cpan/build/Spiffy-0.31-5kkHib/blib/lib
    PERL5OPT = 
    PERL5_CPANPLUS_IS_RUNNING = 4669
    PERL5_CPAN_IS_RUNNING = 4669
    PERL5_CPAN_IS_RUNNING_IN_RECURSION = 7867,4669
    PERL_CR_SMOKER_CURRENT = Template-Plugin-Hatena-0.02
    PERL_EXTUTILS_AUTOINSTALL = --defaultdeps
    PERL_MM_USE_DEFAULT = 1
    SHELL = /bin/mksh
    TERM = screen
    TMPDIR = /home/sts/cpansmoke/tmp

Perl special variables (and OS-specific diagnostics, for MSWin32):

    $^X = /home/sts/cpansmoke/perl-5.16.1/bin/perl
    $UID/$EUID = 3000 / 3000
    $GID = 3000 3000 0 9 20
    $EGID = 3000 3000 0 9 20

Perl module toolchain versions installed:

    Module              Have    
    ------------------- --------
    CPAN                1.9800  
    CPAN::Meta          2.120630
    Cwd                 3.39_02 
    ExtUtils::CBuilder  0.280206
    ExtUtils::Command   1.17    
    ExtUtils::Install   1.58    
    ExtUtils::MakeMaker 6.63_02 
    ExtUtils::Manifest  1.61    
    ExtUtils::ParseXS   3.16    
    File::Spec          3.39_02 
    JSON                2.53    
    JSON::PP            2.27200 
    Module::Build       0.39_01 
    Module::Signature   n/a     
    Parse::CPAN::Meta   1.4402  
    Test::Harness       3.23    
    Test::More          0.98    
    YAML                n/a     
    YAML::Syck          n/a     
    version             0.99    


--

Summary of my perl5 (revision 5 version 16 subversion 1) configuration:
   
  Platform:
    osname=mirbsd, osvers=10, archname=MirBSD.i386-mirbsd-thread-multi
    uname='mirbsd cpansmoke8 10 kv#10uaf-20110818 generic#1330 i386 '
    config_args='-des -Dusethreads -Dprefix=/home/sts/cpansmoke/perl-5.16.1'
    hint=recommended, useposix=true, d_sigaction=define
    useithreads=define, usemultiplicity=define
    useperlio=define, d_sfio=undef, uselargefiles=define, usesocks=undef
    use64bitint=undef, use64bitall=undef, uselongdouble=undef
    usemymalloc=n, bincompat5005=undef
  Compiler:
    cc='mgcc', ccflags ='-pthread -fhonour-copts -I/usr/mpkg/include -I/usr/local/include',
    optimize='-O2',
    cppflags='-fhonour-copts -I/usr/mpkg/include -pthread -fhonour-copts -I/usr/mpkg/include -I/usr/local/include'
    ccversion='', gccversion='3.4.6 (propolice; gpc; MirOS 0AAB)', gccosandvers='mirbsd10'
    intsize=4, longsize=4, ptrsize=4, doublesize=8, byteorder=1234
    d_longlong=define, longlongsize=8, d_longdbl=define, longdblsize=12
    ivtype='long', ivsize=4, nvtype='double', nvsize=8, Off_t='off_t', lseeksize=8
    alignbytes=4, prototype=define
  Linker and Libraries:
    ld='mgcc', ldflags ='-pthread -Wl,-E  -L/usr/mpkg/lib -L/usr/local/lib'
    libpth=/usr/mpkg/lib /usr/local/lib /usr/lib
    libs=-lm -lutil -lc
    perllibs=-lm -lutil -lc
    libc=/usr/lib/libc.so.41.9, so=so, useshrplib=false, libperl=libperl.a
    gnulibc_version=''
  Dynamic Linking:
    dlsrc=dl_dlopen.xs, dlext=so, d_dlsymun=undef, ccdlflags=' '
    cccdlflags='-DPIC -fPIC ', lddlflags='-shared -fPIC  -L/usr/mpkg/lib -L/usr/local/lib'


Characteristics of this binary (from libperl): 
  Compile-time options: HAS_TIMES MULTIPLICITY PERLIO_LAYERS
                        PERL_DONT_CREATE_GVSV PERL_IMPLICIT_CONTEXT
                        PERL_MALLOC_WRAP PERL_PRESERVE_IVUV USE_ITHREADS
                        USE_LARGE_FILES USE_LOCALE USE_LOCALE_COLLATE
                        USE_LOCALE_CTYPE USE_LOCALE_NUMERIC USE_PERLIO
                        USE_PERL_ATOF USE_REENTRANT_API
  Built under mirbsd
  Compiled at Oct  4 2012 14:44:47
  %ENV:
    PERL5LIB="/home/sts/cpansmoke/perl-5.16.1/cpan/build/Parse-RecDescent-1.967009-i2peX6/blib/arch:/home/sts/cpansmoke/perl-5.16.1/cpan/build/Parse-RecDescent-1.967009-i2peX6/blib/lib:/home/sts/cpansmoke/perl-5.16.1/cpan/build/Regexp-Assemble-0.35-n17KyU/blib/arch:/home/sts/cpansmoke/perl-5.16.1/cpan/build/Regexp-Assemble-0.35-n17KyU/blib/lib:/home/sts/cpansmoke/perl-5.16.1/cpan/build/Test-Base-0.60-KhxUpo/blib/arch:/home/sts/cpansmoke/perl-5.16.1/cpan/build/Test-Base-0.60-KhxUpo/blib/lib:/home/sts/cpansmoke/perl-5.16.1/cpan/build/Spiffy-0.31-5kkHib/blib/arch:/home/sts/cpansmoke/perl-5.16.1/cpan/build/Spiffy-0.31-5kkHib/blib/lib"
    PERL5OPT=""
    PERL5_CPANPLUS_IS_RUNNING="4669"
    PERL5_CPAN_IS_RUNNING="4669"
    PERL5_CPAN_IS_RUNNING_IN_RECURSION="7867,4669"
    PERL_CR_SMOKER_CURRENT="Template-Plugin-Hatena-0.02"
    PERL_EXTUTILS_AUTOINSTALL="--defaultdeps"
    PERL_MM_USE_DEFAULT="1"
  @INC:
    /home/sts/cpansmoke/perl-5.16.1/cpan/build/Parse-RecDescent-1.967009-i2peX6/blib/arch
    /home/sts/cpansmoke/perl-5.16.1/cpan/build/Parse-RecDescent-1.967009-i2peX6/blib/lib
    /home/sts/cpansmoke/perl-5.16.1/cpan/build/Regexp-Assemble-0.35-n17KyU/blib/arch
    /home/sts/cpansmoke/perl-5.16.1/cpan/build/Regexp-Assemble-0.35-n17KyU/blib/lib
    /home/sts/cpansmoke/perl-5.16.1/cpan/build/Test-Base-0.60-KhxUpo/blib/arch
    /home/sts/cpansmoke/perl-5.16.1/cpan/build/Test-Base-0.60-KhxUpo/blib/lib
    /home/sts/cpansmoke/perl-5.16.1/cpan/build/Spiffy-0.31-5kkHib/blib/arch
    /home/sts/cpansmoke/perl-5.16.1/cpan/build/Spiffy-0.31-5kkHib/blib/lib
    /home/sts/cpansmoke/perl-5.16.1/lib/site_perl/5.16.1/MirBSD.i386-mirbsd-thread-multi
    /home/sts/cpansmoke/perl-5.16.1/lib/site_perl/5.16.1
    /home/sts/cpansmoke/perl-5.16.1/lib/5.16.1/MirBSD.i386-mirbsd-thread-multi
    /home/sts/cpansmoke/perl-5.16.1/lib/5.16.1
    .