DateTime-Format-Intl vv0.1.0 Perl 5 v5.24.4 x86_64-linux-ld
- Status
- Fail
- From
- Slaven Rezić
- Dist
-
DateTime-Format-Intl vv0.1.0
- Platform
- Perl 5 v5.24.4 x86_64-linux-ld
- Date
- 2024-10-09 11:23:38
- ID
- ee0b3650-8630-11ef-bb32-76db6d8775ea
This distribution has been tested as part of the CPAN Testers
project, supporting the Perl programming language. See
http://wiki.cpantesters.org/ for more information or email
questions to cpan-testers-discuss@perl.org
--
Dear Jacques Deguest,
This is a computer-generated report for DateTime-Format-Intl-v0.1.0
on perl 5.24.4, created by CPAN-Reporter-1.2019.
Thank you for uploading your work to CPAN. However, there was a problem
testing your distribution.
If you think this report is invalid, please consult the CPAN Testers Wiki
for suggestions on how to avoid getting FAIL reports for missing library
or binary dependencies, unsupported operating systems, and so on:
http://wiki.cpantesters.org/wiki/CPANAuthorNotes
Sections of this report:
* Tester comments
* Program output
* Prerequisites
* Environment and other context
------------------------------
TESTER COMMENTS
------------------------------
Additional comments from tester:
none provided
------------------------------
PROGRAM OUTPUT
------------------------------
Output from '/usr/bin/make test':
PERL_DL_NONLAZY=1 "/opt/perl-5.24.4D/bin/perl" "-MExtUtils::Command::MM" "-MTest::Harness" "-e" "undef *Test::Harness::Switches; test_harness(0, 'blib/lib', 'blib/arch')" t/*.t
t/001_load.t ....................... ok
t/002_methods.t .................... ok
# Failed test 'Option "timeZone" value expected was "Asia/Tokyo", but got "UTC".'
# at t/003_resolved_options.t line 928.
# Looks like you failed 1 test of 2.
# Failed test 'DateTime::Format::Intl->new( en, {dayPeriod, hour} )'
# at t/003_resolved_options.t line 934.
# Failed test 'Option "timeZone" value expected was "Asia/Tokyo", but got "UTC".'
# at t/003_resolved_options.t line 928.
# Looks like you failed 1 test of 2.
# Failed test 'DateTime::Format::Intl->new( en, {dayPeriod, hour, minute} )'
# at t/003_resolved_options.t line 934.
# Failed test 'Option "timeZone" value expected was "Asia/Tokyo", but got "UTC".'
# at t/003_resolved_options.t line 928.
# Looks like you failed 1 test of 2.
# Failed test 'DateTime::Format::Intl->new( en, {dayPeriod, hour, minute, second} )'
# at t/003_resolved_options.t line 934.
# Failed test 'Option "timeZone" value expected was "Asia/Tokyo", but got "UTC".'
# at t/003_resolved_options.t line 928.
# Looks like you failed 1 test of 2.
# Failed test 'DateTime::Format::Intl->new( en, {weekday} )'
# at t/003_resolved_options.t line 934.
# Failed test 'Option "timeZone" value expected was "Asia/Tokyo", but got "UTC".'
# at t/003_resolved_options.t line 928.
# Looks like you failed 1 test of 2.
# Failed test 'DateTime::Format::Intl->new( en, {dayPeriod, hour, minute, weekday} )'
# at t/003_resolved_options.t line 934.
# Failed test 'Option "timeZone" value expected was "Asia/Tokyo", but got "UTC".'
# at t/003_resolved_options.t line 928.
# Looks like you failed 1 test of 2.
# Failed test 'DateTime::Format::Intl->new( en, {dayPeriod, hour, minute, second, weekday} )'
# at t/003_resolved_options.t line 934.
# Failed test 'Option "timeZone" value expected was "Asia/Tokyo", but got "UTC".'
# at t/003_resolved_options.t line 928.
# Looks like you failed 1 test of 2.
# Failed test 'DateTime::Format::Intl->new( en, {hour, hour12, minute, weekday} )'
# at t/003_resolved_options.t line 934.
# Failed test 'Option "timeZone" value expected was "Asia/Tokyo", but got "UTC".'
# at t/003_resolved_options.t line 928.
# Looks like you failed 1 test of 2.
# Failed test 'DateTime::Format::Intl->new( en, {hour, hour12, minute, second, weekday} )'
# at t/003_resolved_options.t line 934.
# Failed test 'Option "timeZone" value expected was "Asia/Tokyo", but got "UTC".'
# at t/003_resolved_options.t line 928.
# Looks like you failed 1 test of 2.
# Failed test 'DateTime::Format::Intl->new( en, {day, weekday} )'
# at t/003_resolved_options.t line 934.
# Failed test 'Option "timeZone" value expected was "Asia/Tokyo", but got "UTC".'
# at t/003_resolved_options.t line 928.
# Looks like you failed 1 test of 2.
# Failed test 'DateTime::Format::Intl->new( en, {era, year} )'
# at t/003_resolved_options.t line 934.
# Failed test 'Option "timeZone" value expected was "Asia/Tokyo", but got "UTC".'
# at t/003_resolved_options.t line 928.
# Looks like you failed 1 test of 2.
# Failed test 'DateTime::Format::Intl->new( en, {era, month, year} )'
# at t/003_resolved_options.t line 934.
# Failed test 'Option "timeZone" value expected was "Asia/Tokyo", but got "UTC".'
# at t/003_resolved_options.t line 928.
# Looks like you failed 1 test of 2.
# Failed test 'DateTime::Format::Intl->new( en, {day, era, month, weekday, year} )'
# at t/003_resolved_options.t line 934.
# Failed test 'Option "timeZone" value expected was "Asia/Tokyo", but got "UTC".'
# at t/003_resolved_options.t line 928.
# Looks like you failed 1 test of 2.
# Failed test 'DateTime::Format::Intl->new( en, {day, era, month, year} )'
# at t/003_resolved_options.t line 934.
# Failed test 'Option "timeZone" value expected was "Asia/Tokyo", but got "UTC".'
# at t/003_resolved_options.t line 928.
# Looks like you failed 1 test of 2.
# Failed test 'DateTime::Format::Intl->new( en, {day, era, month, year} )'
# at t/003_resolved_options.t line 934.
# Failed test 'Option "timeZone" value expected was "Asia/Tokyo", but got "UTC".'
# at t/003_resolved_options.t line 928.
# Looks like you failed 1 test of 2.
# Failed test 'DateTime::Format::Intl->new( en, {hour, hour12} )'
# at t/003_resolved_options.t line 934.
# Failed test 'Option "timeZone" value expected was "Asia/Tokyo", but got "UTC".'
# at t/003_resolved_options.t line 928.
# Looks like you failed 1 test of 2.
# Failed test 'DateTime::Format::Intl->new( en, {hour, hour12, minute} )'
# at t/003_resolved_options.t line 934.
# Failed test 'Option "timeZone" value expected was "Asia/Tokyo", but got "UTC".'
# at t/003_resolved_options.t line 928.
# Looks like you failed 1 test of 2.
# Failed test 'DateTime::Format::Intl->new( en, {hour, hour12, minute, second} )'
# at t/003_resolved_options.t line 934.
# Failed test 'Option "timeZone" value expected was "Asia/Tokyo", but got "UTC".'
# at t/003_resolved_options.t line 928.
# Looks like you failed 1 test of 2.
# Failed test 'DateTime::Format::Intl->new( en, {hour, hour12, minute, second, timeZoneName} )'
# at t/003_resolved_options.t line 934.
# Failed test 'Option "timeZone" value expected was "Asia/Tokyo", but got "UTC".'
# at t/003_resolved_options.t line 928.
# Looks like you failed 1 test of 2.
# Failed test 'DateTime::Format::Intl->new( en, {hour, hour12, minute, timeZoneName} )'
# at t/003_resolved_options.t line 934.
# Failed test 'Option "timeZone" value expected was "Asia/Tokyo", but got "UTC".'
# at t/003_resolved_options.t line 928.
# Looks like you failed 1 test of 2.
# Failed test 'DateTime::Format::Intl->new( en, {day, month} )'
# at t/003_resolved_options.t line 934.
# Failed test 'Option "timeZone" value expected was "Asia/Tokyo", but got "UTC".'
# at t/003_resolved_options.t line 928.
# Looks like you failed 1 test of 2.
# Failed test 'DateTime::Format::Intl->new( en, {month} )'
# at t/003_resolved_options.t line 934.
# Failed test 'Option "timeZone" value expected was "Asia/Tokyo", but got "UTC".'
# at t/003_resolved_options.t line 928.
# Looks like you failed 1 test of 2.
# Failed test 'DateTime::Format::Intl->new( en, {day, month, weekday} )'
# at t/003_resolved_options.t line 934.
# Failed test 'Option "timeZone" value expected was "Asia/Tokyo", but got "UTC".'
# at t/003_resolved_options.t line 928.
# Looks like you failed 1 test of 2.
# Failed test 'DateTime::Format::Intl->new( en, {month} )'
# at t/003_resolved_options.t line 934.
# Failed test 'Option "timeZone" value expected was "Asia/Tokyo", but got "UTC".'
# at t/003_resolved_options.t line 928.
# Looks like you failed 1 test of 2.
# Failed test 'DateTime::Format::Intl->new( en, {day, month, weekday} )'
# at t/003_resolved_options.t line 934.
# Failed test 'Option "timeZone" value expected was "Asia/Tokyo", but got "UTC".'
# at t/003_resolved_options.t line 928.
# Looks like you failed 1 test of 2.
# Failed test 'DateTime::Format::Intl->new( en, {day, month} )'
# at t/003_resolved_options.t line 934.
# Failed test 'Option "timeZone" value expected was "Asia/Tokyo", but got "UTC".'
# at t/003_resolved_options.t line 928.
# Looks like you failed 1 test of 2.
# Failed test 'DateTime::Format::Intl->new( en, {day, month, year} )'
# at t/003_resolved_options.t line 934.
# Failed test 'Option "timeZone" value expected was "Asia/Tokyo", but got "UTC".'
# at t/003_resolved_options.t line 928.
# Looks like you failed 1 test of 2.
# Failed test 'DateTime::Format::Intl->new( en, {day, month} )'
# at t/003_resolved_options.t line 934.
# Failed test 'Option "timeZone" value expected was "Asia/Tokyo", but got "UTC".'
# at t/003_resolved_options.t line 928.
# Looks like you failed 1 test of 2.
# Failed test 'DateTime::Format::Intl->new( en, {day} )'
# at t/003_resolved_options.t line 934.
# Failed test 'Option "timeZone" value expected was "Asia/Tokyo", but got "UTC".'
# at t/003_resolved_options.t line 928.
# Looks like you failed 1 test of 2.
# Failed test 'DateTime::Format::Intl->new( en, {hour, hour12} )'
# at t/003_resolved_options.t line 934.
# Failed test 'Option "timeZone" value expected was "Asia/Tokyo", but got "UTC".'
# at t/003_resolved_options.t line 928.
# Looks like you failed 1 test of 2.
# Failed test 'DateTime::Format::Intl->new( en, {hour, hour12, minute} )'
# at t/003_resolved_options.t line 934.
# Failed test 'Option "timeZone" value expected was "Asia/Tokyo", but got "UTC".'
# at t/003_resolved_options.t line 928.
# Looks like you failed 1 test of 2.
# Failed test 'DateTime::Format::Intl->new( en, {hour, hour12, minute, second} )'
# at t/003_resolved_options.t line 934.
# Failed test 'Option "timeZone" value expected was "Asia/Tokyo", but got "UTC".'
# at t/003_resolved_options.t line 928.
# Looks like you failed 1 test of 2.
# Failed test 'DateTime::Format::Intl->new( en, {hour, hour12, minute, second, timeZoneName} )'
# at t/003_resolved_options.t line 934.
# Failed test 'Option "timeZone" value expected was "Asia/Tokyo", but got "UTC".'
# at t/003_resolved_options.t line 928.
# Looks like you failed 1 test of 2.
# Failed test 'DateTime::Format::Intl->new( en, {hour, hour12, minute, timeZoneName} )'
# at t/003_resolved_options.t line 934.
# Failed test 'Option "timeZone" value expected was "Asia/Tokyo", but got "UTC".'
# at t/003_resolved_options.t line 928.
# Looks like you failed 1 test of 2.
# Failed test 'DateTime::Format::Intl->new( en, {minute, second} )'
# at t/003_resolved_options.t line 934.
# Failed test 'Option "timeZone" value expected was "Asia/Tokyo", but got "UTC".'
# at t/003_resolved_options.t line 928.
# Looks like you failed 1 test of 2.
# Failed test 'DateTime::Format::Intl->new( en, {year} )'
# at t/003_resolved_options.t line 934.
# Failed test 'Option "timeZone" value expected was "Asia/Tokyo", but got "UTC".'
# at t/003_resolved_options.t line 928.
# Looks like you failed 1 test of 2.
# Failed test 'DateTime::Format::Intl->new( en, {month, year} )'
# at t/003_resolved_options.t line 934.
# Failed test 'Option "timeZone" value expected was "Asia/Tokyo", but got "UTC".'
# at t/003_resolved_options.t line 928.
# Looks like you failed 1 test of 2.
# Failed test 'DateTime::Format::Intl->new( en, {day, month, weekday, year} )'
# at t/003_resolved_options.t line 934.
# Failed test 'Option "timeZone" value expected was "Asia/Tokyo", but got "UTC".'
# at t/003_resolved_options.t line 928.
# Looks like you failed 1 test of 2.
# Failed test 'DateTime::Format::Intl->new( en, {month, year} )'
# at t/003_resolved_options.t line 934.
# Failed test 'Option "timeZone" value expected was "Asia/Tokyo", but got "UTC".'
# at t/003_resolved_options.t line 928.
# Looks like you failed 1 test of 2.
# Failed test 'DateTime::Format::Intl->new( en, {day, month, weekday, year} )'
# at t/003_resolved_options.t line 934.
# Failed test 'Option "timeZone" value expected was "Asia/Tokyo", but got "UTC".'
# at t/003_resolved_options.t line 928.
# Looks like you failed 1 test of 2.
# Failed test 'DateTime::Format::Intl->new( en, {month, year} )'
# at t/003_resolved_options.t line 934.
# Failed test 'Option "timeZone" value expected was "Asia/Tokyo", but got "UTC".'
# at t/003_resolved_options.t line 928.
# Looks like you failed 1 test of 2.
# Failed test 'DateTime::Format::Intl->new( en, {day, month, year} )'
# at t/003_resolved_options.t line 934.
# Failed test 'Option "timeZone" value expected was "Asia/Tokyo", but got "UTC".'
# at t/003_resolved_options.t line 928.
# Looks like you failed 1 test of 2.
# Failed test 'DateTime::Format::Intl->new( en, {day, month, year} )'
# at t/003_resolved_options.t line 934.
# Failed test 'Option "timeZone" value expected was "Asia/Tokyo", but got "UTC".'
# at t/003_resolved_options.t line 928.
# Looks like you failed 1 test of 2.
# Failed test 'DateTime::Format::Intl->new( en, {month, year} )'
# at t/003_resolved_options.t line 934.
# Failed test 'Option "timeZone" value expected was "Asia/Tokyo", but got "UTC".'
# at t/003_resolved_options.t line 928.
# Looks like you failed 1 test of 2.
# Failed test 'DateTime::Format::Intl->new( en, {month, year} )'
# at t/003_resolved_options.t line 934.
# Failed test 'Option "timeZone" value expected was "Asia/Tokyo", but got "UTC".'
# at t/003_resolved_options.t line 928.
# Looks like you failed 1 test of 2.
# Failed test 'DateTime::Format::Intl->new( en, {day, month, year} )'
# at t/003_resolved_options.t line 934.
# Failed test 'Option "timeZone" value expected was "Asia/Tokyo", but got "UTC".'
# at t/003_resolved_options.t line 928.
# Looks like you failed 1 test of 2.
# Failed test 'DateTime::Format::Intl->new( en, {minute} )'
# at t/003_resolved_options.t line 934.
# Failed test 'Option "timeZone" value expected was "Asia/Tokyo", but got "UTC".'
# at t/003_resolved_options.t line 928.
# Looks like you failed 1 test of 2.
# Failed test 'DateTime::Format::Intl->new( en, {second} )'
# at t/003_resolved_options.t line 934.
# Looks like you failed 47 tests of 54.
t/003_resolved_options.t ...........
Dubious, test returned 47 (wstat 12032, 0x2f00)
Failed 47/54 subtests
t/004_supported_locales_of.t ....... ok
t/005_select_best_pattern.t ........ ok
t/006_format.t ..................... ok
t/007_select_best_range_pattern.t .. ok
t/008_format_range.t ............... ok
t/009_date_time_combination.t ...... ok
t/010_format_to_parts.t ............ ok
t/011_format_range_to_parts.t ...... ok
t/900_pod.t ........................ skipped: These tests are for author or release candidate testing
t/910_coverage.t ................... skipped: These tests are for author or release candidate testing
t/920_manifest.t ................... skipped: Author tests not required for installation
t/930_signature.t .................. skipped: Set the environment variable AUTHOR_TESTING to enable this test.
t/999_kwalitee.t ................... skipped: These tests are for author or release candidate testing
Test Summary Report
-------------------
t/003_resolved_options.t (Wstat: 12032 Tests: 54 Failed: 47)
Failed tests: 8-54
Non-zero exit status: 47
Files=16, Tests=453, 10 wallclock secs ( 0.20 usr 0.05 sys + 8.52 cusr 0.79 csys = 9.56 CPU)
Result: FAIL
Failed 1/16 test programs. 47/453 subtests failed.
make: *** [Makefile:904: test_dynamic] Error 255
------------------------------
PREREQUISITES
------------------------------
Prerequisite modules loaded:
requires:
Module Need Have
-------------------------- -------- --------
DateTime 0.42 1.65
DateTime::Format::Unicode v0.1.3 v0.1.3
DateTime::Locale::FromCLDR v0.4.3 v0.4.3
Locale::Intl v0.1.0 v0.1.0
Locale::Unicode::Data v1.0.4 v1.0.4
parent 0 0.234
perl 5.010001 5.024004
POSIX 0 1.65_01
Scalar::Util 0 1.64
strict 0 1.11
vars 0 1.03
Want 0.17 0.29
warnings 0 1.36
warnings::register 0 1.04
build_requires:
Module Need Have
-------------------------- -------- --------
ExtUtils::MakeMaker 0 7.70
lib 0.63 0.63
open 0 1.10
Test::More 1.302120 1.302203
Test::Pod 1.52 1.52
utf8 0 1.19
configure_requires:
Module Need Have
-------------------------- -------- --------
ExtUtils::MakeMaker 0 7.70
------------------------------
ENVIRONMENT AND OTHER CONTEXT
------------------------------
Environment variables:
LANG = en_US.UTF-8
PATH = /usr/local/bin:/usr/bin:/bin:/usr/local/sbin:/usr/sbin:/sbin:/home/cpansand/bin/linux-gnu:/home/cpansand/bin/sh:/home/cpansand/bin:/usr/games:/home/cpansand/devel:/home/eserte/src/srezic-misc/scripts
PERL5LIB = /home/cpansand/.cpan/build/2024100902/Locale-Intl-v0.1.0-3/blib/arch:/home/cpansand/.cpan/build/2024100902/Locale-Intl-v0.1.0-3/blib/lib:/home/cpansand/.cpan/build/2024100902/DateTime-Format-Unicode-v0.1.3-3/blib/arch:/home/cpansand/.cpan/build/2024100902/DateTime-Format-Unicode-v0.1.3-3/blib/lib:/home/cpansand/.cpan/build/2024100902/DateTime-Locale-FromCLDR-v0.4.3-3/blib/arch:/home/cpansand/.cpan/build/2024100902/DateTime-Locale-FromCLDR-v0.4.3-3/blib/lib:/home/cpansand/.cpan/build/2024100902/Locale-Unicode-Data-v1.0.4-3/blib/arch:/home/cpansand/.cpan/build/2024100902/Locale-Unicode-Data-v1.0.4-3/blib/lib:/home/cpansand/.cpan/build/2024100902/Locale-Unicode-v0.3.9-3/blib/arch:/home/cpansand/.cpan/build/2024100902/Locale-Unicode-v0.3.9-3/blib/lib
PERL5OPT =
PERL5_CPANPLUS_IS_RUNNING = 423804
PERL5_CPAN_IS_RUNNING = 423804
PERL5_CPAN_IS_RUNNING_IN_RECURSION = 421609,423804
PERLDOC = -MPod::Perldoc::ToTextOverstrike
PERL_BATCH = yes
PERL_CANARY_STABILITY_NOPROMPT = 1
PERL_CPAN_REPORTER_CONFIG = /var/tmp/cpansmoker-1023/2024100902/cpanreporter_000_config.ini
PERL_EXTUTILS_AUTOINSTALL = --defaultdeps
PERL_USE_UNSAFE_INC = 1
SHELL = /usr/bin/zsh
TERM = screen
TMPDIR = /var/tmp/cpansmoker-1023/2024100902
Perl special variables (and OS-specific diagnostics, for MSWin32):
$^X = /opt/perl-5.24.4D/bin/perl
$UID/$EUID = 1023 / 1023
$GID = 1023 1023
$EGID = 1023 1023
Perl module toolchain versions installed:
Module Have
------------------- --------
CPAN 2.37
CPAN::Meta 2.150010
Cwd 3.75
ExtUtils::CBuilder 0.280236
ExtUtils::Command 7.70
ExtUtils::Install 2.06
ExtUtils::MakeMaker 7.70
ExtUtils::Manifest 1.70
ExtUtils::ParseXS 3.31
File::Spec 3.75
JSON 4.10
JSON::PP 4.16
Module::Build 0.4234
Module::Signature n/a
Parse::CPAN::Meta 2.150010
Test2 1.302203
Test::Harness 3.36_01
Test::More 1.302203
YAML 1.31
YAML::Syck 1.34
version 0.9916
--
Summary of my perl5 (revision 5 version 24 subversion 4) configuration:
Platform:
osname=linux, osvers=5.14.0-427.24.1.el9_4.x86_64, archname=x86_64-linux-ld
uname='linux rockylinux9-2gb-ash-1-cloud3.cloud 5.14.0-427.24.1.el9_4.x86_64 #1 smp preempt_dynamic mon jul 8 17:47:19 utc 2024 x86_64 x86_64 x86_64 gnulinux '
config_args='-ds -e -Dprefix=/opt/perl-5.24.4D -Uinstallusrbinperl -Duselongdouble -Dcf_email=srezic@cpan.org'
hint=recommended, useposix=true, d_sigaction=define
useithreads=undef, usemultiplicity=undef
use64bitint=define, use64bitall=define, uselongdouble=define
usemymalloc=n, bincompat5005=undef
Compiler:
cc='cc', ccflags ='-fwrapv -fno-strict-aliasing -pipe -fstack-protector-strong -I/usr/local/include -D_LARGEFILE_SOURCE -D_FILE_OFFSET_BITS=64 -D_FORTIFY_SOURCE=2',
optimize='-O2',
cppflags='-fwrapv -fno-strict-aliasing -pipe -fstack-protector-strong -I/usr/local/include'
ccversion='', gccversion='11.4.1 20231218 (Red Hat 11.4.1-3)', gccosandvers=''
intsize=4, longsize=8, ptrsize=8, doublesize=8, byteorder=12345678, doublekind=3
d_longlong=define, longlongsize=8, d_longdbl=define, longdblsize=16, longdblkind=3
ivtype='long', ivsize=8, nvtype='long double', nvsize=16, Off_t='off_t', lseeksize=8
alignbytes=16, prototype=define
Linker and Libraries:
ld='cc', ldflags =' -fstack-protector-strong -L/usr/local/lib'
libpth=/usr/local/lib /usr/lib /lib/../lib64 /usr/lib/../lib64 /lib /lib64 /usr/lib64 /usr/local/lib64
libs=-lpthread -ldb -ldl -lm -lcrypt -lutil -lc
perllibs=-lpthread -ldl -lm -lcrypt -lutil -lc
libc=/lib/../lib64/libc.so.6, so=so, useshrplib=false, libperl=libperl.a
gnulibc_version='2.34'
Dynamic Linking:
dlsrc=dl_dlopen.xs, dlext=so, d_dlsymun=undef, ccdlflags='-Wl,-E'
cccdlflags='-fPIC', lddlflags='-shared -O2 -L/usr/local/lib -fstack-protector-strong'
Characteristics of this binary (from libperl):
Compile-time options: HAS_TIMES PERLIO_LAYERS PERL_COPY_ON_WRITE
PERL_DONT_CREATE_GVSV
PERL_HASH_FUNC_ONE_AT_A_TIME_HARD PERL_MALLOC_WRAP
PERL_PRESERVE_IVUV USE_64_BIT_ALL USE_64_BIT_INT
USE_LARGE_FILES USE_LOCALE USE_LOCALE_COLLATE
USE_LOCALE_CTYPE USE_LOCALE_NUMERIC USE_LOCALE_TIME
USE_LONG_DOUBLE USE_PERLIO USE_PERL_ATOF
Locally applied patches:
Devel::PatchPerl 2.08
Built under linux
Compiled at Jul 19 2024 20:19:54
%ENV:
PERL5LIB="/home/cpansand/.cpan/build/2024100902/Locale-Intl-v0.1.0-3/blib/arch:/home/cpansand/.cpan/build/2024100902/Locale-Intl-v0.1.0-3/blib/lib:/home/cpansand/.cpan/build/2024100902/DateTime-Format-Unicode-v0.1.3-3/blib/arch:/home/cpansand/.cpan/build/2024100902/DateTime-Format-Unicode-v0.1.3-3/blib/lib:/home/cpansand/.cpan/build/2024100902/DateTime-Locale-FromCLDR-v0.4.3-3/blib/arch:/home/cpansand/.cpan/build/2024100902/DateTime-Locale-FromCLDR-v0.4.3-3/blib/lib:/home/cpansand/.cpan/build/2024100902/Locale-Unicode-Data-v1.0.4-3/blib/arch:/home/cpansand/.cpan/build/2024100902/Locale-Unicode-Data-v1.0.4-3/blib/lib:/home/cpansand/.cpan/build/2024100902/Locale-Unicode-v0.3.9-3/blib/arch:/home/cpansand/.cpan/build/2024100902/Locale-Unicode-v0.3.9-3/blib/lib"
PERL5OPT=""
PERL5_CPANPLUS_IS_RUNNING="423804"
PERL5_CPAN_IS_RUNNING="423804"
PERL5_CPAN_IS_RUNNING_IN_RECURSION="421609,423804"
PERLDOC="-MPod::Perldoc::ToTextOverstrike"
PERL_BATCH="yes"
PERL_CANARY_STABILITY_NOPROMPT="1"
PERL_CPAN_REPORTER_CONFIG="/var/tmp/cpansmoker-1023/2024100902/cpanreporter_000_config.ini"
PERL_EXTUTILS_AUTOINSTALL="--defaultdeps"
PERL_USE_UNSAFE_INC="1"
@INC:
/home/cpansand/.cpan/build/2024100902/Locale-Intl-v0.1.0-3/blib/arch
/home/cpansand/.cpan/build/2024100902/Locale-Intl-v0.1.0-3/blib/lib
/home/cpansand/.cpan/build/2024100902/DateTime-Format-Unicode-v0.1.3-3/blib/arch
/home/cpansand/.cpan/build/2024100902/DateTime-Format-Unicode-v0.1.3-3/blib/lib
/home/cpansand/.cpan/build/2024100902/DateTime-Locale-FromCLDR-v0.4.3-3/blib/arch
/home/cpansand/.cpan/build/2024100902/DateTime-Locale-FromCLDR-v0.4.3-3/blib/lib
/home/cpansand/.cpan/build/2024100902/Locale-Unicode-Data-v1.0.4-3/blib/arch
/home/cpansand/.cpan/build/2024100902/Locale-Unicode-Data-v1.0.4-3/blib/lib
/home/cpansand/.cpan/build/2024100902/Locale-Unicode-v0.3.9-3/blib/arch
/home/cpansand/.cpan/build/2024100902/Locale-Unicode-v0.3.9-3/blib/lib
/opt/perl-5.24.4D/lib/site_perl/5.24.4/x86_64-linux-ld
/opt/perl-5.24.4D/lib/site_perl/5.24.4
/opt/perl-5.24.4D/lib/5.24.4/x86_64-linux-ld
/opt/perl-5.24.4D/lib/5.24.4
.