Report for Data-Thunk-0.07

Back
From: metabase:user:320bfe00-2aae-11df-837a-5e0a49663a4f
Subject: FAIL Data-Thunk-0.07 v5.13.4 GNU/Linux
Date: 2010-11-15T00:40:21Z

This distribution has been tested as part of the CPAN Testers
project, supporting the Perl programming language.  See
http://wiki.cpantesters.org/ for more information or email
questions to cpan-testers-discuss@perl.org


--
Dear Florian Ragwitz,

This is a computer-generated report for Data-Thunk-0.07
on perl 5.13.4, created by CPAN-Reporter-1.1805.

Thank you for uploading your work to CPAN.  However, there was a problem
testing your distribution.

If you think this report is invalid, please consult the CPAN Testers Wiki
for suggestions on how to avoid getting FAIL reports for missing library
or binary dependencies, unsupported operating systems, and so on:

http://wiki.cpantesters.org/wiki/CPANAuthorNotes

Sections of this report:

    * Tester comments
    * Program output
    * Prerequisites
    * Environment and other context

------------------------------
TESTER COMMENTS
------------------------------

Additional comments from tester:

this report is from an automated smoke testing program
and was not reviewed by a human for accuracy

------------------------------
PROGRAM OUTPUT
------------------------------

Output from '/usr/bin/make test':

PERL_DL_NONLAZY=1 /home/src/perl/repoperls/installed-perls/perl/v5.13.4-219-gb24b84e/bin/perl "-MExtUtils::Command::MM" "-e" "test_harness(0, 'blib/lib', 'blib/arch')" t/*.t
list_all_package_symbols is deprecated, please use list_all_symbols at /home/src/perl/repoperls/installed-perls/perl/v5.13.4-219-gb24b84e/lib/site_perl/5.13.4/x86_64-linux-thread-multi-ld/Package/Stash.pm line 61
	Package::Stash::list_all_package_symbols('Package::Stash=HASH(0xd74090)', 'CODE') called at /home/src/perl/repoperls/installed-perls/perl/v5.13.4-219-gb24b84e/lib/site_perl/5.13.4/namespace/clean.pm line 153
	namespace::clean::get_functions('namespace::clean', 'Data::Thunk::Code') called at /home/src/perl/repoperls/installed-perls/perl/v5.13.4-219-gb24b84e/lib/site_perl/5.13.4/namespace/clean.pm line 88
	namespace::clean::import('namespace::clean') called at /home/sand/.cpan/build/Data-Thunk-0.07-H4EC7O/blib/lib/Data/Thunk/Code.pm line 22
	Data::Thunk::Code::BEGIN() called at /home/src/perl/repoperls/installed-perls/perl/v5.13.4-219-gb24b84e/lib/site_perl/5.13.4/namespace/clean.pm line 22
	eval {...} called at /home/src/perl/repoperls/installed-perls/perl/v5.13.4-219-gb24b84e/lib/site_perl/5.13.4/namespace/clean.pm line 22
	require Data/Thunk/Code.pm called at /home/sand/.cpan/build/Data-Thunk-0.07-H4EC7O/blib/lib/Data/Thunk.pm line 15
	Data::Thunk::BEGIN() called at /home/src/perl/repoperls/installed-perls/perl/v5.13.4-219-gb24b84e/lib/site_perl/5.13.4/namespace/clean.pm line 22
	eval {...} called at /home/src/perl/repoperls/installed-perls/perl/v5.13.4-219-gb24b84e/lib/site_perl/5.13.4/namespace/clean.pm line 22
	require Data/Thunk.pm called at (eval 4) line 2
	main::BEGIN() called at /home/src/perl/repoperls/installed-perls/perl/v5.13.4-219-gb24b84e/lib/site_perl/5.13.4/namespace/clean.pm line 22
	eval {...} called at /home/src/perl/repoperls/installed-perls/perl/v5.13.4-219-gb24b84e/lib/site_perl/5.13.4/namespace/clean.pm line 22
	eval 'package main;
use Data::Thunk @{$args[0]};
1;

;' called at /home/src/perl/repoperls/installed-perls/perl/v5.13.4-219-gb24b84e/lib/5.13.4/Test/More.pm line 875
	Test::More::_eval('package main;\x{a}use Data::Thunk @{$args[0]};\x{a}1;\x{a}', 'ARRAY(0xd377f8)') called at /home/src/perl/repoperls/installed-perls/perl/v5.13.4-219-gb24b84e/lib/5.13.4/Test/More.pm line 850
	Test::More::use_ok('Data::Thunk') called at t/01-basic.t line 2
	main::BEGIN() called at /home/src/perl/repoperls/installed-perls/perl/v5.13.4-219-gb24b84e/lib/site_perl/5.13.4/namespace/clean.pm line 22
	eval {...} called at /home/src/perl/repoperls/installed-perls/perl/v5.13.4-219-gb24b84e/lib/site_perl/5.13.4/namespace/clean.pm line 22
get_package_symbol is deprecated, please use get_symbol at /home/src/perl/repoperls/installed-perls/perl/v5.13.4-219-gb24b84e/lib/site_perl/5.13.4/x86_64-linux-thread-multi-ld/Package/Stash.pm line 46
	Package::Stash::get_package_symbol('Package::Stash=HASH(0xd74090)', '&blessed') called at /home/src/perl/repoperls/installed-perls/perl/v5.13.4-219-gb24b84e/lib/site_perl/5.13.4/namespace/clean.pm line 153
	namespace::clean::get_functions('namespace::clean', 'Data::Thunk::Code') called at /home/src/perl/repoperls/installed-perls/perl/v5.13.4-219-gb24b84e/lib/site_perl/5.13.4/namespace/clean.pm line 88
	namespace::clean::import('namespace::clean') called at /home/sand/.cpan/build/Data-Thunk-0.07-H4EC7O/blib/lib/Data/Thunk/Code.pm line 22
	Data::Thunk::Code::BEGIN() called at /home/src/perl/repoperls/installed-perls/perl/v5.13.4-219-gb24b84e/lib/site_perl/5.13.4/namespace/clean.pm line 22
	eval {...} called at /home/src/perl/repoperls/installed-perls/perl/v5.13.4-219-gb24b84e/lib/site_perl/5.13.4/namespace/clean.pm line 22
	require Data/Thunk/Code.pm called at /home/sand/.cpan/build/Data-Thunk-0.07-H4EC7O/blib/lib/Data/Thunk.pm line 15
	Data::Thunk::BEGIN() called at /home/src/perl/repoperls/installed-perls/perl/v5.13.4-219-gb24b84e/lib/site_perl/5.13.4/namespace/clean.pm line 22
	eval {...} called at /home/src/perl/repoperls/installed-perls/perl/v5.13.4-219-gb24b84e/lib/site_perl/5.13.4/namespace/clean.pm line 22
	require Data/Thunk.pm called at (eval 4) line 2
	main::BEGIN() called at /home/src/perl/repoperls/installed-perls/perl/v5.13.4-219-gb24b84e/lib/site_perl/5.13.4/namespace/clean.pm line 22
	eval {...} called at /home/src/perl/repoperls/installed-perls/perl/v5.13.4-219-gb24b84e/lib/site_perl/5.13.4/namespace/clean.pm line 22
	eval 'package main;
use Data::Thunk @{$args[0]};
1;

;' called at /home/src/perl/repoperls/installed-perls/perl/v5.13.4-219-gb24b84e/lib/5.13.4/Test/More.pm line 875
	Test::More::_eval('package main;\x{a}use Data::Thunk @{$args[0]};\x{a}1;\x{a}', 'ARRAY(0xd377f8)') called at /home/src/perl/repoperls/installed-perls/perl/v5.13.4-219-gb24b84e/lib/5.13.4/Test/More.pm line 850
	Test::More::use_ok('Data::Thunk') called at t/01-basic.t line 2
	main::BEGIN() called at /home/src/perl/repoperls/installed-perls/perl/v5.13.4-219-gb24b84e/lib/site_perl/5.13.4/namespace/clean.pm line 22
	eval {...} called at /home/src/perl/repoperls/installed-perls/perl/v5.13.4-219-gb24b84e/lib/site_perl/5.13.4/namespace/clean.pm line 22
has_package_symbol is deprecated, please use has_symbol at /home/src/perl/repoperls/installed-perls/perl/v5.13.4-219-gb24b84e/lib/site_perl/5.13.4/x86_64-linux-thread-multi-ld/Package/Stash.pm line 41
	Package::Stash::has_package_symbol('Package::Stash=HASH(0xf7ab98)', '%__NAMESPACE_CLEAN_STORAGE') called at /home/src/perl/repoperls/installed-perls/perl/v5.13.4-219-gb24b84e/lib/site_perl/5.13.4/namespace/clean.pm line 142
	namespace::clean::get_class_store('namespace::clean', 'Data::Thunk::Code') called at /home/src/perl/repoperls/installed-perls/perl/v5.13.4-219-gb24b84e/lib/site_perl/5.13.4/namespace/clean.pm line 89
	namespace::clean::import('namespace::clean') called at /home/sand/.cpan/build/Data-Thunk-0.07-H4EC7O/blib/lib/Data/Thunk/Code.pm line 22
	Data::Thunk::Code::BEGIN() called at /home/src/perl/repoperls/installed-perls/perl/v5.13.4-219-gb24b84e/lib/site_perl/5.13.4/namespace/clean.pm line 22
	eval {...} called at /home/src/perl/repoperls/installed-perls/perl/v5.13.4-219-gb24b84e/lib/site_perl/5.13.4/namespace/clean.pm line 22
	require Data/Thunk/Code.pm called at /home/sand/.cpan/build/Data-Thunk-0.07-H4EC7O/blib/lib/Data/Thunk.pm line 15
	Data::Thunk::BEGIN() called at /home/src/perl/repoperls/installed-perls/perl/v5.13.4-219-gb24b84e/lib/site_perl/5.13.4/namespace/clean.pm line 22
	eval {...} called at /home/src/perl/repoperls/installed-perls/perl/v5.13.4-219-gb24b84e/lib/site_perl/5.13.4/namespace/clean.pm line 22
	require Data/Thunk.pm called at (eval 4) line 2
	main::BEGIN() called at /home/src/perl/repoperls/installed-perls/perl/v5.13.4-219-gb24b84e/lib/site_perl/5.13.4/namespace/clean.pm line 22
	eval {...} called at /home/src/perl/repoperls/installed-perls/perl/v5.13.4-219-gb24b84e/lib/site_perl/5.13.4/namespace/clean.pm line 22
	eval 'package main;
use Data::Thunk @{$args[0]};
1;

;' called at /home/src/perl/repoperls/installed-perls/perl/v5.13.4-219-gb24b84e/lib/5.13.4/Test/More.pm line 875
	Test::More::_eval('package main;\x{a}use Data::Thunk @{$args[0]};\x{a}1;\x{a}', 'ARRAY(0xd377f8)') called at /home/src/perl/repoperls/installed-perls/perl/v5.13.4-219-gb24b84e/lib/5.13.4/Test/More.pm line 850
	Test::More::use_ok('Data::Thunk') called at t/01-basic.t line 2
	main::BEGIN() called at /home/src/perl/repoperls/installed-perls/perl/v5.13.4-219-gb24b84e/lib/site_perl/5.13.4/namespace/clean.pm line 22
	eval {...} called at /home/src/perl/repoperls/installed-perls/perl/v5.13.4-219-gb24b84e/lib/site_perl/5.13.4/namespace/clean.pm line 22
add_package_symbol is deprecated, please use add_symbol at /home/src/perl/repoperls/installed-perls/perl/v5.13.4-219-gb24b84e/lib/site_perl/5.13.4/x86_64-linux-thread-multi-ld/Package/Stash.pm line 31
	Package::Stash::add_package_symbol('Package::Stash=HASH(0xf7ab98)', '%__NAMESPACE_CLEAN_STORAGE', 'HASH(0xf7a910)') called at /home/src/perl/repoperls/installed-perls/perl/v5.13.4-219-gb24b84e/lib/site_perl/5.13.4/namespace/clean.pm line 142
	namespace::clean::get_class_store('namespace::clean', 'Data::Thunk::Code') called at /home/src/perl/repoperls/installed-perls/perl/v5.13.4-219-gb24b84e/lib/site_perl/5.13.4/namespace/clean.pm line 89
	namespace::clean::import('namespace::clean') called at /home/sand/.cpan/build/Data-Thunk-0.07-H4EC7O/blib/lib/Data/Thunk/Code.pm line 22
	Data::Thunk::Code::BEGIN() called at /home/src/perl/repoperls/installed-perls/perl/v5.13.4-219-gb24b84e/lib/site_perl/5.13.4/namespace/clean.pm line 22
	eval {...} called at /home/src/perl/repoperls/installed-perls/perl/v5.13.4-219-gb24b84e/lib/site_perl/5.13.4/namespace/clean.pm line 22
	require Data/Thunk/Code.pm called at /home/sand/.cpan/build/Data-Thunk-0.07-H4EC7O/blib/lib/Data/Thunk.pm line 15
	Data::Thunk::BEGIN() called at /home/src/perl/repoperls/installed-perls/perl/v5.13.4-219-gb24b84e/lib/site_perl/5.13.4/namespace/clean.pm line 22
	eval {...} called at /home/src/perl/repoperls/installed-perls/perl/v5.13.4-219-gb24b84e/lib/site_perl/5.13.4/namespace/clean.pm line 22
	require Data/Thunk.pm called at (eval 4) line 2
	main::BEGIN() called at /home/src/perl/repoperls/installed-perls/perl/v5.13.4-219-gb24b84e/lib/site_perl/5.13.4/namespace/clean.pm line 22
	eval {...} called at /home/src/perl/repoperls/installed-perls/perl/v5.13.4-219-gb24b84e/lib/site_perl/5.13.4/namespace/clean.pm line 22
	eval 'package main;
use Data::Thunk @{$args[0]};
1;

;' called at /home/src/perl/repoperls/installed-perls/perl/v5.13.4-219-gb24b84e/lib/5.13.4/Test/More.pm line 875
	Test::More::_eval('package main;\x{a}use Data::Thunk @{$args[0]};\x{a}1;\x{a}', 'ARRAY(0xd377f8)') called at /home/src/perl/repoperls/installed-perls/perl/v5.13.4-219-gb24b84e/lib/5.13.4/Test/More.pm line 850
	Test::More::use_ok('Data::Thunk') called at t/01-basic.t line 2
	main::BEGIN() called at /home/src/perl/repoperls/installed-perls/perl/v5.13.4-219-gb24b84e/lib/site_perl/5.13.4/namespace/clean.pm line 22
	eval {...} called at /home/src/perl/repoperls/installed-perls/perl/v5.13.4-219-gb24b84e/lib/site_perl/5.13.4/namespace/clean.pm line 22
remove_package_symbol is deprecated, please use remove_symbol at /home/src/perl/repoperls/installed-perls/perl/v5.13.4-219-gb24b84e/lib/site_perl/5.13.4/x86_64-linux-thread-multi-ld/Package/Stash.pm line 56
	Package::Stash::remove_package_symbol('Package::Stash=HASH(0x10b7108)', '&obj') called at /home/src/perl/repoperls/installed-perls/perl/v5.13.4-219-gb24b84e/lib/site_perl/5.13.4/namespace/clean.pm line 50
	namespace::clean::__ANON__('Data::Thunk::Code', 'HASH(0xf7a910)', 'obj', 'obj_does', 'blessed', 'croak', 'confess', 'finally', 'refcount', ...) called at /home/src/perl/repoperls/installed-perls/perl/v5.13.4-219-gb24b84e/lib/site_perl/5.13.4/namespace/clean.pm line 109
	namespace::clean::__ANON__() called at /home/src/perl/repoperls/installed-perls/perl/v5.13.4-219-gb24b84e/lib/site_perl/5.13.4/B/Hooks/EndOfScope.pm line 26
	B::Hooks::EndOfScope::__ANON__('HASH(0xbea778)', 'ARRAY(0xf30fa0)') called at /home/sand/.cpan/build/Data-Thunk-0.07-H4EC7O/blib/lib/Data/Thunk/Code.pm line 129
	eval {...} called at /home/sand/.cpan/build/Data-Thunk-0.07-H4EC7O/blib/lib/Data/Thunk/Code.pm line 129
	require Data/Thunk/Code.pm called at /home/sand/.cpan/build/Data-Thunk-0.07-H4EC7O/blib/lib/Data/Thunk.pm line 15
	Data::Thunk::BEGIN() called at /home/sand/.cpan/build/Data-Thunk-0.07-H4EC7O/blib/lib/Data/Thunk/Code.pm line 129
	eval {...} called at /home/sand/.cpan/build/Data-Thunk-0.07-H4EC7O/blib/lib/Data/Thunk/Code.pm line 129
	require Data/Thunk.pm called at (eval 4) line 2
	main::BEGIN() called at /home/sand/.cpan/build/Data-Thunk-0.07-H4EC7O/blib/lib/Data/Thunk/Code.pm line 129
	eval {...} called at /home/sand/.cpan/build/Data-Thunk-0.07-H4EC7O/blib/lib/Data/Thunk/Code.pm line 129
	eval 'package main;
use Data::Thunk @{$args[0]};
1;

;' called at /home/src/perl/repoperls/installed-perls/perl/v5.13.4-219-gb24b84e/lib/5.13.4/Test/More.pm line 875
	Test::More::_eval('package main;\x{a}use Data::Thunk @{$args[0]};\x{a}1;\x{a}', 'ARRAY(0xd377f8)') called at /home/src/perl/repoperls/installed-perls/perl/v5.13.4-219-gb24b84e/lib/5.13.4/Test/More.pm line 850
	Test::More::use_ok('Data::Thunk') called at t/01-basic.t line 2
	main::BEGIN() called at /home/sand/.cpan/build/Data-Thunk-0.07-H4EC7O/blib/lib/Data/Thunk/Code.pm line 129
	eval {...} called at /home/sand/.cpan/build/Data-Thunk-0.07-H4EC7O/blib/lib/Data/Thunk/Code.pm line 129
Deep recursion on anonymous subroutine at /home/sand/.cpan/build/Data-Thunk-0.07-H4EC7O/blib/lib/Data/Thunk/Code.pm line 91.
Deep recursion on anonymous subroutine at /home/sand/.cpan/build/Data-Thunk-0.07-H4EC7O/blib/lib/Data/Thunk/Code.pm line 120.
Out of memory!
# Tests were run but no plan was declared and done_testing() was not seen.
t/01-basic.t ............ 
Dubious, test returned 1 (wstat 256, 0x100)
All 2 subtests passed 
t/release-eol.t ......... skipped: these tests are for release candidate testing
t/release-pod-syntax.t .. skipped: these tests are for release candidate testing

Test Summary Report
-------------------
t/01-basic.t          (Wstat: 256 Tests: 2 Failed: 0)
  Non-zero exit status: 1
  Parse errors: No plan found in TAP output
Files=3, Tests=2, 15 wallclock secs ( 0.06 usr  0.01 sys + 12.53 cusr  1.65 csys = 14.25 CPU)
Result: FAIL
Failed 1/3 test programs. 0/2 subtests failed.
make: *** [test_dynamic] Error 255

------------------------------
PREREQUISITES
------------------------------

Prerequisite modules loaded:

requires:

    Module              Need Have   
    ------------------- ---- -------
    B                   0    1.23   
    Carp                0    1.18   
    Check::ISA          0    0.04   
    Data::Swap          0    0.08   
    Devel::Refcount     0    0.07   
    namespace::clean    0    0.18   
    overload            0    1.10   
    Scalar::Util        0    1.23_03
    Sub::Exporter       0    0.982  
    Try::Tiny           0    0.07   
    UNIVERSAL::ref      0    0.12   

build_requires:

    Module              Need Have   
    ------------------- ---- -------
    ok                  0    0.02   
    Test::More          0.89 0.96   

configure_requires:

    Module              Need Have   
    ------------------- ---- -------
    ExtUtils::MakeMaker 6.31 6.57_06


------------------------------
ENVIRONMENT AND OTHER CONTEXT
------------------------------

Environment variables:

    AUTOMATED_TESTING = 1
    LANG = en_US.UTF-8
    PATH = /home/sand/bin:/usr/local/bin:/usr/bin:/bin:/usr/bin/X11:/usr/games:/usr/local/perl/bin:/usr/X11/bin:/sbin:/usr/sbin
    PERL5LIB = 
    PERL5OPT = 
    PERL5_CPANPLUS_IS_RUNNING = 1104
    PERL5_CPAN_IS_RUNNING = 1104
    PERL_MM_USE_DEFAULT = 1
    SHELL = /usr/bin/zsh
    TERM = screen

Perl special variables (and OS-specific diagnostics, for MSWin32):

    $^X = /home/src/perl/repoperls/installed-perls/perl/v5.13.4-219-gb24b84e/bin/perl
    $UID/$EUID = 1001 / 1001
    $GID = 1001 1001
    $EGID = 1001 1001

Perl module toolchain versions installed:

    Module              Have   
    ------------------- -------
    CPAN                1.94_62
    Cwd                 3.33   
    ExtUtils::CBuilder  0.27_07
    ExtUtils::Command   1.16   
    ExtUtils::Install   1.55   
    ExtUtils::MakeMaker 6.57_06
    ExtUtils::Manifest  1.58   
    ExtUtils::ParseXS   2.2207 
    File::Spec          3.33   
    Module::Build       0.36_17
    Module::Signature   0.66   
    Test::Harness       3.22   
    Test::More          0.96   
    YAML                0.72   
    YAML::Syck          1.15   
    version             0.85   


--

Summary of my perl5 (revision 5 version 13 subversion 4) configuration:
  Commit id: b24b84ef00c067346532edb01a22dd2ed39c7852
  Platform:
    osname=linux, osvers=2.6.32-2-amd64, archname=x86_64-linux-thread-multi-ld
    uname='linux k81 2.6.32-2-amd64 #1 smp fri feb 12 00:01:47 utc 2010 x86_64 gnulinux '
    config_args='-Dprefix=/home/src/perl/repoperls/installed-perls/perl/v5.13.4-219-gb24b84e -Dinstallusrbinperl=n -Uversiononly -Dusedevel -des -Ui_db -Duseithreads -Duselongdouble'
    hint=recommended, useposix=true, d_sigaction=define
    useithreads=define, usemultiplicity=define
    useperlio=define, d_sfio=undef, uselargefiles=define, usesocks=undef
    use64bitint=define, use64bitall=define, uselongdouble=define
    usemymalloc=n, bincompat5005=undef
  Compiler:
    cc='cc', ccflags ='-D_REENTRANT -D_GNU_SOURCE -fno-strict-aliasing -pipe -fstack-protector -I/usr/local/include -D_LARGEFILE_SOURCE -D_FILE_OFFSET_BITS=64',
    optimize='-O2',
    cppflags='-D_REENTRANT -D_GNU_SOURCE -fno-strict-aliasing -pipe -fstack-protector -I/usr/local/include'
    ccversion='', gccversion='4.4.4', gccosandvers=''
    intsize=4, longsize=8, ptrsize=8, doublesize=8, byteorder=12345678
    d_longlong=define, longlongsize=8, d_longdbl=define, longdblsize=16
    ivtype='long', ivsize=8, nvtype='long double', nvsize=16, Off_t='off_t', lseeksize=8
    alignbytes=16, prototype=define
  Linker and Libraries:
    ld='cc', ldflags =' -fstack-protector -L/usr/local/lib'
    libpth=/usr/local/lib /lib /usr/lib /lib64 /usr/lib64
    libs=-lnsl -lgdbm -ldb -ldl -lm -lcrypt -lutil -lpthread -lc -lgdbm_compat
    perllibs=-lnsl -ldl -lm -lcrypt -lutil -lpthread -lc
    libc=/lib/libc-2.11.2.so, so=so, useshrplib=false, libperl=libperl.a
    gnulibc_version='2.11.2'
  Dynamic Linking:
    dlsrc=dl_dlopen.xs, dlext=so, d_dlsymun=undef, ccdlflags='-Wl,-E'
    cccdlflags='-fPIC', lddlflags='-shared -O2 -L/usr/local/lib -fstack-protector'


Characteristics of this binary (from libperl): 
  Compile-time options: MULTIPLICITY PERL_DONT_CREATE_GVSV
                        PERL_IMPLICIT_CONTEXT PERL_MALLOC_WRAP PERL_USE_DEVEL
                        USE_64_BIT_ALL USE_64_BIT_INT USE_ITHREADS
                        USE_LARGE_FILES USE_LONG_DOUBLE USE_PERLIO
                        USE_PERL_ATOF USE_REENTRANT_API
  Built under linux
  Compiled at Sep 12 2010 03:15:59
  %ENV:
    PERL5LIB=""
    PERL5OPT=""
    PERL5_CPANPLUS_IS_RUNNING="1104"
    PERL5_CPAN_IS_RUNNING="1104"
    PERL_MM_USE_DEFAULT="1"
  @INC:
    /home/src/perl/repoperls/installed-perls/perl/v5.13.4-219-gb24b84e/lib/site_perl/5.13.4/x86_64-linux-thread-multi-ld
    /home/src/perl/repoperls/installed-perls/perl/v5.13.4-219-gb24b84e/lib/site_perl/5.13.4
    /home/src/perl/repoperls/installed-perls/perl/v5.13.4-219-gb24b84e/lib/5.13.4/x86_64-linux-thread-multi-ld
    /home/src/perl/repoperls/installed-perls/perl/v5.13.4-219-gb24b84e/lib/5.13.4
    .