PayProp-API-Public-Client v0.04 Perl 5 v5.16.0 x86_64-linux-thread-multi
- Status
- Fail
- From
- Chris Williams (BINGOS)
- Dist
-
PayProp-API-Public-Client v0.04
- Platform
- Perl 5 v5.16.0 x86_64-linux-thread-multi
- Date
- 2023-12-10 05:42:37
- ID
- ed214bc8-971e-11ee-98b0-b3c3213a625c
This distribution has been tested as part of the CPAN Testers
project, supporting the Perl programming language. See
http://wiki.cpantesters.org/ for more information or email
questions to cpan-testers-discuss@perl.org
--
Dear YANGAK,
This is a computer-generated error report created automatically by
CPANPLUS, version 0.9914. Testers personal comments may appear
at the end of this report.
Thank you for uploading your work to CPAN. However, it appears that
there were some problems testing your distribution.
TEST RESULTS:
Below is the error stack from stage 'make test':
t/author-pod-syntax.t ............................................... skipped: these tests are for testing by the author
t/basic.t ........................................................... ok
Scalar found where operator expected at /home/cpan/pit/thr/conf/perl-5.16.0/.cpanplus/5.16.0/build/FGEfoSGrOO/PayProp-API-Public-Client-0.04/blib/lib/PayProp/API/Public/Client/Role/Request.pm line 44, near "* : $content"
(Missing operator before $content?)
String found where operator expected at /home/cpan/pit/thr/conf/perl-5.16.0/.cpanplus/5.16.0/build/FGEfoSGrOO/PayProp-API-Public-Client-0.04/blib/lib/PayProp/API/Public/Client/Role/Request.pm line 59, near "* ? '/'"
(Missing operator before '/'?)
Array found where operator expected at /home/cpan/pit/thr/conf/perl-5.16.0/.cpanplus/5.16.0/build/FGEfoSGrOO/PayProp-API-Public-Client-0.04/blib/lib/PayProp/API/Public/Client/Role/Request.pm line 61, at end of line
(Missing operator before ?)
Could not load class (PayProp::API::Public::Client::Role::Request) because : syntax error at /home/cpan/pit/thr/conf/perl-5.16.0/.cpanplus/5.16.0/build/FGEfoSGrOO/PayProp-API-Public-Client-0.04/blib/lib/PayProp/API/Public/Client/Role/Request.pm line 44, near "->%"
Can't use global @_ in "my" at /home/cpan/pit/thr/conf/perl-5.16.0/.cpanplus/5.16.0/build/FGEfoSGrOO/PayProp-API-Public-Client-0.04/blib/lib/PayProp/API/Public/Client/Role/Request.pm line 47, near "= @_"
Global symbol "$error" requires explicit package name at /home/cpan/pit/thr/conf/perl-5.16.0/.cpanplus/5.16.0/build/FGEfoSGrOO/PayProp-API-Public-Client-0.04/blib/lib/PayProp/API/Public/Client/Role/Request.pm line 48.
syntax error at /home/cpan/pit/thr/conf/perl-5.16.0/.cpanplus/5.16.0/build/FGEfoSGrOO/PayProp-API-Public-Client-0.04/blib/lib/PayProp/API/Public/Client/Role/Request.pm line 50, near "} )
"
Can't use global @_ in "my" at /home/cpan/pit/thr/conf/perl-5.16.0/.cpanplus/5.16.0/build/FGEfoSGrOO/PayProp-API-Public-Client-0.04/blib/lib/PayProp/API/Public/Client/Role/Request.pm line 54, near "= @_"
Global symbol "$params" requires explicit package name at /home/cpan/pit/thr/conf/perl-5.16.0/.cpanplus/5.16.0/build/FGEfoSGrOO/PayProp-API-Public-Client-0.04/blib/lib/PayProp/API/Public/Client/Role/Request.pm line 56.
syntax error at /home/cpan/pit/thr/conf/perl-5.16.0/.cpanplus/5.16.0/build/FGEfoSGrOO/PayProp-API-Public-Client-0.04/blib/lib/PayProp/API/Public/Client/Role/Request.pm line 59, near "->%"
Global symbol "$URL" requires explicit package name at /home/cpan/pit/thr/conf/perl-5.16.0/.cpanplus/5.16.0/build/FGEfoSGrOO/PayProp-API-Public-Client-0.04/blib/lib/PayProp/API/Public/Client/Role/Request.pm line 61.
syntax error at /home/cpan/pit/thr/conf/perl-5.16.0/.cpanplus/5.16.0/build/FGEfoSGrOO/PayProp-API-Public-Client-0.04/blib/lib/PayProp/API/Public/Client/Role/Request.pm line 61, near "->@* "
syntax error at /home/cpan/pit/thr/conf/perl-5.16.0/.cpanplus/5.16.0/build/FGEfoSGrOO/PayProp-API-Public-Client-0.04/blib/lib/PayProp/API/Public/Client/Role/Request.pm line 71, near "}"
/home/cpan/pit/thr/conf/perl-5.16.0/.cpanplus/5.16.0/build/FGEfoSGrOO/PayProp-API-Public-Client-0.04/blib/lib/PayProp/API/Public/Client/Role/Request.pm has too many errors.
Compilation failed in require at /home/cpan/pit/jail/nKrZ1cvQtx/lib/perl5/x86_64-linux-thread-multi/Mouse/Util.pm line 295.
at /home/cpan/pit/jail/nKrZ1cvQtx/lib/perl5/x86_64-linux-thread-multi/Mouse/Util.pm line 304.
Mouse::Util::load_class('PayProp::API::Public::Client::Role::Request') called at /home/cpan/pit/jail/nKrZ1cvQtx/lib/perl5/x86_64-linux-thread-multi/Mouse/Util.pm line 327
Mouse::Util::apply_all_roles('PayProp::API::Public::Client::Authorization::ClientCredentials', 'PayProp::API::Public::Client::Role::Request') called at /home/cpan/pit/jail/nKrZ1cvQtx/lib/perl5/x86_64-linux-thread-multi/Mouse.pm line 40
Mouse::with('PayProp::API::Public::Client::Role::Request') called at /home/cpan/pit/thr/conf/perl-5.16.0/.cpanplus/5.16.0/build/FGEfoSGrOO/PayProp-API-Public-Client-0.04/blib/lib/PayProp/API/Public/Client/Authorization/ClientCredentials.pm line 8
require PayProp/API/Public/Client/Authorization/ClientCredentials.pm called at t/payprop/api/public/client.t line 10
main::BEGIN() called at /home/cpan/pit/thr/conf/perl-5.16.0/.cpanplus/5.16.0/build/FGEfoSGrOO/PayProp-API-Public-Client-0.04/blib/lib/PayProp/API/Public/Client/Authorization/ClientCredentials.pm line 0
eval {...} called at /home/cpan/pit/thr/conf/perl-5.16.0/.cpanplus/5.16.0/build/FGEfoSGrOO/PayProp-API-Public-Client-0.04/blib/lib/PayProp/API/Public/Client/Authorization/ClientCredentials.pm line 0
Compilation failed in require at t/payprop/api/public/client.t line 10.
BEGIN failed--compilation aborted at t/payprop/api/public/client.t line 10.
t/payprop/api/public/client.t .......................................
Dubious, test returned 255 (wstat 65280, 0xff00)
No subtests run
t/payprop/api/public/client/authorization/apikey.t .................. ok
t/payprop/api/public/client/authorization/base.t .................... ok
Array found where operator expected at t/payprop/api/public/client/authorization/clientcredentials.t line 81, at end of line
(Missing operator before ?)
syntax error at t/payprop/api/public/client/authorization/clientcredentials.t line 81, near "->@*"
Execution of t/payprop/api/public/client/authorization/clientcredentials.t aborted due to compilation errors.
t/payprop/api/public/client/authorization/clientcredentials.t .......
Dubious, test returned 255 (wstat 65280, 0xff00)
No subtests run
Number found where operator expected at t/payprop/api/public/client/authorization/storage/local.t line 78, near "*, 0"
(Missing operator before 0?)
syntax error at t/payprop/api/public/client/authorization/storage/local.t line 78, near "->%"
Execution of t/payprop/api/public/client/authorization/storage/local.t aborted due to compilation errors.
t/payprop/api/public/client/authorization/storage/local.t ...........
Dubious, test returned 255 (wstat 65280, 0xff00)
No subtests run
Array found where operator expected at t/payprop/api/public/client/authorization/storage/memcached.t line 60, at end of line
(Missing operator before ?)
syntax error at t/payprop/api/public/client/authorization/storage/memcached.t line 60, near "->@*"
Execution of t/payprop/api/public/client/authorization/storage/memcached.t aborted due to compilation errors.
t/payprop/api/public/client/authorization/storage/memcached.t .......
Dubious, test returned 255 (wstat 65280, 0xff00)
No subtests run
t/payprop/api/public/client/error/authorization.t ................... ok
t/payprop/api/public/client/error/response.t ........................ ok
Array found where operator expected at t/payprop/api/public/client/exception/authorization.t line 36, at end of line
(Missing operator before ?)
syntax error at t/payprop/api/public/client/exception/authorization.t line 36, near "->@*"
Execution of t/payprop/api/public/client/exception/authorization.t aborted due to compilation errors.
t/payprop/api/public/client/exception/authorization.t ...............
Dubious, test returned 255 (wstat 65280, 0xff00)
No subtests run
t/payprop/api/public/client/exception/base.t ........................ ok
t/payprop/api/public/client/exception/connection.t .................. ok
Array found where operator expected at t/payprop/api/public/client/exception/response.t line 36, at end of line
(Missing operator before ?)
syntax error at t/payprop/api/public/client/exception/response.t line 36, near "->@*"
Execution of t/payprop/api/public/client/exception/response.t aborted due to compilation errors.
t/payprop/api/public/client/exception/response.t ....................
Dubious, test returned 255 (wstat 65280, 0xff00)
No subtests run
t/payprop/api/public/client/exception/storage.t ..................... ok
Array found where operator expected at /home/cpan/pit/thr/conf/perl-5.16.0/.cpanplus/5.16.0/build/FGEfoSGrOO/PayProp-API-Public-Client-0.04/blib/lib/PayProp/API/Public/Client/Role/JSON.pm line 21, at end of line
(Missing operator before ?)
"my" variable $key masks earlier declaration in same statement at /home/cpan/pit/thr/conf/perl-5.16.0/.cpanplus/5.16.0/build/FGEfoSGrOO/PayProp-API-Public-Client-0.04/blib/lib/PayProp/API/Public/Client/Role/JSON.pm line 28.
"my" variable $value masks earlier declaration in same statement at /home/cpan/pit/thr/conf/perl-5.16.0/.cpanplus/5.16.0/build/FGEfoSGrOO/PayProp-API-Public-Client-0.04/blib/lib/PayProp/API/Public/Client/Role/JSON.pm line 28.
"my" variable $key masks earlier declaration in same statement at /home/cpan/pit/thr/conf/perl-5.16.0/.cpanplus/5.16.0/build/FGEfoSGrOO/PayProp-API-Public-Client-0.04/blib/lib/PayProp/API/Public/Client/Role/JSON.pm line 28.
"my" variable $structure masks earlier declaration in same statement at /home/cpan/pit/thr/conf/perl-5.16.0/.cpanplus/5.16.0/build/FGEfoSGrOO/PayProp-API-Public-Client-0.04/blib/lib/PayProp/API/Public/Client/Role/JSON.pm line 28.
"my" variable $structure masks earlier declaration in same statement at /home/cpan/pit/thr/conf/perl-5.16.0/.cpanplus/5.16.0/build/FGEfoSGrOO/PayProp-API-Public-Client-0.04/blib/lib/PayProp/API/Public/Client/Role/JSON.pm line 30.
"my" variable $value masks earlier declaration in same statement at /home/cpan/pit/thr/conf/perl-5.16.0/.cpanplus/5.16.0/build/FGEfoSGrOO/PayProp-API-Public-Client-0.04/blib/lib/PayProp/API/Public/Client/Role/JSON.pm line 34.
"my" variable $value masks earlier declaration in same statement at /home/cpan/pit/thr/conf/perl-5.16.0/.cpanplus/5.16.0/build/FGEfoSGrOO/PayProp-API-Public-Client-0.04/blib/lib/PayProp/API/Public/Client/Role/JSON.pm line 34.
"my" variable $key masks earlier declaration in same statement at /home/cpan/pit/thr/conf/perl-5.16.0/.cpanplus/5.16.0/build/FGEfoSGrOO/PayProp-API-Public-Client-0.04/blib/lib/PayProp/API/Public/Client/Role/JSON.pm line 36.
"my" variable $Attribute masks earlier declaration in same statement at /home/cpan/pit/thr/conf/perl-5.16.0/.cpanplus/5.16.0/build/FGEfoSGrOO/PayProp-API-Public-Client-0.04/blib/lib/PayProp/API/Public/Client/Role/JSON.pm line 36.
Could not load class (PayProp::API::Public::Client::Role::JSON) because : syntax error at /home/cpan/pit/thr/conf/perl-5.16.0/.cpanplus/5.16.0/build/FGEfoSGrOO/PayProp-API-Public-Client-0.04/blib/lib/PayProp/API/Public/Client/Role/JSON.pm line 21, near "->@* "
Global symbol "$item" requires explicit package name at /home/cpan/pit/thr/conf/perl-5.16.0/.cpanplus/5.16.0/build/FGEfoSGrOO/PayProp-API-Public-Client-0.04/blib/lib/PayProp/API/Public/Client/Role/JSON.pm line 22.
Global symbol "@items" requires explicit package name at /home/cpan/pit/thr/conf/perl-5.16.0/.cpanplus/5.16.0/build/FGEfoSGrOO/PayProp-API-Public-Client-0.04/blib/lib/PayProp/API/Public/Client/Role/JSON.pm line 24.
syntax error at /home/cpan/pit/thr/conf/perl-5.16.0/.cpanplus/5.16.0/build/FGEfoSGrOO/PayProp-API-Public-Client-0.04/blib/lib/PayProp/API/Public/Client/Role/JSON.pm line 26, near "elsif"
Global symbol "$ref_type" requires explicit package name at /home/cpan/pit/thr/conf/perl-5.16.0/.cpanplus/5.16.0/build/FGEfoSGrOO/PayProp-API-Public-Client-0.04/blib/lib/PayProp/API/Public/Client/Role/JSON.pm line 26.
Global symbol "$Attribute" requires explicit package name at /home/cpan/pit/thr/conf/perl-5.16.0/.cpanplus/5.16.0/build/FGEfoSGrOO/PayProp-API-Public-Client-0.04/blib/lib/PayProp/API/Public/Client/Role/JSON.pm line 38.
syntax error at /home/cpan/pit/thr/conf/perl-5.16.0/.cpanplus/5.16.0/build/FGEfoSGrOO/PayProp-API-Public-Client-0.04/blib/lib/PayProp/API/Public/Client/Role/JSON.pm line 43, near "}"
Compilation failed in require at /home/cpan/pit/jail/nKrZ1cvQtx/lib/perl5/x86_64-linux-thread-multi/Mouse/Util.pm line 295.
at /home/cpan/pit/jail/nKrZ1cvQtx/lib/perl5/x86_64-linux-thread-multi/Mouse/Util.pm line 304.
Mouse::Util::load_class('PayProp::API::Public::Client::Role::JSON') called at /home/cpan/pit/jail/nKrZ1cvQtx/lib/perl5/x86_64-linux-thread-multi/Mouse/Util.pm line 327
Mouse::Util::apply_all_roles('PayProp::API::Public::Client::Response::Entity::Payment', 'PayProp::API::Public::Client::Role::JSON') called at /home/cpan/pit/jail/nKrZ1cvQtx/lib/perl5/x86_64-linux-thread-multi/Mouse.pm line 40
Mouse::with('PayProp::API::Public::Client::Role::JSON') called at /home/cpan/pit/thr/conf/perl-5.16.0/.cpanplus/5.16.0/build/FGEfoSGrOO/PayProp-API-Public-Client-0.04/blib/lib/PayProp/API/Public/Client/Response/Entity/Payment.pm line 8
require PayProp/API/Public/Client/Response/Entity/Payment.pm called at /home/cpan/pit/thr/conf/perl-5.16.0/.cpanplus/5.16.0/build/FGEfoSGrOO/PayProp-API-Public-Client-0.04/blib/lib/PayProp/API/Public/Client/Request/Entity/Payment.pm line 9
PayProp::API::Public::Client::Request::Entity::Payment::BEGIN() called at /home/cpan/pit/thr/conf/perl-5.16.0/.cpanplus/5.16.0/build/FGEfoSGrOO/PayProp-API-Public-Client-0.04/blib/lib/PayProp/API/Public/Client/Response/Entity/Payment.pm line 0
eval {...} called at /home/cpan/pit/thr/conf/perl-5.16.0/.cpanplus/5.16.0/build/FGEfoSGrOO/PayProp-API-Public-Client-0.04/blib/lib/PayProp/API/Public/Client/Response/Entity/Payment.pm line 0
require PayProp/API/Public/Client/Request/Entity/Payment.pm called at /home/cpan/pit/thr/conf/perl-5.16.0/.cpanplus/5.16.0/build/FGEfoSGrOO/PayProp-API-Public-Client-0.04/blib/lib/PayProp/API/Public/Client/Request/Entity.pm line 18
PayProp::API::Public::Client::Request::Entity::__ANON__('PayProp::API::Public::Client::Request::Entity=HASH(0x7f9b1a71...') called at t/payprop/api/public/client/request/entity.t line 21
Compilation failed in require at /home/cpan/pit/thr/conf/perl-5.16.0/.cpanplus/5.16.0/build/FGEfoSGrOO/PayProp-API-Public-Client-0.04/blib/lib/PayProp/API/Public/Client/Request/Entity/Payment.pm line 9.
BEGIN failed--compilation aborted at /home/cpan/pit/thr/conf/perl-5.16.0/.cpanplus/5.16.0/build/FGEfoSGrOO/PayProp-API-Public-Client-0.04/blib/lib/PayProp/API/Public/Client/Request/Entity/Payment.pm line 9.
Compilation failed in require at /home/cpan/pit/thr/conf/perl-5.16.0/.cpanplus/5.16.0/build/FGEfoSGrOO/PayProp-API-Public-Client-0.04/blib/lib/PayProp/API/Public/Client/Request/Entity.pm line 18.
# Tests were run but no plan was declared and done_testing() was not seen.
# Looks like your test exited with 255 just after 2.
t/payprop/api/public/client/request/entity.t ........................
Dubious, test returned 255 (wstat 65280, 0xff00)
All 2 subtests passed
Array found where operator expected at /home/cpan/pit/thr/conf/perl-5.16.0/.cpanplus/5.16.0/build/FGEfoSGrOO/PayProp-API-Public-Client-0.04/blib/lib/PayProp/API/Public/Client/Role/JSON.pm line 21, at end of line
(Missing operator before ?)
"my" variable $key masks earlier declaration in same statement at /home/cpan/pit/thr/conf/perl-5.16.0/.cpanplus/5.16.0/build/FGEfoSGrOO/PayProp-API-Public-Client-0.04/blib/lib/PayProp/API/Public/Client/Role/JSON.pm line 28.
"my" variable $value masks earlier declaration in same statement at /home/cpan/pit/thr/conf/perl-5.16.0/.cpanplus/5.16.0/build/FGEfoSGrOO/PayProp-API-Public-Client-0.04/blib/lib/PayProp/API/Public/Client/Role/JSON.pm line 28.
"my" variable $key masks earlier declaration in same statement at /home/cpan/pit/thr/conf/perl-5.16.0/.cpanplus/5.16.0/build/FGEfoSGrOO/PayProp-API-Public-Client-0.04/blib/lib/PayProp/API/Public/Client/Role/JSON.pm line 28.
"my" variable $structure masks earlier declaration in same statement at /home/cpan/pit/thr/conf/perl-5.16.0/.cpanplus/5.16.0/build/FGEfoSGrOO/PayProp-API-Public-Client-0.04/blib/lib/PayProp/API/Public/Client/Role/JSON.pm line 28.
"my" variable $structure masks earlier declaration in same statement at /home/cpan/pit/thr/conf/perl-5.16.0/.cpanplus/5.16.0/build/FGEfoSGrOO/PayProp-API-Public-Client-0.04/blib/lib/PayProp/API/Public/Client/Role/JSON.pm line 30.
"my" variable $value masks earlier declaration in same statement at /home/cpan/pit/thr/conf/perl-5.16.0/.cpanplus/5.16.0/build/FGEfoSGrOO/PayProp-API-Public-Client-0.04/blib/lib/PayProp/API/Public/Client/Role/JSON.pm line 34.
"my" variable $value masks earlier declaration in same statement at /home/cpan/pit/thr/conf/perl-5.16.0/.cpanplus/5.16.0/build/FGEfoSGrOO/PayProp-API-Public-Client-0.04/blib/lib/PayProp/API/Public/Client/Role/JSON.pm line 34.
"my" variable $key masks earlier declaration in same statement at /home/cpan/pit/thr/conf/perl-5.16.0/.cpanplus/5.16.0/build/FGEfoSGrOO/PayProp-API-Public-Client-0.04/blib/lib/PayProp/API/Public/Client/Role/JSON.pm line 36.
"my" variable $Attribute masks earlier declaration in same statement at /home/cpan/pit/thr/conf/perl-5.16.0/.cpanplus/5.16.0/build/FGEfoSGrOO/PayProp-API-Public-Client-0.04/blib/lib/PayProp/API/Public/Client/Role/JSON.pm line 36.
# Failed test 'use PayProp::API::Public::Client::Request::Entity::Invoice;'
# at t/payprop/api/public/client/request/entity/invoice.t line 13.
# Tried to use 'PayProp::API::Public::Client::Request::Entity::Invoice'.
# Error: Could not load class (PayProp::API::Public::Client::Role::JSON) because : syntax error at /home/cpan/pit/thr/conf/perl-5.16.0/.cpanplus/5.16.0/build/FGEfoSGrOO/PayProp-API-Public-Client-0.04/blib/lib/PayProp/API/Public/Client/Role/JSON.pm line 21, near "->@* "
# Global symbol "$item" requires explicit package name at /home/cpan/pit/thr/conf/perl-5.16.0/.cpanplus/5.16.0/build/FGEfoSGrOO/PayProp-API-Public-Client-0.04/blib/lib/PayProp/API/Public/Client/Role/JSON.pm line 22.
# Global symbol "@items" requires explicit package name at /home/cpan/pit/thr/conf/perl-5.16.0/.cpanplus/5.16.0/build/FGEfoSGrOO/PayProp-API-Public-Client-0.04/blib/lib/PayProp/API/Public/Client/Role/JSON.pm line 24.
# syntax error at /home/cpan/pit/thr/conf/perl-5.16.0/.cpanplus/5.16.0/build/FGEfoSGrOO/PayProp-API-Public-Client-0.04/blib/lib/PayProp/API/Public/Client/Role/JSON.pm line 26, near "elsif"
# Global symbol "$ref_type" requires explicit package name at /home/cpan/pit/thr/conf/perl-5.16.0/.cpanplus/5.16.0/build/FGEfoSGrOO/PayProp-API-Public-Client-0.04/blib/lib/PayProp/API/Public/Client/Role/JSON.pm line 26.
# Global symbol "$Attribute" requires explicit package name at /home/cpan/pit/thr/conf/perl-5.16.0/.cpanplus/5.16.0/build/FGEfoSGrOO/PayProp-API-Public-Client-0.04/blib/lib/PayProp/API/Public/Client/Role/JSON.pm line 38.
# syntax error at /home/cpan/pit/thr/conf/perl-5.16.0/.cpanplus/5.16.0/build/FGEfoSGrOO/PayProp-API-Public-Client-0.04/blib/lib/PayProp/API/Public/Client/Role/JSON.pm line 43, near "}"
# Compilation failed in require at /home/cpan/pit/jail/nKrZ1cvQtx/lib/perl5/x86_64-linux-thread-multi/Mouse/Util.pm line 295.
# at /home/cpan/pit/jail/nKrZ1cvQtx/lib/perl5/x86_64-linux-thread-multi/Mouse/Util.pm line 304.
# Mouse::Util::load_class('PayProp::API::Public::Client::Role::JSON') called at /home/cpan/pit/jail/nKrZ1cvQtx/lib/perl5/x86_64-linux-thread-multi/Mouse/Util.pm line 327
# Mouse::Util::apply_all_roles('PayProp::API::Public::Client::Response::Entity::Invoice', 'PayProp::API::Public::Client::Role::JSON') called at /home/cpan/pit/jail/nKrZ1cvQtx/lib/perl5/x86_64-linux-thread-multi/Mouse.pm line 40
# Mouse::with('PayProp::API::Public::Client::Role::JSON') called at /home/cpan/pit/thr/conf/perl-5.16.0/.cpanplus/5.16.0/build/FGEfoSGrOO/PayProp-API-Public-Client-0.04/blib/lib/PayProp/API/Public/Client/Response/Entity/Invoice.pm line 8
# require PayProp/API/Public/Client/Response/Entity/Invoice.pm called at /home/cpan/pit/thr/conf/perl-5.16.0/.cpanplus/5.16.0/build/FGEfoSGrOO/PayProp-API-Public-Client-0.04/blib/lib/PayProp/API/Public/Client/Request/Entity/Invoice.pm line 9
# PayProp::API::Public::Client::Request::Entity::Invoice::BEGIN() called at /home/cpan/pit/thr/conf/perl-5.16.0/.cpanplus/5.16.0/build/FGEfoSGrOO/PayProp-API-Public-Client-0.04/blib/lib/PayProp/API/Public/Client/Response/Entity/Invoice.pm line 0
# eval {...} called at /home/cpan/pit/thr/conf/perl-5.16.0/.cpanplus/5.16.0/build/FGEfoSGrOO/PayProp-API-Public-Client-0.04/blib/lib/PayProp/API/Public/Client/Response/Entity/Invoice.pm line 0
# require PayProp/API/Public/Client/Request/Entity/Invoice.pm called at t/payprop/api/public/client/request/entity/invoice.t line 13
# main::BEGIN() called at /home/cpan/pit/thr/conf/perl-5.16.0/.cpanplus/5.16.0/build/FGEfoSGrOO/PayProp-API-Public-Client-0.04/blib/lib/PayProp/API/Public/Client/Response/Entity/Invoice.pm line 0
# eval {...} called at /home/cpan/pit/thr/conf/perl-5.16.0/.cpanplus/5.16.0/build/FGEfoSGrOO/PayProp-API-Public-Client-0.04/blib/lib/PayProp/API/Public/Client/Response/Entity/Invoice.pm line 0
# eval 'package main;
# BEGIN { ${^WARNING_BITS} = $args[-1] if defined $args[-1] }
# #line 13 t/payprop/api/public/client/request/entity/invoice.t
# use PayProp::API::Public::Client::Request::Entity::Invoice @{$args[0]};
# 1;
#
# ;' called at /home/cpan/pit/thr/perl-5.16.0/lib/site_perl/5.16.0/Test/More.pm line 1056
# Test::More::_eval('package main;\x{a}BEGIN { ${^WARNING_BITS} = $args[-1] if defined...', 'ARRAY(0x7f4e4784fc50)', 'UUUUUUUUUUUUUUU') called at /home/cpan/pit/thr/perl-5.16.0/lib/site_perl/5.16.0/Test/More.pm line 1031
# Test::More::use_ok('PayProp::API::Public::Client::Request::Entity::Invoice') called at t/payprop/api/public/client/request/entity/invoice.t line 13
# Compilation failed in require at /home/cpan/pit/thr/conf/perl-5.16.0/.cpanplus/5.16.0/build/FGEfoSGrOO/PayProp-API-Public-Client-0.04/blib/lib/PayProp/API/Public/Client/Request/Entity/Invoice.pm line 9.
# BEGIN failed--compilation aborted at /home/cpan/pit/thr/conf/perl-5.16.0/.cpanplus/5.16.0/build/FGEfoSGrOO/PayProp-API-Public-Client-0.04/blib/lib/PayProp/API/Public/Client/Request/Entity/Invoice.pm line 9.
# Compilation failed in require at t/payprop/api/public/client/request/entity/invoice.t line 13.
# BEGIN failed--compilation aborted at t/payprop/api/public/client/request/entity/invoice.t line 13.
Can't locate object method "url" via package "PayProp::API::Public::Client::Request::Entity::Invoice" at t/payprop/api/public/client/request/entity/invoice.t line 34.
# Tests were run but no plan was declared and done_testing() was not seen.
# Looks like your test exited with 255 just after 2.
t/payprop/api/public/client/request/entity/invoice.t ................
Dubious, test returned 255 (wstat 65280, 0xff00)
Failed 1/2 subtests
Array found where operator expected at /home/cpan/pit/thr/conf/perl-5.16.0/.cpanplus/5.16.0/build/FGEfoSGrOO/PayProp-API-Public-Client-0.04/blib/lib/PayProp/API/Public/Client/Role/JSON.pm line 21, at end of line
(Missing operator before ?)
"my" variable $key masks earlier declaration in same statement at /home/cpan/pit/thr/conf/perl-5.16.0/.cpanplus/5.16.0/build/FGEfoSGrOO/PayProp-API-Public-Client-0.04/blib/lib/PayProp/API/Public/Client/Role/JSON.pm line 28.
"my" variable $value masks earlier declaration in same statement at /home/cpan/pit/thr/conf/perl-5.16.0/.cpanplus/5.16.0/build/FGEfoSGrOO/PayProp-API-Public-Client-0.04/blib/lib/PayProp/API/Public/Client/Role/JSON.pm line 28.
"my" variable $key masks earlier declaration in same statement at /home/cpan/pit/thr/conf/perl-5.16.0/.cpanplus/5.16.0/build/FGEfoSGrOO/PayProp-API-Public-Client-0.04/blib/lib/PayProp/API/Public/Client/Role/JSON.pm line 28.
"my" variable $structure masks earlier declaration in same statement at /home/cpan/pit/thr/conf/perl-5.16.0/.cpanplus/5.16.0/build/FGEfoSGrOO/PayProp-API-Public-Client-0.04/blib/lib/PayProp/API/Public/Client/Role/JSON.pm line 28.
"my" variable $structure masks earlier declaration in same statement at /home/cpan/pit/thr/conf/perl-5.16.0/.cpanplus/5.16.0/build/FGEfoSGrOO/PayProp-API-Public-Client-0.04/blib/lib/PayProp/API/Public/Client/Role/JSON.pm line 30.
"my" variable $value masks earlier declaration in same statement at /home/cpan/pit/thr/conf/perl-5.16.0/.cpanplus/5.16.0/build/FGEfoSGrOO/PayProp-API-Public-Client-0.04/blib/lib/PayProp/API/Public/Client/Role/JSON.pm line 34.
"my" variable $value masks earlier declaration in same statement at /home/cpan/pit/thr/conf/perl-5.16.0/.cpanplus/5.16.0/build/FGEfoSGrOO/PayProp-API-Public-Client-0.04/blib/lib/PayProp/API/Public/Client/Role/JSON.pm line 34.
"my" variable $key masks earlier declaration in same statement at /home/cpan/pit/thr/conf/perl-5.16.0/.cpanplus/5.16.0/build/FGEfoSGrOO/PayProp-API-Public-Client-0.04/blib/lib/PayProp/API/Public/Client/Role/JSON.pm line 36.
"my" variable $Attribute masks earlier declaration in same statement at /home/cpan/pit/thr/conf/perl-5.16.0/.cpanplus/5.16.0/build/FGEfoSGrOO/PayProp-API-Public-Client-0.04/blib/lib/PayProp/API/Public/Client/Role/JSON.pm line 36.
# Failed test 'use PayProp::API::Public::Client::Request::Entity::Payment;'
# at t/payprop/api/public/client/request/entity/payment.t line 13.
# Tried to use 'PayProp::API::Public::Client::Request::Entity::Payment'.
# Error: Could not load class (PayProp::API::Public::Client::Role::JSON) because : syntax error at /home/cpan/pit/thr/conf/perl-5.16.0/.cpanplus/5.16.0/build/FGEfoSGrOO/PayProp-API-Public-Client-0.04/blib/lib/PayProp/API/Public/Client/Role/JSON.pm line 21, near "->@* "
# Global symbol "$item" requires explicit package name at /home/cpan/pit/thr/conf/perl-5.16.0/.cpanplus/5.16.0/build/FGEfoSGrOO/PayProp-API-Public-Client-0.04/blib/lib/PayProp/API/Public/Client/Role/JSON.pm line 22.
# Global symbol "@items" requires explicit package name at /home/cpan/pit/thr/conf/perl-5.16.0/.cpanplus/5.16.0/build/FGEfoSGrOO/PayProp-API-Public-Client-0.04/blib/lib/PayProp/API/Public/Client/Role/JSON.pm line 24.
# syntax error at /home/cpan/pit/thr/conf/perl-5.16.0/.cpanplus/5.16.0/build/FGEfoSGrOO/PayProp-API-Public-Client-0.04/blib/lib/PayProp/API/Public/Client/Role/JSON.pm line 26, near "elsif"
# Global symbol "$ref_type" requires explicit package name at /home/cpan/pit/thr/conf/perl-5.16.0/.cpanplus/5.16.0/build/FGEfoSGrOO/PayProp-API-Public-Client-0.04/blib/lib/PayProp/API/Public/Client/Role/JSON.pm line 26.
# Global symbol "$Attribute" requires explicit package name at /home/cpan/pit/thr/conf/perl-5.16.0/.cpanplus/5.16.0/build/FGEfoSGrOO/PayProp-API-Public-Client-0.04/blib/lib/PayProp/API/Public/Client/Role/JSON.pm line 38.
# syntax error at /home/cpan/pit/thr/conf/perl-5.16.0/.cpanplus/5.16.0/build/FGEfoSGrOO/PayProp-API-Public-Client-0.04/blib/lib/PayProp/API/Public/Client/Role/JSON.pm line 43, near "}"
# Compilation failed in require at /home/cpan/pit/jail/nKrZ1cvQtx/lib/perl5/x86_64-linux-thread-multi/Mouse/Util.pm line 295.
# at /home/cpan/pit/jail/nKrZ1cvQtx/lib/perl5/x86_64-linux-thread-multi/Mouse/Util.pm line 304.
# Mouse::Util::load_class('PayProp::API::Public::Client::Role::JSON') called at /home/cpan/pit/jail/nKrZ1cvQtx/lib/perl5/x86_64-linux-thread-multi/Mouse/Util.pm line 327
# Mouse::Util::apply_all_roles('PayProp::API::Public::Client::Response::Entity::Payment', 'PayProp::API::Public::Client::Role::JSON') called at /home/cpan/pit/jail/nKrZ1cvQtx/lib/perl5/x86_64-linux-thread-multi/Mouse.pm line 40
# Mouse::with('PayProp::API::Public::Client::Role::JSON') called at /home/cpan/pit/thr/conf/perl-5.16.0/.cpanplus/5.16.0/build/FGEfoSGrOO/PayProp-API-Public-Client-0.04/blib/lib/PayProp/API/Public/Client/Response/Entity/Payment.pm line 8
# require PayProp/API/Public/Client/Response/Entity/Payment.pm called at /home/cpan/pit/thr/conf/perl-5.16.0/.cpanplus/5.16.0/build/FGEfoSGrOO/PayProp-API-Public-Client-0.04/blib/lib/PayProp/API/Public/Client/Request/Entity/Payment.pm line 9
# PayProp::API::Public::Client::Request::Entity::Payment::BEGIN() called at /home/cpan/pit/thr/conf/perl-5.16.0/.cpanplus/5.16.0/build/FGEfoSGrOO/PayProp-API-Public-Client-0.04/blib/lib/PayProp/API/Public/Client/Response/Entity/Payment.pm line 0
# eval {...} called at /home/cpan/pit/thr/conf/perl-5.16.0/.cpanplus/5.16.0/build/FGEfoSGrOO/PayProp-API-Public-Client-0.04/blib/lib/PayProp/API/Public/Client/Response/Entity/Payment.pm line 0
# require PayProp/API/Public/Client/Request/Entity/Payment.pm called at t/payprop/api/public/client/request/entity/payment.t line 13
# main::BEGIN() called at /home/cpan/pit/thr/conf/perl-5.16.0/.cpanplus/5.16.0/build/FGEfoSGrOO/PayProp-API-Public-Client-0.04/blib/lib/PayProp/API/Public/Client/Response/Entity/Payment.pm line 0
# eval {...} called at /home/cpan/pit/thr/conf/perl-5.16.0/.cpanplus/5.16.0/build/FGEfoSGrOO/PayProp-API-Public-Client-0.04/blib/lib/PayProp/API/Public/Client/Response/Entity/Payment.pm line 0
# eval 'package main;
# BEGIN { ${^WARNING_BITS} = $args[-1] if defined $args[-1] }
# #line 13 t/payprop/api/public/client/request/entity/payment.t
# use PayProp::API::Public::Client::Request::Entity::Payment @{$args[0]};
# 1;
#
# ;' called at /home/cpan/pit/thr/perl-5.16.0/lib/site_perl/5.16.0/Test/More.pm line 1056
# Test::More::_eval('package main;\x{a}BEGIN { ${^WARNING_BITS} = $args[-1] if defined...', 'ARRAY(0x7f4f92b55c50)', 'UUUUUUUUUUUUUUU') called at /home/cpan/pit/thr/perl-5.16.0/lib/site_perl/5.16.0/Test/More.pm line 1031
# Test::More::use_ok('PayProp::API::Public::Client::Request::Entity::Payment') called at t/payprop/api/public/client/request/entity/payment.t line 13
# Compilation failed in require at /home/cpan/pit/thr/conf/perl-5.16.0/.cpanplus/5.16.0/build/FGEfoSGrOO/PayProp-API-Public-Client-0.04/blib/lib/PayProp/API/Public/Client/Request/Entity/Payment.pm line 9.
# BEGIN failed--compilation aborted at /home/cpan/pit/thr/conf/perl-5.16.0/.cpanplus/5.16.0/build/FGEfoSGrOO/PayProp-API-Public-Client-0.04/blib/lib/PayProp/API/Public/Client/Request/Entity/Payment.pm line 9.
# Compilation failed in require at t/payprop/api/public/client/request/entity/payment.t line 13.
# BEGIN failed--compilation aborted at t/payprop/api/public/client/request/entity/payment.t line 13.
Can't locate object method "url" via package "PayProp::API::Public::Client::Request::Entity::Payment" at t/payprop/api/public/client/request/entity/payment.t line 34.
# Tests were run but no plan was declared and done_testing() was not seen.
# Looks like your test exited with 255 just after 2.
t/payprop/api/public/client/request/entity/payment.t ................
Dubious, test returned 255 (wstat 65280, 0xff00)
Failed 1/2 subtests
Array found where operator expected at /home/cpan/pit/thr/conf/perl-5.16.0/.cpanplus/5.16.0/build/FGEfoSGrOO/PayProp-API-Public-Client-0.04/blib/lib/PayProp/API/Public/Client/Role/JSON.pm line 21, at end of line
(Missing operator before ?)
"my" variable $key masks earlier declaration in same statement at /home/cpan/pit/thr/conf/perl-5.16.0/.cpanplus/5.16.0/build/FGEfoSGrOO/PayProp-API-Public-Client-0.04/blib/lib/PayProp/API/Public/Client/Role/JSON.pm line 28.
"my" variable $value masks earlier declaration in same statement at /home/cpan/pit/thr/conf/perl-5.16.0/.cpanplus/5.16.0/build/FGEfoSGrOO/PayProp-API-Public-Client-0.04/blib/lib/PayProp/API/Public/Client/Role/JSON.pm line 28.
"my" variable $key masks earlier declaration in same statement at /home/cpan/pit/thr/conf/perl-5.16.0/.cpanplus/5.16.0/build/FGEfoSGrOO/PayProp-API-Public-Client-0.04/blib/lib/PayProp/API/Public/Client/Role/JSON.pm line 28.
"my" variable $structure masks earlier declaration in same statement at /home/cpan/pit/thr/conf/perl-5.16.0/.cpanplus/5.16.0/build/FGEfoSGrOO/PayProp-API-Public-Client-0.04/blib/lib/PayProp/API/Public/Client/Role/JSON.pm line 28.
"my" variable $structure masks earlier declaration in same statement at /home/cpan/pit/thr/conf/perl-5.16.0/.cpanplus/5.16.0/build/FGEfoSGrOO/PayProp-API-Public-Client-0.04/blib/lib/PayProp/API/Public/Client/Role/JSON.pm line 30.
"my" variable $value masks earlier declaration in same statement at /home/cpan/pit/thr/conf/perl-5.16.0/.cpanplus/5.16.0/build/FGEfoSGrOO/PayProp-API-Public-Client-0.04/blib/lib/PayProp/API/Public/Client/Role/JSON.pm line 34.
"my" variable $value masks earlier declaration in same statement at /home/cpan/pit/thr/conf/perl-5.16.0/.cpanplus/5.16.0/build/FGEfoSGrOO/PayProp-API-Public-Client-0.04/blib/lib/PayProp/API/Public/Client/Role/JSON.pm line 34.
"my" variable $key masks earlier declaration in same statement at /home/cpan/pit/thr/conf/perl-5.16.0/.cpanplus/5.16.0/build/FGEfoSGrOO/PayProp-API-Public-Client-0.04/blib/lib/PayProp/API/Public/Client/Role/JSON.pm line 36.
"my" variable $Attribute masks earlier declaration in same statement at /home/cpan/pit/thr/conf/perl-5.16.0/.cpanplus/5.16.0/build/FGEfoSGrOO/PayProp-API-Public-Client-0.04/blib/lib/PayProp/API/Public/Client/Role/JSON.pm line 36.
Could not load class (PayProp::API::Public::Client::Role::JSON) because : syntax error at /home/cpan/pit/thr/conf/perl-5.16.0/.cpanplus/5.16.0/build/FGEfoSGrOO/PayProp-API-Public-Client-0.04/blib/lib/PayProp/API/Public/Client/Role/JSON.pm line 21, near "->@* "
Global symbol "$item" requires explicit package name at /home/cpan/pit/thr/conf/perl-5.16.0/.cpanplus/5.16.0/build/FGEfoSGrOO/PayProp-API-Public-Client-0.04/blib/lib/PayProp/API/Public/Client/Role/JSON.pm line 22.
Global symbol "@items" requires explicit package name at /home/cpan/pit/thr/conf/perl-5.16.0/.cpanplus/5.16.0/build/FGEfoSGrOO/PayProp-API-Public-Client-0.04/blib/lib/PayProp/API/Public/Client/Role/JSON.pm line 24.
syntax error at /home/cpan/pit/thr/conf/perl-5.16.0/.cpanplus/5.16.0/build/FGEfoSGrOO/PayProp-API-Public-Client-0.04/blib/lib/PayProp/API/Public/Client/Role/JSON.pm line 26, near "elsif"
Global symbol "$ref_type" requires explicit package name at /home/cpan/pit/thr/conf/perl-5.16.0/.cpanplus/5.16.0/build/FGEfoSGrOO/PayProp-API-Public-Client-0.04/blib/lib/PayProp/API/Public/Client/Role/JSON.pm line 26.
Global symbol "$Attribute" requires explicit package name at /home/cpan/pit/thr/conf/perl-5.16.0/.cpanplus/5.16.0/build/FGEfoSGrOO/PayProp-API-Public-Client-0.04/blib/lib/PayProp/API/Public/Client/Role/JSON.pm line 38.
syntax error at /home/cpan/pit/thr/conf/perl-5.16.0/.cpanplus/5.16.0/build/FGEfoSGrOO/PayProp-API-Public-Client-0.04/blib/lib/PayProp/API/Public/Client/Role/JSON.pm line 43, near "}"
Compilation failed in require at /home/cpan/pit/jail/nKrZ1cvQtx/lib/perl5/x86_64-linux-thread-multi/Mouse/Util.pm line 295.
at /home/cpan/pit/jail/nKrZ1cvQtx/lib/perl5/x86_64-linux-thread-multi/Mouse/Util.pm line 304.
Mouse::Util::load_class('PayProp::API::Public::Client::Role::JSON') called at /home/cpan/pit/jail/nKrZ1cvQtx/lib/perl5/x86_64-linux-thread-multi/Mouse/Util.pm line 327
Mouse::Util::apply_all_roles('PayProp::API::Public::Client::Response::Export::Beneficiary', 'PayProp::API::Public::Client::Role::JSON') called at /home/cpan/pit/jail/nKrZ1cvQtx/lib/perl5/x86_64-linux-thread-multi/Mouse.pm line 40
Mouse::with('PayProp::API::Public::Client::Role::JSON') called at /home/cpan/pit/thr/conf/perl-5.16.0/.cpanplus/5.16.0/build/FGEfoSGrOO/PayProp-API-Public-Client-0.04/blib/lib/PayProp/API/Public/Client/Response/Export/Beneficiary.pm line 7
require PayProp/API/Public/Client/Response/Export/Beneficiary.pm called at /home/cpan/pit/thr/conf/perl-5.16.0/.cpanplus/5.16.0/build/FGEfoSGrOO/PayProp-API-Public-Client-0.04/blib/lib/PayProp/API/Public/Client/Request/Export/Beneficiaries.pm line 9
PayProp::API::Public::Client::Request::Export::Beneficiaries::BEGIN() called at /home/cpan/pit/thr/conf/perl-5.16.0/.cpanplus/5.16.0/build/FGEfoSGrOO/PayProp-API-Public-Client-0.04/blib/lib/PayProp/API/Public/Client/Response/Export/Beneficiary.pm line 0
eval {...} called at /home/cpan/pit/thr/conf/perl-5.16.0/.cpanplus/5.16.0/build/FGEfoSGrOO/PayProp-API-Public-Client-0.04/blib/lib/PayProp/API/Public/Client/Response/Export/Beneficiary.pm line 0
require PayProp/API/Public/Client/Request/Export/Beneficiaries.pm called at /home/cpan/pit/thr/conf/perl-5.16.0/.cpanplus/5.16.0/build/FGEfoSGrOO/PayProp-API-Public-Client-0.04/blib/lib/PayProp/API/Public/Client/Request/Export.pm line 18
PayProp::API::Public::Client::Request::Export::__ANON__('PayProp::API::Public::Client::Request::Export=HASH(0x7f86b307...') called at t/payprop/api/public/client/request/export.t line 21
Compilation failed in require at /home/cpan/pit/thr/conf/perl-5.16.0/.cpanplus/5.16.0/build/FGEfoSGrOO/PayProp-API-Public-Client-0.04/blib/lib/PayProp/API/Public/Client/Request/Export/Beneficiaries.pm line 9.
BEGIN failed--compilation aborted at /home/cpan/pit/thr/conf/perl-5.16.0/.cpanplus/5.16.0/build/FGEfoSGrOO/PayProp-API-Public-Client-0.04/blib/lib/PayProp/API/Public/Client/Request/Export/Beneficiaries.pm line 9.
Compilation failed in require at /home/cpan/pit/thr/conf/perl-5.16.0/.cpanplus/5.16.0/build/FGEfoSGrOO/PayProp-API-Public-Client-0.04/blib/lib/PayProp/API/Public/Client/Request/Export.pm line 18.
# Tests were run but no plan was declared and done_testing() was not seen.
# Looks like your test exited with 255 just after 2.
t/payprop/api/public/client/request/export.t ........................
Dubious, test returned 255 (wstat 65280, 0xff00)
All 2 subtests passed
Array found where operator expected at t/payprop/api/public/client/request/export/beneficiaries.t line 45, at end of line
(Missing operator before ?)
syntax error at t/payprop/api/public/client/request/export/beneficiaries.t line 45, near "->@*"
Execution of t/payprop/api/public/client/request/export/beneficiaries.t aborted due to compilation errors.
t/payprop/api/public/client/request/export/beneficiaries.t ..........
Dubious, test returned 255 (wstat 65280, 0xff00)
No subtests run
Array found where operator expected at t/payprop/api/public/client/request/export/tenants.t line 45, at end of line
(Missing operator before ?)
syntax error at t/payprop/api/public/client/request/export/tenants.t line 45, near "->@*"
Execution of t/payprop/api/public/client/request/export/tenants.t aborted due to compilation errors.
t/payprop/api/public/client/request/export/tenants.t ................
Dubious, test returned 255 (wstat 65280, 0xff00)
No subtests run
Array found where operator expected at t/payprop/api/public/client/request/tags.t line 45, at end of line
(Missing operator before ?)
Array found where operator expected at t/payprop/api/public/client/request/tags.t line 132, at end of line
(Missing operator before ?)
syntax error at t/payprop/api/public/client/request/tags.t line 45, near "->@*"
syntax error at t/payprop/api/public/client/request/tags.t line 132, near "->@*"
Execution of t/payprop/api/public/client/request/tags.t aborted due to compilation errors.
t/payprop/api/public/client/request/tags.t ..........................
Dubious, test returned 255 (wstat 65280, 0xff00)
No subtests run
Array found where operator expected at /home/cpan/pit/thr/conf/perl-5.16.0/.cpanplus/5.16.0/build/FGEfoSGrOO/PayProp-API-Public-Client-0.04/blib/lib/PayProp/API/Public/Client/Role/JSON.pm line 21, at end of line
(Missing operator before ?)
"my" variable $key masks earlier declaration in same statement at /home/cpan/pit/thr/conf/perl-5.16.0/.cpanplus/5.16.0/build/FGEfoSGrOO/PayProp-API-Public-Client-0.04/blib/lib/PayProp/API/Public/Client/Role/JSON.pm line 28.
"my" variable $value masks earlier declaration in same statement at /home/cpan/pit/thr/conf/perl-5.16.0/.cpanplus/5.16.0/build/FGEfoSGrOO/PayProp-API-Public-Client-0.04/blib/lib/PayProp/API/Public/Client/Role/JSON.pm line 28.
"my" variable $key masks earlier declaration in same statement at /home/cpan/pit/thr/conf/perl-5.16.0/.cpanplus/5.16.0/build/FGEfoSGrOO/PayProp-API-Public-Client-0.04/blib/lib/PayProp/API/Public/Client/Role/JSON.pm line 28.
"my" variable $structure masks earlier declaration in same statement at /home/cpan/pit/thr/conf/perl-5.16.0/.cpanplus/5.16.0/build/FGEfoSGrOO/PayProp-API-Public-Client-0.04/blib/lib/PayProp/API/Public/Client/Role/JSON.pm line 28.
"my" variable $structure masks earlier declaration in same statement at /home/cpan/pit/thr/conf/perl-5.16.0/.cpanplus/5.16.0/build/FGEfoSGrOO/PayProp-API-Public-Client-0.04/blib/lib/PayProp/API/Public/Client/Role/JSON.pm line 30.
"my" variable $value masks earlier declaration in same statement at /home/cpan/pit/thr/conf/perl-5.16.0/.cpanplus/5.16.0/build/FGEfoSGrOO/PayProp-API-Public-Client-0.04/blib/lib/PayProp/API/Public/Client/Role/JSON.pm line 34.
"my" variable $value masks earlier declaration in same statement at /home/cpan/pit/thr/conf/perl-5.16.0/.cpanplus/5.16.0/build/FGEfoSGrOO/PayProp-API-Public-Client-0.04/blib/lib/PayProp/API/Public/Client/Role/JSON.pm line 34.
"my" variable $key masks earlier declaration in same statement at /home/cpan/pit/thr/conf/perl-5.16.0/.cpanplus/5.16.0/build/FGEfoSGrOO/PayProp-API-Public-Client-0.04/blib/lib/PayProp/API/Public/Client/Role/JSON.pm line 36.
"my" variable $Attribute masks earlier declaration in same statement at /home/cpan/pit/thr/conf/perl-5.16.0/.cpanplus/5.16.0/build/FGEfoSGrOO/PayProp-API-Public-Client-0.04/blib/lib/PayProp/API/Public/Client/Role/JSON.pm line 36.
# Failed test 'use PayProp::API::Public::Client::Response::Entity::Invoice;'
# at t/payprop/api/public/client/response/entity/invoice.t line 9.
# Tried to use 'PayProp::API::Public::Client::Response::Entity::Invoice'.
# Error: Could not load class (PayProp::API::Public::Client::Role::JSON) because : syntax error at /home/cpan/pit/thr/conf/perl-5.16.0/.cpanplus/5.16.0/build/FGEfoSGrOO/PayProp-API-Public-Client-0.04/blib/lib/PayProp/API/Public/Client/Role/JSON.pm line 21, near "->@* "
# Global symbol "$item" requires explicit package name at /home/cpan/pit/thr/conf/perl-5.16.0/.cpanplus/5.16.0/build/FGEfoSGrOO/PayProp-API-Public-Client-0.04/blib/lib/PayProp/API/Public/Client/Role/JSON.pm line 22.
# Global symbol "@items" requires explicit package name at /home/cpan/pit/thr/conf/perl-5.16.0/.cpanplus/5.16.0/build/FGEfoSGrOO/PayProp-API-Public-Client-0.04/blib/lib/PayProp/API/Public/Client/Role/JSON.pm line 24.
# syntax error at /home/cpan/pit/thr/conf/perl-5.16.0/.cpanplus/5.16.0/build/FGEfoSGrOO/PayProp-API-Public-Client-0.04/blib/lib/PayProp/API/Public/Client/Role/JSON.pm line 26, near "elsif"
# Global symbol "$ref_type" requires explicit package name at /home/cpan/pit/thr/conf/perl-5.16.0/.cpanplus/5.16.0/build/FGEfoSGrOO/PayProp-API-Public-Client-0.04/blib/lib/PayProp/API/Public/Client/Role/JSON.pm line 26.
# Global symbol "$Attribute" requires explicit package name at /home/cpan/pit/thr/conf/perl-5.16.0/.cpanplus/5.16.0/build/FGEfoSGrOO/PayProp-API-Public-Client-0.04/blib/lib/PayProp/API/Public/Client/Role/JSON.pm line 38.
# syntax error at /home/cpan/pit/thr/conf/perl-5.16.0/.cpanplus/5.16.0/build/FGEfoSGrOO/PayProp-API-Public-Client-0.04/blib/lib/PayProp/API/Public/Client/Role/JSON.pm line 43, near "}"
# Compilation failed in require at /home/cpan/pit/jail/nKrZ1cvQtx/lib/perl5/x86_64-linux-thread-multi/Mouse/Util.pm line 295.
# at /home/cpan/pit/jail/nKrZ1cvQtx/lib/perl5/x86_64-linux-thread-multi/Mouse/Util.pm line 304.
# Mouse::Util::load_class('PayProp::API::Public::Client::Role::JSON') called at /home/cpan/pit/jail/nKrZ1cvQtx/lib/perl5/x86_64-linux-thread-multi/Mouse/Util.pm line 327
# Mouse::Util::apply_all_roles('PayProp::API::Public::Client::Response::Entity::Invoice', 'PayProp::API::Public::Client::Role::JSON') called at /home/cpan/pit/jail/nKrZ1cvQtx/lib/perl5/x86_64-linux-thread-multi/Mouse.pm line 40
# Mouse::with('PayProp::API::Public::Client::Role::JSON') called at /home/cpan/pit/thr/conf/perl-5.16.0/.cpanplus/5.16.0/build/FGEfoSGrOO/PayProp-API-Public-Client-0.04/blib/lib/PayProp/API/Public/Client/Response/Entity/Invoice.pm line 8
# require PayProp/API/Public/Client/Response/Entity/Invoice.pm called at t/payprop/api/public/client/response/entity/invoice.t line 9
# main::BEGIN() called at /home/cpan/pit/thr/conf/perl-5.16.0/.cpanplus/5.16.0/build/FGEfoSGrOO/PayProp-API-Public-Client-0.04/blib/lib/PayProp/API/Public/Client/Response/Entity/Invoice.pm line 0
# eval {...} called at /home/cpan/pit/thr/conf/perl-5.16.0/.cpanplus/5.16.0/build/FGEfoSGrOO/PayProp-API-Public-Client-0.04/blib/lib/PayProp/API/Public/Client/Response/Entity/Invoice.pm line 0
# eval 'package main;
# BEGIN { ${^WARNING_BITS} = $args[-1] if defined $args[-1] }
# #line 9 t/payprop/api/public/client/response/entity/invoice.t
# use PayProp::API::Public::Client::Response::Entity::Invoice @{$args[0]};
# 1;
#
# ;' called at /home/cpan/pit/thr/perl-5.16.0/lib/site_perl/5.16.0/Test/More.pm line 1056
# Test::More::_eval('package main;\x{a}BEGIN { ${^WARNING_BITS} = $args[-1] if defined...', 'ARRAY(0x7f9a3566eb68)', 'UUUUUUUUUUUUU\x{15}') called at /home/cpan/pit/thr/perl-5.16.0/lib/site_perl/5.16.0/Test/More.pm line 1031
# Test::More::use_ok('PayProp::API::Public::Client::Response::Entity::Invoice') called at t/payprop/api/public/client/response/entity/invoice.t line 9
# Compilation failed in require at t/payprop/api/public/client/response/entity/invoice.t line 9.
# BEGIN failed--compilation aborted at t/payprop/api/public/client/response/entity/invoice.t line 9.
# Looks like you failed 1 test of 2.
t/payprop/api/public/client/response/entity/invoice.t ...............
Dubious, test returned 1 (wstat 256, 0x100)
Failed 1/2 subtests
Array found where operator expected at /home/cpan/pit/thr/conf/perl-5.16.0/.cpanplus/5.16.0/build/FGEfoSGrOO/PayProp-API-Public-Client-0.04/blib/lib/PayProp/API/Public/Client/Role/JSON.pm line 21, at end of line
(Missing operator before ?)
"my" variable $key masks earlier declaration in same statement at /home/cpan/pit/thr/conf/perl-5.16.0/.cpanplus/5.16.0/build/FGEfoSGrOO/PayProp-API-Public-Client-0.04/blib/lib/PayProp/API/Public/Client/Role/JSON.pm line 28.
"my" variable $value masks earlier declaration in same statement at /home/cpan/pit/thr/conf/perl-5.16.0/.cpanplus/5.16.0/build/FGEfoSGrOO/PayProp-API-Public-Client-0.04/blib/lib/PayProp/API/Public/Client/Role/JSON.pm line 28.
"my" variable $key masks earlier declaration in same statement at /home/cpan/pit/thr/conf/perl-5.16.0/.cpanplus/5.16.0/build/FGEfoSGrOO/PayProp-API-Public-Client-0.04/blib/lib/PayProp/API/Public/Client/Role/JSON.pm line 28.
"my" variable $structure masks earlier declaration in same statement at /home/cpan/pit/thr/conf/perl-5.16.0/.cpanplus/5.16.0/build/FGEfoSGrOO/PayProp-API-Public-Client-0.04/blib/lib/PayProp/API/Public/Client/Role/JSON.pm line 28.
"my" variable $structure masks earlier declaration in same statement at /home/cpan/pit/thr/conf/perl-5.16.0/.cpanplus/5.16.0/build/FGEfoSGrOO/PayProp-API-Public-Client-0.04/blib/lib/PayProp/API/Public/Client/Role/JSON.pm line 30.
"my" variable $value masks earlier declaration in same statement at /home/cpan/pit/thr/conf/perl-5.16.0/.cpanplus/5.16.0/build/FGEfoSGrOO/PayProp-API-Public-Client-0.04/blib/lib/PayProp/API/Public/Client/Role/JSON.pm line 34.
"my" variable $value masks earlier declaration in same statement at /home/cpan/pit/thr/conf/perl-5.16.0/.cpanplus/5.16.0/build/FGEfoSGrOO/PayProp-API-Public-Client-0.04/blib/lib/PayProp/API/Public/Client/Role/JSON.pm line 34.
"my" variable $key masks earlier declaration in same statement at /home/cpan/pit/thr/conf/perl-5.16.0/.cpanplus/5.16.0/build/FGEfoSGrOO/PayProp-API-Public-Client-0.04/blib/lib/PayProp/API/Public/Client/Role/JSON.pm line 36.
"my" variable $Attribute masks earlier declaration in same statement at /home/cpan/pit/thr/conf/perl-5.16.0/.cpanplus/5.16.0/build/FGEfoSGrOO/PayProp-API-Public-Client-0.04/blib/lib/PayProp/API/Public/Client/Role/JSON.pm line 36.
# Failed test 'use PayProp::API::Public::Client::Response::Entity::Payment;'
# at t/payprop/api/public/client/response/entity/payment.t line 9.
# Tried to use 'PayProp::API::Public::Client::Response::Entity::Payment'.
# Error: Could not load class (PayProp::API::Public::Client::Role::JSON) because : syntax error at /home/cpan/pit/thr/conf/perl-5.16.0/.cpanplus/5.16.0/build/FGEfoSGrOO/PayProp-API-Public-Client-0.04/blib/lib/PayProp/API/Public/Client/Role/JSON.pm line 21, near "->@* "
# Global symbol "$item" requires explicit package name at /home/cpan/pit/thr/conf/perl-5.16.0/.cpanplus/5.16.0/build/FGEfoSGrOO/PayProp-API-Public-Client-0.04/blib/lib/PayProp/API/Public/Client/Role/JSON.pm line 22.
# Global symbol "@items" requires explicit package name at /home/cpan/pit/thr/conf/perl-5.16.0/.cpanplus/5.16.0/build/FGEfoSGrOO/PayProp-API-Public-Client-0.04/blib/lib/PayProp/API/Public/Client/Role/JSON.pm line 24.
# syntax error at /home/cpan/pit/thr/conf/perl-5.16.0/.cpanplus/5.16.0/build/FGEfoSGrOO/PayProp-API-Public-Client-0.04/blib/lib/PayProp/API/Public/Client/Role/JSON.pm line 26, near "elsif"
# Global symbol "$ref_type" requires explicit package name at /home/cpan/pit/thr/conf/perl-5.16.0/.cpanplus/5.16.0/build/FGEfoSGrOO/PayProp-API-Public-Client-0.04/blib/lib/PayProp/API/Public/Client/Role/JSON.pm line 26.
# Global symbol "$Attribute" requires explicit package name at /home/cpan/pit/thr/conf/perl-5.16.0/.cpanplus/5.16.0/build/FGEfoSGrOO/PayProp-API-Public-Client-0.04/blib/lib/PayProp/API/Public/Client/Role/JSON.pm line 38.
# syntax error at /home/cpan/pit/thr/conf/perl-5.16.0/.cpanplus/5.16.0/build/FGEfoSGrOO/PayProp-API-Public-Client-0.04/blib/lib/PayProp/API/Public/Client/Role/JSON.pm line 43, near "}"
# Compilation failed in require at /home/cpan/pit/jail/nKrZ1cvQtx/lib/perl5/x86_64-linux-thread-multi/Mouse/Util.pm line 295.
# at /home/cpan/pit/jail/nKrZ1cvQtx/lib/perl5/x86_64-linux-thread-multi/Mouse/Util.pm line 304.
# Mouse::Util::load_class('PayProp::API::Public::Client::Role::JSON') called at /home/cpan/pit/jail/nKrZ1cvQtx/lib/perl5/x86_64-linux-thread-multi/Mouse/Util.pm line 327
# Mouse::Util::apply_all_roles('PayProp::API::Public::Client::Response::Entity::Payment', 'PayProp::API::Public::Client::Role::JSON') called at /home/cpan/pit/jail/nKrZ1cvQtx/lib/perl5/x86_64-linux-thread-multi/Mouse.pm line 40
# Mouse::with('PayProp::API::Public::Client::Role::JSON') called at /home/cpan/pit/thr/conf/perl-5.16.0/.cpanplus/5.16.0/build/FGEfoSGrOO/PayProp-API-Public-Client-0.04/blib/lib/PayProp/API/Public/Client/Response/Entity/Payment.pm line 8
# require PayProp/API/Public/Client/Response/Entity/Payment.pm called at t/payprop/api/public/client/response/entity/payment.t line 9
# main::BEGIN() called at /home/cpan/pit/thr/conf/perl-5.16.0/.cpanplus/5.16.0/build/FGEfoSGrOO/PayProp-API-Public-Client-0.04/blib/lib/PayProp/API/Public/Client/Response/Entity/Payment.pm line 0
# eval {...} called at /home/cpan/pit/thr/conf/perl-5.16.0/.cpanplus/5.16.0/build/FGEfoSGrOO/PayProp-API-Public-Client-0.04/blib/lib/PayProp/API/Public/Client/Response/Entity/Payment.pm line 0
# eval 'package main;
# BEGIN { ${^WARNING_BITS} = $args[-1] if defined $args[-1] }
# #line 9 t/payprop/api/public/client/response/entity/payment.t
# use PayProp::API::Public::Client::Response::Entity::Payment @{$args[0]};
# 1;
#
# ;' called at /home/cpan/pit/thr/perl-5.16.0/lib/site_perl/5.16.0/Test/More.pm line 1056
# Test::More::_eval('package main;\x{a}BEGIN { ${^WARNING_BITS} = $args[-1] if defined...', 'ARRAY(0x7ffb544e9b68)', 'UUUUUUUUUUUUU\x{15}') called at /home/cpan/pit/thr/perl-5.16.0/lib/site_perl/5.16.0/Test/More.pm line 1031
# Test::More::use_ok('PayProp::API::Public::Client::Response::Entity::Payment') called at t/payprop/api/public/client/response/entity/payment.t line 9
# Compilation failed in require at t/payprop/api/public/client/response/entity/payment.t line 9.
# BEGIN failed--compilation aborted at t/payprop/api/public/client/response/entity/payment.t line 9.
# Looks like you failed 1 test of 2.
t/payprop/api/public/client/response/entity/payment.t ...............
Dubious, test returned 1 (wstat 256, 0x100)
Failed 1/2 subtests
Array found where operator expected at /home/cpan/pit/thr/conf/perl-5.16.0/.cpanplus/5.16.0/build/FGEfoSGrOO/PayProp-API-Public-Client-0.04/blib/lib/PayProp/API/Public/Client/Role/JSON.pm line 21, at end of line
(Missing operator before ?)
"my" variable $key masks earlier declaration in same statement at /home/cpan/pit/thr/conf/perl-5.16.0/.cpanplus/5.16.0/build/FGEfoSGrOO/PayProp-API-Public-Client-0.04/blib/lib/PayProp/API/Public/Client/Role/JSON.pm line 28.
"my" variable $value masks earlier declaration in same statement at /home/cpan/pit/thr/conf/perl-5.16.0/.cpanplus/5.16.0/build/FGEfoSGrOO/PayProp-API-Public-Client-0.04/blib/lib/PayProp/API/Public/Client/Role/JSON.pm line 28.
"my" variable $key masks earlier declaration in same statement at /home/cpan/pit/thr/conf/perl-5.16.0/.cpanplus/5.16.0/build/FGEfoSGrOO/PayProp-API-Public-Client-0.04/blib/lib/PayProp/API/Public/Client/Role/JSON.pm line 28.
"my" variable $structure masks earlier declaration in same statement at /home/cpan/pit/thr/conf/perl-5.16.0/.cpanplus/5.16.0/build/FGEfoSGrOO/PayProp-API-Public-Client-0.04/blib/lib/PayProp/API/Public/Client/Role/JSON.pm line 28.
"my" variable $structure masks earlier declaration in same statement at /home/cpan/pit/thr/conf/perl-5.16.0/.cpanplus/5.16.0/build/FGEfoSGrOO/PayProp-API-Public-Client-0.04/blib/lib/PayProp/API/Public/Client/Role/JSON.pm line 30.
"my" variable $value masks earlier declaration in same statement at /home/cpan/pit/thr/conf/perl-5.16.0/.cpanplus/5.16.0/build/FGEfoSGrOO/PayProp-API-Public-Client-0.04/blib/lib/PayProp/API/Public/Client/Role/JSON.pm line 34.
"my" variable $value masks earlier declaration in same statement at /home/cpan/pit/thr/conf/perl-5.16.0/.cpanplus/5.16.0/build/FGEfoSGrOO/PayProp-API-Public-Client-0.04/blib/lib/PayProp/API/Public/Client/Role/JSON.pm line 34.
"my" variable $key masks earlier declaration in same statement at /home/cpan/pit/thr/conf/perl-5.16.0/.cpanplus/5.16.0/build/FGEfoSGrOO/PayProp-API-Public-Client-0.04/blib/lib/PayProp/API/Public/Client/Role/JSON.pm line 36.
"my" variable $Attribute masks earlier declaration in same statement at /home/cpan/pit/thr/conf/perl-5.16.0/.cpanplus/5.16.0/build/FGEfoSGrOO/PayProp-API-Public-Client-0.04/blib/lib/PayProp/API/Public/Client/Role/JSON.pm line 36.
# Failed test 'use PayProp::API::Public::Client::Response::Export::Beneficiary;'
# at t/payprop/api/public/client/response/export/beneficiary.t line 9.
# Tried to use 'PayProp::API::Public::Client::Response::Export::Beneficiary'.
# Error: Could not load class (PayProp::API::Public::Client::Role::JSON) because : syntax error at /home/cpan/pit/thr/conf/perl-5.16.0/.cpanplus/5.16.0/build/FGEfoSGrOO/PayProp-API-Public-Client-0.04/blib/lib/PayProp/API/Public/Client/Role/JSON.pm line 21, near "->@* "
# Global symbol "$item" requires explicit package name at /home/cpan/pit/thr/conf/perl-5.16.0/.cpanplus/5.16.0/build/FGEfoSGrOO/PayProp-API-Public-Client-0.04/blib/lib/PayProp/API/Public/Client/Role/JSON.pm line 22.
# Global symbol "@items" requires explicit package name at /home/cpan/pit/thr/conf/perl-5.16.0/.cpanplus/5.16.0/build/FGEfoSGrOO/PayProp-API-Public-Client-0.04/blib/lib/PayProp/API/Public/Client/Role/JSON.pm line 24.
# syntax error at /home/cpan/pit/thr/conf/perl-5.16.0/.cpanplus/5.16.0/build/FGEfoSGrOO/PayProp-API-Public-Client-0.04/blib/lib/PayProp/API/Public/Client/Role/JSON.pm line 26, near "elsif"
# Global symbol "$ref_type" requires explicit package name at /home/cpan/pit/thr/conf/perl-5.16.0/.cpanplus/5.16.0/build/FGEfoSGrOO/PayProp-API-Public-Client-0.04/blib/lib/PayProp/API/Public/Client/Role/JSON.pm line 26.
# Global symbol "$Attribute" requires explicit package name at /home/cpan/pit/thr/conf/perl-5.16.0/.cpanplus/5.16.0/build/FGEfoSGrOO/PayProp-API-Public-Client-0.04/blib/lib/PayProp/API/Public/Client/Role/JSON.pm line 38.
# syntax error at /home/cpan/pit/thr/conf/perl-5.16.0/.cpanplus/5.16.0/build/FGEfoSGrOO/PayProp-API-Public-Client-0.04/blib/lib/PayProp/API/Public/Client/Role/JSON.pm line 43, near "}"
# Compilation failed in require at /home/cpan/pit/jail/nKrZ1cvQtx/lib/perl5/x86_64-linux-thread-multi/Mouse/Util.pm line 295.
# at /home/cpan/pit/jail/nKrZ1cvQtx/lib/perl5/x86_64-linux-thread-multi/Mouse/Util.pm line 304.
# Mouse::Util::load_class('PayProp::API::Public::Client::Role::JSON') called at /home/cpan/pit/jail/nKrZ1cvQtx/lib/perl5/x86_64-linux-thread-multi/Mouse/Util.pm line 327
# Mouse::Util::apply_all_roles('PayProp::API::Public::Client::Response::Export::Beneficiary', 'PayProp::API::Public::Client::Role::JSON') called at /home/cpan/pit/jail/nKrZ1cvQtx/lib/perl5/x86_64-linux-thread-multi/Mouse.pm line 40
# Mouse::with('PayProp::API::Public::Client::Role::JSON') called at /home/cpan/pit/thr/conf/perl-5.16.0/.cpanplus/5.16.0/build/FGEfoSGrOO/PayProp-API-Public-Client-0.04/blib/lib/PayProp/API/Public/Client/Response/Export/Beneficiary.pm line 7
# require PayProp/API/Public/Client/Response/Export/Beneficiary.pm called at t/payprop/api/public/client/response/export/beneficiary.t line 9
# main::BEGIN() called at /home/cpan/pit/thr/conf/perl-5.16.0/.cpanplus/5.16.0/build/FGEfoSGrOO/PayProp-API-Public-Client-0.04/blib/lib/PayProp/API/Public/Client/Response/Export/Beneficiary.pm line 0
# eval {...} called at /home/cpan/pit/thr/conf/perl-5.16.0/.cpanplus/5.16.0/build/FGEfoSGrOO/PayProp-API-Public-Client-0.04/blib/lib/PayProp/API/Public/Client/Response/Export/Beneficiary.pm line 0
# eval 'package main;
# BEGIN { ${^WARNING_BITS} = $args[-1] if defined $args[-1] }
# #line 9 t/payprop/api/public/client/response/export/beneficiary.t
# use PayProp::API::Public::Client::Response::Export::Beneficiary @{$args[0]};
# 1;
#
# ;' called at /home/cpan/pit/thr/perl-5.16.0/lib/site_perl/5.16.0/Test/More.pm line 1056
# Test::More::_eval('package main;\x{a}BEGIN { ${^WARNING_BITS} = $args[-1] if defined...', 'ARRAY(0x7fec9b3cebe8)', 'UUUUUUUUUUUUU\x{15}') called at /home/cpan/pit/thr/perl-5.16.0/lib/site_perl/5.16.0/Test/More.pm line 1031
# Test::More::use_ok('PayProp::API::Public::Client::Response::Export::Beneficiary') called at t/payprop/api/public/client/response/export/beneficiary.t line 9
# Compilation failed in require at t/payprop/api/public/client/response/export/beneficiary.t line 9.
# BEGIN failed--compilation aborted at t/payprop/api/public/client/response/export/beneficiary.t line 9.
# Looks like you failed 1 test of 2.
t/payprop/api/public/client/response/export/beneficiary.t ...........
Dubious, test returned 1 (wstat 256, 0x100)
Failed 1/2 subtests
t/payprop/api/public/client/response/export/beneficiary/address.t ... ok
t/payprop/api/public/client/response/export/beneficiary/property.t .. ok
Array found where operator expected at /home/cpan/pit/thr/conf/perl-5.16.0/.cpanplus/5.16.0/build/FGEfoSGrOO/PayProp-API-Public-Client-0.04/blib/lib/PayProp/API/Public/Client/Role/JSON.pm line 21, at end of line
(Missing operator before ?)
"my" variable $key masks earlier declaration in same statement at /home/cpan/pit/thr/conf/perl-5.16.0/.cpanplus/5.16.0/build/FGEfoSGrOO/PayProp-API-Public-Client-0.04/blib/lib/PayProp/API/Public/Client/Role/JSON.pm line 28.
"my" variable $value masks earlier declaration in same statement at /home/cpan/pit/thr/conf/perl-5.16.0/.cpanplus/5.16.0/build/FGEfoSGrOO/PayProp-API-Public-Client-0.04/blib/lib/PayProp/API/Public/Client/Role/JSON.pm line 28.
"my" variable $key masks earlier declaration in same statement at /home/cpan/pit/thr/conf/perl-5.16.0/.cpanplus/5.16.0/build/FGEfoSGrOO/PayProp-API-Public-Client-0.04/blib/lib/PayProp/API/Public/Client/Role/JSON.pm line 28.
"my" variable $structure masks earlier declaration in same statement at /home/cpan/pit/thr/conf/perl-5.16.0/.cpanplus/5.16.0/build/FGEfoSGrOO/PayProp-API-Public-Client-0.04/blib/lib/PayProp/API/Public/Client/Role/JSON.pm line 28.
"my" variable $structure masks earlier declaration in same statement at /home/cpan/pit/thr/conf/perl-5.16.0/.cpanplus/5.16.0/build/FGEfoSGrOO/PayProp-API-Public-Client-0.04/blib/lib/PayProp/API/Public/Client/Role/JSON.pm line 30.
"my" variable $value masks earlier declaration in same statement at /home/cpan/pit/thr/conf/perl-5.16.0/.cpanplus/5.16.0/build/FGEfoSGrOO/PayProp-API-Public-Client-0.04/blib/lib/PayProp/API/Public/Client/Role/JSON.pm line 34.
"my" variable $value masks earlier declaration in same statement at /home/cpan/pit/thr/conf/perl-5.16.0/.cpanplus/5.16.0/build/FGEfoSGrOO/PayProp-API-Public-Client-0.04/blib/lib/PayProp/API/Public/Client/Role/JSON.pm line 34.
"my" variable $key masks earlier declaration in same statement at /home/cpan/pit/thr/conf/perl-5.16.0/.cpanplus/5.16.0/build/FGEfoSGrOO/PayProp-API-Public-Client-0.04/blib/lib/PayProp/API/Public/Client/Role/JSON.pm line 36.
"my" variable $Attribute masks earlier declaration in same statement at /home/cpan/pit/thr/conf/perl-5.16.0/.cpanplus/5.16.0/build/FGEfoSGrOO/PayProp-API-Public-Client-0.04/blib/lib/PayProp/API/Public/Client/Role/JSON.pm line 36.
# Failed test 'use PayProp::API::Public::Client::Response::Export::Tenant;'
# at t/payprop/api/public/client/response/export/tenant.t line 9.
# Tried to use 'PayProp::API::Public::Client::Response::Export::Tenant'.
# Error: Could not load class (PayProp::API::Public::Client::Role::JSON) because : syntax error at /home/cpan/pit/thr/conf/perl-5.16.0/.cpanplus/5.16.0/build/FGEfoSGrOO/PayProp-API-Public-Client-0.04/blib/lib/PayProp/API/Public/Client/Role/JSON.pm line 21, near "->@* "
# Global symbol "$item" requires explicit package name at /home/cpan/pit/thr/conf/perl-5.16.0/.cpanplus/5.16.0/build/FGEfoSGrOO/PayProp-API-Public-Client-0.04/blib/lib/PayProp/API/Public/Client/Role/JSON.pm line 22.
# Global symbol "@items" requires explicit package name at /home/cpan/pit/thr/conf/perl-5.16.0/.cpanplus/5.16.0/build/FGEfoSGrOO/PayProp-API-Public-Client-0.04/blib/lib/PayProp/API/Public/Client/Role/JSON.pm line 24.
# syntax error at /home/cpan/pit/thr/conf/perl-5.16.0/.cpanplus/5.16.0/build/FGEfoSGrOO/PayProp-API-Public-Client-0.04/blib/lib/PayProp/API/Public/Client/Role/JSON.pm line 26, near "elsif"
# Global symbol "$ref_type" requires explicit package name at /home/cpan/pit/thr/conf/perl-5.16.0/.cpanplus/5.16.0/build/FGEfoSGrOO/PayProp-API-Public-Client-0.04/blib/lib/PayProp/API/Public/Client/Role/JSON.pm line 26.
# Global symbol "$Attribute" requires explicit package name at /home/cpan/pit/thr/conf/perl-5.16.0/.cpanplus/5.16.0/build/FGEfoSGrOO/PayProp-API-Public-Client-0.04/blib/lib/PayProp/API/Public/Client/Role/JSON.pm line 38.
# syntax error at /home/cpan/pit/thr/conf/perl-5.16.0/.cpanplus/5.16.0/build/FGEfoSGrOO/PayProp-API-Public-Client-0.04/blib/lib/PayProp/API/Public/Client/Role/JSON.pm line 43, near "}"
# Compilation failed in require at /home/cpan/pit/jail/nKrZ1cvQtx/lib/perl5/x86_64-linux-thread-multi/Mouse/Util.pm line 295.
# at /home/cpan/pit/jail/nKrZ1cvQtx/lib/perl5/x86_64-linux-thread-multi/Mouse/Util.pm line 304.
# Mouse::Util::load_class('PayProp::API::Public::Client::Role::JSON') called at /home/cpan/pit/jail/nKrZ1cvQtx/lib/perl5/x86_64-linux-thread-multi/Mouse/Util.pm line 327
# Mouse::Util::apply_all_roles('PayProp::API::Public::Client::Response::Export::Tenant', 'PayProp::API::Public::Client::Role::JSON') called at /home/cpan/pit/jail/nKrZ1cvQtx/lib/perl5/x86_64-linux-thread-multi/Mouse.pm line 40
# Mouse::with('PayProp::API::Public::Client::Role::JSON') called at /home/cpan/pit/thr/conf/perl-5.16.0/.cpanplus/5.16.0/build/FGEfoSGrOO/PayProp-API-Public-Client-0.04/blib/lib/PayProp/API/Public/Client/Response/Export/Tenant.pm line 7
# require PayProp/API/Public/Client/Response/Export/Tenant.pm called at t/payprop/api/public/client/response/export/tenant.t line 9
# main::BEGIN() called at /home/cpan/pit/thr/conf/perl-5.16.0/.cpanplus/5.16.0/build/FGEfoSGrOO/PayProp-API-Public-Client-0.04/blib/lib/PayProp/API/Public/Client/Response/Export/Tenant.pm line 0
# eval {...} called at /home/cpan/pit/thr/conf/perl-5.16.0/.cpanplus/5.16.0/build/FGEfoSGrOO/PayProp-API-Public-Client-0.04/blib/lib/PayProp/API/Public/Client/Response/Export/Tenant.pm line 0
# eval 'package main;
# BEGIN { ${^WARNING_BITS} = $args[-1] if defined $args[-1] }
# #line 9 t/payprop/api/public/client/response/export/tenant.t
# use PayProp::API::Public::Client::Response::Export::Tenant @{$args[0]};
# 1;
#
# ;' called at /home/cpan/pit/thr/perl-5.16.0/lib/site_perl/5.16.0/Test/More.pm line 1056
# Test::More::_eval('package main;\x{a}BEGIN { ${^WARNING_BITS} = $args[-1] if defined...', 'ARRAY(0x7f501f0d7b68)', 'UUUUUUUUUUUUU\x{15}') called at /home/cpan/pit/thr/perl-5.16.0/lib/site_perl/5.16.0/Test/More.pm line 1031
# Test::More::use_ok('PayProp::API::Public::Client::Response::Export::Tenant') called at t/payprop/api/public/client/response/export/tenant.t line 9
# Compilation failed in require at t/payprop/api/public/client/response/export/tenant.t line 9.
# BEGIN failed--compilation aborted at t/payprop/api/public/client/response/export/tenant.t line 9.
# Looks like you failed 1 test of 2.
t/payprop/api/public/client/response/export/tenant.t ................
Dubious, test returned 1 (wstat 256, 0x100)
Failed 1/2 subtests
t/payprop/api/public/client/response/export/tenant/address.t ........ ok
t/payprop/api/public/client/response/export/tenant/property.t ....... ok
Array found where operator expected at /home/cpan/pit/thr/conf/perl-5.16.0/.cpanplus/5.16.0/build/FGEfoSGrOO/PayProp-API-Public-Client-0.04/blib/lib/PayProp/API/Public/Client/Role/JSON.pm line 21, at end of line
(Missing operator before ?)
"my" variable $key masks earlier declaration in same statement at /home/cpan/pit/thr/conf/perl-5.16.0/.cpanplus/5.16.0/build/FGEfoSGrOO/PayProp-API-Public-Client-0.04/blib/lib/PayProp/API/Public/Client/Role/JSON.pm line 28.
"my" variable $value masks earlier declaration in same statement at /home/cpan/pit/thr/conf/perl-5.16.0/.cpanplus/5.16.0/build/FGEfoSGrOO/PayProp-API-Public-Client-0.04/blib/lib/PayProp/API/Public/Client/Role/JSON.pm line 28.
"my" variable $key masks earlier declaration in same statement at /home/cpan/pit/thr/conf/perl-5.16.0/.cpanplus/5.16.0/build/FGEfoSGrOO/PayProp-API-Public-Client-0.04/blib/lib/PayProp/API/Public/Client/Role/JSON.pm line 28.
"my" variable $structure masks earlier declaration in same statement at /home/cpan/pit/thr/conf/perl-5.16.0/.cpanplus/5.16.0/build/FGEfoSGrOO/PayProp-API-Public-Client-0.04/blib/lib/PayProp/API/Public/Client/Role/JSON.pm line 28.
"my" variable $structure masks earlier declaration in same statement at /home/cpan/pit/thr/conf/perl-5.16.0/.cpanplus/5.16.0/build/FGEfoSGrOO/PayProp-API-Public-Client-0.04/blib/lib/PayProp/API/Public/Client/Role/JSON.pm line 30.
"my" variable $value masks earlier declaration in same statement at /home/cpan/pit/thr/conf/perl-5.16.0/.cpanplus/5.16.0/build/FGEfoSGrOO/PayProp-API-Public-Client-0.04/blib/lib/PayProp/API/Public/Client/Role/JSON.pm line 34.
"my" variable $value masks earlier declaration in same statement at /home/cpan/pit/thr/conf/perl-5.16.0/.cpanplus/5.16.0/build/FGEfoSGrOO/PayProp-API-Public-Client-0.04/blib/lib/PayProp/API/Public/Client/Role/JSON.pm line 34.
"my" variable $key masks earlier declaration in same statement at /home/cpan/pit/thr/conf/perl-5.16.0/.cpanplus/5.16.0/build/FGEfoSGrOO/PayProp-API-Public-Client-0.04/blib/lib/PayProp/API/Public/Client/Role/JSON.pm line 36.
"my" variable $Attribute masks earlier declaration in same statement at /home/cpan/pit/thr/conf/perl-5.16.0/.cpanplus/5.16.0/build/FGEfoSGrOO/PayProp-API-Public-Client-0.04/blib/lib/PayProp/API/Public/Client/Role/JSON.pm line 36.
# Failed test 'use PayProp::API::Public::Client::Response::Tag;'
# at t/payprop/api/public/client/response/tag.t line 8.
# Tried to use 'PayProp::API::Public::Client::Response::Tag'.
# Error: Could not load class (PayProp::API::Public::Client::Role::JSON) because : syntax error at /home/cpan/pit/thr/conf/perl-5.16.0/.cpanplus/5.16.0/build/FGEfoSGrOO/PayProp-API-Public-Client-0.04/blib/lib/PayProp/API/Public/Client/Role/JSON.pm line 21, near "->@* "
# Global symbol "$item" requires explicit package name at /home/cpan/pit/thr/conf/perl-5.16.0/.cpanplus/5.16.0/build/FGEfoSGrOO/PayProp-API-Public-Client-0.04/blib/lib/PayProp/API/Public/Client/Role/JSON.pm line 22.
# Global symbol "@items" requires explicit package name at /home/cpan/pit/thr/conf/perl-5.16.0/.cpanplus/5.16.0/build/FGEfoSGrOO/PayProp-API-Public-Client-0.04/blib/lib/PayProp/API/Public/Client/Role/JSON.pm line 24.
# syntax error at /home/cpan/pit/thr/conf/perl-5.16.0/.cpanplus/5.16.0/build/FGEfoSGrOO/PayProp-API-Public-Client-0.04/blib/lib/PayProp/API/Public/Client/Role/JSON.pm line 26, near "elsif"
# Global symbol "$ref_type" requires explicit package name at /home/cpan/pit/thr/conf/perl-5.16.0/.cpanplus/5.16.0/build/FGEfoSGrOO/PayProp-API-Public-Client-0.04/blib/lib/PayProp/API/Public/Client/Role/JSON.pm line 26.
# Global symbol "$Attribute" requires explicit package name at /home/cpan/pit/thr/conf/perl-5.16.0/.cpanplus/5.16.0/build/FGEfoSGrOO/PayProp-API-Public-Client-0.04/blib/lib/PayProp/API/Public/Client/Role/JSON.pm line 38.
# syntax error at /home/cpan/pit/thr/conf/perl-5.16.0/.cpanplus/5.16.0/build/FGEfoSGrOO/PayProp-API-Public-Client-0.04/blib/lib/PayProp/API/Public/Client/Role/JSON.pm line 43, near "}"
# Compilation failed in require at /home/cpan/pit/jail/nKrZ1cvQtx/lib/perl5/x86_64-linux-thread-multi/Mouse/Util.pm line 295.
# at /home/cpan/pit/jail/nKrZ1cvQtx/lib/perl5/x86_64-linux-thread-multi/Mouse/Util.pm line 304.
# Mouse::Util::load_class('PayProp::API::Public::Client::Role::JSON') called at /home/cpan/pit/jail/nKrZ1cvQtx/lib/perl5/x86_64-linux-thread-multi/Mouse/Util.pm line 327
# Mouse::Util::apply_all_roles('PayProp::API::Public::Client::Response::Tag', 'PayProp::API::Public::Client::Role::JSON') called at /home/cpan/pit/jail/nKrZ1cvQtx/lib/perl5/x86_64-linux-thread-multi/Mouse.pm line 40
# Mouse::with('PayProp::API::Public::Client::Role::JSON') called at /home/cpan/pit/thr/conf/perl-5.16.0/.cpanplus/5.16.0/build/FGEfoSGrOO/PayProp-API-Public-Client-0.04/blib/lib/PayProp/API/Public/Client/Response/Tag.pm line 7
# require PayProp/API/Public/Client/Response/Tag.pm called at t/payprop/api/public/client/response/tag.t line 8
# main::BEGIN() called at /home/cpan/pit/thr/conf/perl-5.16.0/.cpanplus/5.16.0/build/FGEfoSGrOO/PayProp-API-Public-Client-0.04/blib/lib/PayProp/API/Public/Client/Response/Tag.pm line 0
# eval {...} called at /home/cpan/pit/thr/conf/perl-5.16.0/.cpanplus/5.16.0/build/FGEfoSGrOO/PayProp-API-Public-Client-0.04/blib/lib/PayProp/API/Public/Client/Response/Tag.pm line 0
# eval 'package main;
# BEGIN { ${^WARNING_BITS} = $args[-1] if defined $args[-1] }
# #line 8 t/payprop/api/public/client/response/tag.t
# use PayProp::API::Public::Client::Response::Tag @{$args[0]};
# 1;
#
# ;' called at /home/cpan/pit/thr/perl-5.16.0/lib/site_perl/5.16.0/Test/More.pm line 1056
# Test::More::_eval('package main;\x{a}BEGIN { ${^WARNING_BITS} = $args[-1] if defined...', 'ARRAY(0x7f6ebaf4cb98)', 'UUUUUUUUUUUUU\x{15}') called at /home/cpan/pit/thr/perl-5.16.0/lib/site_perl/5.16.0/Test/More.pm line 1031
# Test::More::use_ok('PayProp::API::Public::Client::Response::Tag') called at t/payprop/api/public/client/response/tag.t line 8
# Compilation failed in require at t/payprop/api/public/client/response/tag.t line 8.
# BEGIN failed--compilation aborted at t/payprop/api/public/client/response/tag.t line 8.
# Looks like you failed 1 test of 2.
t/payprop/api/public/client/response/tag.t ..........................
Dubious, test returned 1 (wstat 256, 0x100)
Failed 1/2 subtests
"state" variable @_ masks earlier declaration in same scope at /home/cpan/pit/thr/conf/perl-5.16.0/.cpanplus/5.16.0/build/FGEfoSGrOO/PayProp-API-Public-Client-0.04/blib/lib/PayProp/API/Public/Client/Role/APIRequest.pm line 83.
Could not load class (PayProp::API::Public::Client::Role::APIRequest) because : syntax error at /home/cpan/pit/thr/conf/perl-5.16.0/.cpanplus/5.16.0/build/FGEfoSGrOO/PayProp-API-Public-Client-0.04/blib/lib/PayProp/API/Public/Client/Role/APIRequest.pm line 66, near "->%"
syntax error at /home/cpan/pit/thr/conf/perl-5.16.0/.cpanplus/5.16.0/build/FGEfoSGrOO/PayProp-API-Public-Client-0.04/blib/lib/PayProp/API/Public/Client/Role/APIRequest.pm line 71, near "}"
Can't use global @_ in "my" at /home/cpan/pit/thr/conf/perl-5.16.0/.cpanplus/5.16.0/build/FGEfoSGrOO/PayProp-API-Public-Client-0.04/blib/lib/PayProp/API/Public/Client/Role/APIRequest.pm line 75, near "= @_"
Global symbol "$Transaction" requires explicit package name at /home/cpan/pit/thr/conf/perl-5.16.0/.cpanplus/5.16.0/build/FGEfoSGrOO/PayProp-API-Public-Client-0.04/blib/lib/PayProp/API/Public/Client/Role/APIRequest.pm line 77.
Global symbol "$self" requires explicit package name at /home/cpan/pit/thr/conf/perl-5.16.0/.cpanplus/5.16.0/build/FGEfoSGrOO/PayProp-API-Public-Client-0.04/blib/lib/PayProp/API/Public/Client/Role/APIRequest.pm line 78.
syntax error at /home/cpan/pit/thr/conf/perl-5.16.0/.cpanplus/5.16.0/build/FGEfoSGrOO/PayProp-API-Public-Client-0.04/blib/lib/PayProp/API/Public/Client/Role/APIRequest.pm line 81, near "}"
Can't use global @_ in "my" at /home/cpan/pit/thr/conf/perl-5.16.0/.cpanplus/5.16.0/build/FGEfoSGrOO/PayProp-API-Public-Client-0.04/blib/lib/PayProp/API/Public/Client/Role/APIRequest.pm line 83, near "= @_"
Global symbol "$handle_response_cb" requires explicit package name at /home/cpan/pit/thr/conf/perl-5.16.0/.cpanplus/5.16.0/build/FGEfoSGrOO/PayProp-API-Public-Client-0.04/blib/lib/PayProp/API/Public/Client/Role/APIRequest.pm line 86.
Global symbol "$handle_response_cb" requires explicit package name at /home/cpan/pit/thr/conf/perl-5.16.0/.cpanplus/5.16.0/build/FGEfoSGrOO/PayProp-API-Public-Client-0.04/blib/lib/PayProp/API/Public/Client/Role/APIRequest.pm line 86.
Global symbol "$response_json" requires explicit package name at /home/cpan/pit/thr/conf/perl-5.16.0/.cpanplus/5.16.0/build/FGEfoSGrOO/PayProp-API-Public-Client-0.04/blib/lib/PayProp/API/Public/Client/Role/APIRequest.pm line 86.
Global symbol "$response_json" requires explicit package name at /home/cpan/pit/thr/conf/perl-5.16.0/.cpanplus/5.16.0/build/FGEfoSGrOO/PayProp-API-Public-Client-0.04/blib/lib/PayProp/API/Public/Client/Role/APIRequest.pm line 86.
Global symbol "$response_json" requires explicit package name at /home/cpan/pit/thr/conf/perl-5.16.0/.cpanplus/5.16.0/build/FGEfoSGrOO/PayProp-API-Public-Client-0.04/blib/lib/PayProp/API/Public/Client/Role/APIRequest.pm line 88.
syntax error at /home/cpan/pit/thr/conf/perl-5.16.0/.cpanplus/5.16.0/build/FGEfoSGrOO/PayProp-API-Public-Client-0.04/blib/lib/PayProp/API/Public/Client/Role/APIRequest.pm line 91, near "}"
/home/cpan/pit/thr/conf/perl-5.16.0/.cpanplus/5.16.0/build/FGEfoSGrOO/PayProp-API-Public-Client-0.04/blib/lib/PayProp/API/Public/Client/Role/APIRequest.pm has too many errors.
Compilation failed in require at /home/cpan/pit/jail/nKrZ1cvQtx/lib/perl5/x86_64-linux-thread-multi/Mouse/Util.pm line 295.
at /home/cpan/pit/jail/nKrZ1cvQtx/lib/perl5/x86_64-linux-thread-multi/Mouse/Util.pm line 304.
Mouse::Util::load_class('PayProp::API::Public::Client::Role::APIRequest') called at /home/cpan/pit/jail/nKrZ1cvQtx/lib/perl5/x86_64-linux-thread-multi/Mouse/Util.pm line 327
Mouse::Util::apply_all_roles('Test::Role::APIRequest', 'PayProp::API::Public::Client::Role::APIRequest') called at /home/cpan/pit/jail/nKrZ1cvQtx/lib/perl5/x86_64-linux-thread-multi/Mouse.pm line 40
Mouse::with('PayProp::API::Public::Client::Role::APIRequest') called at t/payprop/api/public/client/role/apirequest.t line 14
t/payprop/api/public/client/role/apirequest.t .......................
Dubious, test returned 255 (wstat 65280, 0xff00)
No subtests run
t/payprop/api/public/client/role/attribute/apiversion.t ............. ok
t/payprop/api/public/client/role/attribute/authorization.t .......... ok
t/payprop/api/public/client/role/attribute/domain.t ................. ok
t/payprop/api/public/client/role/attribute/storage.t ................ ok
t/payprop/api/public/client/role/attribute/token.t .................. ok
t/payprop/api/public/client/role/attribute/ua.t ..................... ok
t/payprop/api/public/client/role/encrypt.t .......................... ok
Array found where operator expected at t/payprop/api/public/client/role/json.t line 19, at end of line
(Missing operator before ?)
syntax error at t/payprop/api/public/client/role/json.t line 19, near "->@*"
Global symbol "$name" requires explicit package name at t/payprop/api/public/client/role/json.t line 21.
Global symbol "$type" requires explicit package name at t/payprop/api/public/client/role/json.t line 23.
Global symbol "$default" requires explicit package name at t/payprop/api/public/client/role/json.t line 25.
BEGIN not safe after errors--compilation aborted at t/payprop/api/public/client/role/json.t line 35.
t/payprop/api/public/client/role/json.t .............................
Dubious, test returned 255 (wstat 65280, 0xff00)
No subtests run
Scalar found where operator expected at /home/cpan/pit/thr/conf/perl-5.16.0/.cpanplus/5.16.0/build/FGEfoSGrOO/PayProp-API-Public-Client-0.04/blib/lib/PayProp/API/Public/Client/Role/Request.pm line 44, near "* : $content"
(Missing operator before $content?)
String found where operator expected at /home/cpan/pit/thr/conf/perl-5.16.0/.cpanplus/5.16.0/build/FGEfoSGrOO/PayProp-API-Public-Client-0.04/blib/lib/PayProp/API/Public/Client/Role/Request.pm line 59, near "* ? '/'"
(Missing operator before '/'?)
Array found where operator expected at /home/cpan/pit/thr/conf/perl-5.16.0/.cpanplus/5.16.0/build/FGEfoSGrOO/PayProp-API-Public-Client-0.04/blib/lib/PayProp/API/Public/Client/Role/Request.pm line 61, at end of line
(Missing operator before ?)
Could not load class (PayProp::API::Public::Client::Role::Request) because : syntax error at /home/cpan/pit/thr/conf/perl-5.16.0/.cpanplus/5.16.0/build/FGEfoSGrOO/PayProp-API-Public-Client-0.04/blib/lib/PayProp/API/Public/Client/Role/Request.pm line 44, near "->%"
Can't use global @_ in "my" at /home/cpan/pit/thr/conf/perl-5.16.0/.cpanplus/5.16.0/build/FGEfoSGrOO/PayProp-API-Public-Client-0.04/blib/lib/PayProp/API/Public/Client/Role/Request.pm line 47, near "= @_"
Global symbol "$error" requires explicit package name at /home/cpan/pit/thr/conf/perl-5.16.0/.cpanplus/5.16.0/build/FGEfoSGrOO/PayProp-API-Public-Client-0.04/blib/lib/PayProp/API/Public/Client/Role/Request.pm line 48.
syntax error at /home/cpan/pit/thr/conf/perl-5.16.0/.cpanplus/5.16.0/build/FGEfoSGrOO/PayProp-API-Public-Client-0.04/blib/lib/PayProp/API/Public/Client/Role/Request.pm line 50, near "} )
"
Can't use global @_ in "my" at /home/cpan/pit/thr/conf/perl-5.16.0/.cpanplus/5.16.0/build/FGEfoSGrOO/PayProp-API-Public-Client-0.04/blib/lib/PayProp/API/Public/Client/Role/Request.pm line 54, near "= @_"
Global symbol "$params" requires explicit package name at /home/cpan/pit/thr/conf/perl-5.16.0/.cpanplus/5.16.0/build/FGEfoSGrOO/PayProp-API-Public-Client-0.04/blib/lib/PayProp/API/Public/Client/Role/Request.pm line 56.
syntax error at /home/cpan/pit/thr/conf/perl-5.16.0/.cpanplus/5.16.0/build/FGEfoSGrOO/PayProp-API-Public-Client-0.04/blib/lib/PayProp/API/Public/Client/Role/Request.pm line 59, near "->%"
Global symbol "$URL" requires explicit package name at /home/cpan/pit/thr/conf/perl-5.16.0/.cpanplus/5.16.0/build/FGEfoSGrOO/PayProp-API-Public-Client-0.04/blib/lib/PayProp/API/Public/Client/Role/Request.pm line 61.
syntax error at /home/cpan/pit/thr/conf/perl-5.16.0/.cpanplus/5.16.0/build/FGEfoSGrOO/PayProp-API-Public-Client-0.04/blib/lib/PayProp/API/Public/Client/Role/Request.pm line 61, near "->@* "
syntax error at /home/cpan/pit/thr/conf/perl-5.16.0/.cpanplus/5.16.0/build/FGEfoSGrOO/PayProp-API-Public-Client-0.04/blib/lib/PayProp/API/Public/Client/Role/Request.pm line 71, near "}"
/home/cpan/pit/thr/conf/perl-5.16.0/.cpanplus/5.16.0/build/FGEfoSGrOO/PayProp-API-Public-Client-0.04/blib/lib/PayProp/API/Public/Client/Role/Request.pm has too many errors.
Compilation failed in require at /home/cpan/pit/jail/nKrZ1cvQtx/lib/perl5/x86_64-linux-thread-multi/Mouse/Util.pm line 295.
at /home/cpan/pit/jail/nKrZ1cvQtx/lib/perl5/x86_64-linux-thread-multi/Mouse/Util.pm line 304.
Mouse::Util::load_class('PayProp::API::Public::Client::Role::Request') called at /home/cpan/pit/jail/nKrZ1cvQtx/lib/perl5/x86_64-linux-thread-multi/Mouse/Util.pm line 327
Mouse::Util::apply_all_roles('Test::Role::Request', 'PayProp::API::Public::Client::Role::Request') called at /home/cpan/pit/jail/nKrZ1cvQtx/lib/perl5/x86_64-linux-thread-multi/Mouse.pm line 40
Mouse::with('PayProp::API::Public::Client::Role::Request') called at t/payprop/api/public/client/role/request.t line 13
t/payprop/api/public/client/role/request.t ..........................
Dubious, test returned 255 (wstat 65280, 0xff00)
No subtests run
t/payprop/api/public/client/role/storage.t .......................... ok
"state" variable @_ masks earlier declaration in same scope at /home/cpan/pit/thr/conf/perl-5.16.0/.cpanplus/5.16.0/build/FGEfoSGrOO/PayProp-API-Public-Client-0.04/blib/lib/PayProp/API/Public/Client/Role/APIRequest.pm line 83.
# Failed test 'use PayProp::API::Public::Client::Util::APIRequest;'
# at t/payprop/api/public/client/util/apirequest.t line 9.
# Tried to use 'PayProp::API::Public::Client::Util::APIRequest'.
# Error: Could not load class (PayProp::API::Public::Client::Role::APIRequest) because : syntax error at /home/cpan/pit/thr/conf/perl-5.16.0/.cpanplus/5.16.0/build/FGEfoSGrOO/PayProp-API-Public-Client-0.04/blib/lib/PayProp/API/Public/Client/Role/APIRequest.pm line 66, near "->%"
# syntax error at /home/cpan/pit/thr/conf/perl-5.16.0/.cpanplus/5.16.0/build/FGEfoSGrOO/PayProp-API-Public-Client-0.04/blib/lib/PayProp/API/Public/Client/Role/APIRequest.pm line 71, near "}"
# Can't use global @_ in "my" at /home/cpan/pit/thr/conf/perl-5.16.0/.cpanplus/5.16.0/build/FGEfoSGrOO/PayProp-API-Public-Client-0.04/blib/lib/PayProp/API/Public/Client/Role/APIRequest.pm line 75, near "= @_"
# Global symbol "$Transaction" requires explicit package name at /home/cpan/pit/thr/conf/perl-5.16.0/.cpanplus/5.16.0/build/FGEfoSGrOO/PayProp-API-Public-Client-0.04/blib/lib/PayProp/API/Public/Client/Role/APIRequest.pm line 77.
# Global symbol "$self" requires explicit package name at /home/cpan/pit/thr/conf/perl-5.16.0/.cpanplus/5.16.0/build/FGEfoSGrOO/PayProp-API-Public-Client-0.04/blib/lib/PayProp/API/Public/Client/Role/APIRequest.pm line 78.
# syntax error at /home/cpan/pit/thr/conf/perl-5.16.0/.cpanplus/5.16.0/build/FGEfoSGrOO/PayProp-API-Public-Client-0.04/blib/lib/PayProp/API/Public/Client/Role/APIRequest.pm line 81, near "}"
# Can't use global @_ in "my" at /home/cpan/pit/thr/conf/perl-5.16.0/.cpanplus/5.16.0/build/FGEfoSGrOO/PayProp-API-Public-Client-0.04/blib/lib/PayProp/API/Public/Client/Role/APIRequest.pm line 83, near "= @_"
# Global symbol "$handle_response_cb" requires explicit package name at /home/cpan/pit/thr/conf/perl-5.16.0/.cpanplus/5.16.0/build/FGEfoSGrOO/PayProp-API-Public-Client-0.04/blib/lib/PayProp/API/Public/Client/Role/APIRequest.pm line 86.
# Global symbol "$handle_response_cb" requires explicit package name at /home/cpan/pit/thr/conf/perl-5.16.0/.cpanplus/5.16.0/build/FGEfoSGrOO/PayProp-API-Public-Client-0.04/blib/lib/PayProp/API/Public/Client/Role/APIRequest.pm line 86.
# Global symbol "$response_json" requires explicit package name at /home/cpan/pit/thr/conf/perl-5.16.0/.cpanplus/5.16.0/build/FGEfoSGrOO/PayProp-API-Public-Client-0.04/blib/lib/PayProp/API/Public/Client/Role/APIRequest.pm line 86.
# Global symbol "$response_json" requires explicit package name at /home/cpan/pit/thr/conf/perl-5.16.0/.cpanplus/5.16.0/build/FGEfoSGrOO/PayProp-API-Public-Client-0.04/blib/lib/PayProp/API/Public/Client/Role/APIRequest.pm line 86.
# Global symbol "$response_json" requires explicit package name at /home/cpan/pit/thr/conf/perl-5.16.0/.cpanplus/5.16.0/build/FGEfoSGrOO/PayProp-API-Public-Client-0.04/blib/lib/PayProp/API/Public/Client/Role/APIRequest.pm line 88.
# syntax error at /home/cpan/pit/thr/conf/perl-5.16.0/.cpanplus/5.16.0/build/FGEfoSGrOO/PayProp-API-Public-Client-0.04/blib/lib/PayProp/API/Public/Client/Role/APIRequest.pm line 91, near "}"
# /home/cpan/pit/thr/conf/perl-5.16.0/.cpanplus/5.16.0/build/FGEfoSGrOO/PayProp-API-Public-Client-0.04/blib/lib/PayProp/API/Public/Client/Role/APIRequest.pm has too many errors.
# Compilation failed in require at /home/cpan/pit/jail/nKrZ1cvQtx/lib/perl5/x86_64-linux-thread-multi/Mouse/Util.pm line 295.
# at /home/cpan/pit/jail/nKrZ1cvQtx/lib/perl5/x86_64-linux-thread-multi/Mouse/Util.pm line 304.
# Mouse::Util::load_class('PayProp::API::Public::Client::Role::APIRequest') called at /home/cpan/pit/jail/nKrZ1cvQtx/lib/perl5/x86_64-linux-thread-multi/Mouse/Util.pm line 327
# Mouse::Util::apply_all_roles('PayProp::API::Public::Client::Util::APIRequest', 'PayProp::API::Public::Client::Role::APIRequest') called at /home/cpan/pit/jail/nKrZ1cvQtx/lib/perl5/x86_64-linux-thread-multi/Mouse.pm line 40
# Mouse::with('PayProp::API::Public::Client::Role::APIRequest') called at /home/cpan/pit/thr/conf/perl-5.16.0/.cpanplus/5.16.0/build/FGEfoSGrOO/PayProp-API-Public-Client-0.04/blib/lib/PayProp/API/Public/Client/Util/APIRequest.pm line 7
# require PayProp/API/Public/Client/Util/APIRequest.pm called at t/payprop/api/public/client/util/apirequest.t line 9
# main::BEGIN() called at /home/cpan/pit/thr/conf/perl-5.16.0/.cpanplus/5.16.0/build/FGEfoSGrOO/PayProp-API-Public-Client-0.04/blib/lib/PayProp/API/Public/Client/Util/APIRequest.pm line 0
# eval {...} called at /home/cpan/pit/thr/conf/perl-5.16.0/.cpanplus/5.16.0/build/FGEfoSGrOO/PayProp-API-Public-Client-0.04/blib/lib/PayProp/API/Public/Client/Util/APIRequest.pm line 0
# eval 'package main;
# BEGIN { ${^WARNING_BITS} = $args[-1] if defined $args[-1] }
# #line 9 t/payprop/api/public/client/util/apirequest.t
# use PayProp::API::Public::Client::Util::APIRequest @{$args[0]};
# 1;
#
# ;' called at /home/cpan/pit/thr/perl-5.16.0/lib/site_perl/5.16.0/Test/More.pm line 1056
# Test::More::_eval('package main;\x{a}BEGIN { ${^WARNING_BITS} = $args[-1] if defined...', 'ARRAY(0x7fc9f33f7b78)', 'UUUUUUUUUUUUU\x{15}') called at /home/cpan/pit/thr/perl-5.16.0/lib/site_perl/5.16.0/Test/More.pm line 1031
# Test::More::use_ok('PayProp::API::Public::Client::Util::APIRequest') called at t/payprop/api/public/client/util/apirequest.t line 9
# Compilation failed in require at t/payprop/api/public/client/util/apirequest.t line 9.
# BEGIN failed--compilation aborted at t/payprop/api/public/client/util/apirequest.t line 9.
# Looks like you failed 1 test of 1.
t/payprop/api/public/client/util/apirequest.t .......................
Dubious, test returned 1 (wstat 256, 0x100)
Failed 1/1 subtests
Scalar found where operator expected at /home/cpan/pit/thr/conf/perl-5.16.0/.cpanplus/5.16.0/build/FGEfoSGrOO/PayProp-API-Public-Client-0.04/blib/lib/PayProp/API/Public/Client/Role/Request.pm line 44, near "* : $content"
(Missing operator before $content?)
String found where operator expected at /home/cpan/pit/thr/conf/perl-5.16.0/.cpanplus/5.16.0/build/FGEfoSGrOO/PayProp-API-Public-Client-0.04/blib/lib/PayProp/API/Public/Client/Role/Request.pm line 59, near "* ? '/'"
(Missing operator before '/'?)
Array found where operator expected at /home/cpan/pit/thr/conf/perl-5.16.0/.cpanplus/5.16.0/build/FGEfoSGrOO/PayProp-API-Public-Client-0.04/blib/lib/PayProp/API/Public/Client/Role/Request.pm line 61, at end of line
(Missing operator before ?)
# Failed test 'use PayProp::API::Public::Client::Util::Request;'
# at t/payprop/api/public/client/util/request.t line 9.
# Tried to use 'PayProp::API::Public::Client::Util::Request'.
# Error: Could not load class (PayProp::API::Public::Client::Role::Request) because : syntax error at /home/cpan/pit/thr/conf/perl-5.16.0/.cpanplus/5.16.0/build/FGEfoSGrOO/PayProp-API-Public-Client-0.04/blib/lib/PayProp/API/Public/Client/Role/Request.pm line 44, near "->%"
# Can't use global @_ in "my" at /home/cpan/pit/thr/conf/perl-5.16.0/.cpanplus/5.16.0/build/FGEfoSGrOO/PayProp-API-Public-Client-0.04/blib/lib/PayProp/API/Public/Client/Role/Request.pm line 47, near "= @_"
# Global symbol "$error" requires explicit package name at /home/cpan/pit/thr/conf/perl-5.16.0/.cpanplus/5.16.0/build/FGEfoSGrOO/PayProp-API-Public-Client-0.04/blib/lib/PayProp/API/Public/Client/Role/Request.pm line 48.
# syntax error at /home/cpan/pit/thr/conf/perl-5.16.0/.cpanplus/5.16.0/build/FGEfoSGrOO/PayProp-API-Public-Client-0.04/blib/lib/PayProp/API/Public/Client/Role/Request.pm line 50, near "} )
# "
# Can't use global @_ in "my" at /home/cpan/pit/thr/conf/perl-5.16.0/.cpanplus/5.16.0/build/FGEfoSGrOO/PayProp-API-Public-Client-0.04/blib/lib/PayProp/API/Public/Client/Role/Request.pm line 54, near "= @_"
# Global symbol "$params" requires explicit package name at /home/cpan/pit/thr/conf/perl-5.16.0/.cpanplus/5.16.0/build/FGEfoSGrOO/PayProp-API-Public-Client-0.04/blib/lib/PayProp/API/Public/Client/Role/Request.pm line 56.
# syntax error at /home/cpan/pit/thr/conf/perl-5.16.0/.cpanplus/5.16.0/build/FGEfoSGrOO/PayProp-API-Public-Client-0.04/blib/lib/PayProp/API/Public/Client/Role/Request.pm line 59, near "->%"
# Global symbol "$URL" requires explicit package name at /home/cpan/pit/thr/conf/perl-5.16.0/.cpanplus/5.16.0/build/FGEfoSGrOO/PayProp-API-Public-Client-0.04/blib/lib/PayProp/API/Public/Client/Role/Request.pm line 61.
# syntax error at /home/cpan/pit/thr/conf/perl-5.16.0/.cpanplus/5.16.0/build/FGEfoSGrOO/PayProp-API-Public-Client-0.04/blib/lib/PayProp/API/Public/Client/Role/Request.pm line 61, near "->@* "
# syntax error at /home/cpan/pit/thr/conf/perl-5.16.0/.cpanplus/5.16.0/build/FGEfoSGrOO/PayProp-API-Public-Client-0.04/blib/lib/PayProp/API/Public/Client/Role/Request.pm line 71, near "}"
# /home/cpan/pit/thr/conf/perl-5.16.0/.cpanplus/5.16.0/build/FGEfoSGrOO/PayProp-API-Public-Client-0.04/blib/lib/PayProp/API/Public/Client/Role/Request.pm has too many errors.
# Compilation failed in require at /home/cpan/pit/jail/nKrZ1cvQtx/lib/perl5/x86_64-linux-thread-multi/Mouse/Util.pm line 295.
# at /home/cpan/pit/jail/nKrZ1cvQtx/lib/perl5/x86_64-linux-thread-multi/Mouse/Util.pm line 304.
# Mouse::Util::load_class('PayProp::API::Public::Client::Role::Request') called at /home/cpan/pit/jail/nKrZ1cvQtx/lib/perl5/x86_64-linux-thread-multi/Mouse/Util.pm line 327
# Mouse::Util::apply_all_roles('PayProp::API::Public::Client::Util::Request', 'PayProp::API::Public::Client::Role::Request') called at /home/cpan/pit/jail/nKrZ1cvQtx/lib/perl5/x86_64-linux-thread-multi/Mouse.pm line 40
# Mouse::with('PayProp::API::Public::Client::Role::Request') called at /home/cpan/pit/thr/conf/perl-5.16.0/.cpanplus/5.16.0/build/FGEfoSGrOO/PayProp-API-Public-Client-0.04/blib/lib/PayProp/API/Public/Client/Util/Request.pm line 7
# require PayProp/API/Public/Client/Util/Request.pm called at t/payprop/api/public/client/util/request.t line 9
# main::BEGIN() called at /home/cpan/pit/thr/conf/perl-5.16.0/.cpanplus/5.16.0/build/FGEfoSGrOO/PayProp-API-Public-Client-0.04/blib/lib/PayProp/API/Public/Client/Util/Request.pm line 0
# eval {...} called at /home/cpan/pit/thr/conf/perl-5.16.0/.cpanplus/5.16.0/build/FGEfoSGrOO/PayProp-API-Public-Client-0.04/blib/lib/PayProp/API/Public/Client/Util/Request.pm line 0
# eval 'package main;
# BEGIN { ${^WARNING_BITS} = $args[-1] if defined $args[-1] }
# #line 9 t/payprop/api/public/client/util/request.t
# use PayProp::API::Public::Client::Util::Request @{$args[0]};
# 1;
#
# ;' called at /home/cpan/pit/thr/perl-5.16.0/lib/site_perl/5.16.0/Test/More.pm line 1056
# Test::More::_eval('package main;\x{a}BEGIN { ${^WARNING_BITS} = $args[-1] if defined...', 'ARRAY(0x7f2a2efb3ba8)', 'UUUUUUUUUUUUU\x{15}') called at /home/cpan/pit/thr/perl-5.16.0/lib/site_perl/5.16.0/Test/More.pm line 1031
# Test::More::use_ok('PayProp::API::Public::Client::Util::Request') called at t/payprop/api/public/client/util/request.t line 9
# Compilation failed in require at t/payprop/api/public/client/util/request.t line 9.
# BEGIN failed--compilation aborted at t/payprop/api/public/client/util/request.t line 9.
# Looks like you failed 1 test of 1.
t/payprop/api/public/client/util/request.t ..........................
Dubious, test returned 1 (wstat 256, 0x100)
Failed 1/1 subtests
Test Summary Report
-------------------
t/payprop/api/public/client.t (Wstat: 65280 (exited 255) Tests: 0 Failed: 0)
Non-zero exit status: 255
Parse errors: No plan found in TAP output
t/payprop/api/public/client/authorization/clientcredentials.t (Wstat: 65280 (exited 255) Tests: 0 Failed: 0)
Non-zero exit status: 255
Parse errors: No plan found in TAP output
t/payprop/api/public/client/authorization/storage/local.t (Wstat: 65280 (exited 255) Tests: 0 Failed: 0)
Non-zero exit status: 255
Parse errors: No plan found in TAP output
t/payprop/api/public/client/authorization/storage/memcached.t (Wstat: 65280 (exited 255) Tests: 0 Failed: 0)
Non-zero exit status: 255
Parse errors: No plan found in TAP output
t/payprop/api/public/client/exception/authorization.t (Wstat: 65280 (exited 255) Tests: 0 Failed: 0)
Non-zero exit status: 255
Parse errors: No plan found in TAP output
t/payprop/api/public/client/exception/response.t (Wstat: 65280 (exited 255) Tests: 0 Failed: 0)
Non-zero exit status: 255
Parse errors: No plan found in TAP output
t/payprop/api/public/client/request/entity.t (Wstat: 65280 (exited 255) Tests: 2 Failed: 0)
Non-zero exit status: 255
Parse errors: No plan found in TAP output
t/payprop/api/public/client/request/entity/invoice.t (Wstat: 65280 (exited 255) Tests: 2 Failed: 1)
Failed test: 1
Non-zero exit status: 255
Parse errors: No plan found in TAP output
t/payprop/api/public/client/request/entity/payment.t (Wstat: 65280 (exited 255) Tests: 2 Failed: 1)
Failed test: 1
Non-zero exit status: 255
Parse errors: No plan found in TAP output
t/payprop/api/public/client/request/export.t (Wstat: 65280 (exited 255) Tests: 2 Failed: 0)
Non-zero exit status: 255
Parse errors: No plan found in TAP output
t/payprop/api/public/client/request/export/beneficiaries.t (Wstat: 65280 (exited 255) Tests: 0 Failed: 0)
Non-zero exit status: 255
Parse errors: No plan found in TAP output
t/payprop/api/public/client/request/export/tenants.t (Wstat: 65280 (exited 255) Tests: 0 Failed: 0)
Non-zero exit status: 255
Parse errors: No plan found in TAP output
t/payprop/api/public/client/request/tags.t (Wstat: 65280 (exited 255) Tests: 0 Failed: 0)
Non-zero exit status: 255
Parse errors: No plan found in TAP output
t/payprop/api/public/client/response/entity/invoice.t (Wstat: 256 (exited 1) Tests: 2 Failed: 1)
Failed test: 1
Non-zero exit status: 1
t/payprop/api/public/client/response/entity/payment.t (Wstat: 256 (exited 1) Tests: 2 Failed: 1)
Failed test: 1
Non-zero exit status: 1
t/payprop/api/public/client/response/export/beneficiary.t (Wstat: 256 (exited 1) Tests: 2 Failed: 1)
Failed test: 1
Non-zero exit status: 1
t/payprop/api/public/client/response/export/tenant.t (Wstat: 256 (exited 1) Tests: 2 Failed: 1)
Failed test: 1
Non-zero exit status: 1
t/payprop/api/public/client/response/tag.t (Wstat: 256 (exited 1) Tests: 2 Failed: 1)
Failed test: 1
Non-zero exit status: 1
t/payprop/api/public/client/role/apirequest.t (Wstat: 65280 (exited 255) Tests: 0 Failed: 0)
Non-zero exit status: 255
Parse errors: No plan found in TAP output
t/payprop/api/public/client/role/json.t (Wstat: 65280 (exited 255) Tests: 0 Failed: 0)
Non-zero exit status: 255
Parse errors: No plan found in TAP output
t/payprop/api/public/client/role/request.t (Wstat: 65280 (exited 255) Tests: 0 Failed: 0)
Non-zero exit status: 255
Parse errors: No plan found in TAP output
t/payprop/api/public/client/util/apirequest.t (Wstat: 256 (exited 1) Tests: 1 Failed: 1)
Failed test: 1
Non-zero exit status: 1
t/payprop/api/public/client/util/request.t (Wstat: 256 (exited 1) Tests: 1 Failed: 1)
Failed test: 1
Non-zero exit status: 1
Files=44, Tests=77, 8 wallclock secs ( 0.11 usr 0.04 sys + 6.17 cusr 0.93 csys = 7.25 CPU)
Result: FAIL
PREREQUISITES:
Here is a list of prerequisites you specified and versions we
managed to load:
Module Name Have Want
Cache::Memcached 1.30 0
Crypt::CBC 3.04 0
FindBin 1.51 0
IO::Socket::INET 1.33 0
JSON::PP 4.06 0
MIME::Base64 3.13 0
Module::Load 0.36 0
Mojo::Promise 0 0
Mojo::URL 0 0
Mojo::UserAgent 0 0
Mojolicious 9.35 0
Mouse v2.5.10 0
Mouse::Role v2.5.10 0
Mouse::Util::TypeConstraints 0 0
POSIX 1.30 0
Parallel::ForkManager 2.02 0
Test::Most 0.38 0
Time::HiRes 1.9725 0
lib 0.63 0
parent 0.225 0
strict 1.07 0
warnings 1.13 0
Perl module toolchain versions installed:
Module Name Have
CPANPLUS 0.9914
CPANPLUS::Dist::Build 0.90
Cwd 3.75
ExtUtils::CBuilder 0.280236
ExtUtils::Command 7.70
ExtUtils::Install 2.22
ExtUtils::MakeMaker 7.70
ExtUtils::Manifest 1.75
ExtUtils::ParseXS 3.44
File::Spec 3.75
Module::Build 0.4234
Pod::Parser 1.51
Pod::Simple 3.20
Test2 1.302195
Test::Harness 3.44
Test::More 1.302195
version 0.9929
******************************** NOTE ********************************
The comments above are created mechanically, possibly without manual
checking by the sender. As there are many people performing automatic
tests on each upload to CPAN, it is likely that you will receive
identical messages about the same problem.
If you believe that the message is mistaken, please reply to the first
one with correction and/or additional informations, and do not take
it personally. We appreciate your patience. :)
**********************************************************************
Additional comments:
This report was machine-generated by CPANPLUS::Dist::YACSmoke 1.08.
Powered by minismokebox version 0.68
CPANPLUS is prefering Build.PL
------------------------------
ENVIRONMENT AND OTHER CONTEXT
------------------------------
Environment variables:
AUTOMATED_TESTING = 1
LANG = C.UTF-8
LC_COLLATE = C
NONINTERACTIVE_TESTING = 1
PATH = /usr/local/sbin:/usr/local/bin:/usr/sbin:/usr/bin:/sbin:/bin
PERL5LIB = /home/cpan/pit/jail/nKrZ1cvQtx/lib/perl5:/home/cpan/pit/thr/conf/perl-5.16.0/.cpanplus/5.16.0/build/FGEfoSGrOO/PayProp-API-Public-Client-0.04/blib/lib:/home/cpan/pit/thr/conf/perl-5.16.0/.cpanplus/5.16.0/build/FGEfoSGrOO/PayProp-API-Public-Client-0.04/blib/arch
PERL5_CPANPLUS_IS_RUNNING = 1052
PERL5_CPANPLUS_IS_VERSION = 0.9914
PERL5_MINISMOKEBOX = 0.68
PERL5_YACSMOKE_BASE = /home/cpan/pit/thr/conf/perl-5.16.0
PERL_EXTUTILS_AUTOINSTALL = --defaultdeps
PERL_LOCAL_LIB_ROOT = /home/cpan/pit/jail/nKrZ1cvQtx
PERL_MB_OPT = --install_base "/home/cpan/pit/jail/nKrZ1cvQtx"
PERL_MM_OPT = INSTALL_BASE=/home/cpan/pit/jail/nKrZ1cvQtx
PERL_MM_USE_DEFAULT = 1
SHELL = /bin/bash
TERM = screen
Perl special variables (and OS-specific diagnostics, for MSWin32):
Perl: $^X = /home/cpan/pit/thr/perl-5.16.0/bin/perl
UID: $< = 1001
EUID: $> = 1001
GID: $( = 1001 1001
EGID: $) = 1001 1001
-------------------------------
--
Summary of my perl5 (revision 5 version 16 subversion 0) configuration:
Platform:
osname=linux, osvers=5.10.16-0-lts, archname=x86_64-linux-thread-multi
uname='linux agaric 5.10.16-0-lts #1-alpine smp wed, 17 feb 2021 08:17:06 utc x86_64 linux '
config_args='-des -Dprefix=/home/cpan/pit/thr/perl-5.16.0 -Dusethreads'
hint=recommended, useposix=true, d_sigaction=define
useithreads=define, usemultiplicity=define
useperlio=define, d_sfio=undef, uselargefiles=define, usesocks=undef
use64bitint=define, use64bitall=define, uselongdouble=undef
usemymalloc=n, bincompat5005=undef
Compiler:
cc='cc', ccflags ='-D_REENTRANT -D_GNU_SOURCE -D_GNU_SOURCE -fwrapv -fno-strict-aliasing -pipe -fstack-protector -D_LARGEFILE_SOURCE -D_FILE_OFFSET_BITS=64',
optimize='-O2',
cppflags='-D_REENTRANT -D_GNU_SOURCE -D_GNU_SOURCE -fwrapv -fno-strict-aliasing -pipe -fstack-protector'
ccversion='', gccversion='10.2.1 20201203', gccosandvers=''
intsize=4, longsize=8, ptrsize=8, doublesize=8, byteorder=12345678
d_longlong=define, longlongsize=8, d_longdbl=define, longdblsize=16
ivtype='long', ivsize=8, nvtype='double', nvsize=8, Off_t='off_t', lseeksize=8
alignbytes=8, prototype=define
Linker and Libraries:
ld='cc', ldflags =' -fstack-protector -L/usr/local/lib'
libpth=/usr/local/lib /lib/../lib /usr/lib/../lib /lib /usr/lib
libs=-lgdbm -ldl -lm -lcrypt -lutil -lpthread -lc -lgdbm_compat
perllibs=-ldl -lm -lcrypt -lutil -lpthread -lc
libc=/usr/lib/libc.a, so=so, useshrplib=false, libperl=libperl.a
gnulibc_version=''
Dynamic Linking:
dlsrc=dl_dlopen.xs, dlext=so, d_dlsymun=undef, ccdlflags='-Wl,-E'
cccdlflags='-fPIC', lddlflags='-shared -O2 -L/usr/local/lib -fstack-protector'
Characteristics of this binary (from libperl):
Compile-time options: HAS_TIMES MULTIPLICITY PERLIO_LAYERS
PERL_DONT_CREATE_GVSV PERL_IMPLICIT_CONTEXT
PERL_MALLOC_WRAP PERL_PRESERVE_IVUV USE_64_BIT_ALL
USE_64_BIT_INT USE_ITHREADS USE_LARGE_FILES
USE_LOCALE USE_LOCALE_COLLATE USE_LOCALE_CTYPE
USE_LOCALE_NUMERIC USE_PERLIO USE_PERL_ATOF
USE_REENTRANT_API
Locally applied patches:
Devel::PatchPerl 2.08
Built under linux
Compiled at Mar 12 2021 16:00:02
%ENV:
PERL5LIB="/home/cpan/pit/jail/nKrZ1cvQtx/lib/perl5:/home/cpan/pit/thr/conf/perl-5.16.0/.cpanplus/5.16.0/build/FGEfoSGrOO/PayProp-API-Public-Client-0.04/blib/lib:/home/cpan/pit/thr/conf/perl-5.16.0/.cpanplus/5.16.0/build/FGEfoSGrOO/PayProp-API-Public-Client-0.04/blib/arch"
PERL5_CPANPLUS_IS_RUNNING="1052"
PERL5_CPANPLUS_IS_VERSION="0.9914"
PERL5_MINISMOKEBOX="0.68"
PERL5_YACSMOKE_BASE="/home/cpan/pit/thr/conf/perl-5.16.0"
PERL_EXTUTILS_AUTOINSTALL="--defaultdeps"
PERL_LOCAL_LIB_ROOT="/home/cpan/pit/jail/nKrZ1cvQtx"
PERL_MB_OPT="--install_base "/home/cpan/pit/jail/nKrZ1cvQtx""
PERL_MM_OPT="INSTALL_BASE=/home/cpan/pit/jail/nKrZ1cvQtx"
PERL_MM_USE_DEFAULT="1"
@INC:
/home/cpan/pit/jail/nKrZ1cvQtx/lib/perl5/5.16.0/x86_64-linux-thread-multi
/home/cpan/pit/jail/nKrZ1cvQtx/lib/perl5/5.16.0
/home/cpan/pit/jail/nKrZ1cvQtx/lib/perl5/x86_64-linux-thread-multi
/home/cpan/pit/jail/nKrZ1cvQtx/lib/perl5
/home/cpan/pit/thr/conf/perl-5.16.0/.cpanplus/5.16.0/build/FGEfoSGrOO/PayProp-API-Public-Client-0.04/blib/lib
/home/cpan/pit/thr/conf/perl-5.16.0/.cpanplus/5.16.0/build/FGEfoSGrOO/PayProp-API-Public-Client-0.04/blib/arch
/home/cpan/pit/thr/perl-5.16.0/lib/site_perl/5.16.0/x86_64-linux-thread-multi
/home/cpan/pit/thr/perl-5.16.0/lib/site_perl/5.16.0
/home/cpan/pit/thr/perl-5.16.0/lib/5.16.0/x86_64-linux-thread-multi
/home/cpan/pit/thr/perl-5.16.0/lib/5.16.0
.