Report for Passwd-Keyring-PWSafe3-0.2001

Back
From: metabase:user:68a9c4ac-1ec7-11e0-bf29-9c4bfeb2ac3f
Subject: FAIL Passwd-Keyring-PWSafe3-0.2001 v5.14.2 
Date: 2012-11-22T03:15:54Z

This distribution has been tested as part of the CPAN Testers
project, supporting the Perl programming language.  See
http://wiki.cpantesters.org/ for more information or email
questions to cpan-testers-discuss@perl.org


--
Dear Marcin Kasperski,

This is a computer-generated report for Passwd-Keyring-PWSafe3-0.2001
on perl 5.14.2, created by CPAN-Reporter-1.2004.

Thank you for uploading your work to CPAN.  However, there was a problem
testing your distribution.

If you think this report is invalid, please consult the CPAN Testers Wiki
for suggestions on how to avoid getting FAIL reports for missing library
or binary dependencies, unsupported operating systems, and so on:

http://wiki.cpantesters.org/wiki/CPANAuthorNotes

Sections of this report:

    * Tester comments
    * Program output
    * Prerequisites
    * Environment and other context

------------------------------
TESTER COMMENTS
------------------------------

Additional comments from tester:

this report is from an automated smoke testing program
and was not reviewed by a human for accuracy

------------------------------
PROGRAM OUTPUT
------------------------------

Output from 'C:\strawberry\perl\bin\perl.exe ./Build test':

# Testing Passwd::Keyring::PWSafe3 0.2001, Perl 5.014002, C:\STRAWB~1\perl\bin\perl.exe
t\00-load.t .......................... ok
Use of uninitialized value in pack at E:\cygwin\home\Archibald\.cpan\build\Crypt-PWSafe3-1.07-NZO9Wx/blib/lib/Crypt/PWSafe3.pm line 426.
Use of uninitialized value $raw in concatenation (.) or string at E:\cygwin\home\Archibald\.cpan\build\Crypt-PWSafe3-1.07-NZO9Wx/blib/lib/Crypt/PWSafe3.pm line 431.
Use of uninitialized value in subroutine entry at C:/strawberry/perl/vendor/lib/Digest/HMAC.pm line 28.
Use of uninitialized value in pack at E:\cygwin\home\Archibald\.cpan\build\Crypt-PWSafe3-1.07-NZO9Wx/blib/lib/Crypt/PWSafe3.pm line 426.
Use of uninitialized value $raw in concatenation (.) or string at E:\cygwin\home\Archibald\.cpan\build\Crypt-PWSafe3-1.07-NZO9Wx/blib/lib/Crypt/PWSafe3.pm line 431.
Use of uninitialized value in subroutine entry at C:/strawberry/perl/vendor/lib/Digest/HMAC.pm line 28.
Use of uninitialized value in pack at E:\cygwin\home\Archibald\.cpan\build\Crypt-PWSafe3-1.07-NZO9Wx/blib/lib/Crypt/PWSafe3.pm line 426.
Use of uninitialized value $raw in concatenation (.) or string at E:\cygwin\home\Archibald\.cpan\build\Crypt-PWSafe3-1.07-NZO9Wx/blib/lib/Crypt/PWSafe3.pm line 431.
Use of uninitialized value in subroutine entry at C:/strawberry/perl/vendor/lib/Digest/HMAC.pm line 28.
t\01-set-and-get.t ................... ok
t\02-is-persistent.t ................. ok
Use of uninitialized value in pack at E:\cygwin\home\Archibald\.cpan\build\Crypt-PWSafe3-1.07-NZO9Wx/blib/lib/Crypt/PWSafe3.pm line 426.
Use of uninitialized value $raw in concatenation (.) or string at E:\cygwin\home\Archibald\.cpan\build\Crypt-PWSafe3-1.07-NZO9Wx/blib/lib/Crypt/PWSafe3.pm line 431.
Use of uninitialized value in subroutine entry at C:/strawberry/perl/vendor/lib/Digest/HMAC.pm line 28.
t\03-many-sets-and-gets.t ............ ok
Use of uninitialized value in string eq at t\04-recovering-in-sep-prog.t line 30.

#   Failed test 'get works'
#   at t\04-recovering-in-sep-prog.t line 30.
Use of uninitialized value in string eq at t\04-recovering-in-sep-prog.t line 32.

#   Failed test 'get works'
#   at t\04-recovering-in-sep-prog.t line 32.
Use of uninitialized value in string eq at t\04-recovering-in-sep-prog.t line 34.

#   Failed test 'get works'
#   at t\04-recovering-in-sep-prog.t line 34.

#   Failed test 'clear clears'
#   at t\04-recovering-in-sep-prog.t line 36.
Use of uninitialized value in string eq at t\04-recovering-in-sep-prog.t line 40.

#   Failed test 'get works'
#   at t\04-recovering-in-sep-prog.t line 40.
Use of uninitialized value in string eq at t\04-recovering-in-sep-prog.t line 42.

#   Failed test 'get works'
#   at t\04-recovering-in-sep-prog.t line 42.

#   Failed test 'clear clears'
#   at t\04-recovering-in-sep-prog.t line 44.

#   Failed test 'clear clears'
#   at t\04-recovering-in-sep-prog.t line 46.
# Looks like you failed 8 tests of 14.
t\04-recovering-in-sep-prog.t ........ 
Dubious, test returned 8 (wstat 2048, 0x800)
Failed 8/14 subtests 
Use of uninitialized value in pack at E:\cygwin\home\Archibald\.cpan\build\Crypt-PWSafe3-1.07-NZO9Wx/blib/lib/Crypt/PWSafe3.pm line 426.
Use of uninitialized value $raw in concatenation (.) or string at E:\cygwin\home\Archibald\.cpan\build\Crypt-PWSafe3-1.07-NZO9Wx/blib/lib/Crypt/PWSafe3.pm line 431.
Use of uninitialized value in subroutine entry at C:/strawberry/perl/vendor/lib/Digest/HMAC.pm line 28.
Use of uninitialized value in pack at E:\cygwin\home\Archibald\.cpan\build\Crypt-PWSafe3-1.07-NZO9Wx/blib/lib/Crypt/PWSafe3.pm line 426.
Use of uninitialized value $raw in concatenation (.) or string at E:\cygwin\home\Archibald\.cpan\build\Crypt-PWSafe3-1.07-NZO9Wx/blib/lib/Crypt/PWSafe3.pm line 431.
Use of uninitialized value in subroutine entry at C:/strawberry/perl/vendor/lib/Digest/HMAC.pm line 28.
Use of uninitialized value in pack at E:\cygwin\home\Archibald\.cpan\build\Crypt-PWSafe3-1.07-NZO9Wx/blib/lib/Crypt/PWSafe3.pm line 426.
Use of uninitialized value $raw in concatenation (.) or string at E:\cygwin\home\Archibald\.cpan\build\Crypt-PWSafe3-1.07-NZO9Wx/blib/lib/Crypt/PWSafe3.pm line 431.
Use of uninitialized value in subroutine entry at C:/strawberry/perl/vendor/lib/Digest/HMAC.pm line 28.
t\05-many-sets-and-gets-with-name.t .. ok
Use of uninitialized value in pack at E:\cygwin\home\Archibald\.cpan\build\Crypt-PWSafe3-1.07-NZO9Wx/blib/lib/Crypt/PWSafe3.pm line 426.
Use of uninitialized value $raw in concatenation (.) or string at E:\cygwin\home\Archibald\.cpan\build\Crypt-PWSafe3-1.07-NZO9Wx/blib/lib/Crypt/PWSafe3.pm line 431.
Use of uninitialized value in subroutine entry at C:/strawberry/perl/vendor/lib/Digest/HMAC.pm line 28.
Use of uninitialized value in pack at E:\cygwin\home\Archibald\.cpan\build\Crypt-PWSafe3-1.07-NZO9Wx/blib/lib/Crypt/PWSafe3.pm line 426.
Use of uninitialized value $raw in concatenation (.) or string at E:\cygwin\home\Archibald\.cpan\build\Crypt-PWSafe3-1.07-NZO9Wx/blib/lib/Crypt/PWSafe3.pm line 431.
Use of uninitialized value in subroutine entry at C:/strawberry/perl/vendor/lib/Digest/HMAC.pm line 28.
Use of uninitialized value in string eq at t\06-recovering-with-app-change.t line 58.

#   Failed test 'get from another ring with the same data works'
#   at t\06-recovering-with-app-change.t line 58.
Use of uninitialized value in string eq at t\06-recovering-with-app-change.t line 69.

#   Failed test 'get from another ring with changed app but same group works'
#   at t\06-recovering-with-app-change.t line 69.
Use of uninitialized value in pack at E:\cygwin\home\Archibald\.cpan\build\Crypt-PWSafe3-1.07-NZO9Wx/blib/lib/Crypt/PWSafe3.pm line 426.
Use of uninitialized value $raw in concatenation (.) or string at E:\cygwin\home\Archibald\.cpan\build\Crypt-PWSafe3-1.07-NZO9Wx/blib/lib/Crypt/PWSafe3.pm line 431.
Use of uninitialized value in subroutine entry at C:/strawberry/perl/vendor/lib/Digest/HMAC.pm line 28.
Use of uninitialized value in pack at E:\cygwin\home\Archibald\.cpan\build\Crypt-PWSafe3-1.07-NZO9Wx/blib/lib/Crypt/PWSafe3.pm line 426.
Use of uninitialized value $raw in concatenation (.) or string at E:\cygwin\home\Archibald\.cpan\build\Crypt-PWSafe3-1.07-NZO9Wx/blib/lib/Crypt/PWSafe3.pm line 431.
Use of uninitialized value in subroutine entry at C:/strawberry/perl/vendor/lib/Digest/HMAC.pm line 28.
Use of uninitialized value in string eq at t\06-recovering-with-app-change.t line 108.

#   Failed test 'get original after changes in other group works'
#   at t\06-recovering-with-app-change.t line 108.

#   Failed test 'clearing'
#   at t\06-recovering-with-app-change.t line 110.

#   Failed test 'clearing'
#   at t\06-recovering-with-app-change.t line 119.
# Looks like you failed 5 tests of 16.
t\06-recovering-with-app-change.t .... 
Dubious, test returned 5 (wstat 1280, 0x500)
Failed 5/16 subtests 
Use of uninitialized value in pack at E:\cygwin\home\Archibald\.cpan\build\Crypt-PWSafe3-1.07-NZO9Wx/blib/lib/Crypt/PWSafe3.pm line 426.
Use of uninitialized value $raw in concatenation (.) or string at E:\cygwin\home\Archibald\.cpan\build\Crypt-PWSafe3-1.07-NZO9Wx/blib/lib/Crypt/PWSafe3.pm line 431.
Use of uninitialized value in subroutine entry at C:/strawberry/perl/vendor/lib/Digest/HMAC.pm line 28.
Use of uninitialized value in pack at E:\cygwin\home\Archibald\.cpan\build\Crypt-PWSafe3-1.07-NZO9Wx/blib/lib/Crypt/PWSafe3.pm line 426.
Use of uninitialized value $raw in concatenation (.) or string at E:\cygwin\home\Archibald\.cpan\build\Crypt-PWSafe3-1.07-NZO9Wx/blib/lib/Crypt/PWSafe3.pm line 431.
Use of uninitialized value in subroutine entry at C:/strawberry/perl/vendor/lib/Digest/HMAC.pm line 28.
Use of uninitialized value in pack at E:\cygwin\home\Archibald\.cpan\build\Crypt-PWSafe3-1.07-NZO9Wx/blib/lib/Crypt/PWSafe3.pm line 426.
Use of uninitialized value $raw in concatenation (.) or string at E:\cygwin\home\Archibald\.cpan\build\Crypt-PWSafe3-1.07-NZO9Wx/blib/lib/Crypt/PWSafe3.pm line 431.
Use of uninitialized value in subroutine entry at C:/strawberry/perl/vendor/lib/Digest/HMAC.pm line 28.
t\07-ugly-chars.t .................... ok
Use of uninitialized value in pack at E:\cygwin\home\Archibald\.cpan\build\Crypt-PWSafe3-1.07-NZO9Wx/blib/lib/Crypt/PWSafe3.pm line 426.
Use of uninitialized value $raw in concatenation (.) or string at E:\cygwin\home\Archibald\.cpan\build\Crypt-PWSafe3-1.07-NZO9Wx/blib/lib/Crypt/PWSafe3.pm line 431.
Use of uninitialized value in subroutine entry at C:/strawberry/perl/vendor/lib/Digest/HMAC.pm line 28.
Use of uninitialized value in pack at E:\cygwin\home\Archibald\.cpan\build\Crypt-PWSafe3-1.07-NZO9Wx/blib/lib/Crypt/PWSafe3.pm line 426.
Use of uninitialized value $raw in concatenation (.) or string at E:\cygwin\home\Archibald\.cpan\build\Crypt-PWSafe3-1.07-NZO9Wx/blib/lib/Crypt/PWSafe3.pm line 431.
Use of uninitialized value in subroutine entry at C:/strawberry/perl/vendor/lib/Digest/HMAC.pm line 28.
Use of uninitialized value in pack at E:\cygwin\home\Archibald\.cpan\build\Crypt-PWSafe3-1.07-NZO9Wx/blib/lib/Crypt/PWSafe3.pm line 426.
Use of uninitialized value $raw in concatenation (.) or string at E:\cygwin\home\Archibald\.cpan\build\Crypt-PWSafe3-1.07-NZO9Wx/blib/lib/Crypt/PWSafe3.pm line 431.
Use of uninitialized value in subroutine entry at C:/strawberry/perl/vendor/lib/Digest/HMAC.pm line 28.
t\08-verylong-params.t ............... ok
Use of uninitialized value in pack at E:\cygwin\home\Archibald\.cpan\build\Crypt-PWSafe3-1.07-NZO9Wx/blib/lib/Crypt/PWSafe3.pm line 426.
Use of uninitialized value $raw in concatenation (.) or string at E:\cygwin\home\Archibald\.cpan\build\Crypt-PWSafe3-1.07-NZO9Wx/blib/lib/Crypt/PWSafe3.pm line 431.
Use of uninitialized value in subroutine entry at C:/strawberry/perl/vendor/lib/Digest/HMAC.pm line 28.
t\09-using-fresh-file.t .............. ok
# Consider spawning  Password Safe GUI  to check how test.psafe3 looks like and whether it differs from sampledb/test.psafe3. Master password is 10101010
t\99-note.t .......................... ok
t\boilerplate.t ...................... ok
t\cpan-meta-json.t ................... skipped: Test::CPAN::Meta::JSON required for testing META.json
t\cpan-meta.t ........................ skipped: Test::CPAN::Meta required for testing META.yml
t\manifest.t ......................... skipped: Author tests not required for installation
t\pod-coverage.t ..................... ok
t\pod.t .............................. skipped: Test::Pod 1.22 required for testing POD

Test Summary Report
-------------------
t\04-recovering-in-sep-prog.t      (Wstat: 2048 Tests: 14 Failed: 8)
  Failed tests:  3-6, 8-11
  Non-zero exit status: 8
t\06-recovering-with-app-change.t  (Wstat: 1280 Tests: 16 Failed: 5)
  Failed tests:  6, 8, 14-16
  Non-zero exit status: 5
t\boilerplate.t                    (Wstat: 0 Tests: 3 Failed: 0)
  TODO passed:   1-3
Files=17, Tests=96, 27 wallclock secs ( 0.09 usr +  0.07 sys =  0.16 CPU)
Result: FAIL
Failed 2/17 test programs. 13/96 subtests failed.

------------------------------
PREREQUISITES
------------------------------

Prerequisite modules loaded:

requires:

    Module                Need  Have    
    --------------------- ----- --------
    Bytes::Random::Secure 0.09  0.09    
    Crypt::PWSafe3        1.07  1.07    
    perl                  5.006 5.014002

build_requires:

    Module                Need  Have    
    --------------------- ----- --------
    Module::Build         0.36  0.3800  
    Pod::Readme           0     0.11    
    Test::More            0     0.98    
    Test::Pod::Coverage   1.0   1.08    

configure_requires:

    Module                Need  Have    
    --------------------- ----- --------
    Module::Build         0.36  0.3800  


------------------------------
ENVIRONMENT AND OTHER CONTEXT
------------------------------

Environment variables:

    AUTOMATED_TESTING = 1
    COMSPEC = C:\WINDOWS\system32\cmd.exe
    NUMBER_OF_PROCESSORS = 1
    PATH = C:\Program Files\ImageMagick-6.8.0-Q16;C:\WINDOWS\system32;C:\WINDOWS;C:\WINDOWS\System32\Wbem;C:\strawberry\c\bin;C:\strawberry\perl\site\bin;C:\strawberry\perl\bin;C:\WINDOWS\system32\WindowsPowerShell\v1.0;c:\progra~1\notepa~1\
    PERL5LIB = E:\cygwin\home\Archibald\.cpan\build\Crypt-PWSafe3-1.07-NZO9Wx/blib/arch;E:\cygwin\home\Archibald\.cpan\build\Crypt-PWSafe3-1.07-NZO9Wx/blib/lib;E:\cygwin\home\Archibald\.cpan\build\Crypt-ECB-1.45-RUzN4F/blib/arch;E:\cygwin\home\Archibald\.cpan\build\Crypt-ECB-1.45-RUzN4F/blib/lib;E:\cygwin\home\Archibald\.cpan\build\Shell-0.72-cvUjHo/blib/arch;E:\cygwin\home\Archibald\.cpan\build\Shell-0.72-cvUjHo/blib/lib;E:\cygwin\home\Archibald\.cpan\build\Pod-Readme-0.11-QEXYwI/blib/arch;E:\cygwin\home\Archibald\.cpan\build\Pod-Readme-0.11-QEXYwI/blib/lib;E:\cygwin\home\Archibald\.cpan\build\Bytes-Random-Secure-0.09-JrTPEL/blib/arch;E:\cygwin\home\Archibald\.cpan\build\Bytes-Random-Secure-0.09-JrTPEL/blib/lib;E:\cygwin\home\Archibald\.cpan\build\Crypt-Random-Source-Strong-Win32-0.07-XWfxJs/blib/arch;E:\cygwin\home\Archibald\.cpan\build\Crypt-Random-Source-Strong-Win32-0.07-XWfxJs/blib/lib;E:\cygwin\home\Archibald\.cpan\build\Crypt-Random-Source-0.07-xSOwc6/blib/arch;E:\cygwin\home\Archibald\.cpan\build\Crypt-Random-Source-0.07-xSOwc6/blib/lib;E:\cygwin\home\Archibald\.cpan\build\Module-Find-0.11-DfRaeT/blib/arch;E:\cygwin\home\Archibald\.cpan\build\Module-Find-0.11-DfRaeT/blib/lib;E:\cygwin\home\Archibald\.cpan\build\Test-use-ok-0.11-nJJZOd/blib/arch;E:\cygwin\home\Archibald\.cpan\build\Test-use-ok-0.11-nJJZOd/blib/lib;E:\cygwin\home\Archibald\.cpan\build\Math-Random-ISAAC-1.004-rmFkKc/blib/arch;E:\cygwin\home\Archibald\.cpan\build\Math-Random-ISAAC-1.004-rmFkKc/blib/lib;E:\cygwin\home\Archibald\.cpan\build\Test-Pod-Coverage-1.08-6qlQ_8/blib/arch;E:\cygwin\home\Archibald\.cpan\build\Test-Pod-Coverage-1.08-6qlQ_8/blib/lib;E:\cygwin\home\Archibald\.cpan\build\Pod-Coverage-0.22-EDlwnC/blib/arch;E:\cygwin\home\Archibald\.cpan\build\Pod-Coverage-0.22-EDlwnC/blib/lib;E:\cygwin\home\Archibald\.cpan\build\Devel-Symdump-2.08-EYVU9L/blib/arch;E:\cygwin\home\Archibald\.cpan\build\Devel-Symdump-2.08-EYVU9L/blib/lib
    PERL5OPT = 
    PERL5_CPANPLUS_IS_RUNNING = 3660
    PERL5_CPAN_IS_RUNNING = 3660
    PERL5_CPAN_IS_RUNNING_IN_RECURSION = 3940,3660
    PERL_CR_SMOKER_CURRENT = Passwd-Keyring-PWSafe3-0.2001
    PERL_EXTUTILS_AUTOINSTALL = --defaultdeps
    PERL_JSON_BACKEND = JSON::XS
    PERL_MM_USE_DEFAULT = 1
    PERL_YAML_BACKEND = YAML
    PROCESSOR_IDENTIFIER = x86 Family 6 Model 42 Stepping 7, GenuineIntel
    TEMP = C:\DOCUME~1\ARCHIB~1\LOCALS~1\Temp
    TERM = dumb

Perl special variables (and OS-specific diagnostics, for MSWin32):

    $^X = C:\strawberry\perl\bin\perl.exe
    $UID/$EUID = 0 / 0
    $GID = 0
    $EGID = 0
    Win32::GetOSName = WinXP/.Net
    Win32::GetOSVersion = Service Pack 3, 5, 1, 2600, 2, 3, 0, 768, 1
    Win32::FsType = NTFS
    Win32::IsAdminUser = 1

Perl module toolchain versions installed:

    Module              Have    
    ------------------- --------
    CPAN                1.9800  
    CPAN::Meta          2.120921
    Cwd                 3.36    
    ExtUtils::CBuilder  0.280203
    ExtUtils::Command   1.17    
    ExtUtils::Install   1.56    
    ExtUtils::MakeMaker 6.62    
    ExtUtils::Manifest  1.60    
    ExtUtils::ParseXS   3.05    
    File::Spec          3.33    
    JSON                2.53    
    JSON::PP            2.27200 
    Module::Build       0.3800  
    Module::Signature   0.68    
    Parse::CPAN::Meta   1.4404  
    Test::Harness       3.23    
    Test::More          0.98    
    YAML                0.80    
    YAML::Syck          n/a     
    version             0.96    


--

Summary of my perl5 (revision 5 version 14 subversion 2) configuration:
   
  Platform:
    osname=MSWin32, osvers=4.0, archname=MSWin32-x86-multi-thread
    uname='Win32 strawberryperl 5.14.2.0 #1 Thu Oct 27 11:55:28 2011 i386'
    config_args='undef'
    hint=recommended, useposix=true, d_sigaction=undef
    useithreads=define, usemultiplicity=define
    useperlio=define, d_sfio=undef, uselargefiles=define, usesocks=undef
    use64bitint=undef, use64bitall=undef, uselongdouble=undef
    usemymalloc=n, bincompat5005=undef
  Compiler:
    cc='gcc', ccflags =' -s -O2 -DWIN32  -DPERL_TEXTMODE_SCRIPTS -DUSE_SITECUSTOMIZE -DPERL_IMPLICIT_CONTEXT -DPERL_IMPLICIT_SYS -fno-strict-aliasing -mms-bitfields',
    optimize='-s -O2',
    cppflags='-DWIN32'
    ccversion='', gccversion='4.4.3', gccosandvers=''
    intsize=4, longsize=4, ptrsize=4, doublesize=8, byteorder=1234
    d_longlong=undef, longlongsize=8, d_longdbl=define, longdblsize=12
    ivtype='long', ivsize=4, nvtype='double', nvsize=8, Off_t='long long', lseeksize=8
    alignbytes=8, prototype=define
  Linker and Libraries:
    ld='g++', ldflags ='-s -L"C:\strawberry\perl\lib\CORE" -L"C:\strawberry\c\lib"'
    libpth=C:\strawberry\c\lib C:\strawberry\c\i686-w64-mingw32\lib
    libs=-lmoldname -lkernel32 -luser32 -lgdi32 -lwinspool -lcomdlg32 -ladvapi32 -lshell32 -lole32 -loleaut32 -lnetapi32 -luuid -lws2_32 -lmpr -lwinmm -lversion -lodbc32 -lodbccp32 -lcomctl32
    perllibs=-lmoldname -lkernel32 -luser32 -lgdi32 -lwinspool -lcomdlg32 -ladvapi32 -lshell32 -lole32 -loleaut32 -lnetapi32 -luuid -lws2_32 -lmpr -lwinmm -lversion -lodbc32 -lodbccp32 -lcomctl32
    libc=, so=dll, useshrplib=true, libperl=libperl514.a
    gnulibc_version=''
  Dynamic Linking:
    dlsrc=dl_win32.xs, dlext=dll, d_dlsymun=undef, ccdlflags=' '
    cccdlflags=' ', lddlflags='-mdll -s -L"C:\strawberry\perl\lib\CORE" -L"C:\strawberry\c\lib"'


Characteristics of this binary (from libperl): 
  Compile-time options: MULTIPLICITY PERL_DONT_CREATE_GVSV
                        PERL_IMPLICIT_CONTEXT PERL_IMPLICIT_SYS
                        PERL_MALLOC_WRAP PERL_PRESERVE_IVUV PL_OP_SLAB_ALLOC
                        USE_ITHREADS USE_LARGE_FILES USE_PERLIO USE_PERL_ATOF
                        USE_SITECUSTOMIZE
  Built under MSWin32
  Compiled at Oct 27 2011 12:06:12
  %ENV:
    PERL5LIB="E:\cygwin\home\Archibald\.cpan\build\Crypt-PWSafe3-1.07-NZO9Wx/blib/arch;E:\cygwin\home\Archibald\.cpan\build\Crypt-PWSafe3-1.07-NZO9Wx/blib/lib;E:\cygwin\home\Archibald\.cpan\build\Crypt-ECB-1.45-RUzN4F/blib/arch;E:\cygwin\home\Archibald\.cpan\build\Crypt-ECB-1.45-RUzN4F/blib/lib;E:\cygwin\home\Archibald\.cpan\build\Shell-0.72-cvUjHo/blib/arch;E:\cygwin\home\Archibald\.cpan\build\Shell-0.72-cvUjHo/blib/lib;E:\cygwin\home\Archibald\.cpan\build\Pod-Readme-0.11-QEXYwI/blib/arch;E:\cygwin\home\Archibald\.cpan\build\Pod-Readme-0.11-QEXYwI/blib/lib;E:\cygwin\home\Archibald\.cpan\build\Bytes-Random-Secure-0.09-JrTPEL/blib/arch;E:\cygwin\home\Archibald\.cpan\build\Bytes-Random-Secure-0.09-JrTPEL/blib/lib;E:\cygwin\home\Archibald\.cpan\build\Crypt-Random-Source-Strong-Win32-0.07-XWfxJs/blib/arch;E:\cygwin\home\Archibald\.cpan\build\Crypt-Random-Source-Strong-Win32-0.07-XWfxJs/blib/lib;E:\cygwin\home\Archibald\.cpan\build\Crypt-Random-Source-0.07-xSOwc6/blib/arch;E:\cygwin\home\Archibald\.cpan\build\Crypt-Random-Source-0.07-xSOwc6/blib/lib;E:\cygwin\home\Archibald\.cpan\build\Module-Find-0.11-DfRaeT/blib/arch;E:\cygwin\home\Archibald\.cpan\build\Module-Find-0.11-DfRaeT/blib/lib;E:\cygwin\home\Archibald\.cpan\build\Test-use-ok-0.11-nJJZOd/blib/arch;E:\cygwin\home\Archibald\.cpan\build\Test-use-ok-0.11-nJJZOd/blib/lib;E:\cygwin\home\Archibald\.cpan\build\Math-Random-ISAAC-1.004-rmFkKc/blib/arch;E:\cygwin\home\Archibald\.cpan\build\Math-Random-ISAAC-1.004-rmFkKc/blib/lib;E:\cygwin\home\Archibald\.cpan\build\Test-Pod-Coverage-1.08-6qlQ_8/blib/arch;E:\cygwin\home\Archibald\.cpan\build\Test-Pod-Coverage-1.08-6qlQ_8/blib/lib;E:\cygwin\home\Archibald\.cpan\build\Pod-Coverage-0.22-EDlwnC/blib/arch;E:\cygwin\home\Archibald\.cpan\build\Pod-Coverage-0.22-EDlwnC/blib/lib;E:\cygwin\home\Archibald\.cpan\build\Devel-Symdump-2.08-EYVU9L/blib/arch;E:\cygwin\home\Archibald\.cpan\build\Devel-Symdump-2.08-EYVU9L/blib/lib"
    PERL5_CPANPLUS_IS_RUNNING="3660"
    PERL5_CPAN_IS_RUNNING="3660"
    PERL5_CPAN_IS_RUNNING_IN_RECURSION="3940,3660"
    PERL_CR_SMOKER_CURRENT="Passwd-Keyring-PWSafe3-0.2001"
    PERL_EXTUTILS_AUTOINSTALL="--defaultdeps"
    PERL_JSON_BACKEND="JSON::XS"
    PERL_MM_USE_DEFAULT="1"
    PERL_YAML_BACKEND="YAML"
  @INC:
    E:\cygwin\home\Archibald\.cpan\build\Crypt-PWSafe3-1.07-NZO9Wx/blib/arch
    E:\cygwin\home\Archibald\.cpan\build\Crypt-PWSafe3-1.07-NZO9Wx/blib/lib
    E:\cygwin\home\Archibald\.cpan\build\Crypt-ECB-1.45-RUzN4F/blib/arch
    E:\cygwin\home\Archibald\.cpan\build\Crypt-ECB-1.45-RUzN4F/blib/lib
    E:\cygwin\home\Archibald\.cpan\build\Shell-0.72-cvUjHo/blib/arch
    E:\cygwin\home\Archibald\.cpan\build\Shell-0.72-cvUjHo/blib/lib
    E:\cygwin\home\Archibald\.cpan\build\Pod-Readme-0.11-QEXYwI/blib/arch
    E:\cygwin\home\Archibald\.cpan\build\Pod-Readme-0.11-QEXYwI/blib/lib
    E:\cygwin\home\Archibald\.cpan\build\Bytes-Random-Secure-0.09-JrTPEL/blib/arch
    E:\cygwin\home\Archibald\.cpan\build\Bytes-Random-Secure-0.09-JrTPEL/blib/lib
    E:\cygwin\home\Archibald\.cpan\build\Crypt-Random-Source-Strong-Win32-0.07-XWfxJs/blib/arch
    E:\cygwin\home\Archibald\.cpan\build\Crypt-Random-Source-Strong-Win32-0.07-XWfxJs/blib/lib
    E:\cygwin\home\Archibald\.cpan\build\Crypt-Random-Source-0.07-xSOwc6/blib/arch
    E:\cygwin\home\Archibald\.cpan\build\Crypt-Random-Source-0.07-xSOwc6/blib/lib
    E:\cygwin\home\Archibald\.cpan\build\Module-Find-0.11-DfRaeT/blib/arch
    E:\cygwin\home\Archibald\.cpan\build\Module-Find-0.11-DfRaeT/blib/lib
    E:\cygwin\home\Archibald\.cpan\build\Test-use-ok-0.11-nJJZOd/blib/arch
    E:\cygwin\home\Archibald\.cpan\build\Test-use-ok-0.11-nJJZOd/blib/lib
    E:\cygwin\home\Archibald\.cpan\build\Math-Random-ISAAC-1.004-rmFkKc/blib/arch
    E:\cygwin\home\Archibald\.cpan\build\Math-Random-ISAAC-1.004-rmFkKc/blib/lib
    E:\cygwin\home\Archibald\.cpan\build\Test-Pod-Coverage-1.08-6qlQ_8/blib/arch
    E:\cygwin\home\Archibald\.cpan\build\Test-Pod-Coverage-1.08-6qlQ_8/blib/lib
    E:\cygwin\home\Archibald\.cpan\build\Pod-Coverage-0.22-EDlwnC/blib/arch
    E:\cygwin\home\Archibald\.cpan\build\Pod-Coverage-0.22-EDlwnC/blib/lib
    E:\cygwin\home\Archibald\.cpan\build\Devel-Symdump-2.08-EYVU9L/blib/arch
    E:\cygwin\home\Archibald\.cpan\build\Devel-Symdump-2.08-EYVU9L/blib/lib
    C:/strawberry/perl/site/lib
    C:/strawberry/perl/vendor/lib
    C:/strawberry/perl/lib
    .