Back
From: metabase:user:314402c4-2aae-11df-837a-5e0a49663a4f
Subject: FAIL Bio-MLST-Check-1.150910 v5.18.4 GNU/Linux
Date: 2015-04-01T17:38:34Z
This distribution has been tested as part of the CPAN Testers
project, supporting the Perl programming language. See
http://wiki.cpantesters.org/ for more information or email
questions to cpan-testers-discuss@perl.org
--
Dear Andrew Page,
This is a computer-generated report for Bio-MLST-Check-1.150910
on perl 5.18.4, created by CPAN-Reporter-1.2011.
Thank you for uploading your work to CPAN. However, there was a problem
testing your distribution.
If you think this report is invalid, please consult the CPAN Testers Wiki
for suggestions on how to avoid getting FAIL reports for missing library
or binary dependencies, unsupported operating systems, and so on:
http://wiki.cpantesters.org/wiki/CPANAuthorNotes
Sections of this report:
* Tester comments
* Program output
* Prerequisites
* Environment and other context
------------------------------
TESTER COMMENTS
------------------------------
Additional comments from tester:
none provided
------------------------------
PROGRAM OUTPUT
------------------------------
Output from '/usr/bin/make test':
PERL_DL_NONLAZY=1 "/bbbike/perl-5.18.4/bin/perl5.18.4" "-MExtUtils::Command::MM" "-MTest::Harness" "-e" "undef *Test::Harness::Switches; test_harness(0, 'blib/lib', 'blib/arch')" t/*.t t/Blast/*.t t/CDC/*.t t/Download/*.t t/Input/*.t t/Output/*.t t/Overall/*.t t/SequenceTypes/*.t t/Settings/*.t
Attribute (exec) does not pass the type constraint because: Validation failed for 'Bio::MLST::Executable' with value "makeblastdb" at constructor Bio::MLST::Blast::Database::new (defined at lib/Bio/MLST/Blast/Database.pm line 32) line 52
Bio::MLST::Blast::Database::new('Bio::MLST::Blast::Database', 'fasta_file', 't/data/contigs.fa') called at t/Blast/BlastN.t line 14
# Tests were run but no plan was declared and done_testing() was not seen.
# Looks like your test exited with 255 just after 1.
t/Blast/BlastN.t ....................
Dubious, test returned 255 (wstat 65280, 0xff00)
All 1 subtests passed
Attribute (exec) does not pass the type constraint because: Validation failed for 'Bio::MLST::Executable' with value "makeblastdb" at constructor Bio::MLST::Blast::Database::new (defined at lib/Bio/MLST/Blast/Database.pm line 32) line 52
Bio::MLST::Blast::Database::new('Bio::MLST::Blast::Database', 'fasta_file', 't/data/contigs.fa') called at t/Blast/Database.t line 12
# Tests were run but no plan was declared and done_testing() was not seen.
# Looks like your test exited with 255 just after 1.
t/Blast/Database.t ..................
Dubious, test returned 255 (wstat 65280, 0xff00)
All 1 subtests passed
Attribute (exec) does not pass the type constraint because: Validation failed for 'Bio::MLST::Executable' with value "makeblastdb" at constructor Bio::MLST::Blast::Database::new (defined at lib/Bio/MLST/Blast/Database.pm line 32) line 45
Bio::MLST::Blast::Database::new('Bio::MLST::Blast::Database', 'fasta_file', 't/data/Streptococcus_pyogenes_emmST_contigs.fa', 'exec', 'makeblastdb') called at lib/Bio/MLST/CompareAlleles.pm line 42
Bio::MLST::CompareAlleles::_build__blast_db_location_obj('Bio::MLST::CompareAlleles=HASH(0x1c25cf8)') called at reader Bio::MLST::CompareAlleles::_blast_db_location_obj (defined at lib/Bio/MLST/CompareAlleles.pm line 21) line 7
Bio::MLST::CompareAlleles::_blast_db_location_obj('Bio::MLST::CompareAlleles=HASH(0x1c25cf8)') called at lib/Bio/MLST/CompareAlleles.pm line 36
Bio::MLST::CompareAlleles::_build__blast_db_location('Bio::MLST::CompareAlleles=HASH(0x1c25cf8)') called at reader Bio::MLST::CompareAlleles::_blast_db_location (defined at lib/Bio/MLST/CompareAlleles.pm line 22) line 7
Bio::MLST::CompareAlleles::_blast_db_location('Bio::MLST::CompareAlleles=HASH(0x1c25cf8)') called at lib/Bio/MLST/CompareAlleles.pm line 110
Bio::MLST::CompareAlleles::_build_matching_sequences('Bio::MLST::CompareAlleles=HASH(0x1c25cf8)') called at reader Bio::MLST::CompareAlleles::matching_sequences (defined at lib/Bio/MLST/CompareAlleles.pm line 24) line 7
Bio::MLST::CompareAlleles::matching_sequences('Bio::MLST::CompareAlleles=HASH(0x1c25cf8)') called at lib/Bio/MLST/ProcessFasta.pm line 52
Bio::MLST::ProcessFasta::_build__compare_alleles('Bio::MLST::ProcessFasta=HASH(0x1c25dd0)') called at reader Bio::MLST::ProcessFasta::_compare_alleles (defined at lib/Bio/MLST/ProcessFasta.pm line 25) line 7
Bio::MLST::ProcessFasta::_compare_alleles('Bio::MLST::ProcessFasta=HASH(0x1c25dd0)') called at lib/Bio/MLST/ProcessFasta.pm line 67
Bio::MLST::ProcessFasta::_build__sequence_type_obj('Bio::MLST::ProcessFasta=HASH(0x1c25dd0)') called at reader Bio::MLST::ProcessFasta::_sequence_type_obj (defined at lib/Bio/MLST/ProcessFasta.pm line 26) line 7
Bio::MLST::ProcessFasta::_sequence_type_obj('Bio::MLST::ProcessFasta=HASH(0x1c25dd0)') called at lib/Bio/MLST/ProcessFasta.pm line 77
Bio::MLST::ProcessFasta::_build__spreadsheet_row_obj('Bio::MLST::ProcessFasta=HASH(0x1c25dd0)') called at reader Bio::MLST::ProcessFasta::_spreadsheet_row_obj (defined at lib/Bio/MLST/ProcessFasta.pm line 27) line 7
Bio::MLST::ProcessFasta::_spreadsheet_row_obj('Bio::MLST::ProcessFasta=HASH(0x1c25dd0)') called at lib/Bio/MLST/Check.pm line 82
Bio::MLST::Check::_generate_spreadsheet_rows('Bio::MLST::Check=HASH(0x42c80b0)') called at lib/Bio/MLST/Check.pm line 104
Bio::MLST::Check::create_result_files('Bio::MLST::Check=HASH(0x42c80b0)') called at t/CDC/Convert.t line 49
Attribute (header) does not pass the type constraint because: Validation failed for 'ArrayRef' with value undef at constructor Bio::MLST::Spreadsheet::File::new (defined at lib/Bio/MLST/Spreadsheet/File.pm line 48) line 34
Bio::MLST::Spreadsheet::File::new('Bio::MLST::Spreadsheet::File', 'header', undef, 'spreadsheet_allele_numbers_rows', 'ARRAY(0x44c2ef8)', 'spreadsheet_genomic_rows', 'ARRAY(0x1c25458)', 'output_directory', '/tmpfs/.cpan-build/Bio-MLST-Check-1.150910-6Egh7S/J84GDs47JS', 'spreadsheet_basename', 'mlst_results') called at lib/Bio/MLST/Check.pm line 107
Bio::MLST::Check::create_result_files('Bio::MLST::Check=HASH(0x42c80b0)') called at t/CDC/Convert.t line 49
# Tests were run but no plan was declared and done_testing() was not seen.
# Looks like your test exited with 255 just after 13.
t/CDC/Convert.t .....................
Dubious, test returned 255 (wstat 65280, 0xff00)
All 13 subtests passed
t/Download/Database.t ............... ok
t/Download/Databases.t .............. ok
t/Input/NormaliseFasta.t ............ ok
t/Output/Databases.t ................ ok
Attribute (exec) does not pass the type constraint because: Validation failed for 'Bio::MLST::Executable' with value "makeblastdb" at constructor Bio::MLST::Blast::Database::new (defined at lib/Bio/MLST/Blast/Database.pm line 32) line 45
Bio::MLST::Blast::Database::new('Bio::MLST::Blast::Database', 'fasta_file', 't/data/contigs.fa', 'exec', 'makeblastdb') called at lib/Bio/MLST/CompareAlleles.pm line 42
Bio::MLST::CompareAlleles::_build__blast_db_location_obj('Bio::MLST::CompareAlleles=HASH(0x2f793a0)') called at reader Bio::MLST::CompareAlleles::_blast_db_location_obj (defined at lib/Bio/MLST/CompareAlleles.pm line 21) line 7
Bio::MLST::CompareAlleles::_blast_db_location_obj('Bio::MLST::CompareAlleles=HASH(0x2f793a0)') called at lib/Bio/MLST/CompareAlleles.pm line 36
Bio::MLST::CompareAlleles::_build__blast_db_location('Bio::MLST::CompareAlleles=HASH(0x2f793a0)') called at reader Bio::MLST::CompareAlleles::_blast_db_location (defined at lib/Bio/MLST/CompareAlleles.pm line 22) line 7
Bio::MLST::CompareAlleles::_blast_db_location('Bio::MLST::CompareAlleles=HASH(0x2f793a0)') called at lib/Bio/MLST/CompareAlleles.pm line 110
Bio::MLST::CompareAlleles::_build_matching_sequences('Bio::MLST::CompareAlleles=HASH(0x2f793a0)') called at reader Bio::MLST::CompareAlleles::matching_sequences (defined at lib/Bio/MLST/CompareAlleles.pm line 24) line 7
Bio::MLST::CompareAlleles::matching_sequences('Bio::MLST::CompareAlleles=HASH(0x2f793a0)') called at lib/Bio/MLST/ProcessFasta.pm line 52
Bio::MLST::ProcessFasta::_build__compare_alleles('Bio::MLST::ProcessFasta=HASH(0x2f15950)') called at reader Bio::MLST::ProcessFasta::_compare_alleles (defined at lib/Bio/MLST/ProcessFasta.pm line 25) line 7
Bio::MLST::ProcessFasta::_compare_alleles('Bio::MLST::ProcessFasta=HASH(0x2f15950)') called at lib/Bio/MLST/ProcessFasta.pm line 67
Bio::MLST::ProcessFasta::_build__sequence_type_obj('Bio::MLST::ProcessFasta=HASH(0x2f15950)') called at reader Bio::MLST::ProcessFasta::_sequence_type_obj (defined at lib/Bio/MLST/ProcessFasta.pm line 26) line 7
Bio::MLST::ProcessFasta::_sequence_type_obj('Bio::MLST::ProcessFasta=HASH(0x2f15950)') called at lib/Bio/MLST/ProcessFasta.pm line 77
Bio::MLST::ProcessFasta::_build__spreadsheet_row_obj('Bio::MLST::ProcessFasta=HASH(0x2f15950)') called at reader Bio::MLST::ProcessFasta::_spreadsheet_row_obj (defined at lib/Bio/MLST/ProcessFasta.pm line 27) line 7
Bio::MLST::ProcessFasta::_spreadsheet_row_obj('Bio::MLST::ProcessFasta=HASH(0x2f15950)') called at lib/Bio/MLST/Check.pm line 82
Bio::MLST::Check::_generate_spreadsheet_rows('Bio::MLST::Check=HASH(0x2eff000)') called at lib/Bio/MLST/Check.pm line 104
Bio::MLST::Check::create_result_files('Bio::MLST::Check=HASH(0x2eff000)') called at t/Output/MultipleFastas.t line 30
Attribute (header) does not pass the type constraint because: Validation failed for 'ArrayRef' with value undef at constructor Bio::MLST::Spreadsheet::File::new (defined at lib/Bio/MLST/Spreadsheet/File.pm line 48) line 34
Bio::MLST::Spreadsheet::File::new('Bio::MLST::Spreadsheet::File', 'header', undef, 'spreadsheet_allele_numbers_rows', 'ARRAY(0x7a2f08)', 'spreadsheet_genomic_rows', 'ARRAY(0x2eff060)', 'output_directory', '/tmpfs/.cpan-build/Bio-MLST-Check-1.150910-6Egh7S/WR1NiBUog4', 'spreadsheet_basename', 'mlst_results') called at lib/Bio/MLST/Check.pm line 107
Bio::MLST::Check::create_result_files('Bio::MLST::Check=HASH(0x2eff000)') called at t/Output/MultipleFastas.t line 30
# Tests were run but no plan was declared and done_testing() was not seen.
# Looks like your test exited with 255 just after 2.
t/Output/MultipleFastas.t ...........
Dubious, test returned 255 (wstat 65280, 0xff00)
All 2 subtests passed
Attribute (exec) does not pass the type constraint because: Validation failed for 'Bio::MLST::Executable' with value "makeblastdb" at constructor Bio::MLST::Blast::Database::new (defined at lib/Bio/MLST/Blast/Database.pm line 32) line 45
Bio::MLST::Blast::Database::new('Bio::MLST::Blast::Database', 'fasta_file', 't/data/contigs.fa', 'exec', 'makeblastdb') called at lib/Bio/MLST/CompareAlleles.pm line 42
Bio::MLST::CompareAlleles::_build__blast_db_location_obj('Bio::MLST::CompareAlleles=HASH(0x4f293e8)') called at reader Bio::MLST::CompareAlleles::_blast_db_location_obj (defined at lib/Bio/MLST/CompareAlleles.pm line 21) line 7
Bio::MLST::CompareAlleles::_blast_db_location_obj('Bio::MLST::CompareAlleles=HASH(0x4f293e8)') called at lib/Bio/MLST/CompareAlleles.pm line 36
Bio::MLST::CompareAlleles::_build__blast_db_location('Bio::MLST::CompareAlleles=HASH(0x4f293e8)') called at reader Bio::MLST::CompareAlleles::_blast_db_location (defined at lib/Bio/MLST/CompareAlleles.pm line 22) line 7
Bio::MLST::CompareAlleles::_blast_db_location('Bio::MLST::CompareAlleles=HASH(0x4f293e8)') called at lib/Bio/MLST/CompareAlleles.pm line 110
Bio::MLST::CompareAlleles::_build_matching_sequences('Bio::MLST::CompareAlleles=HASH(0x4f293e8)') called at reader Bio::MLST::CompareAlleles::matching_sequences (defined at lib/Bio/MLST/CompareAlleles.pm line 24) line 7
Bio::MLST::CompareAlleles::matching_sequences('Bio::MLST::CompareAlleles=HASH(0x4f293e8)') called at lib/Bio/MLST/ProcessFasta.pm line 52
Bio::MLST::ProcessFasta::_build__compare_alleles('Bio::MLST::ProcessFasta=HASH(0x4f29640)') called at reader Bio::MLST::ProcessFasta::_compare_alleles (defined at lib/Bio/MLST/ProcessFasta.pm line 25) line 7
Bio::MLST::ProcessFasta::_compare_alleles('Bio::MLST::ProcessFasta=HASH(0x4f29640)') called at lib/Bio/MLST/ProcessFasta.pm line 67
Bio::MLST::ProcessFasta::_build__sequence_type_obj('Bio::MLST::ProcessFasta=HASH(0x4f29640)') called at reader Bio::MLST::ProcessFasta::_sequence_type_obj (defined at lib/Bio/MLST/ProcessFasta.pm line 26) line 7
Bio::MLST::ProcessFasta::_sequence_type_obj('Bio::MLST::ProcessFasta=HASH(0x4f29640)') called at lib/Bio/MLST/ProcessFasta.pm line 77
Bio::MLST::ProcessFasta::_build__spreadsheet_row_obj('Bio::MLST::ProcessFasta=HASH(0x4f29640)') called at reader Bio::MLST::ProcessFasta::_spreadsheet_row_obj (defined at lib/Bio/MLST/ProcessFasta.pm line 27) line 7
Bio::MLST::ProcessFasta::_spreadsheet_row_obj('Bio::MLST::ProcessFasta=HASH(0x4f29640)') called at lib/Bio/MLST/Check.pm line 82
Bio::MLST::Check::_generate_spreadsheet_rows('Bio::MLST::Check=HASH(0x4948048)') called at lib/Bio/MLST/Check.pm line 104
Bio::MLST::Check::create_result_files('Bio::MLST::Check=HASH(0x4948048)') called at lib/Bio/MLST/CheckMultipleSpecies.pm line 115
Bio::MLST::CheckMultipleSpecies::_run_mlst_for_species_list('Bio::MLST::CheckMultipleSpecies=HASH(0x4708a58)') called at lib/Bio/MLST/CheckMultipleSpecies.pm line 232
Bio::MLST::CheckMultipleSpecies::create_result_files('Bio::MLST::CheckMultipleSpecies=HASH(0x4708a58)') called at t/Output/MultipleSpecies.t line 28
Attribute (exec) does not pass the type constraint because: Validation failed for 'Bio::MLST::Executable' with value "makeblastdb" at constructor Bio::MLST::Blast::Database::new (defined at lib/Bio/MLST/Blast/Database.pm line 32) line 45
Bio::MLST::Blast::Database::new('Bio::MLST::Blast::Database', 'fasta_file', 't/data/contigs.fa', 'exec', 'makeblastdb') called at lib/Bio/MLST/CompareAlleles.pm line 42
Bio::MLST::CompareAlleles::_build__blast_db_location_obj('Bio::MLST::CompareAlleles=HASH(0x4f29110)') called at reader Bio::MLST::CompareAlleles::_blast_db_location_obj (defined at lib/Bio/MLST/CompareAlleles.pm line 21) line 7
Bio::MLST::CompareAlleles::_blast_db_location_obj('Bio::MLST::CompareAlleles=HASH(0x4f29110)') called at lib/Bio/MLST/CompareAlleles.pm line 36
Bio::MLST::CompareAlleles::_build__blast_db_location('Bio::MLST::CompareAlleles=HASH(0x4f29110)') called at reader Bio::MLST::CompareAlleles::_blast_db_location (defined at lib/Bio/MLST/CompareAlleles.pm line 22) line 7
Bio::MLST::CompareAlleles::_blast_db_location('Bio::MLST::CompareAlleles=HASH(0x4f29110)') called at lib/Bio/MLST/CompareAlleles.pm line 110
Bio::MLST::CompareAlleles::_build_matching_sequences('Bio::MLST::CompareAlleles=HASH(0x4f29110)') called at reader Bio::MLST::CompareAlleles::matching_sequences (defined at lib/Bio/MLST/CompareAlleles.pm line 24) line 7
Bio::MLST::CompareAlleles::matching_sequences('Bio::MLST::CompareAlleles=HASH(0x4f29110)') called at lib/Bio/MLST/ProcessFasta.pm line 52
Bio::MLST::ProcessFasta::_build__compare_alleles('Bio::MLST::ProcessFasta=HASH(0x4f29368)') called at reader Bio::MLST::ProcessFasta::_compare_alleles (defined at lib/Bio/MLST/ProcessFasta.pm line 25) line 7
Bio::MLST::ProcessFasta::_compare_alleles('Bio::MLST::ProcessFasta=HASH(0x4f29368)') called at lib/Bio/MLST/ProcessFasta.pm line 67
Bio::MLST::ProcessFasta::_build__sequence_type_obj('Bio::MLST::ProcessFasta=HASH(0x4f29368)') called at reader Bio::MLST::ProcessFasta::_sequence_type_obj (defined at lib/Bio/MLST/ProcessFasta.pm line 26) line 7
Bio::MLST::ProcessFasta::_sequence_type_obj('Bio::MLST::ProcessFasta=HASH(0x4f29368)') called at lib/Bio/MLST/ProcessFasta.pm line 77
Bio::MLST::ProcessFasta::_build__spreadsheet_row_obj('Bio::MLST::ProcessFasta=HASH(0x4f29368)') called at reader Bio::MLST::ProcessFasta::_spreadsheet_row_obj (defined at lib/Bio/MLST/ProcessFasta.pm line 27) line 7
Bio::MLST::ProcessFasta::_spreadsheet_row_obj('Bio::MLST::ProcessFasta=HASH(0x4f29368)') called at lib/Bio/MLST/Check.pm line 82
Bio::MLST::Check::_generate_spreadsheet_rows('Bio::MLST::Check=HASH(0x2706fc8)') called at lib/Bio/MLST/Check.pm line 104
Bio::MLST::Check::create_result_files('Bio::MLST::Check=HASH(0x2706fc8)') called at lib/Bio/MLST/CheckMultipleSpecies.pm line 115
Bio::MLST::CheckMultipleSpecies::_run_mlst_for_species_list('Bio::MLST::CheckMultipleSpecies=HASH(0x4708a58)') called at lib/Bio/MLST/CheckMultipleSpecies.pm line 232
Bio::MLST::CheckMultipleSpecies::create_result_files('Bio::MLST::CheckMultipleSpecies=HASH(0x4708a58)') called at t/Output/MultipleSpecies.t line 28
Attribute (header) does not pass the type constraint because: Validation failed for 'ArrayRef' with value undef at constructor Bio::MLST::Spreadsheet::File::new (defined at lib/Bio/MLST/Spreadsheet/File.pm line 48) line 34
Bio::MLST::Spreadsheet::File::new('Bio::MLST::Spreadsheet::File', 'header', undef, 'spreadsheet_allele_numbers_rows', 'ARRAY(0x4300ab8)', 'spreadsheet_genomic_rows', 'ARRAY(0x4835490)', 'output_directory', '/tmpfs/.cpan-build/Bio-MLST-Check-1.150910-6Egh7S/amJY0vL3bc', 'spreadsheet_basename', 0001) called at lib/Bio/MLST/Check.pm line 107
Bio::MLST::Check::create_result_files('Bio::MLST::Check=HASH(0x2706fc8)') called at lib/Bio/MLST/CheckMultipleSpecies.pm line 115
Bio::MLST::CheckMultipleSpecies::_run_mlst_for_species_list('Bio::MLST::CheckMultipleSpecies=HASH(0x4708a58)') called at lib/Bio/MLST/CheckMultipleSpecies.pm line 232
Bio::MLST::CheckMultipleSpecies::create_result_files('Bio::MLST::CheckMultipleSpecies=HASH(0x4708a58)') called at t/Output/MultipleSpecies.t line 28
Attribute (header) does not pass the type constraint because: Validation failed for 'ArrayRef' with value undef at constructor Bio::MLST::Spreadsheet::File::new (defined at lib/Bio/MLST/Spreadsheet/File.pm line 48) line 34
Bio::MLST::Spreadsheet::File::new('Bio::MLST::Spreadsheet::File', 'header', undef, 'spreadsheet_allele_numbers_rows', 'ARRAY(0x443b348)', 'spreadsheet_genomic_rows', 'ARRAY(0x430b6a0)', 'output_directory', '/tmpfs/.cpan-build/Bio-MLST-Check-1.150910-6Egh7S/amJY0vL3bc', 'spreadsheet_basename', 0002) called at lib/Bio/MLST/Check.pm line 107
Bio::MLST::Check::create_result_files('Bio::MLST::Check=HASH(0x4948048)') called at lib/Bio/MLST/CheckMultipleSpecies.pm line 115
Bio::MLST::CheckMultipleSpecies::_run_mlst_for_species_list('Bio::MLST::CheckMultipleSpecies=HASH(0x4708a58)') called at lib/Bio/MLST/CheckMultipleSpecies.pm line 232
Bio::MLST::CheckMultipleSpecies::create_result_files('Bio::MLST::CheckMultipleSpecies=HASH(0x4708a58)') called at t/Output/MultipleSpecies.t line 28
readline() on closed filehandle $fh_in at lib/Bio/MLST/CheckMultipleSpecies.pm line 159.
readline() on closed filehandle $fh_in at lib/Bio/MLST/CheckMultipleSpecies.pm line 159.
readline() on closed filehandle $fh_in at lib/Bio/MLST/CheckMultipleSpecies.pm line 159.
readline() on closed filehandle $fh_in at lib/Bio/MLST/CheckMultipleSpecies.pm line 159.
# Failed test 'results content matches expected content'
# at t/Output/MultipleSpecies.t line 79.
# Structures begin differing at:
# $got->[0] = 'E.coli "matched 1 of 1 files"
'
# $expected->[0] = '"No matches found"
'
# Failed test 'results content matches expected content'
# at t/Output/MultipleSpecies.t line 79.
# Structures begin differing at:
# $got->[0] = 'E.coli "matched 1 of 1 files"
'
# $expected->[0] = '"No matches found"
'
# Looks like you failed 2 tests of 13.
t/Output/MultipleSpecies.t ..........
Dubious, test returned 2 (wstat 512, 0x200)
Failed 2/13 subtests
t/Output/OutputFasta.t .............. ok
Attribute (exec) does not pass the type constraint because: Validation failed for 'Bio::MLST::Executable' with value "makeblastdb" at constructor Bio::MLST::Blast::Database::new (defined at lib/Bio/MLST/Blast/Database.pm line 32) line 45
Bio::MLST::Blast::Database::new('Bio::MLST::Blast::Database', 'fasta_file', 't/data/contigs.fa', 'exec', 'makeblastdb') called at lib/Bio/MLST/CompareAlleles.pm line 42
Bio::MLST::CompareAlleles::_build__blast_db_location_obj('Bio::MLST::CompareAlleles=HASH(0x2342ed8)') called at reader Bio::MLST::CompareAlleles::_blast_db_location_obj (defined at lib/Bio/MLST/CompareAlleles.pm line 21) line 7
Bio::MLST::CompareAlleles::_blast_db_location_obj('Bio::MLST::CompareAlleles=HASH(0x2342ed8)') called at lib/Bio/MLST/CompareAlleles.pm line 36
Bio::MLST::CompareAlleles::_build__blast_db_location('Bio::MLST::CompareAlleles=HASH(0x2342ed8)') called at reader Bio::MLST::CompareAlleles::_blast_db_location (defined at lib/Bio/MLST/CompareAlleles.pm line 22) line 7
Bio::MLST::CompareAlleles::_blast_db_location('Bio::MLST::CompareAlleles=HASH(0x2342ed8)') called at lib/Bio/MLST/CompareAlleles.pm line 110
Bio::MLST::CompareAlleles::_build_matching_sequences('Bio::MLST::CompareAlleles=HASH(0x2342ed8)') called at reader Bio::MLST::CompareAlleles::matching_sequences (defined at lib/Bio/MLST/CompareAlleles.pm line 24) line 7
Bio::MLST::CompareAlleles::matching_sequences('Bio::MLST::CompareAlleles=HASH(0x2342ed8)') called at lib/Bio/MLST/CompareAlleles.pm line 61
Bio::MLST::CompareAlleles::found_sequence_names('Bio::MLST::CompareAlleles=HASH(0x2342ed8)') called at t/Output/SpreadsheetRow.t line 20
# Tests were run but no plan was declared and done_testing() was not seen.
# Looks like your test exited with 255 just after 1.
t/Output/SpreadsheetRow.t ...........
Dubious, test returned 255 (wstat 65280, 0xff00)
All 1 subtests passed
t/Overall/CheckAllModulesCompile.t .. ok
# Failed test 'blastn in PATH'
# at t/requires_external.t line 8.
# Failed test 'makeblastdb in PATH'
# at t/requires_external.t line 8.
# Looks like you failed 2 tests of 2.
t/requires_external.t ...............
Dubious, test returned 2 (wstat 512, 0x200)
Failed 2/2 subtests
Attribute (exec) does not pass the type constraint because: Validation failed for 'Bio::MLST::Executable' with value "makeblastdb" at constructor Bio::MLST::Blast::Database::new (defined at lib/Bio/MLST/Blast/Database.pm line 32) line 45
Bio::MLST::Blast::Database::new('Bio::MLST::Blast::Database', 'fasta_file', 't/data/contigs.fa', 'exec', 'makeblastdb') called at lib/Bio/MLST/CompareAlleles.pm line 42
Bio::MLST::CompareAlleles::_build__blast_db_location_obj('Bio::MLST::CompareAlleles=HASH(0x21a2f50)') called at reader Bio::MLST::CompareAlleles::_blast_db_location_obj (defined at lib/Bio/MLST/CompareAlleles.pm line 21) line 7
Bio::MLST::CompareAlleles::_blast_db_location_obj('Bio::MLST::CompareAlleles=HASH(0x21a2f50)') called at lib/Bio/MLST/CompareAlleles.pm line 36
Bio::MLST::CompareAlleles::_build__blast_db_location('Bio::MLST::CompareAlleles=HASH(0x21a2f50)') called at reader Bio::MLST::CompareAlleles::_blast_db_location (defined at lib/Bio/MLST/CompareAlleles.pm line 22) line 7
Bio::MLST::CompareAlleles::_blast_db_location('Bio::MLST::CompareAlleles=HASH(0x21a2f50)') called at lib/Bio/MLST/CompareAlleles.pm line 110
Bio::MLST::CompareAlleles::_build_matching_sequences('Bio::MLST::CompareAlleles=HASH(0x21a2f50)') called at reader Bio::MLST::CompareAlleles::matching_sequences (defined at lib/Bio/MLST/CompareAlleles.pm line 24) line 7
Bio::MLST::CompareAlleles::matching_sequences('Bio::MLST::CompareAlleles=HASH(0x21a2f50)') called at lib/Bio/MLST/CompareAlleles.pm line 61
Bio::MLST::CompareAlleles::found_sequence_names('Bio::MLST::CompareAlleles=HASH(0x21a2f50)') called at t/SequenceTypes/CompareAlleles.t line 17
# Tests were run but no plan was declared and done_testing() was not seen.
# Looks like your test exited with 255 just after 2.
t/SequenceTypes/CompareAlleles.t ....
Dubious, test returned 255 (wstat 65280, 0xff00)
All 2 subtests passed
t/SequenceTypes/SearchForFiles.t .... ok
t/SequenceTypes/SequenceType.t ...... ok
t/Settings/DatabaseSettings.t ....... ok
Test Summary Report
-------------------
t/Blast/BlastN.t (Wstat: 65280 Tests: 1 Failed: 0)
Non-zero exit status: 255
Parse errors: No plan found in TAP output
t/Blast/Database.t (Wstat: 65280 Tests: 1 Failed: 0)
Non-zero exit status: 255
Parse errors: No plan found in TAP output
t/CDC/Convert.t (Wstat: 65280 Tests: 13 Failed: 0)
Non-zero exit status: 255
Parse errors: No plan found in TAP output
t/Output/MultipleFastas.t (Wstat: 65280 Tests: 2 Failed: 0)
Non-zero exit status: 255
Parse errors: No plan found in TAP output
t/Output/MultipleSpecies.t (Wstat: 512 Tests: 13 Failed: 2)
Failed tests: 6, 9
Non-zero exit status: 2
t/Output/SpreadsheetRow.t (Wstat: 65280 Tests: 1 Failed: 0)
Non-zero exit status: 255
Parse errors: No plan found in TAP output
t/requires_external.t (Wstat: 512 Tests: 2 Failed: 2)
Failed tests: 1-2
Non-zero exit status: 2
t/SequenceTypes/CompareAlleles.t (Wstat: 65280 Tests: 2 Failed: 0)
Non-zero exit status: 255
Parse errors: No plan found in TAP output
Files=17, Tests=163, 13 wallclock secs ( 0.11 usr 0.10 sys + 7.85 cusr 1.45 csys = 9.51 CPU)
Result: FAIL
Failed 8/17 test programs. 4/163 subtests failed.
make: *** [test_dynamic] Fehler 255
------------------------------
PREREQUISITES
------------------------------
Prerequisite modules loaded:
requires:
Module Need Have
---------------------------- ---- ----------
Bio::AlignIO 0 0
Bio::Perl 0 0
Bio::PrimarySeq 0 0
Bio::SeqIO 0 0
Bio::SimpleAlign 0 0
Cwd 0 3.47
Data::Dumper 0 2.154
File::Basename 0 2.84
File::Copy 0 2.26
File::Path 2.06 2.09
File::Temp 0 0.2304
File::Which 0 1.09
Getopt::Long 0 2.45
lib 0 0.63
LWP::Simple 0 6.13
Moose 0 2.1403
Moose::Role 0 2.1403
Moose::Util::TypeConstraints 0 2.1403
Parallel::ForkManager 0 1.12
Regexp::Common 0 2013031301
Text::CSV 0 1.32
XML::LibXML 0 2.0116
build_requires:
Module Need Have
---------------------------- ---- ----------
Env::Path 0 0.19
ExtUtils::MakeMaker 0 7.04
File::Slurp 0 9999.19
strict 0 1.07
String::Util 0 1.24
Test::Most 0 0.34
warnings 0 1.18
configure_requires:
Module Need Have
---------------------------- ---- ----------
ExtUtils::MakeMaker 0 7.04
------------------------------
ENVIRONMENT AND OTHER CONTEXT
------------------------------
Environment variables:
DBIC_NO_WARN_BAD_PERL = 1
LANG = C
LC_ALL = de_DE.UTF-8
PATH = /usr/local/bin:/usr/bin:/bin:/usr/local/sbin:/usr/sbin:/sbin:/home/eserte/bin/linux-gnu:/home/eserte/bin/sh:/home/eserte/bin:/usr/games:/home/eserte/devel:/home/eserte/src/srezic-misc/scripts
PERL5LIB = /home/eserte/.cpan/build/Mojolicious-Plugin-AssetPack-0.46-BNXxfz/blib/arch:/home/eserte/.cpan/build/Mojolicious-Plugin-AssetPack-0.46-BNXxfz/blib/lib
PERL5OPT =
PERL5_CPANPLUS_IS_RUNNING = 23152
PERL5_CPAN_IS_RUNNING = 23152
PERL5_CPAN_IS_RUNNING_IN_RECURSION = 23092,23152
PERLDOC = -MPod::Perldoc::ToTextOverstrike
PERL_BATCH = yes
PERL_CPAN_REPORTER_CONFIG = /var/tmp/cpansmoker-1001/AEWTfmUVXg_config.ini
PERL_EXTUTILS_AUTOINSTALL = --defaultdeps
PERL_HTML_DISPLAY_CLASS = HTML::Display::Mozilla
PERL_PARALLEL_SMOKER = yes
SHELL = /bin/zsh
TERM = screen
TMPDIR = /var/tmp/cpansmoker-1001
Perl special variables (and OS-specific diagnostics, for MSWin32):
$^X = /bbbike/perl-5.18.4/bin/perl5.18.4
$UID/$EUID = 1001 / 1001
$GID = 1001 109 1001
$EGID = 1001 109 1001
Perl module toolchain versions installed:
Module Have
------------------- --------
CPAN 2.05
CPAN::Meta 2.150001
Cwd 3.47
ExtUtils::CBuilder 0.280220
ExtUtils::Command 1.17
ExtUtils::Install 2.04
ExtUtils::MakeMaker 7.04
ExtUtils::Manifest 1.68
ExtUtils::ParseXS 3.24
File::Spec 3.47
JSON 2.90
JSON::PP 2.27203
Module::Build 0.4211
Module::Signature 0.73
Parse::CPAN::Meta 1.4414
Test::Harness 3.34
Test::More 1.001014
YAML 1.14
YAML::Syck 1.29
version 0.9912
--
Summary of my perl5 (revision 5 version 18 subversion 4) configuration:
Platform:
osname=linux, osvers=3.2.0-4-amd64, archname=x86_64-linux
uname='linux eserte 3.2.0-4-amd64 #1 smp debian 3.2.60-1+deb7u3 x86_64 gnulinux '
config_args='-ds -e -Dprefix=/opt/perl-5.18.4'
hint=recommended, useposix=true, d_sigaction=define
useithreads=undef, usemultiplicity=undef
useperlio=define, d_sfio=undef, uselargefiles=define, usesocks=undef
use64bitint=define, use64bitall=define, uselongdouble=undef
usemymalloc=n, bincompat5005=undef
Compiler:
cc='cc', ccflags ='-fno-strict-aliasing -pipe -fstack-protector -I/usr/local/include -D_LARGEFILE_SOURCE -D_FILE_OFFSET_BITS=64',
optimize='-O2',
cppflags='-fno-strict-aliasing -pipe -fstack-protector -I/usr/local/include'
ccversion='', gccversion='4.7.2', gccosandvers=''
intsize=4, longsize=8, ptrsize=8, doublesize=8, byteorder=12345678
d_longlong=define, longlongsize=8, d_longdbl=define, longdblsize=16
ivtype='long', ivsize=8, nvtype='double', nvsize=8, Off_t='off_t', lseeksize=8
alignbytes=8, prototype=define
Linker and Libraries:
ld='cc', ldflags =' -fstack-protector -L/usr/local/lib'
libpth=/usr/local/lib /lib/x86_64-linux-gnu /lib/../lib /usr/lib/x86_64-linux-gnu /usr/lib/../lib /lib /usr/lib
libs=-lnsl -ldb -ldl -lm -lcrypt -lutil -lc
perllibs=-lnsl -ldl -lm -lcrypt -lutil -lc
libc=, so=so, useshrplib=false, libperl=libperl.a
gnulibc_version='2.13'
Dynamic Linking:
dlsrc=dl_dlopen.xs, dlext=so, d_dlsymun=undef, ccdlflags='-Wl,-E'
cccdlflags='-fPIC', lddlflags='-shared -O2 -L/usr/local/lib -fstack-protector'
Characteristics of this binary (from libperl):
Compile-time options: HAS_TIMES PERLIO_LAYERS PERL_DONT_CREATE_GVSV
PERL_HASH_FUNC_ONE_AT_A_TIME_HARD PERL_MALLOC_WRAP
PERL_PRESERVE_IVUV PERL_SAWAMPERSAND USE_64_BIT_ALL
USE_64_BIT_INT USE_LARGE_FILES USE_LOCALE
USE_LOCALE_COLLATE USE_LOCALE_CTYPE
USE_LOCALE_NUMERIC USE_PERLIO USE_PERL_ATOF
Built under linux
Compiled at Oct 2 2014 05:37:02
%ENV:
PERL5LIB="/home/eserte/.cpan/build/Mojolicious-Plugin-AssetPack-0.46-BNXxfz/blib/arch:/home/eserte/.cpan/build/Mojolicious-Plugin-AssetPack-0.46-BNXxfz/blib/lib"
PERL5OPT=""
PERL5_CPANPLUS_IS_RUNNING="23152"
PERL5_CPAN_IS_RUNNING="23152"
PERL5_CPAN_IS_RUNNING_IN_RECURSION="23092,23152"
PERLDOC="-MPod::Perldoc::ToTextOverstrike"
PERL_BATCH="yes"
PERL_CPAN_REPORTER_CONFIG="/var/tmp/cpansmoker-1001/AEWTfmUVXg_config.ini"
PERL_EXTUTILS_AUTOINSTALL="--defaultdeps"
PERL_HTML_DISPLAY_CLASS="HTML::Display::Mozilla"
PERL_PARALLEL_SMOKER="yes"
@INC:
/home/eserte/.cpan/build/Mojolicious-Plugin-AssetPack-0.46-BNXxfz/blib/arch
/home/eserte/.cpan/build/Mojolicious-Plugin-AssetPack-0.46-BNXxfz/blib/lib
/opt/perl-5.18.4/lib/site_perl/5.18.4/x86_64-linux
/opt/perl-5.18.4/lib/site_perl/5.18.4
/opt/perl-5.18.4/lib/5.18.4/x86_64-linux
/opt/perl-5.18.4/lib/5.18.4
.