Back
From: metabase:user:30f4dfbe-2aae-11df-837a-5e0a49663a4f
Subject: FAIL Util-XML_YAML_Perl-1.0.0 v5.10.1 GNU/Linux
Date: 2011-09-13T06:09:19Z
This distribution has been tested as part of the CPAN Testers
project, supporting the Perl programming language. See
http://wiki.cpantesters.org/ for more information or email
questions to cpan-testers-discuss@perl.org
--
Dear ravi chandra m,
This is a computer-generated report for Util-XML_YAML_Perl-1.0.0
on perl 5.10.1 patch perl-5.10.1-1-gca8de22, created by CPAN-Reporter-1.1902.
Thank you for uploading your work to CPAN. However, there was a problem
testing your distribution.
If you think this report is invalid, please consult the CPAN Testers Wiki
for suggestions on how to avoid getting FAIL reports for missing library
or binary dependencies, unsupported operating systems, and so on:
http://wiki.cpantesters.org/wiki/CPANAuthorNotes
Sections of this report:
* Tester comments
* Program output
* Prerequisites
* Environment and other context
------------------------------
TESTER COMMENTS
------------------------------
Additional comments from tester:
this report is from an automated smoke testing program
and was not reviewed by a human for accuracy
------------------------------
PROGRAM OUTPUT
------------------------------
Output from '/usr/bin/make test':
PERL_DL_NONLAZY=1 /usr/local/bin/perl5.10.1 "-MExtUtils::Command::MM" "-e" "test_harness(0, 'blib/lib', 'blib/arch')" t/*.t
# Testing Util::XML_YAML_Perl 1.0.0, Perl 5.010001, /usr/local/bin/perl5.10.1
t/00-load.t ....... ok
t/01.t ............ ok
# Failed test 'perl_to_xml() - XMLout could not write file'
# at t/02.t line 51.
# 'Died at /home/njh/.cpan/build/Util-XML_YAML_Perl-1.0.0-Ij8h2Y/blib/lib/Util/XML_YAML_Perl.pm line 254.
# '
# doesn't match '(?-xism:No such file or directory at)'
# Looks like you failed 1 test of 10.
t/02.t ............
Dubious, test returned 1 (wstat 256, 0x100)
Failed 1/10 subtests
t/03.t ............ ok
t/manifest.t ...... skipped: Author tests not required for installation
t/pod-coverage.t .. ok
t/pod.t ........... ok
Test Summary Report
-------------------
t/02.t (Wstat: 256 Tests: 10 Failed: 1)
Failed test: 9
Non-zero exit status: 1
Files=7, Tests=33, 1 wallclock secs ( 0.05 usr 0.02 sys + 0.42 cusr 0.06 csys = 0.55 CPU)
Result: FAIL
Failed 1/7 test programs. 1/33 subtests failed.
make: *** [test_dynamic] Error 255
------------------------------
PREREQUISITES
------------------------------
Prerequisite modules loaded:
requires:
Module Need Have
------------------- ---- ----
Test::More 0 0.98
XML::Simple 2.18 2.18
YAML 0.68 0.73
YAML::AppConfig 0.16 0.16
configure_requires:
Module Need Have
------------------- ---- ----
ExtUtils::MakeMaker 0 6.56
------------------------------
ENVIRONMENT AND OTHER CONTEXT
------------------------------
Environment variables:
AUTOMATED_TESTING = 1
LANG = en_GB.UTF-8
PATH = /usr/bin:/bin
PERL5LIB = /home/njh/.cpan/build/XML-Simple-2.18-Sg0zUq/blib/arch:/home/njh/.cpan/build/XML-Simple-2.18-Sg0zUq/blib/lib:/home/njh/.cpan/build/YAML-AppConfig-0.16-Pj1s22/blib/arch:/home/njh/.cpan/build/YAML-AppConfig-0.16-Pj1s22/blib/lib
PERL5OPT =
PERL5_CPANPLUS_IS_RUNNING = 6955
PERL5_CPAN_IS_RUNNING = 6955
PERL5_MINISMOKEBOX = 0.54
PERL_EXTUTILS_AUTOINSTALL = --defaultdeps
PERL_MM_USE_DEFAULT = 1
SHELL = /bin/sh
Perl special variables (and OS-specific diagnostics, for MSWin32):
$^X = /usr/local/bin/perl5.10.1
$UID/$EUID = 1000 / 1000
$GID = 1000 20 24 25 29 44 46 1000
$EGID = 1000 20 24 25 29 44 46 1000
Perl module toolchain versions installed:
Module Have
------------------- --------
CPAN 1.9600
Cwd 3.33
ExtUtils::CBuilder 0.280202
ExtUtils::Command 1.16
ExtUtils::Install 1.54
ExtUtils::MakeMaker 6.56
ExtUtils::Manifest 1.56
ExtUtils::ParseXS 2.2206
File::Spec 3.33
Module::Build 0.3800
Module::Signature n/a
Test::Harness 3.23
Test::More 0.98
YAML 0.73
YAML::Syck 1.17
version 0.88
--
Summary of my perl5 (revision 5 version 10 subversion 1 patch perl-5.10.1-1-gca8de22) configuration:
Snapshot of: ca8de220718ba91d5a5fdd9779497cd5b0250258
Platform:
osname=linux, osvers=2.6.38-2-686, archname=i686-linux-thread-multi
uname='linux gateway.bandsman.co.uk 2.6.38-2-686 #1 smp sat apr 23 19:04:20 utc 2011 i686 gnulinux '
config_args='-des -Dusedevel -Accflags=-O2 -W -Wformat=2 -Wall -Wextra -pipe -mtune=native -march=native -fomit-frame-pointer -msse2 -msse -mmmx -mfpmath=sse -D_FORTIFY_SOURCE=2 -fstack-protector -Wstack-protector -Wfloat-equal -Duseithreads'
hint=recommended, useposix=true, d_sigaction=define
useithreads=define, usemultiplicity=define
useperlio=define, d_sfio=undef, uselargefiles=define, usesocks=undef
use64bitint=undef, use64bitall=undef, uselongdouble=undef
usemymalloc=n, bincompat5005=undef
Compiler:
cc='cc', ccflags ='-D_REENTRANT -D_GNU_SOURCE -DDEBUGGING -O2 -W -Wformat=2 -Wall -Wextra -pipe -mtune=native -march=native -fomit-frame-pointer -msse2 -msse -mmmx -mfpmath=sse -D_FORTIFY_SOURCE=2 -fstack-protector -Wstack-protector -Wfloat-equal -fno-strict-aliasing -I/usr/local/include -D_LARGEFILE_SOURCE -D_FILE_OFFSET_BITS=64',
optimize='-O2',
cppflags='-D_REENTRANT -D_GNU_SOURCE -DDEBUGGING -O2 -W -Wformat=2 -Wall -Wextra -pipe -mtune=native -march=native -fomit-frame-pointer -msse2 -msse -mmmx -mfpmath=sse -D_FORTIFY_SOURCE=2 -fstack-protector -Wstack-protector -Wfloat-equal -fno-strict-aliasing -I/usr/local/include'
ccversion='', gccversion='4.6.1 20110507 (prerelease)', gccosandvers=''
intsize=4, longsize=4, ptrsize=4, doublesize=8, byteorder=1234
d_longlong=define, longlongsize=8, d_longdbl=define, longdblsize=12
ivtype='long', ivsize=4, nvtype='double', nvsize=8, Off_t='off_t', lseeksize=8
alignbytes=4, prototype=define
Linker and Libraries:
ld='cc', ldflags =' -fstack-protector -L/usr/local/lib'
libpth=/usr/local/lib /lib /usr/lib
libs=-lnsl -lgdbm -ldb -ldl -lm -lcrypt -lutil -lpthread -lc -lgdbm_compat
perllibs=-lnsl -ldl -lm -lcrypt -lutil -lpthread -lc
libc=/lib/libc-2.13.so, so=so, useshrplib=false, libperl=libperl.a
gnulibc_version='2.13'
Dynamic Linking:
dlsrc=dl_dlopen.xs, dlext=so, d_dlsymun=undef, ccdlflags='-Wl,-E'
cccdlflags='-fPIC', lddlflags='-shared -O2 -L/usr/local/lib -fstack-protector'
Characteristics of this binary (from libperl):
Compile-time options: DEBUGGING MULTIPLICITY PERL_DONT_CREATE_GVSV
PERL_IMPLICIT_CONTEXT PERL_MALLOC_WRAP
PERL_TRACK_MEMPOOL PERL_USE_DEVEL USE_ITHREADS
USE_LARGE_FILES USE_PERLIO USE_REENTRANT_API
Locally applied patches:
SMOKEca8de220718ba91d5a5fdd9779497cd5b0250258
Built under linux
Compiled at May 11 2011 16:29:19
%ENV:
PERL5LIB="/home/njh/.cpan/build/XML-Simple-2.18-Sg0zUq/blib/arch:/home/njh/.cpan/build/XML-Simple-2.18-Sg0zUq/blib/lib:/home/njh/.cpan/build/YAML-AppConfig-0.16-Pj1s22/blib/arch:/home/njh/.cpan/build/YAML-AppConfig-0.16-Pj1s22/blib/lib"
PERL5OPT=""
PERL5_CPANPLUS_IS_RUNNING="6955"
PERL5_CPAN_IS_RUNNING="6955"
PERL5_MINISMOKEBOX="0.54"
PERL_EXTUTILS_AUTOINSTALL="--defaultdeps"
PERL_MM_USE_DEFAULT="1"
@INC:
/home/njh/.cpan/build/XML-Simple-2.18-Sg0zUq/blib/arch
/home/njh/.cpan/build/XML-Simple-2.18-Sg0zUq/blib/lib
/home/njh/.cpan/build/YAML-AppConfig-0.16-Pj1s22/blib/arch
/home/njh/.cpan/build/YAML-AppConfig-0.16-Pj1s22/blib/lib
/usr/local/lib/perl5/5.10.1/i686-linux-thread-multi
/usr/local/lib/perl5/5.10.1
/usr/local/lib/perl5/site_perl/5.10.1/i686-linux-thread-multi
/usr/local/lib/perl5/site_perl/5.10.1
/usr/local/lib/perl5/site_perl
.