YAML v1.27 Perl 5 v5.8.6 aarch64-linux-thread-multi

Status
Fail
From
Nigel Horne
Dist
YAML v1.27
Platform
Perl 5 v5.8.6 aarch64-linux-thread-multi
Date
2019-02-12 20:00:58
ID
e9c9cbca-2f00-11e9-8e21-0b71c1aa9df0
This distribution has been tested as part of the CPAN Testers
project, supporting the Perl programming language.  See
http://wiki.cpantesters.org/ for more information or email
questions to cpan-testers-discuss@perl.org


--
Dear Tina Muller,

This is a computer-generated report for YAML-1.27
on perl 5.8.6, created by CPAN-Reporter-1.2018.

Thank you for uploading your work to CPAN.  However, there was a problem
testing your distribution.

If you think this report is invalid, please consult the CPAN Testers Wiki
for suggestions on how to avoid getting FAIL reports for missing library
or binary dependencies, unsupported operating systems, and so on:

http://wiki.cpantesters.org/wiki/CPANAuthorNotes

Sections of this report:

    * Tester comments
    * Program output
    * Prerequisites
    * Environment and other context

------------------------------
TESTER COMMENTS
------------------------------

Additional comments from tester:

none provided

------------------------------
PROGRAM OUTPUT
------------------------------

Output from '/usr/bin/make test':

PERL_DL_NONLAZY=1 "/home/njh/perl5/perlbrew/perls/perl-5.8.6/bin/perl" "-MExtUtils::Command::MM" "-MTest::Harness" "-e" "undef *Test::Harness::Switches; test_harness(0, 'blib/lib', 'blib/arch')" t/*.t
t/author-pod-syntax.t .............. skipped: these tests are for testing by the author
t/2-scalars.t ...................... ok
t/000-compile-modules.t ............ ok
t/basic-tests.t .................... ok
t/bugs-emailed.t ................... ok
t/changes.t ........................ ok
t/dump-basics.t .................... ok
t/dump-blessed-glob.t .............. ok
t/bugs-rt.t ........................ ok
t/dump-blessed.t ................... ok

#   Failed test 'a code ref (n->y)'
#   at /home/njh/perl5/perlbrew/perls/perl-5.8.6/lib/site_perl/5.8.6/Test/YAML.pm line 63.
#          got: '--- !!perl/code |
# {
#     use warnings;
#     use strict 'refs';
#     'Something at least 30 chars';
# }
# '
#     expected: '--- !!perl/code |
# {
#     BEGIN {${^WARNING_BITS} = "UUUUUUUUUUUU\001"}
#     use strict 'refs';
#     'Something at least 30 chars';
# }
# '
t/dump-file.t ...................... ok

#   Failed test 'an array of the same code ref (n->y)'
#   at /home/njh/perl5/perlbrew/perls/perl-5.8.6/lib/site_perl/5.8.6/Test/YAML.pm line 63.
#          got: '---
# - &1 !!perl/code |
#   {
#       use warnings;
#       use strict 'refs';
#       'Something at least 30 chars';
#   }
# - *1
# - *1
# '
#     expected: '---
# - &1 !!perl/code |
#   {
#       BEGIN {${^WARNING_BITS} = "UUUUUUUUUUUU\001"}
#       use strict 'refs';
#       'Something at least 30 chars';
#   }
# - *1
# - *1
# '

#   Failed test 'blessed code ref (n->y)'
#   at /home/njh/perl5/perlbrew/perls/perl-5.8.6/lib/site_perl/5.8.6/Test/YAML.pm line 63.
#          got: '--- !!perl/code:Foo::Bar |
# {
#     use warnings;
#     use strict 'refs';
#     'Something at least 30 chars';
# }
# '
#     expected: '--- !!perl/code:Foo::Bar |
# {
#     BEGIN {${^WARNING_BITS} = "UUUUUUUUUUUU\001"}
#     use strict 'refs';
#     'Something at least 30 chars';
# }
# '
# Looks like you failed 3 tests of 7.
t/dump-code.t ...................... 
Dubious, test returned 3 (wstat 768, 0x300)
Failed 3/7 subtests 
t/dump-file-utf8.t ................. ok
t/dump-perl-types-514.t ............ skipped: test only for perls v5.13.5-11-gfb85c04 or later
t/dump-nested.t .................... ok
t/dump-perl-types-512.t ............ ok
t/dump-opts.t ...................... ok
t/dump-stringify.t ................. ok

#   Failed test 'Code'
#   at t/dump-perl-types.t line 20.
#          got: '--- !!perl/code |
# {
#     use warnings;
#     use strict 'refs';
#     print "Hello, world\n";
# }
# '
#     expected: '--- !!perl/code |
# {
#     BEGIN {${^WARNING_BITS} = "UUUUUUUUUUUU\001"}
#     use strict 'refs';
#     print "Hello, world\n";
# }
# '

#   Failed test 'Code Glob'
#   at t/dump-perl-types.t line 20.
#          got: '--- !!perl/glob:
# PACKAGE: main
# NAME: var3
# CODE: !!perl/code |
#   {
#       use warnings;
#       use strict 'refs';
#       print "Hello, world\n";
#   }
# '
#     expected: '--- !!perl/glob:
# PACKAGE: main
# NAME: var3
# CODE: !!perl/code |
#   {
#       BEGIN {${^WARNING_BITS} = "UUUUUUUUUUUU\001"}
#       use strict 'refs';
#       print "Hello, world\n";
#   }
# '
t/dump-stringy-numbers.t ........... ok
t/dump-synopsis.t .................. ok
# Looks like you failed 2 tests of 14.
t/dump-perl-types.t ................ 
Dubious, test returned 2 (wstat 512, 0x200)
Failed 2/14 subtests 
t/dump-tests-514.t ................. skipped: test only for perls v5.13.5-11-gfb85c04 or later
t/dump-tests-512.t ................. ok
t/dump-works.t ..................... ok
t/export.t ......................... ok
t/dump-tests.t ..................... ok
t/freeze-thaw.t .................... ok
t/errors.t ......................... ok
t/global-api.t ..................... ok
t/inbox.t .......................... ok
t/issue-149.t ...................... ok
t/issue-69.t ....................... ok
t/io-handle.t ...................... ok
t/load-fails.t ..................... ok
t/load-code.t ...................... ok
t/load-passes.t .................... ok
t/load-slides.t .................... ok
t/load-works.t ..................... ok
t/load-spec.t ...................... ok
t/marshall.t ....................... ok
t/load-tests.t ..................... ok
t/no-load-blessed.t ................ ok
t/node-info.t ...................... ok
t/numify.t ......................... ok
t/preserve.t ....................... ok
t/pugs-objects.t ................... ok
t/references.t ..................... ok
t/roundtrip.t ...................... ok
t/regexp.t ......................... ok
t/rt-90593.t ....................... skipped: Skip old perls
t/test.t ........................... ok
t/trailing-comments-content.t ...... ok
t/trailing-comments-non-content.t .. ok
t/svk.t ............................ ok

Test Summary Report
-------------------
t/dump-code.t                    (Wstat: 768 Tests: 7 Failed: 3)
  Failed tests:  1, 3, 7
  Non-zero exit status: 3
t/dump-perl-types.t              (Wstat: 512 Tests: 14 Failed: 2)
  Failed tests:  4, 8
  Non-zero exit status: 2
Files=54, Tests=538,  7 wallclock secs ( 0.67 usr  0.24 sys + 18.65 cusr  2.27 csys = 21.83 CPU)
Result: FAIL
Failed 2/54 test programs. 5/538 subtests failed.
Makefile:906: recipe for target 'test_dynamic' failed
make: *** [test_dynamic] Error 255

------------------------------
PREREQUISITES
------------------------------

Prerequisite modules loaded:

requires:

    Module              Need     Have    
    ------------------- -------- --------
    perl                5.008001 5.008006

build_requires:

    Module              Need     Have    
    ------------------- -------- --------
    Encode              0        2.91    
    ExtUtils::MakeMaker 0        7.30    
    Test::Deep          0        1.127   
    Test::More          0.88     1.302136
    Test::YAML          1.05     1.06    

configure_requires:

    Module              Need     Have    
    ------------------- -------- --------
    ExtUtils::MakeMaker 0        7.30    


------------------------------
ENVIRONMENT AND OTHER CONTEXT
------------------------------

Environment variables:

    HARNESS_OPTIONS = c:j4
    LANG = en_US.UTF-8
    LANGUAGE = en_US.UTF-8
    LC_ALL = en_US.UTF-8
    LC_COLLATE = C
    PATH = /home/njh/perl5/perlbrew/bin:/home/njh/perl5/perlbrew/perls/perl-5.8.6/bin:/home/njh/bin:/usr/local/bin:/usr/bin:/bin:/usr/local/games:/usr/games
    PERL5LIB = 
    PERL5OPT = 
    PERL5_CPANPLUS_IS_RUNNING = 18978
    PERL5_CPAN_IS_RUNNING = 18978
    PERLBREW_HOME = /home/njh/.perlbrew
    PERLBREW_MANPATH = /home/njh/perl5/perlbrew/perls/perl-5.8.6/man
    PERLBREW_PATH = /home/njh/perl5/perlbrew/bin:/home/njh/perl5/perlbrew/perls/perl-5.8.6/bin
    PERLBREW_PERL = perl-5.8.6
    PERLBREW_ROOT = /home/njh/perl5/perlbrew
    PERLBREW_SHELLRC_VERSION = 0.83
    PERLBREW_VERSION = 0.83
    SHELL = /bin/bash
    TERM = xterm-256color
    TMPDIR = /tmp

Perl special variables (and OS-specific diagnostics, for MSWin32):

    $^X = /home/njh/perl5/perlbrew/perls/perl-5.8.6/bin/perl
    $UID/$EUID = 1000 / 1000
    $GID = 1000 1000
    $EGID = 1000 1000

Perl module toolchain versions installed:

    Module              Have    
    ------------------- --------
    CPAN                2.16    
    CPAN::Meta          2.143240
    Cwd                 3.62    
    ExtUtils::CBuilder  0.280224
    ExtUtils::Command   7.30    
    ExtUtils::Install   2.06    
    ExtUtils::MakeMaker 7.30    
    ExtUtils::Manifest  1.70    
    ExtUtils::ParseXS   3.30    
    File::Spec          3.62    
    JSON                2.97001 
    JSON::PP            2.94    
    Module::Build       0.4224  
    Module::Signature   n/a     
    Parse::CPAN::Meta   1.4414  
    Test::Harness       3.39    
    Test::More          1.302136
    YAML                n/a     
    YAML::Syck          1.30    
    version             0.9918  


--

Summary of my perl5 (revision 5 version 8 subversion 6) configuration:
  Platform:
    osname=linux, osvers=4.9.23-std-1, archname=aarch64-linux-thread-multi
    uname='linux scaleway 4.9.23-std-1 #1 smp mon apr 24 13:18:14 utc 2017 aarch64 gnulinux '
    config_args='-de -Dprefix=/home/njh/perl5/perlbrew/perls/perl-5.8.6 -Duseithreads -Dusemultiplicity -Dusedevel -Accflags=-O2 -W -Wformat=2 -Wswitch -Wshadow -Wwrite-strings -Wuninitialized -Wall -pipe -fomit-frame-pointer -D_FORTIFY_SOURCE=2 -Wpointer-arith -Wstrict-prototypes -fstack-protector -Wstack-protector -Wextra -Wbad-function-cast -Wcast-align -Wcast-qual -Wdisabled-optimization -Wendif-labels -Wfloat-equal -Wformat-nonliteral -Winline -Wmissing-declarations -Wmissing-prototypes -Wnested-externs -Wpointer-arith -Wundef -Wformat-security -Aeval:scriptdir=/home/njh/perl5/perlbrew/perls/perl-5.8.6/bin'
    hint=recommended, useposix=true, d_sigaction=define
    usethreads=define use5005threads=undef useithreads=define usemultiplicity=define
    useperlio=define d_sfio=undef uselargefiles=define usesocks=undef
    use64bitint=define use64bitall=define uselongdouble=undef
    usemymalloc=n, bincompat5005=undef
  Compiler:
    cc='cc', ccflags ='-D_REENTRANT -D_GNU_SOURCE -O2 -W -Wformat=2 -Wswitch -Wshadow -Wwrite-strings -Wuninitialized -Wall -pipe -fomit-frame-pointer -D_FORTIFY_SOURCE=2 -Wpointer-arith -Wstrict-prototypes -fstack-protector -Wstack-protector -Wextra -Wbad-function-cast -Wcast-align -Wcast-qual -Wdisabled-optimization -Wendif-labels -Wfloat-equal -Wformat-nonliteral -Winline -Wmissing-declarations -Wmissing-prototypes -Wnested-externs -Wpointer-arith -Wundef -Wformat-security -fno-strict-aliasing -I/usr/local/include -D_LARGEFILE_SOURCE -D_FILE_OFFSET_BITS=64',
    optimize='-O2',
    cppflags='-D_REENTRANT -D_GNU_SOURCE -O2 -W -Wformat=2 -Wswitch -Wshadow -Wwrite-strings -Wuninitialized -Wall -pipe -fomit-frame-pointer -D_FORTIFY_SOURCE=2 -Wpointer-arith -Wstrict-prototypes -fstack-protector -Wstack-protector -Wextra -Wbad-function-cast -Wcast-align -Wcast-qual -Wdisabled-optimization -Wendif-labels -Wfloat-equal -Wformat-nonliteral -Winline -Wmissing-declarations -Wmissing-prototypes -Wnested-externs -Wpointer-arith -Wundef -Wformat-security -fno-strict-aliasing -I/usr/local/include'
    ccversion='', gccversion='4.9.2', gccosandvers=''
    intsize=4, longsize=8, ptrsize=8, doublesize=8, byteorder=12345678
    d_longlong=define, longlongsize=8, d_longdbl=define, longdblsize=16
    ivtype='long', ivsize=8, nvtype='double', nvsize=8, Off_t='off_t', lseeksize=8
    alignbytes=8, prototype=define
  Linker and Libraries:
    ld='cc', ldflags =' -L/usr/local/lib'
    libpth=/usr/local/lib /lib/aarch64-linux-gnu /lib/../lib /usr/lib/aarch64-linux-gnu /usr/lib/../lib /lib /usr/lib
    libs=-lnsl -ldl -lm -lcrypt -lutil -lpthread -lc
    perllibs=-lnsl -ldl -lm -lcrypt -lutil -lpthread -lc
    libc=libc-2.19.so, so=so, useshrplib=false, libperl=libperl.a
    gnulibc_version='2.19'
  Dynamic Linking:
    dlsrc=dl_dlopen.xs, dlext=so, d_dlsymun=undef, ccdlflags='-Wl,-E'
    cccdlflags='-fpic', lddlflags='-shared -L/usr/local/lib'


Characteristics of this binary (from libperl): 
  Compile-time options: MULTIPLICITY USE_ITHREADS USE_64_BIT_INT USE_64_BIT_ALL USE_LARGE_FILES PERL_IMPLICIT_CONTEXT
  Locally applied patches:
	Devel::PatchPerl 1.48
  Built under linux
  Compiled at Jun 23 2017 01:19:19
  %ENV:
    PERL5LIB=""
    PERL5OPT=""
    PERL5_CPANPLUS_IS_RUNNING="18978"
    PERL5_CPAN_IS_RUNNING="18978"
    PERLBREW_HOME="/home/njh/.perlbrew"
    PERLBREW_MANPATH="/home/njh/perl5/perlbrew/perls/perl-5.8.6/man"
    PERLBREW_PATH="/home/njh/perl5/perlbrew/bin:/home/njh/perl5/perlbrew/perls/perl-5.8.6/bin"
    PERLBREW_PERL="perl-5.8.6"
    PERLBREW_ROOT="/home/njh/perl5/perlbrew"
    PERLBREW_SHELLRC_VERSION="0.83"
    PERLBREW_VERSION="0.83"
  @INC:
    /home/njh/perl5/perlbrew/perls/perl-5.8.6/lib/5.8.6/aarch64-linux-thread-multi
    /home/njh/perl5/perlbrew/perls/perl-5.8.6/lib/5.8.6
    /home/njh/perl5/perlbrew/perls/perl-5.8.6/lib/site_perl/5.8.6/aarch64-linux-thread-multi
    /home/njh/perl5/perlbrew/perls/perl-5.8.6/lib/site_perl/5.8.6
    /home/njh/perl5/perlbrew/perls/perl-5.8.6/lib/site_perl
    .