Report for App-Services-0.002

Back
From: metabase:user:314402c4-2aae-11df-837a-5e0a49663a4f
Subject: FAIL App-Services-0.002 v5.8.9 FreeBSD
Date: 2013-03-11T06:42:56Z

This distribution has been tested as part of the CPAN Testers
project, supporting the Perl programming language.  See
http://wiki.cpantesters.org/ for more information or email
questions to cpan-testers-discuss@perl.org


--
Dear Sean Blanton,

This is a computer-generated report for App-Services-0.002
on perl 5.8.9, created by CPAN-Reporter-1.2006.

Thank you for uploading your work to CPAN.  However, there was a problem
testing your distribution.

If you think this report is invalid, please consult the CPAN Testers Wiki
for suggestions on how to avoid getting FAIL reports for missing library
or binary dependencies, unsupported operating systems, and so on:

http://wiki.cpantesters.org/wiki/CPANAuthorNotes

Sections of this report:

    * Tester comments
    * Program output
    * Prerequisites
    * Environment and other context

------------------------------
TESTER COMMENTS
------------------------------

Additional comments from tester:

none provided

------------------------------
PROGRAM OUTPUT
------------------------------

Output from '/usr/bin/make test':

PERL_DL_NONLAZY=1 /usr/perl5.8.9/bin/perl5.8.9 "-MExtUtils::Command::MM" "-e" "test_harness(0, 'blib/lib', 'blib/arch')" t/App/Services/DB/*.t t/App/Services/Forker/*.t t/App/Services/Logger/*.t t/App/Services/ObjStore/*.t
t/App/Services/DB/01_sqlite_container.t .......... ok
String found where operator expected at t/App/Services/Forker/01_forker.t line 19, near "say "child: $_[0]""
	(Do you need to predeclare say?)
syntax error at t/App/Services/Forker/01_forker.t line 19, near "say "child: $_[0]""
Execution of t/App/Services/Forker/01_forker.t aborted due to compilation errors.
# Looks like your test exited with 255 before it could output anything.
t/App/Services/Forker/01_forker.t ................ 
Dubious, test returned 255 (wstat 65280, 0xff00)
No subtests run 
String found where operator expected at t/App/Services/Forker/02_forker_container.t line 19, near "say "$_[0]""
	(Do you need to predeclare say?)
String found where operator expected at t/App/Services/Forker/02_forker_container.t line 21, near "say "ref: ""
	(Do you need to predeclare say?)
syntax error at t/App/Services/Forker/02_forker_container.t line 19, near "say "$_[0]""
syntax error at t/App/Services/Forker/02_forker_container.t line 21, near "say "ref: ""
Execution of t/App/Services/Forker/02_forker_container.t aborted due to compilation errors.
# Looks like your test exited with 255 before it could output anything.
t/App/Services/Forker/02_forker_container.t ...... 
Dubious, test returned 255 (wstat 65280, 0xff00)
No subtests run 
INFO - Log success!!
t/App/Services/Logger/01_logger.t ................ ok
INFO - Log success!!
t/App/Services/Logger/02_logger_container.t ...... ok
syntax error at t/App/Services/ObjStore/01_objstore_service.t line 5, near "package MyObj {

	"
Execution of t/App/Services/ObjStore/01_objstore_service.t aborted due to compilation errors.
t/App/Services/ObjStore/01_objstore_service.t .... 
Dubious, test returned 255 (wstat 65280, 0xff00)
No subtests run 
syntax error at t/App/Services/ObjStore/02_objstore_container.t line 5, near "package MyObj {

	"
Execution of t/App/Services/ObjStore/02_objstore_container.t aborted due to compilation errors.
t/App/Services/ObjStore/02_objstore_container.t .. 
Dubious, test returned 255 (wstat 65280, 0xff00)
No subtests run 
syntax error at t/App/Services/ObjStore/03_objstore_fork.t line 5, near "package MyObj {

	"
Execution of t/App/Services/ObjStore/03_objstore_fork.t aborted due to compilation errors.
t/App/Services/ObjStore/03_objstore_fork.t ....... 
Dubious, test returned 255 (wstat 65280, 0xff00)
No subtests run 

Test Summary Report
-------------------
t/App/Services/Forker/01_forker.t              (Wstat: 65280 Tests: 0 Failed: 0)
  Non-zero exit status: 255
  Parse errors: No plan found in TAP output
t/App/Services/Forker/02_forker_container.t    (Wstat: 65280 Tests: 0 Failed: 0)
  Non-zero exit status: 255
  Parse errors: No plan found in TAP output
t/App/Services/ObjStore/01_objstore_service.t  (Wstat: 65280 Tests: 0 Failed: 0)
  Non-zero exit status: 255
  Parse errors: No plan found in TAP output
t/App/Services/ObjStore/02_objstore_container.t (Wstat: 65280 Tests: 0 Failed: 0)
  Non-zero exit status: 255
  Parse errors: No plan found in TAP output
t/App/Services/ObjStore/03_objstore_fork.t     (Wstat: 65280 Tests: 0 Failed: 0)
  Non-zero exit status: 255
  Parse errors: No plan found in TAP output
Files=8, Tests=8, 10 wallclock secs ( 0.04 usr  0.03 sys +  7.39 cusr  0.59 csys =  8.05 CPU)
Result: FAIL
Failed 5/8 test programs. 0/8 subtests failed.
*** Error code 255

Stop in /var/tmp/CPAN-build/App-Services-0.002-tIOTsf.

------------------------------
PREREQUISITES
------------------------------

Prerequisite modules loaded:

requires:

    Module                       Need Have    
    ---------------------------- ---- --------
    Bread::Board                 0    0.23    
    Bread::Board::Container      0    0.23    
    Carp                         0    1.26    
    common::sense                0    3.4     
    DBI                          0    1.622   
    KiokuDB                      0    0.52    
    KiokuDB::Backend::DBI        0    1.21    
    Log::Dispatch::Screen        0    2.32    
    Log::Log4perl                0    1.37    
    Moo                          0    1.000007
    Moo::Role                    0    0       
    Moose                        0    2.0604  
    Moose::Role                  0    2.0604  
    MooX::Types::MooseLike::Base 0    0.22    
    Net::SMTP                    0    2.31    

build_requires:

    Module                       Need Have    
    ---------------------------- ---- --------
    POSIX                        0    1.15    
    Test::More                   0    0.98    

configure_requires:

    Module                       Need Have    
    ---------------------------- ---- --------
    ExtUtils::MakeMaker          6.30 6.64    


------------------------------
ENVIRONMENT AND OTHER CONTEXT
------------------------------

Environment variables:

    DBIC_NO_WARN_BAD_PERL = 1
    PATH = /usr/local/bin:/usr/X11R6/bin:/usr/X11/bin:/usr/perl5.8.0/bin:/usr/bin:/bin:/usr/local/sbin:/usr/sbin:/sbin:/usr/local/pilot/bin:/home/cpansand/bin/freebsd8.0:/home/cpansand/bin/sh:/home/cpansand/bin:/usr/X386/bin:/usr/games:/home/cpansand/devel:/usr/home/e/eserte/work/srezic-misc/scripts
    PERL5LIB = /usr/local/src/CPAN/build/App-MadEye-0.09-mPgMpP/blib/arch:/usr/local/src/CPAN/build/App-MadEye-0.09-mPgMpP/blib/lib:/usr/local/src/CPAN/build/CPAN-Perl-Releases-1.04-x_jAOs/blib/arch:/usr/local/src/CPAN/build/CPAN-Perl-Releases-1.04-x_jAOs/blib/lib:/usr/local/src/CPAN/build/Module-CoreList-2.83-LdbcFz/blib/arch:/usr/local/src/CPAN/build/Module-CoreList-2.83-LdbcFz/blib/lib
    PERL5OPT = 
    PERL5_CPANPLUS_IS_RUNNING = 8805
    PERL5_CPAN_IS_RUNNING = 8805
    PERL5_CPAN_IS_RUNNING_IN_RECURSION = 8779,8805
    PERL_BATCH = yes
    PERL_CPAN_REPORTER_CONFIG = /var/tmp/cpansmoker-1023/RRlCk_aWRl_config.ini
    PERL_EXTUTILS_AUTOINSTALL = --defaultdeps
    PERL_HTML_DISPLAY_CLASS = HTML::Display::Mozilla
    SHELL = /usr/local/bin/zsh
    TERM = screen
    TMPDIR = /var/tmp/cpansmoker-1023

Perl special variables (and OS-specific diagnostics, for MSWin32):

    $^X = /usr/perl5.8.9/bin/perl5.8.9
    $UID/$EUID = 1023 / 1023
    $GID = 1023 1023
    $EGID = 1023 1023

Perl module toolchain versions installed:

    Module              Have    
    ------------------- --------
    CPAN                1.9800  
    CPAN::Meta          2.112621
    Cwd                 3.33    
    ExtUtils::CBuilder  0.280205
    ExtUtils::Command   1.16    
    ExtUtils::Install   1.54    
    ExtUtils::MakeMaker 6.64    
    ExtUtils::Manifest  1.60    
    ExtUtils::ParseXS   3.15    
    File::Spec          3.33    
    JSON                2.53    
    JSON::PP            2.27200 
    Module::Build       0.4003  
    Module::Signature   0.68    
    Parse::CPAN::Meta   1.4404  
    Test::Harness       3.23    
    Test::More          0.98    
    YAML                0.84    
    YAML::Syck          1.20    
    version             0.9901  


--

Summary of my perl5 (revision 5 version 8 subversion 9) configuration:
  Platform:
    osname=freebsd, osvers=8.0-release, archname=i386-freebsd
    uname='freebsd biokovo.herceg.de 8.0-release freebsd 8.0-release #0: sat nov 21 15:48:17 utc 2009 root@almeida.cse.buffalo.edu:usrobjusrsrcsysgeneric i386 '
    config_args='-Dprefix=/usr/perl5.8.9 -Dusemymalloc=n -D cc=ccache cc -Dgccansipedantic -Duse64bit -de -D hintfile=myfreebsd'
    hint=recommended, useposix=true, d_sigaction=define
    usethreads=undef use5005threads=undef useithreads=undef usemultiplicity=undef
    useperlio=define d_sfio=undef uselargefiles=define usesocks=undef
    use64bitint=undef use64bitall=undef uselongdouble=undef
    usemymalloc=n, bincompat5005=undef
  Compiler:
    cc='ccache cc', ccflags ='-DHAS_FPSETMASK -DHAS_FLOATINGPOINT_H -fno-strict-aliasing -pipe -I/usr/local/include',
    optimize='-O2 -mtune=athlon64 -pipe',
    cppflags='-DHAS_FPSETMASK -DHAS_FLOATINGPOINT_H -fno-strict-aliasing -pipe -I/usr/local/include'
    ccversion='', gccversion='4.2.1 20070719  [FreeBSD]', gccosandvers=''
    intsize=4, longsize=4, ptrsize=4, doublesize=8, byteorder=1234
    d_longlong=define, longlongsize=8, d_longdbl=define, longdblsize=12
    ivtype='long', ivsize=4, nvtype='double', nvsize=8, Off_t='off_t', lseeksize=8
    alignbytes=4, prototype=define
  Linker and Libraries:
    ld='ccache cc', ldflags ='-Wl,-E  -L/usr/local/lib'
    libpth=/usr/lib /usr/local/lib
    libs=-lgdbm -lm -lcrypt -lutil -lc
    perllibs=-lm -lcrypt -lutil -lc
    libc=, so=so, useshrplib=false, libperl=libperl.a
    gnulibc_version=''
  Dynamic Linking:
    dlsrc=dl_dlopen.xs, dlext=so, d_dlsymun=undef, ccdlflags=' '
    cccdlflags='-DPIC -fPIC', lddlflags='-shared  -L/usr/local/lib'


Characteristics of this binary (from libperl): 
  Compile-time options: PERL_MALLOC_WRAP USE_FAST_STDIO USE_LARGE_FILES
                        USE_PERLIO
  Built under freebsd
  Compiled at Jan 28 2011 08:40:05
  %ENV:
    PERL5LIB="/usr/local/src/CPAN/build/App-MadEye-0.09-mPgMpP/blib/arch:/usr/local/src/CPAN/build/App-MadEye-0.09-mPgMpP/blib/lib:/usr/local/src/CPAN/build/CPAN-Perl-Releases-1.04-x_jAOs/blib/arch:/usr/local/src/CPAN/build/CPAN-Perl-Releases-1.04-x_jAOs/blib/lib:/usr/local/src/CPAN/build/Module-CoreList-2.83-LdbcFz/blib/arch:/usr/local/src/CPAN/build/Module-CoreList-2.83-LdbcFz/blib/lib"
    PERL5OPT=""
    PERL5_CPANPLUS_IS_RUNNING="8805"
    PERL5_CPAN_IS_RUNNING="8805"
    PERL5_CPAN_IS_RUNNING_IN_RECURSION="8779,8805"
    PERL_BATCH="yes"
    PERL_CPAN_REPORTER_CONFIG="/var/tmp/cpansmoker-1023/RRlCk_aWRl_config.ini"
    PERL_EXTUTILS_AUTOINSTALL="--defaultdeps"
    PERL_HTML_DISPLAY_CLASS="HTML::Display::Mozilla"
  @INC:
    /usr/local/src/CPAN/build/App-MadEye-0.09-mPgMpP/blib/arch
    /usr/local/src/CPAN/build/App-MadEye-0.09-mPgMpP/blib/lib
    /usr/local/src/CPAN/build/CPAN-Perl-Releases-1.04-x_jAOs/blib/arch
    /usr/local/src/CPAN/build/CPAN-Perl-Releases-1.04-x_jAOs/blib/lib
    /usr/local/src/CPAN/build/Module-CoreList-2.83-LdbcFz/blib/arch
    /usr/local/src/CPAN/build/Module-CoreList-2.83-LdbcFz/blib/lib
    /usr/perl5.8.9/lib/5.8.9/i386-freebsd
    /usr/perl5.8.9/lib/5.8.9
    /usr/perl5.8.9/lib/site_perl/5.8.9/i386-freebsd
    /usr/perl5.8.9/lib/site_perl/5.8.9
    .