KiokuDB v0.57 Perl 5 v5.22.0 x86_64-linux-thread-multi-ld

Status
Fail
From
Andreas J. König (ANDK)
Dist
KiokuDB v0.57
Platform
Perl 5 v5.22.0 x86_64-linux-thread-multi-ld
Date
2017-10-31 17:28:27
ID
e7d1d59a-be60-11e7-9ec2-b372b2fc9795
This distribution has been tested as part of the CPAN Testers
project, supporting the Perl programming language.  See
http://wiki.cpantesters.org/ for more information or email
questions to cpan-testers-discuss@perl.org


--
Dear Jesse Luehrs,

This is a computer-generated report for KiokuDB-0.57
on perl 5.22.0, created by CPAN-Reporter-1.2018.

Thank you for uploading your work to CPAN.  However, there was a problem
testing your distribution.

If you think this report is invalid, please consult the CPAN Testers Wiki
for suggestions on how to avoid getting FAIL reports for missing library
or binary dependencies, unsupported operating systems, and so on:

http://wiki.cpantesters.org/wiki/CPANAuthorNotes

Sections of this report:

    * Tester comments
    * Program output
    * Prerequisites
    * Environment and other context

------------------------------
TESTER COMMENTS
------------------------------

Additional comments from tester:

this report is from an automated smoke testing program
and was not reviewed by a human for accuracy

------------------------------
PROGRAM OUTPUT
------------------------------

Output from '/usr/bin/make test':

PERL_DL_NONLAZY=1 "/home/sand/src/perl/repoperls/installed-perls/host/k93msid/v5.22.0/a1a1/bin/perl" "-MExtUtils::Command::MM" "-MTest::Harness" "-e" "undef *Test::Harness::Switches; test_harness(0, 'blib/lib', 'blib/arch')" t/*.t
t/00-compile.t ................. ok
t/coderefs.t ................... ok
t/collapser.t .................. ok
t/digest.t ..................... ok
t/directory.t .................. ok
t/entry.t ...................... ok
t/gc_naive.t ................... ok

#   Failed test 'no error in fixture'
#   at /tmp/loop_over_bdir-12193-kZej3b/KiokuDB-0.57-0/blib/lib/KiokuDB/Test.pm line 38.
# died: Transaction aborted: Can't store REGEXP items at /home/sand/src/perl/repoperls/installed-perls/host/k93msid/v5.22.0/a1a1/lib/site_perl/5.22.0/x86_64-linux-thread-multi-ld/Storable.pm line 359, at /tmp/loop_over_bdir-12193-kZej3b/KiokuDB-0.57-0/blib/lib/KiokuDB/Backend/Serialize/Storable.pm line 23.
# , rollback failed: no open transaction at /tmp/loop_over_bdir-12193-kZej3b/KiokuDB-0.57-0/blib/lib/KiokuDB/Backend/Role/TXN.pm line 46.
#  at /tmp/loop_over_bdir-12193-kZej3b/KiokuDB-0.57-0/blib/lib/KiokuDB/Backend/Role/TXN.pm line 50.
# Looks like you failed 1 test of 601.
t/gin.t ........................ 
Dubious, test returned 1 (wstat 256, 0x100)
Failed 1/601 subtests 
	(less 2 skipped subtests: 598 okay)

#   Failed test 'no error in fixture'
#   at /tmp/loop_over_bdir-12193-kZej3b/KiokuDB-0.57-0/blib/lib/KiokuDB/Test.pm line 38.
# died: Transaction aborted: Can't store REGEXP items at /tmp/loop_over_bdir-12193-kZej3b/KiokuDB-0.57-0/blib/lib/KiokuDB/Backend/Serialize/Memory.pm line 22.
# , rollback failed: no open transaction at /tmp/loop_over_bdir-12193-kZej3b/KiokuDB-0.57-0/blib/lib/KiokuDB/Backend/Role/TXN.pm line 46.
#  at /tmp/loop_over_bdir-12193-kZej3b/KiokuDB-0.57-0/blib/lib/KiokuDB/Backend/Role/TXN.pm line 50.

#   Failed test 'no error in fixture'
#   at /tmp/loop_over_bdir-12193-kZej3b/KiokuDB-0.57-0/blib/lib/KiokuDB/Test.pm line 38.
# died: Transaction aborted: Can't store REGEXP items at /tmp/loop_over_bdir-12193-kZej3b/KiokuDB-0.57-0/blib/lib/KiokuDB/Backend/Serialize/Memory.pm line 22.
# , rollback failed: no open transaction at /tmp/loop_over_bdir-12193-kZej3b/KiokuDB-0.57-0/blib/lib/KiokuDB/Backend/Role/TXN.pm line 46.
#  at /tmp/loop_over_bdir-12193-kZej3b/KiokuDB-0.57-0/blib/lib/KiokuDB/Backend/Role/TXN.pm line 50.

#   Failed test 'no error in fixture'
#   at /tmp/loop_over_bdir-12193-kZej3b/KiokuDB-0.57-0/blib/lib/KiokuDB/Test.pm line 38.
# died: Transaction aborted: Can't store REGEXP items at /tmp/loop_over_bdir-12193-kZej3b/KiokuDB-0.57-0/blib/lib/KiokuDB/Backend/Serialize/Memory.pm line 22.
# , rollback failed: no open transaction at /tmp/loop_over_bdir-12193-kZej3b/KiokuDB-0.57-0/blib/lib/KiokuDB/Backend/Role/TXN.pm line 46.
#  at /tmp/loop_over_bdir-12193-kZej3b/KiokuDB-0.57-0/blib/lib/KiokuDB/Backend/Role/TXN.pm line 50.

#   Failed test 'no error in fixture'
#   at /tmp/loop_over_bdir-12193-kZej3b/KiokuDB-0.57-0/blib/lib/KiokuDB/Test.pm line 38.
# died: Transaction aborted: Can't store REGEXP items at /tmp/loop_over_bdir-12193-kZej3b/KiokuDB-0.57-0/blib/lib/KiokuDB/Backend/Serialize/Memory.pm line 22.
# , rollback failed: no open transaction at /tmp/loop_over_bdir-12193-kZej3b/KiokuDB-0.57-0/blib/lib/KiokuDB/Backend/Role/TXN.pm line 46.
#  at /tmp/loop_over_bdir-12193-kZej3b/KiokuDB-0.57-0/blib/lib/KiokuDB/Backend/Role/TXN.pm line 50.

#   Failed test 'no error in fixture'
#   at /tmp/loop_over_bdir-12193-kZej3b/KiokuDB-0.57-0/blib/lib/KiokuDB/Test.pm line 38.
# died: Transaction aborted: Can't store REGEXP items at /tmp/loop_over_bdir-12193-kZej3b/KiokuDB-0.57-0/blib/lib/KiokuDB/Backend/Serialize/Memory.pm line 22.
# , rollback failed: no open transaction at /tmp/loop_over_bdir-12193-kZej3b/KiokuDB-0.57-0/blib/lib/KiokuDB/Backend/Role/TXN.pm line 46.
#  at /tmp/loop_over_bdir-12193-kZej3b/KiokuDB-0.57-0/blib/lib/KiokuDB/Backend/Role/TXN.pm line 50.

#   Failed test 'no error in fixture'
#   at /tmp/loop_over_bdir-12193-kZej3b/KiokuDB-0.57-0/blib/lib/KiokuDB/Test.pm line 38.
# died: Transaction aborted: Can't store REGEXP items at /tmp/loop_over_bdir-12193-kZej3b/KiokuDB-0.57-0/blib/lib/KiokuDB/Backend/Serialize/Memory.pm line 22.
# , rollback failed: no open transaction at /tmp/loop_over_bdir-12193-kZej3b/KiokuDB-0.57-0/blib/lib/KiokuDB/Backend/Role/TXN.pm line 46.
#  at /tmp/loop_over_bdir-12193-kZej3b/KiokuDB-0.57-0/blib/lib/KiokuDB/Backend/Role/TXN.pm line 50.

#   Failed test 'no error in fixture'
#   at /tmp/loop_over_bdir-12193-kZej3b/KiokuDB-0.57-0/blib/lib/KiokuDB/Test.pm line 38.
# died: Transaction aborted: Can't store REGEXP items at /tmp/loop_over_bdir-12193-kZej3b/KiokuDB-0.57-0/blib/lib/KiokuDB/Backend/Serialize/Memory.pm line 22.
# , rollback failed: no open transaction at /tmp/loop_over_bdir-12193-kZej3b/KiokuDB-0.57-0/blib/lib/KiokuDB/Backend/Role/TXN.pm line 46.
#  at /tmp/loop_over_bdir-12193-kZej3b/KiokuDB-0.57-0/blib/lib/KiokuDB/Backend/Role/TXN.pm line 50.

#   Failed test 'no error in fixture'
#   at /tmp/loop_over_bdir-12193-kZej3b/KiokuDB-0.57-0/blib/lib/KiokuDB/Test.pm line 38.
# died: Transaction aborted: Can't store REGEXP items at /tmp/loop_over_bdir-12193-kZej3b/KiokuDB-0.57-0/blib/lib/KiokuDB/Backend/Serialize/Memory.pm line 22.
# , rollback failed: no open transaction at /tmp/loop_over_bdir-12193-kZej3b/KiokuDB-0.57-0/blib/lib/KiokuDB/Backend/Role/TXN.pm line 46.
#  at /tmp/loop_over_bdir-12193-kZej3b/KiokuDB-0.57-0/blib/lib/KiokuDB/Backend/Role/TXN.pm line 50.

#   Failed test 'no error in fixture'
#   at /tmp/loop_over_bdir-12193-kZej3b/KiokuDB-0.57-0/blib/lib/KiokuDB/Test.pm line 38.
# died: Transaction aborted: Can't store REGEXP items at /home/sand/src/perl/repoperls/installed-perls/host/k93msid/v5.22.0/a1a1/lib/site_perl/5.22.0/x86_64-linux-thread-multi-ld/Storable.pm line 359, at /tmp/loop_over_bdir-12193-kZej3b/KiokuDB-0.57-0/blib/lib/KiokuDB/Backend/Serialize/Storable.pm line 23.
# , rollback failed: no open transaction at /tmp/loop_over_bdir-12193-kZej3b/KiokuDB-0.57-0/blib/lib/KiokuDB/Backend/Role/TXN.pm line 46.
#  at /tmp/loop_over_bdir-12193-kZej3b/KiokuDB-0.57-0/blib/lib/KiokuDB/Backend/Role/TXN.pm line 50.

#   Failed test 'no error in fixture'
#   at /tmp/loop_over_bdir-12193-kZej3b/KiokuDB-0.57-0/blib/lib/KiokuDB/Test.pm line 38.
# died: Transaction aborted: Can't store REGEXP items at /home/sand/src/perl/repoperls/installed-perls/host/k93msid/v5.22.0/a1a1/lib/site_perl/5.22.0/x86_64-linux-thread-multi-ld/Storable.pm line 359, at /tmp/loop_over_bdir-12193-kZej3b/KiokuDB-0.57-0/blib/lib/KiokuDB/Backend/Serialize/Storable.pm line 23.
# , rollback failed: no open transaction at /tmp/loop_over_bdir-12193-kZej3b/KiokuDB-0.57-0/blib/lib/KiokuDB/Backend/Role/TXN.pm line 46.
#  at /tmp/loop_over_bdir-12193-kZej3b/KiokuDB-0.57-0/blib/lib/KiokuDB/Backend/Role/TXN.pm line 50.

#   Failed test 'no error in fixture'
#   at /tmp/loop_over_bdir-12193-kZej3b/KiokuDB-0.57-0/blib/lib/KiokuDB/Test.pm line 38.
# died: Transaction aborted: Can't store REGEXP items at /home/sand/src/perl/repoperls/installed-perls/host/k93msid/v5.22.0/a1a1/lib/site_perl/5.22.0/x86_64-linux-thread-multi-ld/Storable.pm line 359, at /tmp/loop_over_bdir-12193-kZej3b/KiokuDB-0.57-0/blib/lib/KiokuDB/Backend/Serialize/Storable.pm line 23.
# , rollback failed: no open transaction at /tmp/loop_over_bdir-12193-kZej3b/KiokuDB-0.57-0/blib/lib/KiokuDB/Backend/Role/TXN.pm line 46.
#  at /tmp/loop_over_bdir-12193-kZej3b/KiokuDB-0.57-0/blib/lib/KiokuDB/Backend/Role/TXN.pm line 50.

#   Failed test 'no error in fixture'
#   at /tmp/loop_over_bdir-12193-kZej3b/KiokuDB-0.57-0/blib/lib/KiokuDB/Test.pm line 38.
# died: Transaction aborted: Can't store REGEXP items at /home/sand/src/perl/repoperls/installed-perls/host/k93msid/v5.22.0/a1a1/lib/site_perl/5.22.0/x86_64-linux-thread-multi-ld/Storable.pm line 359, at /tmp/loop_over_bdir-12193-kZej3b/KiokuDB-0.57-0/blib/lib/KiokuDB/Backend/Serialize/Storable.pm line 23.
# , rollback failed: no open transaction at /tmp/loop_over_bdir-12193-kZej3b/KiokuDB-0.57-0/blib/lib/KiokuDB/Backend/Role/TXN.pm line 46.
#  at /tmp/loop_over_bdir-12193-kZej3b/KiokuDB-0.57-0/blib/lib/KiokuDB/Backend/Role/TXN.pm line 50.

#   Failed test 'no error in fixture'
#   at /tmp/loop_over_bdir-12193-kZej3b/KiokuDB-0.57-0/blib/lib/KiokuDB/Test.pm line 38.
# died: Transaction aborted: Can't store REGEXP items at /home/sand/src/perl/repoperls/installed-perls/host/k93msid/v5.22.0/a1a1/lib/site_perl/5.22.0/x86_64-linux-thread-multi-ld/Storable.pm line 359, at /tmp/loop_over_bdir-12193-kZej3b/KiokuDB-0.57-0/blib/lib/KiokuDB/Backend/Serialize/Storable.pm line 23.
# , rollback failed: no open transaction at /tmp/loop_over_bdir-12193-kZej3b/KiokuDB-0.57-0/blib/lib/KiokuDB/Backend/Role/TXN.pm line 46.
#  at /tmp/loop_over_bdir-12193-kZej3b/KiokuDB-0.57-0/blib/lib/KiokuDB/Backend/Role/TXN.pm line 50.

#   Failed test 'no error in fixture'
#   at /tmp/loop_over_bdir-12193-kZej3b/KiokuDB-0.57-0/blib/lib/KiokuDB/Test.pm line 38.
# died: Transaction aborted: Can't store REGEXP items at /home/sand/src/perl/repoperls/installed-perls/host/k93msid/v5.22.0/a1a1/lib/site_perl/5.22.0/x86_64-linux-thread-multi-ld/Storable.pm line 359, at /tmp/loop_over_bdir-12193-kZej3b/KiokuDB-0.57-0/blib/lib/KiokuDB/Backend/Serialize/Storable.pm line 23.
# , rollback failed: no open transaction at /tmp/loop_over_bdir-12193-kZej3b/KiokuDB-0.57-0/blib/lib/KiokuDB/Backend/Role/TXN.pm line 46.
#  at /tmp/loop_over_bdir-12193-kZej3b/KiokuDB-0.57-0/blib/lib/KiokuDB/Backend/Role/TXN.pm line 50.

#   Failed test 'no error in fixture'
#   at /tmp/loop_over_bdir-12193-kZej3b/KiokuDB-0.57-0/blib/lib/KiokuDB/Test.pm line 38.
# died: Transaction aborted: Can't store REGEXP items at /home/sand/src/perl/repoperls/installed-perls/host/k93msid/v5.22.0/a1a1/lib/site_perl/5.22.0/x86_64-linux-thread-multi-ld/Storable.pm line 359, at /tmp/loop_over_bdir-12193-kZej3b/KiokuDB-0.57-0/blib/lib/KiokuDB/Backend/Serialize/Storable.pm line 23.
# , rollback failed: no open transaction at /tmp/loop_over_bdir-12193-kZej3b/KiokuDB-0.57-0/blib/lib/KiokuDB/Backend/Role/TXN.pm line 46.
#  at /tmp/loop_over_bdir-12193-kZej3b/KiokuDB-0.57-0/blib/lib/KiokuDB/Backend/Role/TXN.pm line 50.

#   Failed test 'no error in fixture'
#   at /tmp/loop_over_bdir-12193-kZej3b/KiokuDB-0.57-0/blib/lib/KiokuDB/Test.pm line 38.
# died: Transaction aborted: Can't store REGEXP items at /home/sand/src/perl/repoperls/installed-perls/host/k93msid/v5.22.0/a1a1/lib/site_perl/5.22.0/x86_64-linux-thread-multi-ld/Storable.pm line 359, at /tmp/loop_over_bdir-12193-kZej3b/KiokuDB-0.57-0/blib/lib/KiokuDB/Backend/Serialize/Storable.pm line 23.
# , rollback failed: no open transaction at /tmp/loop_over_bdir-12193-kZej3b/KiokuDB-0.57-0/blib/lib/KiokuDB/Backend/Role/TXN.pm line 46.
#  at /tmp/loop_over_bdir-12193-kZej3b/KiokuDB-0.57-0/blib/lib/KiokuDB/Backend/Role/TXN.pm line 50.
# Looks like you failed 16 tests of 19704.
t/hash.t ....................... 
Dubious, test returned 16 (wstat 4096, 0x1000)
Failed 16/19704 subtests 
	(less 120 skipped subtests: 19568 okay)
t/hash_backend.t ............... ok
t/jspon_serialization.t ........ ok
t/kiokudb_class_native.t ....... ok
t/lazy.t ....................... ok
t/link_checker.t ............... ok
t/link_checker_real.t .......... ok
t/live_objs.t .................. ok
t/moose_triggers.t ............. ok
t/ref.t ........................ ok
t/scaling.t .................... ok
t/serializer.t ................. ok
t/stream.t ..................... ok
t/tied.t ....................... ok
t/typemap.t .................... ok
t/typemap_default_json.t ....... ok
t/typemap_default_storable.t ... ok
t/typemap_entry_callback.t ..... ok
t/typemap_entry_mop.t .......... ok
t/typemap_entry_naive.t ........ ok
t/typemap_entry_passthrough.t .. ok
t/typemap_entry_storable.t ..... ok
t/typemap_extra.t .............. ok
t/typemap_resolver.t ........... ok
t/typemap_values.t ............. ok
t/uuid.t ....................... ok
t/versioning.t ................. ok

Test Summary Report
-------------------
t/gin.t                      (Wstat: 256 Tests: 601 Failed: 1)
  Failed test:  375
  Non-zero exit status: 1
t/hash.t                     (Wstat: 4096 Tests: 19704 Failed: 16)
  Failed tests:  351, 924, 1501, 2074, 2662, 3236, 3814
                4388, 4955, 5528, 6105, 6678, 7266, 7840
                8418, 8992
  Non-zero exit status: 16
Files=35, Tests=22257, 179 wallclock secs ( 2.26 usr  0.40 sys + 109.74 cusr 11.42 csys = 123.82 CPU)
Result: FAIL
Failed 2/35 test programs. 17/22257 subtests failed.
Makefile:1584: recipe for target 'test_dynamic' failed
make: *** [test_dynamic] Error 255

------------------------------
PREREQUISITES
------------------------------

Prerequisite modules loaded:

requires:

    Module                                         Need   Have    
    ---------------------------------------------- ------ --------
    B                                              0      1.58    
    B::Deparse                                     0      1.35    
    Cache::Ref                                     0.02   0.04    
    Carp                                           0      1.36    
    Class::Load                                    0      0.24    
    constant                                       0      1.33    
    Data::Stream::Bulk                             0.08   0.11    
    Data::Stream::Bulk::Util                       0      0.11    
    Data::Swap                                     0      0.08    
    Data::UUID                                     1.203  1.221   
    Data::Visitor                                  0.24   0.30    
    Digest::SHA                                    0      5.98    
    Encode                                         0      2.93    
    Hash::Util::FieldHash::Compat                  0      0.11    
    IO::Handle                                     0      1.35    
    JSON                                           2.12   2.94    
    JSON::XS                                       2.231  3.04    
    List::Util                                     0      1.49    
    Module::Pluggable::Object                      0      5.2     
    Moose                                          2.0000 2.2006  
    Moose::Exporter                                0      2.2006  
    Moose::Role                                    0      2.2006  
    Moose::Util                                    0      2.2006  
    Moose::Util::MetaRole                          0      2.2006  
    Moose::Util::TypeConstraints                   0      2.2006  
    MooseX::Clone                                  0.04   0.06    
    MooseX::Clone::Meta::Attribute::Trait::NoClone 0      0.06    
    MooseX::Role::Parameterized                    0.10   1.10    
    MooseX::YAML                                   0.04   0.04    
    namespace::clean                               0.08   0.27    
    overload                                       0      1.26    
    PadWalker                                      1.9    2.2     
    Path::Class                                    0      0.37    
    POSIX                                          0      1.53    
    Scalar::Util                                   0      1.49    
    Scope::Guard                                   0      0.21    
    Search::GIN::Driver                            0      0.11    
    Search::GIN::Extract                           0      0.11    
    Search::GIN::Query::Class                      0.03   0.11    
    Set::Object                                    1.26   1.35    
    Storable                                       0      3.05_14 
    strict                                         0      1.09    
    Sub::Exporter                                  0      0.987   
    Symbol                                         0      1.07    
    Test::Exception                                0      0.43    
    Test::Moose                                    0      2.2006  
    Test::More                                     0.88   1.302106
    Throwable                                      0      0.200013
    Tie::RefHash                                   0      1.39    
    Tie::ToObject                                  0      0.03    
    Try::Tiny                                      0      0.28    
    utf8                                           0      1.17    
    warnings                                       0      1.32    
    YAML::XS                                       0.30   0.66    

build_requires:

    Module                                         Need   Have    
    ---------------------------------------------- ------ --------
    base                                           0      2.22    
    Cache::Ref::CART                               0      0.04    
    Cache::Ref::CLOCK                              0      0.04    
    Data::Dumper                                   0      2.161   
    Data::Stream::Bulk::Callback                   0      0.11    
    File::Spec                                     0      3.62    
    if                                             0      0.0604  
    IO::Handle                                     0      1.35    
    IPC::Open3                                     0      1.18    
    Search::GIN::Driver::Hash                      0      0.11    
    Search::GIN::Extract::Class                    0      0.11    
    Search::GIN::Extract::Delegate                 0      0.11    
    Test::More                                     0.88   1.302106

configure_requires:

    Module                                         Need   Have    
    ---------------------------------------------- ------ --------
    ExtUtils::MakeMaker                            6.30   7.30    


------------------------------
ENVIRONMENT AND OTHER CONTEXT
------------------------------

Environment variables:

    AUTOMATED_TESTING = 1
    LANG = en_US.UTF-8
    PATH = /home/sand/bin:/usr/local/bin:/usr/bin:/bin:/usr/games:/usr/local/perl/bin:/usr/X11/bin:/sbin:/usr/sbin
    PERL5LIB = /tmp/loop_over_bdir-12193-kZej3b/Search-GIN-0.11-0/blib/arch:/tmp/loop_over_bdir-12193-kZej3b/Search-GIN-0.11-0/blib/lib:/tmp/loop_over_bdir-12193-kZej3b/MooseX-Types-Set-Object-0.05-0/blib/arch:/tmp/loop_over_bdir-12193-kZej3b/MooseX-Types-Set-Object-0.05-0/blib/lib:/tmp/loop_over_bdir-12193-kZej3b/MooseX-YAML-0.04-0/blib/arch:/tmp/loop_over_bdir-12193-kZej3b/MooseX-YAML-0.04-0/blib/lib:/tmp/loop_over_bdir-12193-kZej3b/MooseX-Blessed-Reconstruct-1.00-0/blib/arch:/tmp/loop_over_bdir-12193-kZej3b/MooseX-Blessed-Reconstruct-1.00-0/blib/lib:/tmp/loop_over_bdir-12193-kZej3b/MooseX-Clone-0.06-0/blib/arch:/tmp/loop_over_bdir-12193-kZej3b/MooseX-Clone-0.06-0/blib/lib:/tmp/loop_over_bdir-12193-kZej3b/Data-Swap-0.08-0/blib/arch:/tmp/loop_over_bdir-12193-kZej3b/Data-Swap-0.08-0/blib/lib:/tmp/loop_over_bdir-12193-kZej3b/Data-Stream-Bulk-0.11-0/blib/arch:/tmp/loop_over_bdir-12193-kZej3b/Data-Stream-Bulk-0.11-0/blib/lib:/tmp/loop_over_bdir-12193-kZej3b/Cache-Ref-0.04-0/blib/arch:/tmp/loop_over_bdir-12193-kZej3b/Cache-Ref-0.04-0/blib/lib
    PERL5OPT = 
    PERL5_CPANPLUS_IS_RUNNING = 12194
    PERL5_CPAN_IS_RUNNING = 12194
    PERL5_CPAN_IS_RUNNING_IN_RECURSION = 24287,12194
    PERL_CANARY_STABILITY_NOPROMPT = 1
    PERL_MM_USE_DEFAULT = 1
    PERL_USE_UNSAFE_INC = 1
    SHELL = /usr/bin/zsh
    TERM = screen

Perl special variables (and OS-specific diagnostics, for MSWin32):

    $^X = /home/sand/src/perl/repoperls/installed-perls/host/k93msid/v5.22.0/a1a1/bin/perl
    $UID/$EUID = 1005 / 1005
    $GID = 1005 1005
    $EGID = 1005 1005

Perl module toolchain versions installed:

    Module              Have    
    ------------------- --------
    CPAN                2.18    
    CPAN::Meta          2.150010
    Cwd                 3.62    
    ExtUtils::CBuilder  0.280226
    ExtUtils::Command   7.30    
    ExtUtils::Install   2.06    
    ExtUtils::MakeMaker 7.30    
    ExtUtils::Manifest  1.70    
    ExtUtils::ParseXS   3.35    
    File::Spec          3.62    
    JSON                2.94    
    JSON::PP            2.94    
    Module::Build       0.4224  
    Module::Signature   0.81    
    Parse::CPAN::Meta   2.150010
    Test::Harness       3.39    
    Test::More          1.302106
    YAML                1.23_003
    YAML::Syck          1.30    
    version             0.9918  


--

Summary of my perl5 (revision 5 version 22 subversion 0) configuration:
  Derived from: 70f63a4c7dba89e8e48b44de7978faae4319e693
  Platform:
    osname=linux, osvers=4.12.0-2-amd64, archname=x86_64-linux-thread-multi-ld
    uname='linux k93msid 4.12.0-2-amd64 #1 smp debian 4.12.13-1 (2017-09-19) x86_64 gnulinux '
    config_args='-Dprefix=/home/sand/src/perl/repoperls/installed-perls/host/k93msid/v5.22.0/a1a1 -Dmyhostname=k93msid -Dinstallusrbinperl=n -Uversiononly -Dusedevel -des -Ui_db -Dlibswanted=cl pthread socket inet nsl gdbm dbm malloc dl ld sun m crypt sec util c cposix posix ucb BSD gdbm_compat -Duseithreads -Duselongdouble -DDEBUGGING=both'
    hint=recommended, useposix=true, d_sigaction=define
    useithreads=define, usemultiplicity=define
    use64bitint=define, use64bitall=define, uselongdouble=define
    usemymalloc=n, bincompat5005=undef
  Compiler:
    cc='cc', ccflags ='-D_REENTRANT -D_GNU_SOURCE -fwrapv -DDEBUGGING -fno-strict-aliasing -pipe -fstack-protector-strong -I/usr/local/include -D_LARGEFILE_SOURCE -D_FILE_OFFSET_BITS=64',
    optimize='-O2 -g',
    cppflags='-D_REENTRANT -D_GNU_SOURCE -fwrapv -DDEBUGGING -fno-strict-aliasing -pipe -fstack-protector-strong -I/usr/local/include'
    ccversion='', gccversion='7.2.0', gccosandvers=''
    intsize=4, longsize=8, ptrsize=8, doublesize=8, byteorder=12345678, doublekind=3
    d_longlong=define, longlongsize=8, d_longdbl=define, longdblsize=16, longdblkind=3
    ivtype='long', ivsize=8, nvtype='long double', nvsize=16, Off_t='off_t', lseeksize=8
    alignbytes=16, prototype=define
  Linker and Libraries:
    ld='cc', ldflags =' -fstack-protector-strong -L/usr/local/lib'
    libpth=/usr/local/lib /usr/lib/gcc/x86_64-linux-gnu/7/include-fixed /usr/include/x86_64-linux-gnu /usr/lib /lib/x86_64-linux-gnu /lib/../lib /usr/lib/x86_64-linux-gnu /usr/lib/../lib /lib
    libs=-lpthread -lnsl -ldl -lm -lcrypt -lutil -lc
    perllibs=-lpthread -lnsl -ldl -lm -lcrypt -lutil -lc
    libc=libc-2.24.so, so=so, useshrplib=false, libperl=libperl.a
    gnulibc_version='2.24'
  Dynamic Linking:
    dlsrc=dl_dlopen.xs, dlext=so, d_dlsymun=undef, ccdlflags='-Wl,-E'
    cccdlflags='-fPIC', lddlflags='-shared -O2 -g -L/usr/local/lib -fstack-protector-strong'


Characteristics of this binary (from libperl): 
  Compile-time options: DEBUGGING HAS_TIMES MULTIPLICITY PERLIO_LAYERS
                        PERL_DONT_CREATE_GVSV
                        PERL_HASH_FUNC_ONE_AT_A_TIME_HARD
                        PERL_IMPLICIT_CONTEXT PERL_MALLOC_WRAP
                        PERL_NEW_COPY_ON_WRITE PERL_PRESERVE_IVUV
                        PERL_TRACK_MEMPOOL PERL_USE_DEVEL USE_64_BIT_ALL
                        USE_64_BIT_INT USE_ITHREADS USE_LARGE_FILES
                        USE_LOCALE USE_LOCALE_COLLATE USE_LOCALE_CTYPE
                        USE_LOCALE_NUMERIC USE_LOCALE_TIME USE_LONG_DOUBLE
                        USE_PERLIO USE_PERL_ATOF USE_REENTRANT_API
  Locally applied patches:
	uncommitted-changes
  Built under linux
  Compiled at Oct  4 2017 04:14:10
  %ENV:
    PERL5LIB="/tmp/loop_over_bdir-12193-kZej3b/Search-GIN-0.11-0/blib/arch:/tmp/loop_over_bdir-12193-kZej3b/Search-GIN-0.11-0/blib/lib:/tmp/loop_over_bdir-12193-kZej3b/MooseX-Types-Set-Object-0.05-0/blib/arch:/tmp/loop_over_bdir-12193-kZej3b/MooseX-Types-Set-Object-0.05-0/blib/lib:/tmp/loop_over_bdir-12193-kZej3b/MooseX-YAML-0.04-0/blib/arch:/tmp/loop_over_bdir-12193-kZej3b/MooseX-YAML-0.04-0/blib/lib:/tmp/loop_over_bdir-12193-kZej3b/MooseX-Blessed-Reconstruct-1.00-0/blib/arch:/tmp/loop_over_bdir-12193-kZej3b/MooseX-Blessed-Reconstruct-1.00-0/blib/lib:/tmp/loop_over_bdir-12193-kZej3b/MooseX-Clone-0.06-0/blib/arch:/tmp/loop_over_bdir-12193-kZej3b/MooseX-Clone-0.06-0/blib/lib:/tmp/loop_over_bdir-12193-kZej3b/Data-Swap-0.08-0/blib/arch:/tmp/loop_over_bdir-12193-kZej3b/Data-Swap-0.08-0/blib/lib:/tmp/loop_over_bdir-12193-kZej3b/Data-Stream-Bulk-0.11-0/blib/arch:/tmp/loop_over_bdir-12193-kZej3b/Data-Stream-Bulk-0.11-0/blib/lib:/tmp/loop_over_bdir-12193-kZej3b/Cache-Ref-0.04-0/blib/arch:/tmp/loop_over_bdir-12193-kZej3b/Cache-Ref-0.04-0/blib/lib"
    PERL5OPT=""
    PERL5_CPANPLUS_IS_RUNNING="12194"
    PERL5_CPAN_IS_RUNNING="12194"
    PERL5_CPAN_IS_RUNNING_IN_RECURSION="24287,12194"
    PERL_CANARY_STABILITY_NOPROMPT="1"
    PERL_MM_USE_DEFAULT="1"
    PERL_USE_UNSAFE_INC="1"
  @INC:
    /tmp/loop_over_bdir-12193-kZej3b/Search-GIN-0.11-0/blib/arch
    /tmp/loop_over_bdir-12193-kZej3b/Search-GIN-0.11-0/blib/lib
    /tmp/loop_over_bdir-12193-kZej3b/MooseX-Types-Set-Object-0.05-0/blib/arch
    /tmp/loop_over_bdir-12193-kZej3b/MooseX-Types-Set-Object-0.05-0/blib/lib
    /tmp/loop_over_bdir-12193-kZej3b/MooseX-YAML-0.04-0/blib/arch
    /tmp/loop_over_bdir-12193-kZej3b/MooseX-YAML-0.04-0/blib/lib
    /tmp/loop_over_bdir-12193-kZej3b/MooseX-Blessed-Reconstruct-1.00-0/blib/arch
    /tmp/loop_over_bdir-12193-kZej3b/MooseX-Blessed-Reconstruct-1.00-0/blib/lib
    /tmp/loop_over_bdir-12193-kZej3b/MooseX-Clone-0.06-0/blib/arch
    /tmp/loop_over_bdir-12193-kZej3b/MooseX-Clone-0.06-0/blib/lib
    /tmp/loop_over_bdir-12193-kZej3b/Data-Swap-0.08-0/blib/arch
    /tmp/loop_over_bdir-12193-kZej3b/Data-Swap-0.08-0/blib/lib
    /tmp/loop_over_bdir-12193-kZej3b/Data-Stream-Bulk-0.11-0/blib/arch
    /tmp/loop_over_bdir-12193-kZej3b/Data-Stream-Bulk-0.11-0/blib/lib
    /tmp/loop_over_bdir-12193-kZej3b/Cache-Ref-0.04-0/blib/arch
    /tmp/loop_over_bdir-12193-kZej3b/Cache-Ref-0.04-0/blib/lib
    /home/sand/src/perl/repoperls/installed-perls/host/k93msid/v5.22.0/a1a1/lib/site_perl/5.22.0/x86_64-linux-thread-multi-ld
    /home/sand/src/perl/repoperls/installed-perls/host/k93msid/v5.22.0/a1a1/lib/site_perl/5.22.0
    /home/sand/src/perl/repoperls/installed-perls/host/k93msid/v5.22.0/a1a1/lib/5.22.0/x86_64-linux-thread-multi-ld
    /home/sand/src/perl/repoperls/installed-perls/host/k93msid/v5.22.0/a1a1/lib/5.22.0
    .