Media-Convert v1.4.1 Perl 5 v5.14.3 i686-linux-ld

Status
Na
From
Chris Williams (BINGOS)
Dist
Media-Convert v1.4.1
Platform
Perl 5 v5.14.3 i686-linux-ld
Date
2025-02-17 13:34:25
ID
e74d9410-ed33-11ef-98b0-b3c3213a625c
This distribution has been tested as part of the CPAN Testers
project, supporting the Perl programming language.  See
http://wiki.cpantesters.org/ for more information or email
questions to cpan-testers-discuss@perl.org


--

Dear Wouter Verhelst,

This is a computer-generated error report created automatically by
CPANPLUS, version 0.9914. Testers personal comments may appear
at the end of this report.


Thank you for uploading your work to CPAN.  However, it appears that
there were some problems testing your distribution.

TEST RESULTS:

Below is the error stack from stage 'make test':

PERL_DL_NONLAZY=1 "/home/cpan/pit/bare-ld/perl-5.14.3/bin/perl" "-MExtUtils::Command::MM" "-MTest::Harness" "-e" "undef *Test::Harness::Switches; test_harness(0, 'blib/lib', 'blib/arch')" t/*.t

#   Failed test 'use Media::Convert::Asset;'
#   at t/aac_channels.t line 8.
#     Tried to use 'Media::Convert::Asset'.
#     Error:  Perl v5.24.0 required--this is only v5.14.3, stopped at /home/cpan/pit/bare-ld/conf/perl-5.14.3/.cpanplus/5.14.3/build/1xHwgs85Gv/Media-Convert-1.4.1/blib/lib/Media/Convert/Asset.pm line 5.
# BEGIN failed--compilation aborted at /home/cpan/pit/bare-ld/conf/perl-5.14.3/.cpanplus/5.14.3/build/1xHwgs85Gv/Media-Convert-1.4.1/blib/lib/Media/Convert/Asset.pm line 5.
# Compilation failed in require at t/aac_channels.t line 8.
# BEGIN failed--compilation aborted at t/aac_channels.t line 8.
Can't locate object method "new" via package "Media::Convert::Asset" at t/aac_channels.t line 12.
# Tests were run but no plan was declared and done_testing() was not seen.
# Looks like your test exited with 255 just after 3.
t/aac_channels.t .. 
Dubious, test returned 255 (wstat 65280, 0xff00)
Failed 1/3 subtests 

#   Failed test 'use Media::Convert::Asset;'
#   at t/av1.t line 8.
#     Tried to use 'Media::Convert::Asset'.
#     Error:  Perl v5.24.0 required--this is only v5.14.3, stopped at /home/cpan/pit/bare-ld/conf/perl-5.14.3/.cpanplus/5.14.3/build/1xHwgs85Gv/Media-Convert-1.4.1/blib/lib/Media/Convert/Asset.pm line 5.
# BEGIN failed--compilation aborted at /home/cpan/pit/bare-ld/conf/perl-5.14.3/.cpanplus/5.14.3/build/1xHwgs85Gv/Media-Convert-1.4.1/blib/lib/Media/Convert/Asset.pm line 5.
# Compilation failed in require at t/av1.t line 8.
# BEGIN failed--compilation aborted at t/av1.t line 8.

#   Failed test 'use Media::Convert::Asset::ProfileFactory;'
#   at t/av1.t line 9.
#     Tried to use 'Media::Convert::Asset::ProfileFactory'.
#     Error:  Attempt to reload Media/Convert/Asset.pm aborted.
# Compilation failed in require at /home/cpan/pit/jail/z2X0rDy9Ix/lib/perl5/Module/Runtime.pm line 314.
# Compilation failed in require at t/av1.t line 9.
# BEGIN failed--compilation aborted at t/av1.t line 9.
Use of uninitialized value $codeclist in split at /home/cpan/pit/bare-ld/conf/perl-5.14.3/.cpanplus/5.14.3/build/1xHwgs85Gv/Media-Convert-1.4.1/blib/lib/Media/Convert/FfmpegInfo.pm line 21.
# Looks like you failed 2 tests of 9.
t/av1.t ........... 
Dubious, test returned 2 (wstat 512, 0x200)
Failed 2/9 subtests 
	(less 5 skipped subtests: 2 okay)

#   Failed test 'use Media::Convert::Asset;'
#   at t/avsync.t line 7.
#     Tried to use 'Media::Convert::Asset'.
#     Error:  Perl v5.24.0 required--this is only v5.14.3, stopped at /home/cpan/pit/bare-ld/conf/perl-5.14.3/.cpanplus/5.14.3/build/1xHwgs85Gv/Media-Convert-1.4.1/blib/lib/Media/Convert/Asset.pm line 5.
# BEGIN failed--compilation aborted at /home/cpan/pit/bare-ld/conf/perl-5.14.3/.cpanplus/5.14.3/build/1xHwgs85Gv/Media-Convert-1.4.1/blib/lib/Media/Convert/Asset.pm line 5.
# Compilation failed in require at t/avsync.t line 7.
# BEGIN failed--compilation aborted at t/avsync.t line 7.

#   Failed test 'use Media::Convert::AvSync;'
#   at t/avsync.t line 8.
#     Tried to use 'Media::Convert::AvSync'.
#     Error:  Attempt to reload Media/Convert/Asset.pm aborted.
# Compilation failed in require at /home/cpan/pit/bare-ld/conf/perl-5.14.3/.cpanplus/5.14.3/build/1xHwgs85Gv/Media-Convert-1.4.1/blib/lib/Media/Convert/AvSync.pm line 4.
# BEGIN failed--compilation aborted at /home/cpan/pit/bare-ld/conf/perl-5.14.3/.cpanplus/5.14.3/build/1xHwgs85Gv/Media-Convert-1.4.1/blib/lib/Media/Convert/AvSync.pm line 4.
# Compilation failed in require at t/avsync.t line 8.
# BEGIN failed--compilation aborted at t/avsync.t line 8.
Can't locate object method "new" via package "Media::Convert::Asset" at t/avsync.t line 10.
# Looks like your test exited with 255 just after 2.
t/avsync.t ........ 
Dubious, test returned 255 (wstat 65280, 0xff00)
Failed 14/14 subtests 
Perl v5.24.0 required--this is only v5.14.3, stopped at t/codecs.t line 3.
BEGIN failed--compilation aborted at t/codecs.t line 3.
t/codecs.t ........ 
Dubious, test returned 255 (wstat 65280, 0xff00)
No subtests run 

#   Failed test 'use Media::Convert::Asset;'
#   at t/concat.t line 8.
#     Tried to use 'Media::Convert::Asset'.
#     Error:  Perl v5.24.0 required--this is only v5.14.3, stopped at /home/cpan/pit/bare-ld/conf/perl-5.14.3/.cpanplus/5.14.3/build/1xHwgs85Gv/Media-Convert-1.4.1/blib/lib/Media/Convert/Asset.pm line 5.
# BEGIN failed--compilation aborted at /home/cpan/pit/bare-ld/conf/perl-5.14.3/.cpanplus/5.14.3/build/1xHwgs85Gv/Media-Convert-1.4.1/blib/lib/Media/Convert/Asset.pm line 5.
# Compilation failed in require at t/concat.t line 8.
# BEGIN failed--compilation aborted at t/concat.t line 8.

#   Failed test 'use Media::Convert::Asset::Concat;'
#   at t/concat.t line 9.
#     Tried to use 'Media::Convert::Asset::Concat'.
#     Error:  Attempt to reload Media/Convert/Asset.pm aborted.
# Compilation failed in require at /home/cpan/pit/jail/z2X0rDy9Ix/lib/perl5/Module/Runtime.pm line 314.
# Compilation failed in require at t/concat.t line 9.
# BEGIN failed--compilation aborted at t/concat.t line 9.
Can't locate object method "new" via package "Media::Convert::Asset" at t/concat.t line 12.
# Looks like your test exited with 255 just after 3.
t/concat.t ........ 
Dubious, test returned 255 (wstat 65280, 0xff00)
Failed 8/9 subtests 

#   Failed test 'use Media::Convert::Asset;'
#   at t/convert.t line 7.
#     Tried to use 'Media::Convert::Asset'.
#     Error:  Perl v5.24.0 required--this is only v5.14.3, stopped at /home/cpan/pit/bare-ld/conf/perl-5.14.3/.cpanplus/5.14.3/build/1xHwgs85Gv/Media-Convert-1.4.1/blib/lib/Media/Convert/Asset.pm line 5.
# BEGIN failed--compilation aborted at /home/cpan/pit/bare-ld/conf/perl-5.14.3/.cpanplus/5.14.3/build/1xHwgs85Gv/Media-Convert-1.4.1/blib/lib/Media/Convert/Asset.pm line 5.
# Compilation failed in require at t/convert.t line 7.
# BEGIN failed--compilation aborted at t/convert.t line 7.
Can't locate object method "new" via package "Media::Convert::Asset" at t/convert.t line 10.
# Looks like your test exited with 255 just after 2.
t/convert.t ....... 
Dubious, test returned 255 (wstat 65280, 0xff00)
Failed 9/10 subtests 

#   Failed test 'use Media::Convert::Asset;'
#   at t/copy.t line 7.
#     Tried to use 'Media::Convert::Asset'.
#     Error:  Perl v5.24.0 required--this is only v5.14.3, stopped at /home/cpan/pit/bare-ld/conf/perl-5.14.3/.cpanplus/5.14.3/build/1xHwgs85Gv/Media-Convert-1.4.1/blib/lib/Media/Convert/Asset.pm line 5.
# BEGIN failed--compilation aborted at /home/cpan/pit/bare-ld/conf/perl-5.14.3/.cpanplus/5.14.3/build/1xHwgs85Gv/Media-Convert-1.4.1/blib/lib/Media/Convert/Asset.pm line 5.
# Compilation failed in require at t/copy.t line 7.
# BEGIN failed--compilation aborted at t/copy.t line 7.
Can't locate object method "new" via package "Media::Convert::Asset" at t/copy.t line 10.
# Looks like your test exited with 255 just after 2.
t/copy.t .......... 
Dubious, test returned 255 (wstat 65280, 0xff00)
Failed 9/10 subtests 

#   Failed test 'use Media::Convert::Asset;'
#   at t/keyframes.t line 8.
#     Tried to use 'Media::Convert::Asset'.
#     Error:  Perl v5.24.0 required--this is only v5.14.3, stopped at /home/cpan/pit/bare-ld/conf/perl-5.14.3/.cpanplus/5.14.3/build/1xHwgs85Gv/Media-Convert-1.4.1/blib/lib/Media/Convert/Asset.pm line 5.
# BEGIN failed--compilation aborted at /home/cpan/pit/bare-ld/conf/perl-5.14.3/.cpanplus/5.14.3/build/1xHwgs85Gv/Media-Convert-1.4.1/blib/lib/Media/Convert/Asset.pm line 5.
# Compilation failed in require at t/keyframes.t line 8.
# BEGIN failed--compilation aborted at t/keyframes.t line 8.
Can't locate object method "new" via package "Media::Convert::Asset" at t/keyframes.t line 11.
# Tests were run but no plan was declared and done_testing() was not seen.
# Looks like your test exited with 255 just after 2.
t/keyframes.t ..... 
Dubious, test returned 255 (wstat 65280, 0xff00)
Failed 1/2 subtests 

#   Failed test 'use Media::Convert::Asset;'
#   at t/normalize.t line 7.
#     Tried to use 'Media::Convert::Asset'.
#     Error:  Perl v5.24.0 required--this is only v5.14.3, stopped at /home/cpan/pit/bare-ld/conf/perl-5.14.3/.cpanplus/5.14.3/build/1xHwgs85Gv/Media-Convert-1.4.1/blib/lib/Media/Convert/Asset.pm line 5.
# BEGIN failed--compilation aborted at /home/cpan/pit/bare-ld/conf/perl-5.14.3/.cpanplus/5.14.3/build/1xHwgs85Gv/Media-Convert-1.4.1/blib/lib/Media/Convert/Asset.pm line 5.
# Compilation failed in require at t/normalize.t line 7.
# BEGIN failed--compilation aborted at t/normalize.t line 7.
Can't locate object method "new" via package "Media::Convert::Asset" at t/normalize.t line 10.
# Looks like your test exited with 255 just after 2.
t/normalize.t ..... 
Dubious, test returned 255 (wstat 65280, 0xff00)
Failed 8/9 subtests 

#   Failed test 'use Media::Convert::Asset::PNGGen;'
#   at t/pnggen.t line 8.
#     Tried to use 'Media::Convert::Asset::PNGGen'.
#     Error:  Perl v5.24.0 required--this is only v5.14.3, stopped at /home/cpan/pit/bare-ld/conf/perl-5.14.3/.cpanplus/5.14.3/build/1xHwgs85Gv/Media-Convert-1.4.1/blib/lib/Media/Convert/Asset.pm line 5.
# BEGIN failed--compilation aborted at /home/cpan/pit/bare-ld/conf/perl-5.14.3/.cpanplus/5.14.3/build/1xHwgs85Gv/Media-Convert-1.4.1/blib/lib/Media/Convert/Asset.pm line 5.
# Compilation failed in require at /home/cpan/pit/jail/z2X0rDy9Ix/lib/perl5/Module/Runtime.pm line 314.
# Compilation failed in require at t/pnggen.t line 8.
# BEGIN failed--compilation aborted at t/pnggen.t line 8.

#   Failed test 'use Media::Convert::Asset;'
#   at t/pnggen.t line 9.
#     Tried to use 'Media::Convert::Asset'.
#     Error:  Attempt to reload Media/Convert/Asset.pm aborted.
# Compilation failed in require at t/pnggen.t line 9.
# BEGIN failed--compilation aborted at t/pnggen.t line 9.

#   Failed test 'An object of class 'Media::Convert::Asset::PNGGen' isa 'Media::Convert::Asset''
#   at t/pnggen.t line 13.
#     The object of class 'Media::Convert::Asset::PNGGen' isn't a 'Media::Convert::Asset'
Can't locate object method "new" via package "Media::Convert::Asset" at t/pnggen.t line 15.
# Looks like your test exited with 255 just after 5.
t/pnggen.t ........ 
Dubious, test returned 255 (wstat 65280, 0xff00)
Failed 6/8 subtests 

#   Failed test 'use Media::Convert::Asset;'
#   at t/probe.t line 7.
#     Tried to use 'Media::Convert::Asset'.
#     Error:  Perl v5.24.0 required--this is only v5.14.3, stopped at /home/cpan/pit/bare-ld/conf/perl-5.14.3/.cpanplus/5.14.3/build/1xHwgs85Gv/Media-Convert-1.4.1/blib/lib/Media/Convert/Asset.pm line 5.
# BEGIN failed--compilation aborted at /home/cpan/pit/bare-ld/conf/perl-5.14.3/.cpanplus/5.14.3/build/1xHwgs85Gv/Media-Convert-1.4.1/blib/lib/Media/Convert/Asset.pm line 5.
# Compilation failed in require at t/probe.t line 7.
# BEGIN failed--compilation aborted at t/probe.t line 7.
Can't locate object method "new" via package "Media::Convert::Asset" at t/probe.t line 9.
# Looks like your test exited with 255 just after 1.
t/probe.t ......... 
Dubious, test returned 255 (wstat 65280, 0xff00)
Failed 11/11 subtests 

#   Failed test 'use Media::Convert::Asset;'
#   at t/profiles.t line 8.
#     Tried to use 'Media::Convert::Asset'.
#     Error:  Perl v5.24.0 required--this is only v5.14.3, stopped at /home/cpan/pit/bare-ld/conf/perl-5.14.3/.cpanplus/5.14.3/build/1xHwgs85Gv/Media-Convert-1.4.1/blib/lib/Media/Convert/Asset.pm line 5.
# BEGIN failed--compilation aborted at /home/cpan/pit/bare-ld/conf/perl-5.14.3/.cpanplus/5.14.3/build/1xHwgs85Gv/Media-Convert-1.4.1/blib/lib/Media/Convert/Asset.pm line 5.
# Compilation failed in require at t/profiles.t line 8.
# BEGIN failed--compilation aborted at t/profiles.t line 8.

#   Failed test 'use Media::Convert::Asset::ProfileFactory;'
#   at t/profiles.t line 9.
#     Tried to use 'Media::Convert::Asset::ProfileFactory'.
#     Error:  Attempt to reload Media/Convert/Asset.pm aborted.
# Compilation failed in require at /home/cpan/pit/jail/z2X0rDy9Ix/lib/perl5/Module/Runtime.pm line 314.
# Compilation failed in require at t/profiles.t line 9.
# BEGIN failed--compilation aborted at t/profiles.t line 9.
Can't locate object method "new" via package "Media::Convert::Asset" at t/profiles.t line 12.
# Looks like your test exited with 255 just after 3.
t/profiles.t ...... 
Dubious, test returned 255 (wstat 65280, 0xff00)
Failed 44/45 subtests 

#   Failed test 'use Media::Convert::Asset;'
#   at t/reporting.t line 8.
#     Tried to use 'Media::Convert::Asset'.
#     Error:  Perl v5.24.0 required--this is only v5.14.3, stopped at /home/cpan/pit/bare-ld/conf/perl-5.14.3/.cpanplus/5.14.3/build/1xHwgs85Gv/Media-Convert-1.4.1/blib/lib/Media/Convert/Asset.pm line 5.
# BEGIN failed--compilation aborted at /home/cpan/pit/bare-ld/conf/perl-5.14.3/.cpanplus/5.14.3/build/1xHwgs85Gv/Media-Convert-1.4.1/blib/lib/Media/Convert/Asset.pm line 5.
# Compilation failed in require at t/reporting.t line 8.
# BEGIN failed--compilation aborted at t/reporting.t line 8.
Can't locate object method "new" via package "Media::Convert::Asset" at t/reporting.t line 11.
# Looks like your test exited with 255 just after 2.
t/reporting.t ..... 
Dubious, test returned 255 (wstat 65280, 0xff00)
Failed 6/7 subtests 
Perl v5.24.0 required--this is only v5.14.3, stopped at t/script.t line 3.
BEGIN failed--compilation aborted at t/script.t line 3.
t/script.t ........ 
Dubious, test returned 255 (wstat 65280, 0xff00)
No subtests run 

Test Summary Report
-------------------
t/aac_channels.t (Wstat: 65280 (exited 255) Tests: 3 Failed: 1)
  Failed test:  1
  Non-zero exit status: 255
  Parse errors: No plan found in TAP output
t/av1.t         (Wstat: 512 (exited 2) Tests: 9 Failed: 2)
  Failed tests:  1-2
  Non-zero exit status: 2
t/avsync.t      (Wstat: 65280 (exited 255) Tests: 2 Failed: 2)
  Failed tests:  1-2
  Non-zero exit status: 255
  Parse errors: Bad plan.  You planned 14 tests but ran 2.
t/codecs.t      (Wstat: 65280 (exited 255) Tests: 0 Failed: 0)
  Non-zero exit status: 255
  Parse errors: No plan found in TAP output
t/concat.t      (Wstat: 65280 (exited 255) Tests: 3 Failed: 2)
  Failed tests:  1-2
  Non-zero exit status: 255
  Parse errors: Bad plan.  You planned 9 tests but ran 3.
t/convert.t     (Wstat: 65280 (exited 255) Tests: 2 Failed: 1)
  Failed test:  1
  Non-zero exit status: 255
  Parse errors: Bad plan.  You planned 10 tests but ran 2.
t/copy.t        (Wstat: 65280 (exited 255) Tests: 2 Failed: 1)
  Failed test:  1
  Non-zero exit status: 255
  Parse errors: Bad plan.  You planned 10 tests but ran 2.
t/keyframes.t   (Wstat: 65280 (exited 255) Tests: 2 Failed: 1)
  Failed test:  1
  Non-zero exit status: 255
  Parse errors: No plan found in TAP output
t/normalize.t   (Wstat: 65280 (exited 255) Tests: 2 Failed: 1)
  Failed test:  1
  Non-zero exit status: 255
  Parse errors: Bad plan.  You planned 9 tests but ran 2.
t/pnggen.t      (Wstat: 65280 (exited 255) Tests: 5 Failed: 3)
  Failed tests:  1-2, 4
  Non-zero exit status: 255
  Parse errors: Bad plan.  You planned 8 tests but ran 5.
t/probe.t       (Wstat: 65280 (exited 255) Tests: 1 Failed: 1)
  Failed test:  1
  Non-zero exit status: 255
  Parse errors: Bad plan.  You planned 11 tests but ran 1.
t/profiles.t    (Wstat: 65280 (exited 255) Tests: 3 Failed: 2)
  Failed tests:  1-2
  Non-zero exit status: 255
  Parse errors: Bad plan.  You planned 45 tests but ran 3.
t/reporting.t   (Wstat: 65280 (exited 255) Tests: 2 Failed: 1)
  Failed test:  1
  Non-zero exit status: 255
  Parse errors: Bad plan.  You planned 7 tests but ran 2.
t/script.t      (Wstat: 65280 (exited 255) Tests: 0 Failed: 0)
  Non-zero exit status: 255
  Parse errors: No plan found in TAP output
Files=14, Tests=36,  3 wallclock secs ( 0.04 usr  0.00 sys +  2.31 cusr  0.21 csys =  2.56 CPU)
Result: FAIL
Failed 14/14 test programs. 18/36 subtests failed.
make: *** [Makefile:946: test_dynamic] Error 255

[MSG] [Mon Feb 17 13:34:24 2025] 'Media::Convert' requires a higher version of perl than your current version -- sending N/A grade.

PREREQUISITES:

Here is a list of prerequisites you specified and versions we
managed to load:

	  Module Name                        Have     Want
	  Alien::ffmpeg                     0.105        0
	  ExtUtils::MakeMaker                7.70        0
	  IPC::System::Simple                1.30        0
	  JSON::MaybeXS                  1.004008        0
	  Moose                            2.2207        0
	  MooseX::Singleton                  0.30        0
	  SemVer                           0.10.0        0
	  Test::More                     1.302209        0

Perl module toolchain versions installed:
	Module Name                        Have
	CPANPLUS                         0.9914
	CPANPLUS::Dist::Build              0.90
	Cwd                                3.75
	ExtUtils::CBuilder             0.280236
	ExtUtils::Command                  7.70
	ExtUtils::Install                  2.22
	ExtUtils::MakeMaker                7.70
	ExtUtils::Manifest                 1.75
	ExtUtils::ParseXS                  3.51
	File::Spec                         3.75
	Module::Build                    0.4234
	Pod::Parser                        1.37
	Pod::Simple                        3.16
	Test2                          1.302209
	Test::Harness                      3.48
	Test::More                     1.302209
	version                          0.9932

******************************** NOTE ********************************
The comments above are created mechanically, possibly without manual
checking by the sender.  As there are many people performing automatic
tests on each upload to CPAN, it is likely that you will receive
identical messages about the same problem.

If you believe that the message is mistaken, please reply to the first
one with correction and/or additional informations, and do not take
it personally.  We appreciate your patience. :)
**********************************************************************

Additional comments:


This report was machine-generated by CPANPLUS::Dist::YACSmoke 1.08.
Powered by minismokebox version 0.68

CPANPLUS is prefering Build.PL

------------------------------
ENVIRONMENT AND OTHER CONTEXT
------------------------------

Environment variables:

    AUTOMATED_TESTING = 1
    LANG = en_GB.UTF-8
    LANGUAGE = en_GB:en
    NONINTERACTIVE_TESTING = 1
    PATH = /home/cpan/pit/bare-ld/conf/perl-5.14.3/.cpanplus/5.14.3/build/1xHwgs85Gv/Media-Convert-1.4.1/blib/script:/usr/local/bin:/usr/bin:/bin:/usr/local/games:/usr/games
    PERL5LIB = /home/cpan/pit/jail/z2X0rDy9Ix/lib/perl5:/home/cpan/pit/bare-ld/conf/perl-5.14.3/.cpanplus/5.14.3/build/xc6oWobykT/MooseX-Singleton-0.30/blib/lib:/home/cpan/pit/bare-ld/conf/perl-5.14.3/.cpanplus/5.14.3/build/xc6oWobykT/MooseX-Singleton-0.30/blib/arch:/home/cpan/pit/bare-ld/conf/perl-5.14.3/.cpanplus/5.14.3/build/lXqM2xE88N/SemVer-v0.10.0/blib/lib:/home/cpan/pit/bare-ld/conf/perl-5.14.3/.cpanplus/5.14.3/build/lXqM2xE88N/SemVer-v0.10.0/blib/arch:/home/cpan/pit/bare-ld/conf/perl-5.14.3/.cpanplus/5.14.3/build/1xHwgs85Gv/Media-Convert-1.4.1/blib/lib:/home/cpan/pit/bare-ld/conf/perl-5.14.3/.cpanplus/5.14.3/build/1xHwgs85Gv/Media-Convert-1.4.1/blib/arch
    PERL5_CPANPLUS_IS_RUNNING = 18459
    PERL5_CPANPLUS_IS_VERSION = 0.9914
    PERL5_MINISMOKEBOX = 0.68
    PERL5_YACSMOKE_BASE = /home/cpan/pit/bare-ld/conf/perl-5.14.3
    PERL_EXTUTILS_AUTOINSTALL = --defaultdeps
    PERL_LOCAL_LIB_ROOT = /home/cpan/pit/jail/z2X0rDy9Ix
    PERL_MB_OPT = --install_base "/home/cpan/pit/jail/z2X0rDy9Ix"
    PERL_MM_OPT = INSTALL_BASE=/home/cpan/pit/jail/z2X0rDy9Ix
    PERL_MM_USE_DEFAULT = 1
    PERL_USE_UNSAFE_INC = 1
    SHELL = /bin/bash
    TERM = screen.xterm-256color

Perl special variables (and OS-specific diagnostics, for MSWin32):

    Perl: $^X = /home/cpan/pit/bare-ld/perl-5.14.3/bin/perl
    UID:  $<  = 1001
    EUID: $>  = 1001
    GID:  $(  = 1001 1001
    EGID: $)  = 1001 1001


-------------------------------


--

Summary of my perl5 (revision 5 version 14 subversion 3) configuration:
   
  Platform:
    osname=linux, osvers=5.10.0-12-686, archname=i686-linux-ld
    uname='linux dagobah 5.10.0-12-686 #1 smp debian 5.10.103-1 (2022-03-07) i686 gnulinux '
    config_args='-des -Dprefix=/home/cpan/pit/bare-ld/perl-5.14.3 -Duselongdouble'
    hint=recommended, useposix=true, d_sigaction=define
    useithreads=undef, usemultiplicity=undef
    useperlio=define, d_sfio=undef, uselargefiles=define, usesocks=undef
    use64bitint=undef, use64bitall=undef, uselongdouble=define
    usemymalloc=n, bincompat5005=undef
  Compiler:
    cc='cc', ccflags ='-fwrapv -fno-strict-aliasing -pipe -fstack-protector -I/usr/local/include -D_LARGEFILE_SOURCE -D_FILE_OFFSET_BITS=64',
    optimize='-O2',
    cppflags='-fwrapv -fno-strict-aliasing -pipe -fstack-protector -I/usr/local/include'
    ccversion='', gccversion='10.2.1 20210110', gccosandvers=''
    intsize=4, longsize=4, ptrsize=4, doublesize=8, byteorder=1234
    d_longlong=define, longlongsize=8, d_longdbl=define, longdblsize=12
    ivtype='long', ivsize=4, nvtype='long double', nvsize=12, Off_t='off_t', lseeksize=8
    alignbytes=4, prototype=define
  Linker and Libraries:
    ld='cc', ldflags =' -fstack-protector -L/usr/local/lib'
    libpth=/usr/local/lib /lib/i386-linux-gnu /lib/../lib /usr/lib/i386-linux-gnu /usr/lib/../lib /lib /usr/lib /lib64 /usr/lib64
    libs=-lnsl -lgdbm -ldl -lm -lcrypt -lutil -lc
    perllibs=-lnsl -ldl -lm -lcrypt -lutil -lc
    libc=libc-2.31.so, so=so, useshrplib=false, libperl=libperl.a
    gnulibc_version='2.31'
  Dynamic Linking:
    dlsrc=dl_dlopen.xs, dlext=so, d_dlsymun=undef, ccdlflags='-Wl,-E'
    cccdlflags='-fPIC', lddlflags='-shared -O2 -L/usr/local/lib -fstack-protector'


Characteristics of this binary (from libperl): 
  Compile-time options: PERL_DONT_CREATE_GVSV PERL_MALLOC_WRAP
                        PERL_PRESERVE_IVUV USE_LARGE_FILES USE_LONG_DOUBLE
                        USE_PERLIO USE_PERL_ATOF
  Locally applied patches:
	Devel::PatchPerl 2.08
  Built under linux
  Compiled at Mar 19 2022 03:42:04
  %ENV:
    PERL5LIB="/home/cpan/pit/jail/z2X0rDy9Ix/lib/perl5:/home/cpan/pit/bare-ld/conf/perl-5.14.3/.cpanplus/5.14.3/build/xc6oWobykT/MooseX-Singleton-0.30/blib/lib:/home/cpan/pit/bare-ld/conf/perl-5.14.3/.cpanplus/5.14.3/build/xc6oWobykT/MooseX-Singleton-0.30/blib/arch:/home/cpan/pit/bare-ld/conf/perl-5.14.3/.cpanplus/5.14.3/build/lXqM2xE88N/SemVer-v0.10.0/blib/lib:/home/cpan/pit/bare-ld/conf/perl-5.14.3/.cpanplus/5.14.3/build/lXqM2xE88N/SemVer-v0.10.0/blib/arch:/home/cpan/pit/bare-ld/conf/perl-5.14.3/.cpanplus/5.14.3/build/1xHwgs85Gv/Media-Convert-1.4.1/blib/lib:/home/cpan/pit/bare-ld/conf/perl-5.14.3/.cpanplus/5.14.3/build/1xHwgs85Gv/Media-Convert-1.4.1/blib/arch"
    PERL5_CPANPLUS_IS_RUNNING="18459"
    PERL5_CPANPLUS_IS_VERSION="0.9914"
    PERL5_MINISMOKEBOX="0.68"
    PERL5_YACSMOKE_BASE="/home/cpan/pit/bare-ld/conf/perl-5.14.3"
    PERL_EXTUTILS_AUTOINSTALL="--defaultdeps"
    PERL_LOCAL_LIB_ROOT="/home/cpan/pit/jail/z2X0rDy9Ix"
    PERL_MB_OPT="--install_base "/home/cpan/pit/jail/z2X0rDy9Ix""
    PERL_MM_OPT="INSTALL_BASE=/home/cpan/pit/jail/z2X0rDy9Ix"
    PERL_MM_USE_DEFAULT="1"
    PERL_USE_UNSAFE_INC="1"
  @INC:
    /home/cpan/pit/jail/z2X0rDy9Ix/lib/perl5/5.14.3/i686-linux-ld
    /home/cpan/pit/jail/z2X0rDy9Ix/lib/perl5/5.14.3
    /home/cpan/pit/jail/z2X0rDy9Ix/lib/perl5/i686-linux-ld
    /home/cpan/pit/jail/z2X0rDy9Ix/lib/perl5
    /home/cpan/pit/bare-ld/conf/perl-5.14.3/.cpanplus/5.14.3/build/xc6oWobykT/MooseX-Singleton-0.30/blib/lib
    /home/cpan/pit/bare-ld/conf/perl-5.14.3/.cpanplus/5.14.3/build/xc6oWobykT/MooseX-Singleton-0.30/blib/arch
    /home/cpan/pit/bare-ld/conf/perl-5.14.3/.cpanplus/5.14.3/build/lXqM2xE88N/SemVer-v0.10.0/blib/lib
    /home/cpan/pit/bare-ld/conf/perl-5.14.3/.cpanplus/5.14.3/build/lXqM2xE88N/SemVer-v0.10.0/blib/arch
    /home/cpan/pit/bare-ld/conf/perl-5.14.3/.cpanplus/5.14.3/build/1xHwgs85Gv/Media-Convert-1.4.1/blib/lib
    /home/cpan/pit/bare-ld/conf/perl-5.14.3/.cpanplus/5.14.3/build/1xHwgs85Gv/Media-Convert-1.4.1/blib/arch
    /home/cpan/pit/bare-ld/perl-5.14.3/lib/site_perl/5.14.3/i686-linux-ld
    /home/cpan/pit/bare-ld/perl-5.14.3/lib/site_perl/5.14.3
    /home/cpan/pit/bare-ld/perl-5.14.3/lib/5.14.3/i686-linux-ld
    /home/cpan/pit/bare-ld/perl-5.14.3/lib/5.14.3
    .