Report for WWW-EFA-0.04

Back
From: metabase:user:30ae4450-2aae-11df-837a-5e0a49663a4f
Subject: FAIL WWW-EFA-0.04 v5.18.0 
Date: 2013-08-05T10:55:55Z

This distribution has been tested as part of the CPAN Testers
project, supporting the Perl programming language.  See
http://wiki.cpantesters.org/ for more information or email
questions to cpan-testers-discuss@perl.org


--
Dear Robin Clarke,

This is a computer-generated report for WWW-EFA-0.04
on perl 5.18.0, created by CPAN-Reporter-1.2010_01.

Thank you for uploading your work to CPAN.  However, there was a problem
testing your distribution.

If you think this report is invalid, please consult the CPAN Testers Wiki
for suggestions on how to avoid getting FAIL reports for missing library
or binary dependencies, unsupported operating systems, and so on:

http://wiki.cpantesters.org/wiki/CPANAuthorNotes

Sections of this report:

    * Tester comments
    * Program output
    * Prerequisites
    * Environment and other context

------------------------------
TESTER COMMENTS
------------------------------

Additional comments from tester:

this report is from an automated smoke testing program
and was not reviewed by a human for accuracy

------------------------------
PROGRAM OUTPUT
------------------------------

Output from 'C:\strawberry180\c\bin\dmake.exe test':

C:\strawberry180\perl\bin\perl.exe "-MExtUtils::Command::MM" "-e" "test_harness(0, 'blib\lib', 'blib\arch')" t/*.t
# Testing WWW::EFA 0.04, Perl 5.018000, C:\strawberry180\perl\bin\perl.exe
t/00-load.t ....... ok
t/boilerplate.t ... ok
t/manifest.t ...... skipped: Author tests not required for installation
t/pod-coverage.t .. ok

#   Failed test 'POD test for blib/lib/WWW/EFA/CoordinatesFactory.pm'
#   at C:/strawberry180/perl/site/lib/Test/Pod.pm line 186.
# blib/lib/WWW/EFA/CoordinatesFactory.pm (28): Non-ASCII character seen before =encoding in 'stopName="Donnersbergerbrücke"'. Assuming UTF-8

#   Failed test 'POD test for blib/lib/WWW/EFA/DepartureFactory.pm'
#   at C:/strawberry180/perl/site/lib/Test/Pod.pm line 186.
# blib/lib/WWW/EFA/DepartureFactory.pm (61): Non-ASCII character seen before =encoding in 'stopName="Donnersbergerbrücke"'. Assuming UTF-8

#   Failed test 'POD test for blib/lib/WWW/EFA/LocationFactory.pm'
#   at C:/strawberry180/perl/site/lib/Test/Pod.pm line 186.
# blib/lib/WWW/EFA/LocationFactory.pm (48): Non-ASCII character seen before =encoding in 'matchQuality="100000">Donnersbergerbrücke</odvNameElem>'. Assuming UTF-8

#   Failed test 'POD test for blib/lib/WWW/EFA/PlaceFactory.pm'
#   at C:/strawberry180/perl/site/lib/Test/Pod.pm line 186.
# blib/lib/WWW/EFA/PlaceFactory.pm (32): Non-ASCII character seen before =encoding in 'mainPlace="1">München</odvPlaceElem>'. Assuming UTF-8

#   Failed test 'POD test for blib/lib/WWW/EFA/Provider/MVV.pm'
#   at C:/strawberry180/perl/site/lib/Test/Pod.pm line 186.
# blib/lib/WWW/EFA/Provider/MVV.pm (8): Non-ASCII character seen before =encoding in '(Münchner'. Assuming UTF-8
# Looks like you failed 5 tests of 24.
t/pod.t ........... 
Dubious, test returned 5 (wstat 1280, 0x500)
Failed 5/24 subtests 

Test Summary Report
-------------------
t/boilerplate.t (Wstat: 0 Tests: 3 Failed: 0)
  TODO passed:   3
t/pod.t         (Wstat: 1280 Tests: 24 Failed: 5)
  Failed tests:  4, 7, 13, 16, 23
  Non-zero exit status: 5
Files=5, Tests=52,  3 wallclock secs ( 0.07 usr +  0.11 sys =  0.18 CPU)
Result: FAIL
Failed 1/5 test programs. 5/52 subtests failed.
dmake.exe:  Error code 133, while making 'test_dynamic'

------------------------------
PREREQUISITES
------------------------------

Prerequisite modules loaded:

requires:

    Module                       Need Have  
    ---------------------------- ---- ------
    Carp                         0    1.29  
    Class::Date                  0    1.1.10
    Digest::SHA                  0    5.84  
    File::Spec::Functions        0    3.40  
    HTTP::Request                0    6.00  
    LWP::UserAgent               0    6.05  
    Moose                        0    2.0802
    Moose::Util::TypeConstraints 0    2.0802
    MooseX::Aliases              0    0.11  
    MooseX::Params::Validate     0    0.18  
    Test::More                   0    0.98  
    Try::Tiny                    0    0.12  
    URI                          0    1.60  
    XML::LibXML                  0    2.0018
    YAML                         0    0.84  

build_requires:

    Module                       Need Have  
    ---------------------------- ---- ------
    ExtUtils::MakeMaker          0    6.66  

configure_requires:

    Module                       Need Have  
    ---------------------------- ---- ------
    ExtUtils::MakeMaker          0    6.66  


------------------------------
ENVIRONMENT AND OTHER CONTEXT
------------------------------

Environment variables:

    AUTOMATED_TESTING = 1
    COMSPEC = C:\WINDOWS\system32\cmd.exe
    NUMBER_OF_PROCESSORS = 1
    PATH = C:\Program Files\Far Manager\;C:\WINDOWS\system32;C:\WINDOWS;C:\WINDOWS\System32\Wbem;C:\strawberry180\c\bin;C:\strawberry180\perl\site\bin;C:\strawberry180\perl\bin
    PERL5LIB = C:\strawberry180\cpan\build\Class-Date-1.1.10-YmTuOs/blib/arch;C:\strawberry180\cpan\build\Class-Date-1.1.10-YmTuOs/blib/lib
    PERL5OPT = 
    PERL5_CPANPLUS_IS_RUNNING = 1660
    PERL5_CPAN_IS_RUNNING = 1660
    PERL5_CPAN_IS_RUNNING_IN_RECURSION = 536,1660
    PERL_CR_SMOKER_CURRENT = WWW-EFA-0.04
    PERL_EXTUTILS_AUTOINSTALL = --defaultdeps
    PERL_MM_USE_DEFAULT = 1
    PROCESSOR_IDENTIFIER = x86 Family 16 Model 5 Stepping 3, AuthenticAMD
    TEMP = C:\DOCUME~1\c\LOCALS~1\Temp
    TERM = dumb

Perl special variables (and OS-specific diagnostics, for MSWin32):

    $^X = C:\strawberry180\perl\bin\perl.exe
    $UID/$EUID = 0 / 0
    $GID = 0
    $EGID = 0
    Win32::GetOSName = WinXP/.Net
    Win32::GetOSVersion = Service Pack 3, 5, 1, 2600, 2, 3, 0, 256, 1
    Win32::FsType = NTFS
    Win32::IsAdminUser = 1

Perl module toolchain versions installed:

    Module              Have    
    ------------------- --------
    CPAN                2.00    
    CPAN::Meta          2.130880
    Cwd                 3.40    
    ExtUtils::CBuilder  0.280210
    ExtUtils::Command   1.17    
    ExtUtils::Install   1.59    
    ExtUtils::MakeMaker 6.66    
    ExtUtils::Manifest  1.63    
    ExtUtils::ParseXS   3.18    
    File::Spec          3.40    
    JSON                2.57    
    JSON::PP            2.27202 
    Module::Build       0.4005  
    Module::Signature   n/a     
    Parse::CPAN::Meta   1.4404  
    Test::Harness       3.28    
    Test::More          0.98    
    YAML                0.84    
    YAML::Syck          1.27    
    version             0.9902  


--

Summary of my perl5 (revision 5 version 18 subversion 0) configuration:
   
  Platform:
    osname=MSWin32, osvers=4.0, archname=MSWin32-x86-multi-thread-64int
    uname='Win32 strawberry-perl 5.18.0.1 #1 Sat May 18 17:46:00 2013 i386'
    config_args='undef'
    hint=recommended, useposix=true, d_sigaction=undef
    useithreads=define, usemultiplicity=define
    useperlio=define, d_sfio=undef, uselargefiles=define, usesocks=undef
    use64bitint=define, use64bitall=undef, uselongdouble=undef
    usemymalloc=n, bincompat5005=undef
  Compiler:
    cc='gcc', ccflags =' -s -O2 -DWIN32  -DPERL_TEXTMODE_SCRIPTS -DPERL_IMPLICIT_CONTEXT -DPERL_IMPLICIT_SYS -DUSE_PERLIO -fno-strict-aliasing -mms-bitfields',
    optimize='-s -O2',
    cppflags='-DWIN32'
    ccversion='', gccversion='4.6.3', gccosandvers=''
    intsize=4, longsize=4, ptrsize=4, doublesize=8, byteorder=12345678
    d_longlong=define, longlongsize=8, d_longdbl=define, longdblsize=12
    ivtype='long long', ivsize=8, nvtype='double', nvsize=8, Off_t='long long', lseeksize=8
    alignbytes=8, prototype=define
  Linker and Libraries:
    ld='g++', ldflags ='-s -L"C:\strawberry180\perl\lib\CORE" -L"C:\strawberry180\c\lib"'
    libpth=C:\strawberry180\c\lib C:\strawberry180\c\i686-w64-mingw32\lib
    libs=-lmoldname -lkernel32 -luser32 -lgdi32 -lwinspool -lcomdlg32 -ladvapi32 -lshell32 -lole32 -loleaut32 -lnetapi32 -luuid -lws2_32 -lmpr -lwinmm -lversion -lodbc32 -lodbccp32 -lcomctl32
    perllibs=-lmoldname -lkernel32 -luser32 -lgdi32 -lwinspool -lcomdlg32 -ladvapi32 -lshell32 -lole32 -loleaut32 -lnetapi32 -luuid -lws2_32 -lmpr -lwinmm -lversion -lodbc32 -lodbccp32 -lcomctl32
    libc=, so=dll, useshrplib=true, libperl=libperl518.a
    gnulibc_version=''
  Dynamic Linking:
    dlsrc=dl_win32.xs, dlext=dll, d_dlsymun=undef, ccdlflags=' '
    cccdlflags=' ', lddlflags='-mdll -s -L"C:\strawberry180\perl\lib\CORE" -L"C:\strawberry180\c\lib"'


Characteristics of this binary (from libperl): 
  Compile-time options: HAS_TIMES HAVE_INTERP_INTERN MULTIPLICITY
                        PERLIO_LAYERS PERL_DONT_CREATE_GVSV
                        PERL_HASH_FUNC_ONE_AT_A_TIME_HARD
                        PERL_IMPLICIT_CONTEXT PERL_IMPLICIT_SYS
                        PERL_MALLOC_WRAP PERL_PRESERVE_IVUV PERL_SAWAMPERSAND
                        USE_64_BIT_INT USE_ITHREADS USE_LARGE_FILES
                        USE_LOCALE USE_LOCALE_COLLATE USE_LOCALE_CTYPE
                        USE_LOCALE_NUMERIC USE_PERLIO USE_PERL_ATOF
  Built under MSWin32
  Compiled at May 18 2013 17:53:14
  %ENV:
    PERL5LIB="C:\strawberry180\cpan\build\Class-Date-1.1.10-YmTuOs/blib/arch;C:\strawberry180\cpan\build\Class-Date-1.1.10-YmTuOs/blib/lib"
    PERL5_CPANPLUS_IS_RUNNING="1660"
    PERL5_CPAN_IS_RUNNING="1660"
    PERL5_CPAN_IS_RUNNING_IN_RECURSION="536,1660"
    PERL_CR_SMOKER_CURRENT="WWW-EFA-0.04"
    PERL_EXTUTILS_AUTOINSTALL="--defaultdeps"
    PERL_MM_USE_DEFAULT="1"
  @INC:
    C:\strawberry180\cpan\build\Class-Date-1.1.10-YmTuOs/blib/arch
    C:\strawberry180\cpan\build\Class-Date-1.1.10-YmTuOs/blib/lib
    C:/strawberry180/perl/site/lib
    C:/strawberry180/perl/vendor/lib
    C:/strawberry180/perl/lib
    .