SpeL-Wizard v20240619.1846 Perl 5 v5.32.1 x86_64-linux-thread-multi-ld

Status
Fail
From
Chris Williams (BINGOS)
Dist
SpeL-Wizard v20240619.1846
Platform
Perl 5 v5.32.1 x86_64-linux-thread-multi-ld
Date
2024-06-23 03:08:44
ID
e6a5ad46-310d-11ef-98b0-b3c3213a625c
This distribution has been tested as part of the CPAN Testers
project, supporting the Perl programming language.  See
http://wiki.cpantesters.org/ for more information or email
questions to cpan-testers-discuss@perl.org


--

Dear WDAEMS,

This is a computer-generated error report created automatically by
CPANPLUS, version 0.9914. Testers personal comments may appear
at the end of this report.


Thank you for uploading your work to CPAN.  However, it appears that
there were some problems testing your distribution.

TEST RESULTS:

Below is the error stack from stage 'make test':

Skip blib/lib/auto/share/dist/SpeL-Wizard/tts.conf (unchanged)
Skip blib/lib/auto/share/dist/SpeL-Wizard/awspolly-neural-Lisa.tr (unchanged)
PERL_DL_NONLAZY=1 "/home/cpan/pit/thr-ld/perl-5.32.1/bin/perl" "-MExtUtils::Command::MM" "-MTest::Harness" "-e" "undef *Test::Harness::Switches; test_harness(0, 'blib/lib', 'blib/arch')" t/*.t t/01-lib/SpeL/Object/*.t t/01-lib/SpeL/Parser/*.t t/02-bin/*.t
# 
# Versions for all modules listed in MYMETA.json (including optional ones):
# 
# === Configure Requires ===
# 
#     Module                  Want Have
#     ----------------------- ---- ----
#     ExtUtils::MakeMaker      any 7.70
#     File::ShareDir::Install 0.06 0.14
# 
# === Build Requires ===
# 
#     Module              Want Have
#     ------------------- ---- ----
#     ExtUtils::MakeMaker  any 7.70
# 
# === Test Requires ===
# 
#     Module              Want     Have
#     ------------------- ---- --------
#     ExtUtils::MakeMaker  any     7.70
#     File::Compare        any   1.1006
#     File::Spec           any     3.78
#     Test::More           any 1.302199
# 
# === Test Recommends ===
# 
#     Module         Want     Have
#     ---------- -------- --------
#     CPAN::Meta 2.120900 2.150010
# 
# === Runtime Requires ===
# 
#     Module                Want       Have
#     ----------------- -------- ----------
#     Carp                   any       1.50
#     Config::Tiny           any       2.30
#     Data::Dumper           any   2.174_01
#     Digest::MD5::File      any       0.08
#     Exporter               any       5.74
#     File::Basename         any       2.85
#     File::Path             any       2.18
#     File::ShareDir         any      1.118
#     File::Spec             any       3.78
#     FindBin                any       1.51
#     Getopt::Long           any       2.51
#     IO::File               any       1.41
#     IPC::Run               any 20231003.0
#     Locale::Maketext       any       1.29
#     Pod::Usage             any       1.69
#     Regexp::Common         any 2017060201
#     Regexp::Grammars       any      1.058
#     parent                 any      0.238
#     perl              5.032000   5.032001
#     strict                 any       1.11
#     warnings               any       1.47
# 
t/00-report-prereqs.t ................. ok
t/01-lib/SpeL/Object/ModuleLoading.t .. ok
t/01-lib/SpeL/Parser/Auxiliary.t ...... ok
t/01-lib/SpeL/Parser/Chunk.t .......... ok

#   Failed test 't/02-bin/auxiliary/realistic.aux'
#   at t/02-bin/auxiliary.t line 24.
# Looks like you failed 1 test of 1.
t/02-bin/auxiliary.t .................. 
Dubious, test returned 1 (wstat 256, 0x100)
Failed 1/1 subtests 
t/02-bin/spel

#   Failed test 't/02-bin/spel/bracketstring.spelidx'
#   at t/02-bin/spel.t line 38.

#   Failed test 't/02-bin/spel/chunk-firstmathcommand.spelidx'
#   at t/02-bin/spel.t line 38.

#   Failed test 't/02-bin/spel/chunk-nestedmath.spelidx'
#   at t/02-bin/spel.t line 38.

#   Failed test 't/02-bin/spel/chunk-numbers.spelidx'
#   at t/02-bin/spel.t line 38.
== GOLDEN ==== t/02-bin/spel/docstrip =======================
== BROWN ===================================
== STDERR===================================
============================================

#   Failed test 't/02-bin/spel/docstrip.spelidx'
#   at t/02-bin/spel.t line 38.
== GOLDEN ==== t/02-bin/spel/i18n =======================
== BROWN ===================================
== STDERR===================================
============================================

#   Failed test 't/02-bin/spel/i18n.spelidx'
#   at t/02-bin/spel.t line 38.

#   Failed test 't/02-bin/spel/inlinemath.spelidx'
#   at t/02-bin/spel.t line 38.

#   Failed test 't/02-bin/spel/inlinemathlimitsexpr.spelidx'
#   at t/02-bin/spel.t line 38.

#   Failed test 't/02-bin/spel/leadsto.spelidx'
#   at t/02-bin/spel.t line 38.

#   Failed test 't/02-bin/spel/mathenvexpressions.spelidx'
#   at t/02-bin/spel.t line 38.

#   Failed test 't/02-bin/spel/matrices.spelidx'
#   at t/02-bin/spel.t line 38.

#   Failed test 't/02-bin/spel/percent.spelidx'
#   at t/02-bin/spel.t line 38.

#   Failed test 't/02-bin/spel/scratch.spelidx'
#   at t/02-bin/spel.t line 38.

#   Failed test 't/02-bin/spel/section.spelidx'
#   at t/02-bin/spel.t line 38.

#   Failed test 't/02-bin/spel/sets.spelidx'
#   at t/02-bin/spel.t line 38.

#   Failed test 't/02-bin/spel/sine-cosine.spelidx'
#   at t/02-bin/spel.t line 38.

#   Failed test 't/02-bin/spel/sqrt.spelidx'
#   at t/02-bin/spel.t line 38.

#   Failed test 't/02-bin/spel/title.spelidx'
#   at t/02-bin/spel.t line 38.

#   Failed test 't/02-bin/spel/trigpowers.spelidx'
#   at t/02-bin/spel.t line 38.
# Looks like you failed 19 tests of 19.
t/02-bin/spel.t ....................... 
Dubious, test returned 19 (wstat 4864, 0x1300)
Failed 19/19 subtests 

Test Summary Report
-------------------
t/02-bin/auxiliary.t                (Wstat: 256 (exited 1) Tests: 1 Failed: 1)
  Failed test:  1
  Non-zero exit status: 1
t/02-bin/spel.t                     (Wstat: 4864 (exited 19) Tests: 19 Failed: 19)
  Failed tests:  1-19
  Non-zero exit status: 19
Files=6, Tests=94, 58 wallclock secs ( 0.04 usr  0.00 sys + 57.02 cusr  0.52 csys = 57.58 CPU)
Result: FAIL
Failed 2/6 test programs. 20/94 subtests failed.
make: *** [Makefile:1122: test_dynamic] Error 19


PREREQUISITES:

Here is a list of prerequisites you specified and versions we
managed to load:

	  Module Name                        Have     Want
	  Carp                               1.50        0
	  Config::Tiny                       2.30        0
	  Data::Dumper                   2.174_01        0
	  Digest::MD5::File                  0.08        0
	  Exporter                           5.74        0
	  ExtUtils::MakeMaker                7.70        0
	  File::Basename                     2.85        0
	  File::Compare                    1.1006        0
	  File::Path                         2.18        0
	  File::ShareDir                    1.118        0
	  File::Spec                         3.78        0
	  FindBin                            1.51        0
	  Getopt::Long                       2.51        0
	  IO::File                           1.41        0
	  IPC::Run                       20231003.0        0
	  Locale::Maketext                   1.29        0
	  Pod::Usage                         1.69        0
	  Regexp::Common                 2017060201        0
	  Regexp::Grammars                  1.058        0
	  Test::More                     1.302199        0
	  parent                            0.238        0
	  strict                             1.11        0
	  warnings                           1.47        0

Perl module toolchain versions installed:
	Module Name                        Have
	CPANPLUS                         0.9914
	CPANPLUS::Dist::Build              0.90
	Cwd                                3.78
	ExtUtils::CBuilder             0.280236
	ExtUtils::Command                  7.70
	ExtUtils::Install                  2.22
	ExtUtils::MakeMaker                7.70
	ExtUtils::Manifest                 1.75
	ExtUtils::ParseXS                  3.51
	File::Spec                         3.78
	Module::Build                    0.4234
	Pod::Parser                           0
	Pod::Simple                        3.40
	Test2                          1.302199
	Test::Harness                      3.48
	Test::More                     1.302199
	version                          0.9932

******************************** NOTE ********************************
The comments above are created mechanically, possibly without manual
checking by the sender.  As there are many people performing automatic
tests on each upload to CPAN, it is likely that you will receive
identical messages about the same problem.

If you believe that the message is mistaken, please reply to the first
one with correction and/or additional informations, and do not take
it personally.  We appreciate your patience. :)
**********************************************************************

Additional comments:


This report was machine-generated by CPANPLUS::Dist::YACSmoke 1.08.
Powered by minismokebox version 0.68

CPANPLUS is prefering Build.PL

------------------------------
ENVIRONMENT AND OTHER CONTEXT
------------------------------

Environment variables:

    AUTOMATED_TESTING = 1
    LANG = en_GB.UTF-8
    LANGUAGE = en_GB:en
    NONINTERACTIVE_TESTING = 1
    PATH = /home/cpan/pit/thr-ld/conf/perl-5.32.1/.cpanplus/5.32.1/build/vcNlw36z2N/SpeL-Wizard-20240619.1846/blib/script:/usr/local/sbin:/usr/local/bin:/usr/sbin:/usr/bin:/sbin:/bin:/usr/games:/usr/local/games:/snap/bin
    PERL5LIB = /home/cpan/pit/jail/o8_gQPG6nH/lib/perl5:/home/cpan/pit/thr-ld/conf/perl-5.32.1/.cpanplus/5.32.1/build/NizEwZX9mE/Regexp-Grammars-1.058/blib/lib:/home/cpan/pit/thr-ld/conf/perl-5.32.1/.cpanplus/5.32.1/build/NizEwZX9mE/Regexp-Grammars-1.058/blib/arch:/home/cpan/pit/thr-ld/conf/perl-5.32.1/.cpanplus/5.32.1/build/vcNlw36z2N/SpeL-Wizard-20240619.1846/blib/lib:/home/cpan/pit/thr-ld/conf/perl-5.32.1/.cpanplus/5.32.1/build/vcNlw36z2N/SpeL-Wizard-20240619.1846/blib/arch
    PERL5_CPANPLUS_IS_RUNNING = 3411018
    PERL5_CPANPLUS_IS_VERSION = 0.9914
    PERL5_MINISMOKEBOX = 0.68
    PERL5_YACSMOKE_BASE = /home/cpan/pit/thr-ld/conf/perl-5.32.1
    PERL_EXTUTILS_AUTOINSTALL = --defaultdeps
    PERL_LOCAL_LIB_ROOT = /home/cpan/pit/jail/o8_gQPG6nH
    PERL_MB_OPT = --install_base "/home/cpan/pit/jail/o8_gQPG6nH"
    PERL_MM_OPT = INSTALL_BASE=/home/cpan/pit/jail/o8_gQPG6nH
    PERL_MM_USE_DEFAULT = 1
    SHELL = /bin/bash
    TERM = screen.xterm-256color

Perl special variables (and OS-specific diagnostics, for MSWin32):

    Perl: $^X = /home/cpan/pit/thr-ld/perl-5.32.1/bin/perl
    UID:  $<  = 1001
    EUID: $>  = 1001
    GID:  $(  = 1001 1001
    EGID: $)  = 1001 1001


-------------------------------


--

Summary of my perl5 (revision 5 version 32 subversion 1) configuration:
   
  Platform:
    osname=linux
    osvers=5.4.0-64-generic
    archname=x86_64-linux-thread-multi-ld
    uname='linux uchder 5.4.0-64-generic #72-ubuntu smp fri jan 15 10:27:54 utc 2021 x86_64 x86_64 x86_64 gnulinux '
    config_args='-des -Dprefix=/home/cpan/pit/thr-ld/perl-5.32.1 -Dusethreads -Duselongdouble'
    hint=recommended
    useposix=true
    d_sigaction=define
    useithreads=define
    usemultiplicity=define
    use64bitint=define
    use64bitall=define
    uselongdouble=define
    usemymalloc=n
    default_inc_excludes_dot=define
    bincompat5005=undef
  Compiler:
    cc='cc'
    ccflags ='-D_REENTRANT -D_GNU_SOURCE -fwrapv -fno-strict-aliasing -pipe -fstack-protector-strong -I/usr/local/include -D_LARGEFILE_SOURCE -D_FILE_OFFSET_BITS=64'
    optimize='-O2'
    cppflags='-D_REENTRANT -D_GNU_SOURCE -fwrapv -fno-strict-aliasing -pipe -fstack-protector-strong -I/usr/local/include'
    ccversion=''
    gccversion='9.3.0'
    gccosandvers=''
    intsize=4
    longsize=8
    ptrsize=8
    doublesize=8
    byteorder=12345678
    doublekind=3
    d_longlong=define
    longlongsize=8
    d_longdbl=define
    longdblsize=16
    longdblkind=3
    ivtype='long'
    ivsize=8
    nvtype='long double'
    nvsize=16
    Off_t='off_t'
    lseeksize=8
    alignbytes=16
    prototype=define
  Linker and Libraries:
    ld='cc'
    ldflags =' -fstack-protector-strong -L/usr/local/lib'
    libpth=/usr/local/lib /usr/include/x86_64-linux-gnu /usr/lib /lib/x86_64-linux-gnu /lib/../lib /usr/lib/x86_64-linux-gnu /usr/lib/../lib /lib
    libs=-lpthread -lnsl -lgdbm -ldl -lm -lcrypt -lutil -lc
    perllibs=-lpthread -lnsl -ldl -lm -lcrypt -lutil -lc
    libc=libc-2.31.so
    so=so
    useshrplib=false
    libperl=libperl.a
    gnulibc_version='2.31'
  Dynamic Linking:
    dlsrc=dl_dlopen.xs
    dlext=so
    d_dlsymun=undef
    ccdlflags='-Wl,-E'
    cccdlflags='-fPIC'
    lddlflags='-shared -O2 -L/usr/local/lib -fstack-protector-strong'


Characteristics of this binary (from libperl): 
  Compile-time options:
    HAS_TIMES
    MULTIPLICITY
    PERLIO_LAYERS
    PERL_COPY_ON_WRITE
    PERL_DONT_CREATE_GVSV
    PERL_IMPLICIT_CONTEXT
    PERL_MALLOC_WRAP
    PERL_OP_PARENT
    PERL_PRESERVE_IVUV
    USE_64_BIT_ALL
    USE_64_BIT_INT
    USE_ITHREADS
    USE_LARGE_FILES
    USE_LOCALE
    USE_LOCALE_COLLATE
    USE_LOCALE_CTYPE
    USE_LOCALE_NUMERIC
    USE_LOCALE_TIME
    USE_LONG_DOUBLE
    USE_PERLIO
    USE_PERL_ATOF
    USE_REENTRANT_API
    USE_THREAD_SAFE_LOCALE
  Locally applied patches:
    Devel::PatchPerl 2.08
  Built under linux
  Compiled at Jan 24 2021 16:41:27
  %ENV:
    PERL5LIB="/home/cpan/pit/jail/o8_gQPG6nH/lib/perl5:/home/cpan/pit/thr-ld/conf/perl-5.32.1/.cpanplus/5.32.1/build/NizEwZX9mE/Regexp-Grammars-1.058/blib/lib:/home/cpan/pit/thr-ld/conf/perl-5.32.1/.cpanplus/5.32.1/build/NizEwZX9mE/Regexp-Grammars-1.058/blib/arch:/home/cpan/pit/thr-ld/conf/perl-5.32.1/.cpanplus/5.32.1/build/vcNlw36z2N/SpeL-Wizard-20240619.1846/blib/lib:/home/cpan/pit/thr-ld/conf/perl-5.32.1/.cpanplus/5.32.1/build/vcNlw36z2N/SpeL-Wizard-20240619.1846/blib/arch"
    PERL5_CPANPLUS_IS_RUNNING="3411018"
    PERL5_CPANPLUS_IS_VERSION="0.9914"
    PERL5_MINISMOKEBOX="0.68"
    PERL5_YACSMOKE_BASE="/home/cpan/pit/thr-ld/conf/perl-5.32.1"
    PERL_EXTUTILS_AUTOINSTALL="--defaultdeps"
    PERL_LOCAL_LIB_ROOT="/home/cpan/pit/jail/o8_gQPG6nH"
    PERL_MB_OPT="--install_base "/home/cpan/pit/jail/o8_gQPG6nH""
    PERL_MM_OPT="INSTALL_BASE=/home/cpan/pit/jail/o8_gQPG6nH"
    PERL_MM_USE_DEFAULT="1"
  @INC:
    /home/cpan/pit/jail/o8_gQPG6nH/lib/perl5/5.32.1/x86_64-linux-thread-multi-ld
    /home/cpan/pit/jail/o8_gQPG6nH/lib/perl5/5.32.1
    /home/cpan/pit/jail/o8_gQPG6nH/lib/perl5/x86_64-linux-thread-multi-ld
    /home/cpan/pit/jail/o8_gQPG6nH/lib/perl5
    /home/cpan/pit/thr-ld/conf/perl-5.32.1/.cpanplus/5.32.1/build/NizEwZX9mE/Regexp-Grammars-1.058/blib/lib
    /home/cpan/pit/thr-ld/conf/perl-5.32.1/.cpanplus/5.32.1/build/NizEwZX9mE/Regexp-Grammars-1.058/blib/arch
    /home/cpan/pit/thr-ld/conf/perl-5.32.1/.cpanplus/5.32.1/build/vcNlw36z2N/SpeL-Wizard-20240619.1846/blib/lib
    /home/cpan/pit/thr-ld/conf/perl-5.32.1/.cpanplus/5.32.1/build/vcNlw36z2N/SpeL-Wizard-20240619.1846/blib/arch
    /home/cpan/pit/thr-ld/perl-5.32.1/lib/site_perl/5.32.1/x86_64-linux-thread-multi-ld
    /home/cpan/pit/thr-ld/perl-5.32.1/lib/site_perl/5.32.1
    /home/cpan/pit/thr-ld/perl-5.32.1/lib/5.32.1/x86_64-linux-thread-multi-ld
    /home/cpan/pit/thr-ld/perl-5.32.1/lib/5.32.1