Report for Class-Persist-0.02

Back
From: metabase:user:c3c0e594-9be7-11e0-ab6b-65b017dc0771
Subject: FAIL Class-Persist-0.02 v5.12.4 Mac OS X
Date: 2011-07-15T21:39:20Z

This distribution has been tested as part of the CPAN Testers
project, supporting the Perl programming language.  See
http://wiki.cpantesters.org/ for more information or email
questions to cpan-testers-discuss@perl.org


--
Dear Richard Clamp,

This is a computer-generated report for Class-Persist-0.02
on perl 5.12.4, created by CPAN-Reporter-1.1902.

Thank you for uploading your work to CPAN.  However, there was a problem
testing your distribution.

If you think this report is invalid, please consult the CPAN Testers Wiki
for suggestions on how to avoid getting FAIL reports for missing library
or binary dependencies, unsupported operating systems, and so on:

http://wiki.cpantesters.org/wiki/CPANAuthorNotes

Sections of this report:

    * Tester comments
    * Program output
    * Prerequisites
    * Environment and other context

------------------------------
TESTER COMMENTS
------------------------------

Additional comments from tester:

this report is from an automated smoke testing program
and was not reviewed by a human for accuracy

------------------------------
PROGRAM OUTPUT
------------------------------

Output from './Build test':

Class::ISA will be removed from the Perl core distribution in the next major release. Please install it from CPAN. It is being used at /Users/fh/.cpan/build/Class-Persist-0.02-ymzTl4/blib/lib/Class/Persist.pm, line 37.
t/01compile.t ... ok
t/02strict.t .... ok
no_plan takes no arguments at t/persistent.t line 4.
Class::ISA will be removed from the Perl core distribution in the next major release. Please install it from CPAN. It is being used at /Users/fh/.cpan/build/Class-Persist-0.02-ymzTl4/blib/lib/Class/Persist.pm, line 37.
Can't locate object method "record" via package "Class::Persist::Error::DB::Duplicate" at /Users/fh/.cpan/build/Class-Persist-0.02-ymzTl4/blib/lib/Class/Persist/Base.pm line 169.
# Looks like your test exited with 2 just after 25.
t/persistent.t .. 
Dubious, test returned 2 (wstat 512, 0x200)
All 25 subtests passed 
t/pod.t ......... ok
no_plan takes no arguments at t/utf8.t line 4.
Class::ISA will be removed from the Perl core distribution in the next major release. Please install it from CPAN. It is being used at /Users/fh/.cpan/build/Class-Persist-0.02-ymzTl4/blib/lib/Class/Persist.pm, line 37.
Can't locate object method "record" via package "Class::Persist::Error::DB::Duplicate" at /Users/fh/.cpan/build/Class-Persist-0.02-ymzTl4/blib/lib/Class/Persist/Base.pm line 169.
# Looks like your test exited with 2 just after 14.
t/utf8.t ........ 
Dubious, test returned 2 (wstat 512, 0x200)
All 14 subtests passed 

Test Summary Report
-------------------
t/persistent.t (Wstat: 512 Tests: 25 Failed: 0)
  Non-zero exit status: 2
t/utf8.t      (Wstat: 512 Tests: 14 Failed: 0)
  Non-zero exit status: 2
Files=5, Tests=57,  1 wallclock secs ( 0.03 usr  0.02 sys +  0.62 cusr  0.10 csys =  0.77 CPU)
Result: FAIL
Failed 2/5 test programs. 0/57 subtests failed.

------------------------------
PREREQUISITES
------------------------------

Prerequisite modules loaded:

requires:

    Module                   Need  Have    
    ------------------------ ----- --------
    Class::Accessor::Chained 0     0.01    
    Class::Data::Inheritable 0     0.08    
    Data::Structure::Util    0     0.15    
    DateTime                 0.21  0.70    
    DBI                      0.01  1.616   
    EO                       0.93  0.96    
    perl                     5.008 5.012004

build_requires:

    Module                   Need  Have    
    ------------------------ ----- --------
    DBD::SQLite              0     1.33    
    File::Find::Rule         0     0.32    
    Test::More               0     0.98    
    Test::Pod                1.00  1.45    
    Test::Simple             0     0.98    


------------------------------
ENVIRONMENT AND OTHER CONTEXT
------------------------------

Environment variables:

    AUTOMATED_TESTING = 1
    LANG = de_AT.UTF-8
    PATH = /Users/fh/perl5/perlbrew/bin:/Users/fh/perl5/perlbrew/perls/current/bin:/opt/local/bin:/opt/local/sbin:/usr/bin:/bin:/usr/sbin:/sbin:/usr/local/bin:/usr/X11/bin
    PATH_WITHOUT_PERLBREW = /opt/local/bin:/opt/local/sbin:/usr/bin:/bin:/usr/sbin:/sbin:/usr/local/bin:/usr/X11/bin
    PERL5LIB = /Users/fh/.cpan/build/EO-0.96-kcmPq3/blib/arch:/Users/fh/.cpan/build/EO-0.96-kcmPq3/blib/lib:/Users/fh/.cpan/build/Data-Structure-Util-0.15-quV0Sj/blib/arch:/Users/fh/.cpan/build/Data-Structure-Util-0.15-quV0Sj/blib/lib
    PERL5OPT = 
    PERL5_CPANPLUS_IS_RUNNING = 88676
    PERL5_CPAN_IS_RUNNING = 88676
    PERL5_CPAN_IS_RUNNING_IN_RECURSION = 3422,88676
    PERLBREW_PATH = /Users/fh/perl5/perlbrew/bin:/Users/fh/perl5/perlbrew/perls/current/bin
    PERLBREW_PERL = perl-5.12.4
    PERLBREW_ROOT = /Users/fh/perl5/perlbrew
    PERLBREW_VERSION = 0.19
    PERL_CR_SMOKER_CURRENT = Class-Persist-0.02
    PERL_EXTUTILS_AUTOINSTALL = --defaultdeps
    PERL_MM_USE_DEFAULT = 1
    SHELL = /bin/bash
    TERM = screen.linux
    TMPDIR = /var/folders/zk/zkvqmgtoEAWHIV1swpIMnk+++TI/-Tmp-/

Perl special variables (and OS-specific diagnostics, for MSWin32):

    $^X = /Users/fh/perl5/perlbrew/perls/perl-5.12.4/bin/perl
    $UID/$EUID = 501 / 501
    $GID = 20 20 402 204 100 98 81 80 79 61 12 401
    $EGID = 20 20 402 204 100 98 81 80 79 61 12 401

Perl module toolchain versions installed:

    Module              Have  
    ------------------- ------
    CPAN                1.9600
    Cwd                 3.33  
    ExtUtils::CBuilder  0.27  
    ExtUtils::Command   1.16  
    ExtUtils::Install   1.55  
    ExtUtils::MakeMaker 6.56  
    ExtUtils::Manifest  1.57  
    ExtUtils::ParseXS   2.21  
    File::Spec          3.33  
    Module::Build       0.3603
    Module::Signature   n/a   
    Test::Harness       3.17  
    Test::More          0.98  
    YAML                0.73  
    YAML::Syck          1.17  
    version             0.82  


--

Summary of my perl5 (revision 5 version 12 subversion 4) configuration:
   
  Platform:
    osname=darwin, osvers=10.7.0, archname=darwin-2level
    uname='darwin lerchenferse.local 10.7.0 darwin kernel version 10.7.0: sat jan 29 15:17:16 pst 2011; root:xnu-1504.9.37~1release_i386 i386 '
    config_args='-de -Dprefix=/Users/fh/perl5/perlbrew/perls/perl-5.12.4'
    hint=recommended, useposix=true, d_sigaction=define
    useithreads=undef, usemultiplicity=undef
    useperlio=define, d_sfio=undef, uselargefiles=define, usesocks=undef
    use64bitint=define, use64bitall=define, uselongdouble=undef
    usemymalloc=n, bincompat5005=undef
  Compiler:
    cc='cc', ccflags ='-fno-common -DPERL_DARWIN -no-cpp-precomp -fno-strict-aliasing -pipe -fstack-protector -I/opt/local/include',
    optimize='-O3',
    cppflags='-no-cpp-precomp -fno-common -DPERL_DARWIN -no-cpp-precomp -fno-strict-aliasing -pipe -fstack-protector -I/opt/local/include'
    ccversion='', gccversion='4.2.1 (Based on Apple Inc. build 5658) (LLVM build 2335.9)', gccosandvers=''
    intsize=4, longsize=8, ptrsize=8, doublesize=8, byteorder=12345678
    d_longlong=define, longlongsize=8, d_longdbl=define, longdblsize=16
    ivtype='long', ivsize=8, nvtype='double', nvsize=8, Off_t='off_t', lseeksize=8
    alignbytes=8, prototype=define
  Linker and Libraries:
    ld='env MACOSX_DEPLOYMENT_TARGET=10.3 cc', ldflags =' -fstack-protector -L/opt/local/lib'
    libpth=/opt/local/lib /usr/lib
    libs=-lgdbm -ldbm -ldl -lm -lutil -lc
    perllibs=-ldl -lm -lutil -lc
    libc=/usr/lib/libc.dylib, so=dylib, useshrplib=false, libperl=libperl.a
    gnulibc_version=''
  Dynamic Linking:
    dlsrc=dl_dlopen.xs, dlext=bundle, d_dlsymun=undef, ccdlflags=' '
    cccdlflags=' ', lddlflags=' -bundle -undefined dynamic_lookup -L/opt/local/lib -fstack-protector'


Characteristics of this binary (from libperl): 
  Compile-time options: PERL_DONT_CREATE_GVSV PERL_MALLOC_WRAP USE_64_BIT_ALL
                        USE_64_BIT_INT USE_LARGE_FILES USE_PERLIO
                        USE_PERL_ATOF
  Built under darwin
  Compiled at Jun 20 2011 14:51:14
  %ENV:
    PERL5LIB="/Users/fh/.cpan/build/EO-0.96-kcmPq3/blib/arch:/Users/fh/.cpan/build/EO-0.96-kcmPq3/blib/lib:/Users/fh/.cpan/build/Data-Structure-Util-0.15-quV0Sj/blib/arch:/Users/fh/.cpan/build/Data-Structure-Util-0.15-quV0Sj/blib/lib"
    PERL5OPT=""
    PERL5_CPANPLUS_IS_RUNNING="88676"
    PERL5_CPAN_IS_RUNNING="88676"
    PERL5_CPAN_IS_RUNNING_IN_RECURSION="3422,88676"
    PERLBREW_PATH="/Users/fh/perl5/perlbrew/bin:/Users/fh/perl5/perlbrew/perls/current/bin"
    PERLBREW_PERL="perl-5.12.4"
    PERLBREW_ROOT="/Users/fh/perl5/perlbrew"
    PERLBREW_VERSION="0.19"
    PERL_CR_SMOKER_CURRENT="Class-Persist-0.02"
    PERL_EXTUTILS_AUTOINSTALL="--defaultdeps"
    PERL_MM_USE_DEFAULT="1"
  @INC:
    /Users/fh/.cpan/build/EO-0.96-kcmPq3/blib/arch
    /Users/fh/.cpan/build/EO-0.96-kcmPq3/blib/lib
    /Users/fh/.cpan/build/Data-Structure-Util-0.15-quV0Sj/blib/arch
    /Users/fh/.cpan/build/Data-Structure-Util-0.15-quV0Sj/blib/lib
    /Users/fh/perl5/perlbrew/perls/perl-5.12.4/lib/site_perl/5.12.4/darwin-2level
    /Users/fh/perl5/perlbrew/perls/perl-5.12.4/lib/site_perl/5.12.4
    /Users/fh/perl5/perlbrew/perls/perl-5.12.4/lib/5.12.4/darwin-2level
    /Users/fh/perl5/perlbrew/perls/perl-5.12.4/lib/5.12.4
    .