Back
From: metabase:user:320bfe00-2aae-11df-837a-5e0a49663a4f
Subject: FAIL Web-oEmbed-Common-0.05 v5.22.1 GNU/Linux
Date: 2016-01-13T18:03:07Z
This distribution has been tested as part of the CPAN Testers
project, supporting the Perl programming language. See
http://wiki.cpantesters.org/ for more information or email
questions to cpan-testers-discuss@perl.org
--
Dear Matthew Simon Cavalletto,
This is a computer-generated report for Web-oEmbed-Common-0.05
on perl 5.22.1, created by CPAN-Reporter-1.2015.
Thank you for uploading your work to CPAN. However, there was a problem
testing your distribution.
If you think this report is invalid, please consult the CPAN Testers Wiki
for suggestions on how to avoid getting FAIL reports for missing library
or binary dependencies, unsupported operating systems, and so on:
http://wiki.cpantesters.org/wiki/CPANAuthorNotes
Sections of this report:
* Tester comments
* Program output
* Prerequisites
* Environment and other context
------------------------------
TESTER COMMENTS
------------------------------
Additional comments from tester:
this report is from an automated smoke testing program
and was not reviewed by a human for accuracy
------------------------------
PROGRAM OUTPUT
------------------------------
Output from '/usr/bin/make test':
PERL_DL_NONLAZY=1 "/home/sand/src/perl/repoperls/installed-perls/perl/v5.22.1/13e0/bin/perl" "-MExtUtils::Command::MM" "-MTest::Harness" "-e" "undef *Test::Harness::Switches; test_harness(0, 'blib/lib', 'blib/arch')" t/*.t
# Testing Web::oEmbed::Common 0.05, Perl 5.022001, /home/sand/src/perl/repoperls/installed-perls/perl/v5.22.1/13e0/bin/perl
t/00-compile.t ....... ok
t/08-url-patterns.t .. ok
# Failed test 'Response has embed code'
# at t/10-youtube.t line 41.
# '<iframe width="459" height="344" src="https://www.youtube.com/embed/5iAIM02kv0g?feature=oembed" frameborder="0" allowfullscreen></iframe>'
# doesn't match '(?^sx:<object .*? movie )'
# Looks like you failed 1 test of 10.
t/10-youtube.t .......
Dubious, test returned 1 (wstat 256, 0x100)
Failed 1/10 subtests
# Failed test 'Received oEmbed response'
# at t/50-xkcd.t line 24.
# Failed test ''Received expected response type' isa 'Web::oEmbed::Response''
# at t/50-xkcd.t line 25.
# 'Received expected response type' isn't defined
# Failed test 'No response to check'
# at t/50-xkcd.t line 31.
# Failed test 'No response to check'
# at t/50-xkcd.t line 32.
# Failed test 'No response to check'
# at t/50-xkcd.t line 33.
# Looks like you planned 10 tests but ran 9.
# Looks like you failed 5 tests of 9 run.
t/50-xkcd.t ..........
Dubious, test returned 5 (wstat 1280, 0x500)
Failed 6/10 subtests
Test Summary Report
-------------------
t/10-youtube.t (Wstat: 256 Tests: 10 Failed: 1)
Failed test: 10
Non-zero exit status: 1
t/50-xkcd.t (Wstat: 1280 Tests: 9 Failed: 5)
Failed tests: 5-9
Non-zero exit status: 5
Parse errors: Bad plan. You planned 10 tests but ran 9.
Files=4, Tests=26, 2 wallclock secs ( 0.02 usr 0.05 sys + 0.58 cusr 0.16 csys = 0.81 CPU)
Result: FAIL
Failed 2/4 test programs. 6/26 subtests failed.
Makefile:837: recipe for target 'test_dynamic' failed
make: *** [test_dynamic] Error 5
------------------------------
PREREQUISITES
------------------------------
Prerequisite modules loaded:
requires:
Module Need Have
------------------- ---- ----
Web::oEmbed 0.01 0.04
build_requires:
Module Need Have
------------------- ---- ----
ExtUtils::MakeMaker 0 7.10
configure_requires:
Module Need Have
------------------- ---- ----
ExtUtils::MakeMaker 0 7.10
------------------------------
ENVIRONMENT AND OTHER CONTEXT
------------------------------
Environment variables:
AUTOMATED_TESTING = 1
LANG = en_US.UTF-8
LANGUAGE = en_US:en
PATH = /home/sand/bin:/usr/local/bin:/usr/bin:/bin:/usr/games:/usr/local/perl/bin:/usr/X11/bin:/sbin:/usr/sbin
PERL5LIB =
PERL5OPT =
PERL5_CPANPLUS_IS_RUNNING = 19923
PERL5_CPAN_IS_RUNNING = 19923
PERL_MM_USE_DEFAULT = 1
SHELL = /usr/bin/zsh
TERM = screen
Perl special variables (and OS-specific diagnostics, for MSWin32):
$^X = /home/sand/src/perl/repoperls/installed-perls/perl/v5.22.1/13e0/bin/perl
$UID/$EUID = 1005 / 1005
$GID = 1005 1005
$EGID = 1005 1005
Perl module toolchain versions installed:
Module Have
------------------- ------------
CPAN 2.11
CPAN::Meta 2.150005
Cwd 3.62
ExtUtils::CBuilder 0.280224
ExtUtils::Command 7.10
ExtUtils::Install 2.04
ExtUtils::MakeMaker 7.10
ExtUtils::Manifest 1.70
ExtUtils::ParseXS 3.28
File::Spec 3.62
JSON 2.90
JSON::PP 2.27300
Module::Build 0.4214
Module::Signature 0.79
Parse::CPAN::Meta 1.4417
Test::Harness 3.36
Test::More 1.302013_010
YAML 1.15
YAML::Syck 1.29
version 0.9912_02
--
Summary of my perl5 (revision 5 version 22 subversion 1) configuration:
Derived from: 0ab152a1d10861997fe3e1b985cc92f142f4cec7
Platform:
osname=linux, osvers=4.3.0-1-amd64, archname=x86_64-linux-thread-multi
uname='linux k83 4.3.0-1-amd64 #1 smp debian 4.3.3-2 (2015-12-17) x86_64 gnulinux '
config_args='-Dprefix=/home/sand/src/perl/repoperls/installed-perls/perl/v5.22.1/13e0 -Dmyhostname=k83 -Dinstallusrbinperl=n -Uversiononly -Dusedevel -des -Ui_db -Dlibswanted=cl pthread socket inet nsl gdbm dbm malloc dl ld sun m crypt sec util c cposix posix ucb BSD gdbm_compat -Duseithreads -Uuselongdouble'
hint=recommended, useposix=true, d_sigaction=define
useithreads=define, usemultiplicity=define
use64bitint=define, use64bitall=define, uselongdouble=undef
usemymalloc=n, bincompat5005=undef
Compiler:
cc='cc', ccflags ='-D_REENTRANT -D_GNU_SOURCE -fwrapv -fno-strict-aliasing -pipe -fstack-protector-strong -I/usr/local/include -D_LARGEFILE_SOURCE -D_FILE_OFFSET_BITS=64',
optimize='-O2',
cppflags='-D_REENTRANT -D_GNU_SOURCE -fwrapv -fno-strict-aliasing -pipe -fstack-protector-strong -I/usr/local/include'
ccversion='', gccversion='5.3.1 20160101', gccosandvers=''
intsize=4, longsize=8, ptrsize=8, doublesize=8, byteorder=12345678, doublekind=3
d_longlong=define, longlongsize=8, d_longdbl=define, longdblsize=16, longdblkind=3
ivtype='long', ivsize=8, nvtype='double', nvsize=8, Off_t='off_t', lseeksize=8
alignbytes=8, prototype=define
Linker and Libraries:
ld='cc', ldflags =' -fstack-protector-strong -L/usr/local/lib'
libpth=/usr/local/lib /usr/lib/gcc/x86_64-linux-gnu/5/include-fixed /usr/include/x86_64-linux-gnu /usr/lib /lib/x86_64-linux-gnu /lib/../lib /usr/lib/x86_64-linux-gnu /usr/lib/../lib /lib
libs=-lpthread -lnsl -lgdbm -ldl -lm -lcrypt -lutil -lc -lgdbm_compat
perllibs=-lpthread -lnsl -ldl -lm -lcrypt -lutil -lc
libc=libc-2.21.so, so=so, useshrplib=false, libperl=libperl.a
gnulibc_version='2.21'
Dynamic Linking:
dlsrc=dl_dlopen.xs, dlext=so, d_dlsymun=undef, ccdlflags='-Wl,-E'
cccdlflags='-fPIC', lddlflags='-shared -O2 -L/usr/local/lib -fstack-protector-strong'
Characteristics of this binary (from libperl):
Compile-time options: HAS_TIMES MULTIPLICITY PERLIO_LAYERS
PERL_DONT_CREATE_GVSV
PERL_HASH_FUNC_ONE_AT_A_TIME_HARD
PERL_IMPLICIT_CONTEXT PERL_MALLOC_WRAP
PERL_NEW_COPY_ON_WRITE PERL_PRESERVE_IVUV
PERL_USE_DEVEL USE_64_BIT_ALL USE_64_BIT_INT
USE_ITHREADS USE_LARGE_FILES USE_LOCALE
USE_LOCALE_COLLATE USE_LOCALE_CTYPE
USE_LOCALE_NUMERIC USE_LOCALE_TIME USE_PERLIO
USE_PERL_ATOF USE_REENTRANT_API
Locally applied patches:
uncommitted-changes
Devel::PatchPerl 1.38
Built under linux
Compiled at Jan 3 2016 17:53:21
%ENV:
PERL5LIB=""
PERL5OPT=""
PERL5_CPANPLUS_IS_RUNNING="19923"
PERL5_CPAN_IS_RUNNING="19923"
PERL_MM_USE_DEFAULT="1"
@INC:
/home/sand/src/perl/repoperls/installed-perls/perl/v5.22.1/13e0/lib/site_perl/5.22.1/x86_64-linux-thread-multi
/home/sand/src/perl/repoperls/installed-perls/perl/v5.22.1/13e0/lib/site_perl/5.22.1
/home/sand/src/perl/repoperls/installed-perls/perl/v5.22.1/13e0/lib/5.22.1/x86_64-linux-thread-multi
/home/sand/src/perl/repoperls/installed-perls/perl/v5.22.1/13e0/lib/5.22.1
.