DateTime-Format-Intl vv0.1.0 Perl 5 v5.28.3 arm64-freebsd

Status
Fail
From
Slaven Rezić
Dist
DateTime-Format-Intl vv0.1.0
Platform
Perl 5 v5.28.3 arm64-freebsd
Date
2024-10-09 11:23:24
ID
e595bb12-8630-11ef-bb32-76db6d8775ea
This distribution has been tested as part of the CPAN Testers
project, supporting the Perl programming language.  See
http://wiki.cpantesters.org/ for more information or email
questions to cpan-testers-discuss@perl.org


--
Dear Jacques Deguest,

This is a computer-generated report for DateTime-Format-Intl-v0.1.0
on perl 5.28.3, created by CPAN-Reporter-1.2019.

Thank you for uploading your work to CPAN.  However, there was a problem
testing your distribution.

If you think this report is invalid, please consult the CPAN Testers Wiki
for suggestions on how to avoid getting FAIL reports for missing library
or binary dependencies, unsupported operating systems, and so on:

http://wiki.cpantesters.org/wiki/CPANAuthorNotes

Sections of this report:

    * Tester comments
    * Program output
    * Prerequisites
    * Environment and other context

------------------------------
TESTER COMMENTS
------------------------------

Additional comments from tester:

none provided

------------------------------
PROGRAM OUTPUT
------------------------------

Output from '/usr/bin/make test':

PERL_DL_NONLAZY=1 "/usr/perl5.28.3/bin/perl" "-MExtUtils::Command::MM" "-MTest::Harness" "-e" "undef *Test::Harness::Switches; test_harness(0, 'blib/lib', 'blib/arch')" t/*.t
t/001_load.t ....................... ok
t/002_methods.t .................... ok

    #   Failed test 'Option "timeZone" value expected was "Asia/Tokyo", but got "UTC".'
    #   at t/003_resolved_options.t line 928.
    # Looks like you failed 1 test of 2.

#   Failed test 'DateTime::Format::Intl->new( en, {dayPeriod, hour} )'
#   at t/003_resolved_options.t line 934.

    #   Failed test 'Option "timeZone" value expected was "Asia/Tokyo", but got "UTC".'
    #   at t/003_resolved_options.t line 928.
    # Looks like you failed 1 test of 2.

#   Failed test 'DateTime::Format::Intl->new( en, {dayPeriod, hour, minute} )'
#   at t/003_resolved_options.t line 934.

    #   Failed test 'Option "timeZone" value expected was "Asia/Tokyo", but got "UTC".'
    #   at t/003_resolved_options.t line 928.
    # Looks like you failed 1 test of 2.

#   Failed test 'DateTime::Format::Intl->new( en, {dayPeriod, hour, minute, second} )'
#   at t/003_resolved_options.t line 934.

    #   Failed test 'Option "timeZone" value expected was "Asia/Tokyo", but got "UTC".'
    #   at t/003_resolved_options.t line 928.
    # Looks like you failed 1 test of 2.

#   Failed test 'DateTime::Format::Intl->new( en, {weekday} )'
#   at t/003_resolved_options.t line 934.

    #   Failed test 'Option "timeZone" value expected was "Asia/Tokyo", but got "UTC".'
    #   at t/003_resolved_options.t line 928.
    # Looks like you failed 1 test of 2.

#   Failed test 'DateTime::Format::Intl->new( en, {dayPeriod, hour, minute, weekday} )'
#   at t/003_resolved_options.t line 934.

    #   Failed test 'Option "timeZone" value expected was "Asia/Tokyo", but got "UTC".'
    #   at t/003_resolved_options.t line 928.
    # Looks like you failed 1 test of 2.

#   Failed test 'DateTime::Format::Intl->new( en, {dayPeriod, hour, minute, second, weekday} )'
#   at t/003_resolved_options.t line 934.

    #   Failed test 'Option "timeZone" value expected was "Asia/Tokyo", but got "UTC".'
    #   at t/003_resolved_options.t line 928.
    # Looks like you failed 1 test of 2.

#   Failed test 'DateTime::Format::Intl->new( en, {hour, hour12, minute, weekday} )'
#   at t/003_resolved_options.t line 934.

    #   Failed test 'Option "timeZone" value expected was "Asia/Tokyo", but got "UTC".'
    #   at t/003_resolved_options.t line 928.
    # Looks like you failed 1 test of 2.

#   Failed test 'DateTime::Format::Intl->new( en, {hour, hour12, minute, second, weekday} )'
#   at t/003_resolved_options.t line 934.

    #   Failed test 'Option "timeZone" value expected was "Asia/Tokyo", but got "UTC".'
    #   at t/003_resolved_options.t line 928.
    # Looks like you failed 1 test of 2.

#   Failed test 'DateTime::Format::Intl->new( en, {day, weekday} )'
#   at t/003_resolved_options.t line 934.

    #   Failed test 'Option "timeZone" value expected was "Asia/Tokyo", but got "UTC".'
    #   at t/003_resolved_options.t line 928.
    # Looks like you failed 1 test of 2.

#   Failed test 'DateTime::Format::Intl->new( en, {era, year} )'
#   at t/003_resolved_options.t line 934.

    #   Failed test 'Option "timeZone" value expected was "Asia/Tokyo", but got "UTC".'
    #   at t/003_resolved_options.t line 928.
    # Looks like you failed 1 test of 2.

#   Failed test 'DateTime::Format::Intl->new( en, {era, month, year} )'
#   at t/003_resolved_options.t line 934.

    #   Failed test 'Option "timeZone" value expected was "Asia/Tokyo", but got "UTC".'
    #   at t/003_resolved_options.t line 928.
    # Looks like you failed 1 test of 2.

#   Failed test 'DateTime::Format::Intl->new( en, {day, era, month, weekday, year} )'
#   at t/003_resolved_options.t line 934.

    #   Failed test 'Option "timeZone" value expected was "Asia/Tokyo", but got "UTC".'
    #   at t/003_resolved_options.t line 928.
    # Looks like you failed 1 test of 2.

#   Failed test 'DateTime::Format::Intl->new( en, {day, era, month, year} )'
#   at t/003_resolved_options.t line 934.

    #   Failed test 'Option "timeZone" value expected was "Asia/Tokyo", but got "UTC".'
    #   at t/003_resolved_options.t line 928.
    # Looks like you failed 1 test of 2.

#   Failed test 'DateTime::Format::Intl->new( en, {day, era, month, year} )'
#   at t/003_resolved_options.t line 934.

    #   Failed test 'Option "timeZone" value expected was "Asia/Tokyo", but got "UTC".'
    #   at t/003_resolved_options.t line 928.
    # Looks like you failed 1 test of 2.

#   Failed test 'DateTime::Format::Intl->new( en, {hour, hour12} )'
#   at t/003_resolved_options.t line 934.

    #   Failed test 'Option "timeZone" value expected was "Asia/Tokyo", but got "UTC".'
    #   at t/003_resolved_options.t line 928.
    # Looks like you failed 1 test of 2.

#   Failed test 'DateTime::Format::Intl->new( en, {hour, hour12, minute} )'
#   at t/003_resolved_options.t line 934.

    #   Failed test 'Option "timeZone" value expected was "Asia/Tokyo", but got "UTC".'
    #   at t/003_resolved_options.t line 928.
    # Looks like you failed 1 test of 2.

#   Failed test 'DateTime::Format::Intl->new( en, {hour, hour12, minute, second} )'
#   at t/003_resolved_options.t line 934.

    #   Failed test 'Option "timeZone" value expected was "Asia/Tokyo", but got "UTC".'
    #   at t/003_resolved_options.t line 928.
    # Looks like you failed 1 test of 2.

#   Failed test 'DateTime::Format::Intl->new( en, {hour, hour12, minute, second, timeZoneName} )'
#   at t/003_resolved_options.t line 934.

    #   Failed test 'Option "timeZone" value expected was "Asia/Tokyo", but got "UTC".'
    #   at t/003_resolved_options.t line 928.
    # Looks like you failed 1 test of 2.

#   Failed test 'DateTime::Format::Intl->new( en, {hour, hour12, minute, timeZoneName} )'
#   at t/003_resolved_options.t line 934.

    #   Failed test 'Option "timeZone" value expected was "Asia/Tokyo", but got "UTC".'
    #   at t/003_resolved_options.t line 928.
    # Looks like you failed 1 test of 2.

#   Failed test 'DateTime::Format::Intl->new( en, {day, month} )'
#   at t/003_resolved_options.t line 934.

    #   Failed test 'Option "timeZone" value expected was "Asia/Tokyo", but got "UTC".'
    #   at t/003_resolved_options.t line 928.
    # Looks like you failed 1 test of 2.

#   Failed test 'DateTime::Format::Intl->new( en, {month} )'
#   at t/003_resolved_options.t line 934.

    #   Failed test 'Option "timeZone" value expected was "Asia/Tokyo", but got "UTC".'
    #   at t/003_resolved_options.t line 928.
    # Looks like you failed 1 test of 2.

#   Failed test 'DateTime::Format::Intl->new( en, {day, month, weekday} )'
#   at t/003_resolved_options.t line 934.

    #   Failed test 'Option "timeZone" value expected was "Asia/Tokyo", but got "UTC".'
    #   at t/003_resolved_options.t line 928.
    # Looks like you failed 1 test of 2.

#   Failed test 'DateTime::Format::Intl->new( en, {month} )'
#   at t/003_resolved_options.t line 934.

    #   Failed test 'Option "timeZone" value expected was "Asia/Tokyo", but got "UTC".'
    #   at t/003_resolved_options.t line 928.
    # Looks like you failed 1 test of 2.

#   Failed test 'DateTime::Format::Intl->new( en, {day, month, weekday} )'
#   at t/003_resolved_options.t line 934.

    #   Failed test 'Option "timeZone" value expected was "Asia/Tokyo", but got "UTC".'
    #   at t/003_resolved_options.t line 928.
    # Looks like you failed 1 test of 2.

#   Failed test 'DateTime::Format::Intl->new( en, {day, month} )'
#   at t/003_resolved_options.t line 934.

    #   Failed test 'Option "timeZone" value expected was "Asia/Tokyo", but got "UTC".'
    #   at t/003_resolved_options.t line 928.
    # Looks like you failed 1 test of 2.

#   Failed test 'DateTime::Format::Intl->new( en, {day, month, year} )'
#   at t/003_resolved_options.t line 934.

    #   Failed test 'Option "timeZone" value expected was "Asia/Tokyo", but got "UTC".'
    #   at t/003_resolved_options.t line 928.
    # Looks like you failed 1 test of 2.

#   Failed test 'DateTime::Format::Intl->new( en, {day, month} )'
#   at t/003_resolved_options.t line 934.

    #   Failed test 'Option "timeZone" value expected was "Asia/Tokyo", but got "UTC".'
    #   at t/003_resolved_options.t line 928.
    # Looks like you failed 1 test of 2.

#   Failed test 'DateTime::Format::Intl->new( en, {day} )'
#   at t/003_resolved_options.t line 934.

    #   Failed test 'Option "timeZone" value expected was "Asia/Tokyo", but got "UTC".'
    #   at t/003_resolved_options.t line 928.
    # Looks like you failed 1 test of 2.

#   Failed test 'DateTime::Format::Intl->new( en, {hour, hour12} )'
#   at t/003_resolved_options.t line 934.

    #   Failed test 'Option "timeZone" value expected was "Asia/Tokyo", but got "UTC".'
    #   at t/003_resolved_options.t line 928.
    # Looks like you failed 1 test of 2.

#   Failed test 'DateTime::Format::Intl->new( en, {hour, hour12, minute} )'
#   at t/003_resolved_options.t line 934.

    #   Failed test 'Option "timeZone" value expected was "Asia/Tokyo", but got "UTC".'
    #   at t/003_resolved_options.t line 928.
    # Looks like you failed 1 test of 2.

#   Failed test 'DateTime::Format::Intl->new( en, {hour, hour12, minute, second} )'
#   at t/003_resolved_options.t line 934.

    #   Failed test 'Option "timeZone" value expected was "Asia/Tokyo", but got "UTC".'
    #   at t/003_resolved_options.t line 928.
    # Looks like you failed 1 test of 2.

#   Failed test 'DateTime::Format::Intl->new( en, {hour, hour12, minute, second, timeZoneName} )'
#   at t/003_resolved_options.t line 934.

    #   Failed test 'Option "timeZone" value expected was "Asia/Tokyo", but got "UTC".'
    #   at t/003_resolved_options.t line 928.
    # Looks like you failed 1 test of 2.

#   Failed test 'DateTime::Format::Intl->new( en, {hour, hour12, minute, timeZoneName} )'
#   at t/003_resolved_options.t line 934.

    #   Failed test 'Option "timeZone" value expected was "Asia/Tokyo", but got "UTC".'
    #   at t/003_resolved_options.t line 928.
    # Looks like you failed 1 test of 2.

#   Failed test 'DateTime::Format::Intl->new( en, {minute, second} )'
#   at t/003_resolved_options.t line 934.

    #   Failed test 'Option "timeZone" value expected was "Asia/Tokyo", but got "UTC".'
    #   at t/003_resolved_options.t line 928.
    # Looks like you failed 1 test of 2.

#   Failed test 'DateTime::Format::Intl->new( en, {year} )'
#   at t/003_resolved_options.t line 934.

    #   Failed test 'Option "timeZone" value expected was "Asia/Tokyo", but got "UTC".'
    #   at t/003_resolved_options.t line 928.
    # Looks like you failed 1 test of 2.

#   Failed test 'DateTime::Format::Intl->new( en, {month, year} )'
#   at t/003_resolved_options.t line 934.

    #   Failed test 'Option "timeZone" value expected was "Asia/Tokyo", but got "UTC".'
    #   at t/003_resolved_options.t line 928.
    # Looks like you failed 1 test of 2.

#   Failed test 'DateTime::Format::Intl->new( en, {day, month, weekday, year} )'
#   at t/003_resolved_options.t line 934.

    #   Failed test 'Option "timeZone" value expected was "Asia/Tokyo", but got "UTC".'
    #   at t/003_resolved_options.t line 928.
    # Looks like you failed 1 test of 2.

#   Failed test 'DateTime::Format::Intl->new( en, {month, year} )'
#   at t/003_resolved_options.t line 934.

    #   Failed test 'Option "timeZone" value expected was "Asia/Tokyo", but got "UTC".'
    #   at t/003_resolved_options.t line 928.
    # Looks like you failed 1 test of 2.

#   Failed test 'DateTime::Format::Intl->new( en, {day, month, weekday, year} )'
#   at t/003_resolved_options.t line 934.

    #   Failed test 'Option "timeZone" value expected was "Asia/Tokyo", but got "UTC".'
    #   at t/003_resolved_options.t line 928.
    # Looks like you failed 1 test of 2.

#   Failed test 'DateTime::Format::Intl->new( en, {month, year} )'
#   at t/003_resolved_options.t line 934.

    #   Failed test 'Option "timeZone" value expected was "Asia/Tokyo", but got "UTC".'
    #   at t/003_resolved_options.t line 928.
    # Looks like you failed 1 test of 2.

#   Failed test 'DateTime::Format::Intl->new( en, {day, month, year} )'
#   at t/003_resolved_options.t line 934.

    #   Failed test 'Option "timeZone" value expected was "Asia/Tokyo", but got "UTC".'
    #   at t/003_resolved_options.t line 928.
    # Looks like you failed 1 test of 2.

#   Failed test 'DateTime::Format::Intl->new( en, {day, month, year} )'
#   at t/003_resolved_options.t line 934.

    #   Failed test 'Option "timeZone" value expected was "Asia/Tokyo", but got "UTC".'
    #   at t/003_resolved_options.t line 928.
    # Looks like you failed 1 test of 2.

#   Failed test 'DateTime::Format::Intl->new( en, {month, year} )'
#   at t/003_resolved_options.t line 934.

    #   Failed test 'Option "timeZone" value expected was "Asia/Tokyo", but got "UTC".'
    #   at t/003_resolved_options.t line 928.
    # Looks like you failed 1 test of 2.

#   Failed test 'DateTime::Format::Intl->new( en, {month, year} )'
#   at t/003_resolved_options.t line 934.

    #   Failed test 'Option "timeZone" value expected was "Asia/Tokyo", but got "UTC".'
    #   at t/003_resolved_options.t line 928.
    # Looks like you failed 1 test of 2.

#   Failed test 'DateTime::Format::Intl->new( en, {day, month, year} )'
#   at t/003_resolved_options.t line 934.

    #   Failed test 'Option "timeZone" value expected was "Asia/Tokyo", but got "UTC".'
    #   at t/003_resolved_options.t line 928.
    # Looks like you failed 1 test of 2.

#   Failed test 'DateTime::Format::Intl->new( en, {minute} )'
#   at t/003_resolved_options.t line 934.

    #   Failed test 'Option "timeZone" value expected was "Asia/Tokyo", but got "UTC".'
    #   at t/003_resolved_options.t line 928.
    # Looks like you failed 1 test of 2.

#   Failed test 'DateTime::Format::Intl->new( en, {second} )'
#   at t/003_resolved_options.t line 934.
# Looks like you failed 47 tests of 54.
t/003_resolved_options.t ........... 
Dubious, test returned 47 (wstat 12032, 0x2f00)
Failed 47/54 subtests 
t/004_supported_locales_of.t ....... ok
t/005_select_best_pattern.t ........ ok
t/006_format.t ..................... ok
t/007_select_best_range_pattern.t .. ok
t/008_format_range.t ............... ok
t/009_date_time_combination.t ...... ok
t/010_format_to_parts.t ............ ok
t/011_format_range_to_parts.t ...... ok
t/900_pod.t ........................ skipped: These tests are for author or release candidate testing
t/910_coverage.t ................... skipped: These tests are for author or release candidate testing
t/920_manifest.t ................... skipped: Author tests not required for installation
t/930_signature.t .................. skipped: Set the environment variable AUTHOR_TESTING to enable this test.
t/999_kwalitee.t ................... skipped: These tests are for author or release candidate testing

Test Summary Report
-------------------
t/003_resolved_options.t         (Wstat: 12032 Tests: 54 Failed: 47)
  Failed tests:  8-54
  Non-zero exit status: 47
Files=16, Tests=453, 12 wallclock secs ( 0.39 usr  0.05 sys + 11.92 cusr  0.78 csys = 13.14 CPU)
Result: FAIL
Failed 1/16 test programs. 47/453 subtests failed.
*** Error code 255

Stop.
make: stopped in /home/cpansand/.cpan/build/2024100902/DateTime-Format-Intl-v0.1.0-1

------------------------------
PREREQUISITES
------------------------------

Prerequisite modules loaded:

requires:

    Module                     Need     Have    
    -------------------------- -------- --------
    DateTime                   0.42     1.65    
    DateTime::Format::Unicode  v0.1.3   v0.1.3  
    DateTime::Locale::FromCLDR v0.4.3   v0.4.3  
    Locale::Intl               v0.1.0   v0.1.0  
    Locale::Unicode::Data      v1.0.4   v1.0.4  
    parent                     0        0.242   
    perl                       5.010001 5.028003
    POSIX                      0        1.84    
    Scalar::Util               0        1.63    
    strict                     0        1.11    
    vars                       0        1.04    
    Want                       0.17     0.29    
    warnings                   0        1.42    
    warnings::register         0        1.04    

build_requires:

    Module                     Need     Have    
    -------------------------- -------- --------
    ExtUtils::MakeMaker        0        7.70    
    lib                        0.63     0.64    
    open                       0        1.11    
    Test::More                 1.302120 1.302202
    Test::Pod                  1.52     1.52    
    utf8                       0        1.21    

configure_requires:

    Module                     Need     Have    
    -------------------------- -------- --------
    ExtUtils::MakeMaker        0        7.70    


------------------------------
ENVIRONMENT AND OTHER CONTEXT
------------------------------

Environment variables:

    LANG = C.UTF-8
    PATH = /usr/local/bin:/usr/bin:/bin:/usr/local/sbin:/usr/sbin:/sbin:/home/cpansand/bin/sh:/home/cpansand/bin:/usr/games:/home/cpansand/devel:/home/eserte/src/srezic-misc/scripts
    PERL5LIB = 
    PERL5OPT = 
    PERL5_CPANPLUS_IS_RUNNING = 32609
    PERL5_CPAN_IS_RUNNING = 32609
    PERL5_CPAN_IS_RUNNING_IN_RECURSION = 32358,32609
    PERL_BATCH = yes
    PERL_CANARY_STABILITY_NOPROMPT = 1
    PERL_CPAN_REPORTER_CONFIG = /var/tmp/cpansmoker-1023/2024100902/cpanreporter_000_config.ini
    PERL_EXTUTILS_AUTOINSTALL = --defaultdeps
    PERL_USE_UNSAFE_INC = 1
    SHELL = /bin/sh
    TMPDIR = /var/tmp/cpansmoker-1023/2024100902

Perl special variables (and OS-specific diagnostics, for MSWin32):

    $^X = /usr/perl5.28.3/bin/perl
    $UID/$EUID = 1023 / 1023
    $GID = 1023 1023
    $EGID = 1023 1023

Perl module toolchain versions installed:

    Module              Have    
    ------------------- --------
    CPAN                2.20    
    CPAN::Meta          2.150010
    Cwd                 3.75    
    ExtUtils::CBuilder  0.280236
    ExtUtils::Command   7.70    
    ExtUtils::Install   2.22    
    ExtUtils::MakeMaker 7.70    
    ExtUtils::Manifest  1.75    
    ExtUtils::ParseXS   3.51    
    File::Spec          3.75    
    JSON                4.10    
    JSON::PP            4.16    
    Module::Build       0.4234  
    Module::Signature   n/a     
    Parse::CPAN::Meta   2.150010
    Test2               1.302202
    Test::Harness       3.42    
    Test::More          1.302202
    YAML                1.31    
    YAML::Syck          1.34    
    version             0.9923  


--

Summary of my perl5 (revision 5 version 28 subversion 3) configuration:
   
  Platform:
    osname=freebsd
    osvers=14.1-stable
    archname=arm64-freebsd
    uname='freebsd cloud9.bbbike.org 14.1-stable freebsd 14.1-stable stable14-n268041-bb7b7b0eb7cf generic arm64 '
    config_args='-ds -e -Dprefix=/usr/perl5.28.3 -Dcf_email=srezic@cpan.org -Doptimize=-O2 -pipe'
    hint=recommended
    useposix=true
    d_sigaction=define
    useithreads=undef
    usemultiplicity=undef
    use64bitint=define
    use64bitall=define
    uselongdouble=undef
    usemymalloc=n
    default_inc_excludes_dot=define
    bincompat5005=undef
  Compiler:
    cc='cc'
    ccflags ='-DHAS_FPSETMASK -DHAS_FLOATINGPOINT_H -fno-strict-aliasing -pipe -fstack-protector-strong -I/usr/local/include'
    optimize='-O2 -pipe'
    cppflags='-DHAS_FPSETMASK -DHAS_FLOATINGPOINT_H -fno-strict-aliasing -pipe -fstack-protector-strong -I/usr/local/include'
    ccversion=''
    gccversion='FreeBSD Clang 18.1.6 (https://github.com/llvm/llvm-project.git llvmorg-18.1.6-0-g1118c2e05e67)'
    gccosandvers=''
    intsize=4
    longsize=8
    ptrsize=8
    doublesize=8
    byteorder=12345678
    doublekind=3
    d_longlong=define
    longlongsize=8
    d_longdbl=define
    longdblsize=16
    longdblkind=1
    ivtype='long'
    ivsize=8
    nvtype='double'
    nvsize=8
    Off_t='off_t'
    lseeksize=8
    alignbytes=8
    prototype=define
  Linker and Libraries:
    ld='cc'
    ldflags ='-Wl,-E  -fstack-protector-strong -L/usr/local/lib'
    libpth=/usr/lib /usr/local/lib /usr/lib/clang/18/lib /usr/lib
    libs=-lpthread -lgdbm -ldl -lm -lcrypt -lutil -lc
    perllibs=-lpthread -ldl -lm -lcrypt -lutil -lc
    libc=
    so=so
    useshrplib=false
    libperl=libperl.a
    gnulibc_version=''
  Dynamic Linking:
    dlsrc=dl_dlopen.xs
    dlext=so
    d_dlsymun=undef
    ccdlflags=' '
    cccdlflags='-DPIC -fPIC'
    lddlflags='-shared  -L/usr/local/lib -fstack-protector-strong'


Characteristics of this binary (from libperl): 
  Compile-time options:
    HAS_TIMES
    PERLIO_LAYERS
    PERL_COPY_ON_WRITE
    PERL_DONT_CREATE_GVSV
    PERL_MALLOC_WRAP
    PERL_OP_PARENT
    PERL_PRESERVE_IVUV
    USE_64_BIT_ALL
    USE_64_BIT_INT
    USE_LARGE_FILES
    USE_LOCALE
    USE_LOCALE_COLLATE
    USE_LOCALE_CTYPE
    USE_LOCALE_NUMERIC
    USE_LOCALE_TIME
    USE_PERLIO
    USE_PERL_ATOF
  Locally applied patches:
    Devel::PatchPerl 2.08
  Built under freebsd
  Compiled at Jun 30 2024 07:39:37
  %ENV:
    PERL5LIB=""
    PERL5OPT=""
    PERL5_CPANPLUS_IS_RUNNING="32609"
    PERL5_CPAN_IS_RUNNING="32609"
    PERL5_CPAN_IS_RUNNING_IN_RECURSION="32358,32609"
    PERL_BATCH="yes"
    PERL_CANARY_STABILITY_NOPROMPT="1"
    PERL_CPAN_REPORTER_CONFIG="/var/tmp/cpansmoker-1023/2024100902/cpanreporter_000_config.ini"
    PERL_EXTUTILS_AUTOINSTALL="--defaultdeps"
    PERL_USE_UNSAFE_INC="1"
  @INC:
    /usr/perl5.28.3/lib/site_perl/5.28.3/arm64-freebsd
    /usr/perl5.28.3/lib/site_perl/5.28.3
    /usr/perl5.28.3/lib/5.28.3/arm64-freebsd
    /usr/perl5.28.3/lib/5.28.3
    .