SpeL-Wizard v20250511.1428 Perl 5 v5.34.3 x86_64-linux-thread-multi

Status
Fail
From
David Cantrell (DCANTRELL)
Dist
SpeL-Wizard v20250511.1428
Platform
Perl 5 v5.34.3 x86_64-linux-thread-multi
Date
2025-05-11 23:23:06
ID
e4c31d9c-2ebe-11f0-9337-790045fc8774
This distribution has been tested as part of the CPAN Testers
project, supporting the Perl programming language.  See
http://wiki.cpantesters.org/ for more information or email
questions to cpan-testers-discuss@perl.org


--
Dear Walter Daems,

This is a computer-generated report for SpeL-Wizard-20250511.1428
on perl 5.34.3, created by CPAN-Reporter-1.2019.

Thank you for uploading your work to CPAN.  However, there was a problem
testing your distribution.

If you think this report is invalid, please consult the CPAN Testers Wiki
for suggestions on how to avoid getting FAIL reports for missing library
or binary dependencies, unsupported operating systems, and so on:

http://wiki.cpantesters.org/wiki/CPANAuthorNotes

Sections of this report:

    * Tester comments
    * Program output
    * Prerequisites
    * Environment and other context

------------------------------
TESTER COMMENTS
------------------------------

Additional comments from tester:

this report is from an automated smoke testing program
and was not reviewed by a human for accuracy

------------------------------
PROGRAM OUTPUT
------------------------------

Output from '/usr/bin/make test':

Skip blib/lib/auto/share/dist/SpeL-Wizard/tts.conf (unchanged)
Skip blib/lib/auto/share/dist/SpeL-Wizard/awspolly-neural-Lisa.tr (unchanged)
Skip blib/lib/auto/share/dist/SpeL-Wizard/tts-aws.conf (unchanged)
Skip blib/lib/auto/share/dist/SpeL-Wizard/tts-azure.conf (unchanged)
PERL_DL_NONLAZY=1 "/home/david/cpantesting/perl-5.34.3/bin/perl" "-MExtUtils::Command::MM" "-MTest::Harness" "-e" "undef *Test::Harness::Switches; test_harness(0, 'blib/lib', 'blib/arch')" t/*.t t/01-lib/SpeL/Object/*.t t/01-lib/SpeL/Parser/*.t t/02-bin/*.t
# 
# Versions for all modules listed in MYMETA.json (including optional ones):
# 
# === Configure Requires ===
# 
#     Module                  Want Have
#     ----------------------- ---- ----
#     ExtUtils::MakeMaker      any 7.70
#     File::ShareDir::Install 0.06 0.14
# 
# === Build Requires ===
# 
#     Module              Want Have
#     ------------------- ---- ----
#     ExtUtils::MakeMaker  any 7.70
# 
# === Test Requires ===
# 
#     Module              Want     Have
#     ------------------- ---- --------
#     ExtUtils::MakeMaker  any     7.70
#     File::Compare        any   1.1006
#     File::Spec           any     3.80
#     Test::More           any 1.302207
# 
# === Test Recommends ===
# 
#     Module         Want     Have
#     ---------- -------- --------
#     CPAN::Meta 2.120900 2.150010
# 
# === Runtime Requires ===
# 
#     Module                Want       Have
#     ----------------- -------- ----------
#     Carp                   any       1.52
#     Config::Tiny           any       2.30
#     Data::Dumper           any      2.183
#     Digest::MD5::File      any       0.08
#     Exporter               any       5.78
#     File::Basename         any       2.85
#     File::Path             any       2.18
#     File::ShareDir         any      1.118
#     File::Spec             any       3.80
#     FindBin                any       1.54
#     Getopt::Long           any       2.58
#     IO::File               any       1.55
#     IPC::Run               any 20231003.0
#     Locale::Maketext       any       1.29
#     Pod::Usage             any       2.03
#     Regexp::Common         any 2024080801
#     Regexp::Grammars       any      1.058
#     parent                 any      0.244
#     perl              5.032000   5.034003
#     strict                 any       1.12
#     warnings               any       1.51
# 
t/00-report-prereqs.t ................. ok
t/01-lib/SpeL/Object/ModuleLoading.t .. ok
t/01-lib/SpeL/Parser/Auxiliary.t ...... ok
t/01-lib/SpeL/Parser/Chunk.t .......... ok

#   Failed test 't/02-bin/auxiliary/realistic.aux'
#   at t/02-bin/auxiliary.t line 24.
# Looks like you failed 1 test of 1.
t/02-bin/auxiliary.t .................. 
Dubious, test returned 1 (wstat 256, 0x100)
Failed 1/1 subtests 
t/02-bin/spel

#   Failed test 't/02-bin/spel/aligned.spelidx'
#   at t/02-bin/spel.t line 38.

#   Failed test 't/02-bin/spel/aprep.spelidx'
#   at t/02-bin/spel.t line 38.

#   Failed test 't/02-bin/spel/backslashdollar.spelidx'
#   at t/02-bin/spel.t line 38.

#   Failed test 't/02-bin/spel/bracketstring.spelidx'
#   at t/02-bin/spel.t line 38.

#   Failed test 't/02-bin/spel/chunk-firstmathcommand.spelidx'
#   at t/02-bin/spel.t line 38.

#   Failed test 't/02-bin/spel/chunk-mitvarepsilon.spelidx'
#   at t/02-bin/spel.t line 38.

#   Failed test 't/02-bin/spel/chunk-nestedmath.spelidx'
#   at t/02-bin/spel.t line 38.

#   Failed test 't/02-bin/spel/chunk-numbers.spelidx'
#   at t/02-bin/spel.t line 38.

#   Failed test 't/02-bin/spel/difficult.spelidx'
#   at t/02-bin/spel.t line 38.
== GOLDEN ==== t/02-bin/spel/docstrip =======================
== BROWN ===================================
== STDERR===================================
============================================

#   Failed test 't/02-bin/spel/docstrip.spelidx'
#   at t/02-bin/spel.t line 38.

#   Failed test 't/02-bin/spel/expressions.spelidx'
#   at t/02-bin/spel.t line 38.

#   Failed test 't/02-bin/spel/faculty.spelidx'
#   at t/02-bin/spel.t line 38.

#   Failed test 't/02-bin/spel/greek.spelidx'
#   at t/02-bin/spel.t line 38.
== GOLDEN ==== t/02-bin/spel/i18n =======================
== BROWN ===================================
== STDERR===================================
============================================

#   Failed test 't/02-bin/spel/i18n.spelidx'
#   at t/02-bin/spel.t line 38.

#   Failed test 't/02-bin/spel/inlinemath.spelidx'
#   at t/02-bin/spel.t line 38.

#   Failed test 't/02-bin/spel/inlinemathlimitsexpr.spelidx'
#   at t/02-bin/spel.t line 38.

#   Failed test 't/02-bin/spel/leadsto.spelidx'
#   at t/02-bin/spel.t line 38.

#   Failed test 't/02-bin/spel/logarithm.spelidx'
#   at t/02-bin/spel.t line 38.

#   Failed test 't/02-bin/spel/long.spelidx'
#   at t/02-bin/spel.t line 38.

#   Failed test 't/02-bin/spel/mathenvexpressions.spelidx'
#   at t/02-bin/spel.t line 38.

#   Failed test 't/02-bin/spel/matrices.spelidx'
#   at t/02-bin/spel.t line 38.

#   Failed test 't/02-bin/spel/max.spelidx'
#   at t/02-bin/spel.t line 38.

#   Failed test 't/02-bin/spel/midtext.spelidx'
#   at t/02-bin/spel.t line 38.

#   Failed test 't/02-bin/spel/numbers-with-times.spelidx'
#   at t/02-bin/spel.t line 38.

#   Failed test 't/02-bin/spel/percent.spelidx'
#   at t/02-bin/spel.t line 38.

#   Failed test 't/02-bin/spel/scratch.spelidx'
#   at t/02-bin/spel.t line 38.

#   Failed test 't/02-bin/spel/section.spelidx'
#   at t/02-bin/spel.t line 38.

#   Failed test 't/02-bin/spel/sets.spelidx'
#   at t/02-bin/spel.t line 38.

#   Failed test 't/02-bin/spel/sine-cosine.spelidx'
#   at t/02-bin/spel.t line 38.

#   Failed test 't/02-bin/spel/sinum.spelidx'
#   at t/02-bin/spel.t line 38.

#   Failed test 't/02-bin/spel/siunitx.spelidx'
#   at t/02-bin/spel.t line 38.

#   Failed test 't/02-bin/spel/sqrt.spelidx'
#   at t/02-bin/spel.t line 38.

#   Failed test 't/02-bin/spel/sum.spelidx'
#   at t/02-bin/spel.t line 38.

#   Failed test 't/02-bin/spel/title.spelidx'
#   at t/02-bin/spel.t line 38.

#   Failed test 't/02-bin/spel/transpose.spelidx'
#   at t/02-bin/spel.t line 38.

#   Failed test 't/02-bin/spel/trigpowers.spelidx'
#   at t/02-bin/spel.t line 38.

#   Failed test 't/02-bin/spel/underbrace.spelidx'
#   at t/02-bin/spel.t line 38.
# Looks like you failed 37 tests of 37.
t/02-bin/spel.t ....................... 
Dubious, test returned 37 (wstat 9472, 0x2500)
Failed 37/37 subtests 

Test Summary Report
-------------------
t/02-bin/auxiliary.t                (Wstat: 256 (exited 1) Tests: 1 Failed: 1)
  Failed test:  1
  Non-zero exit status: 1
t/02-bin/spel.t                     (Wstat: 9472 (exited 37) Tests: 37 Failed: 37)
  Failed tests:  1-37
  Non-zero exit status: 37
Files=6, Tests=126, 447 wallclock secs ( 0.07 usr  0.01 sys + 297.49 cusr  1.31 csys = 298.88 CPU)
Result: FAIL
Failed 2/6 test programs. 38/126 subtests failed.
make: *** [Makefile:1178: test_dynamic] Error 37

------------------------------
PREREQUISITES
------------------------------

Prerequisite modules loaded:

requires:

    Module                  Need     Have      
    ----------------------- -------- ----------
    Carp                    0        1.52      
    Config::Tiny            0        2.30      
    Data::Dumper            0        2.183     
    Digest::MD5::File       0        0.08      
    Exporter                0        5.78      
    File::Basename          0        2.85      
    File::Path              0        2.18      
    File::ShareDir          0        1.118     
    File::Spec              0        3.80      
    FindBin                 0        1.54      
    Getopt::Long            0        2.58      
    IO::File                0        1.55      
    IPC::Run                0        20231003.0
    Locale::Maketext        0        1.29      
    parent                  0        0.244     
    perl                    5.032000 5.034003  
    Pod::Usage              0        2.03      
    Regexp::Common          0        2024080801
    Regexp::Grammars        0        1.058     
    strict                  0        1.12      
    warnings                0        1.51      

build_requires:

    Module                  Need     Have      
    ----------------------- -------- ----------
    ExtUtils::MakeMaker     0        7.70      
    File::Compare           0        1.1006    
    File::Spec              0        3.80      
    Test::More              0        1.302207  

configure_requires:

    Module                  Need     Have      
    ----------------------- -------- ----------
    ExtUtils::MakeMaker     0        7.70      
    File::ShareDir::Install 0.06     0.14      

opt_build_requires:

    Module                  Need     Have      
    ----------------------- -------- ----------
    CPAN::Meta              2.120900 2.150010  


------------------------------
ENVIRONMENT AND OTHER CONTEXT
------------------------------

Environment variables:

    AUTOMATED_TESTING = 1
    LANG = en_GB.UTF-8
    LANGUAGE = en_GB:en
    LC_TERMINAL = iTerm2
    LC_TERMINAL_VERSION = 3.5.13
    NONINTERACTIVE_TESTING = 1
    PATH = /home/david/.nvm/versions/node/v22.15.0/bin:/home/david/.cargo/bin:/home/david/perl5/perlbrew/bin:/home/david/perl5/perlbrew/perls/perl-5.30.2/bin:/home/david/bin:/usr/local/bin:/usr/bin:/bin:/usr/local/games:/usr/games
    PERL = 5.34.3
    PERL5LIB = 
    PERL5OPT = 
    PERL5_CPANPLUS_IS_RUNNING = 225711
    PERL5_CPAN_IS_RUNNING = 225711
    PERLBREW_HOME = /home/david/.perlbrew
    PERLBREW_MANPATH = /home/david/perl5/perlbrew/perls/perl-5.30.2/man
    PERLBREW_PATH = /home/david/perl5/perlbrew/bin:/home/david/perl5/perlbrew/perls/perl-5.30.2/bin
    PERLBREW_PERL = perl-5.30.2
    PERLBREW_ROOT = /home/david/perl5/perlbrew
    PERLBREW_SHELLRC_VERSION = 0.98
    PERLBREW_VERSION = 0.98
    PERLVER = 5.34.3
    PERL_INLINE_DIRECTORY = /home/david/.Inline-5.34.3
    PERL_MM_USE_DEFAULT = 1
    PERL_USE_UNSAFE_INC = 0
    SHELL = /bin/bash
    TERM = screen

Perl special variables (and OS-specific diagnostics, for MSWin32):

    $^X = /home/david/cpantesting/perl-5.34.3/bin/perl
    $UID/$EUID = 1000 / 1000
    $GID = 1000 24 25 27 29 30 44 46 109 1000
    $EGID = 1000 24 25 27 29 30 44 46 109 1000

Perl module toolchain versions installed:

    Module              Have    
    ------------------- --------
    CPAN                2.28    
    CPAN::Meta          2.150010
    Cwd                 3.80    
    ExtUtils::CBuilder  0.280236
    ExtUtils::Command   7.70    
    ExtUtils::Install   2.22    
    ExtUtils::MakeMaker 7.70    
    ExtUtils::Manifest  1.75    
    ExtUtils::ParseXS   3.51    
    File::Spec          3.80    
    JSON                4.10    
    JSON::PP            4.16    
    Module::Build       0.4234  
    Module::Signature   n/a     
    Parse::CPAN::Meta   2.150010
    Test2               1.302207
    Test::Harness       3.50    
    Test::More          1.302207
    YAML                1.31    
    YAML::Syck          n/a     
    version             0.9933  


--

Summary of my perl5 (revision 5 version 34 subversion 3) configuration:
   
  Platform:
    osname=linux
    osvers=6.1.0-11-amd64
    archname=x86_64-linux-thread-multi
    uname='linux cpantesting-linux 6.1.0-11-amd64 #1 smp preempt_dynamic debian 6.1.38-4 (2023-08-08) x86_64 gnulinux '
    config_args='-de -Dprefix=/home/david/cpantesting/perl-5.34.3 -Dusethreads'
    hint=recommended
    useposix=true
    d_sigaction=define
    useithreads=define
    usemultiplicity=define
    use64bitint=define
    use64bitall=define
    uselongdouble=undef
    usemymalloc=n
    default_inc_excludes_dot=define
  Compiler:
    cc='cc'
    ccflags ='-D_REENTRANT -D_GNU_SOURCE -fwrapv -fno-strict-aliasing -pipe -fstack-protector-strong -I/usr/local/include -D_LARGEFILE_SOURCE -D_FILE_OFFSET_BITS=64 -D_FORTIFY_SOURCE=2'
    optimize='-O2'
    cppflags='-D_REENTRANT -D_GNU_SOURCE -fwrapv -fno-strict-aliasing -pipe -fstack-protector-strong -I/usr/local/include'
    ccversion=''
    gccversion='12.2.0'
    gccosandvers=''
    intsize=4
    longsize=8
    ptrsize=8
    doublesize=8
    byteorder=12345678
    doublekind=3
    d_longlong=define
    longlongsize=8
    d_longdbl=define
    longdblsize=16
    longdblkind=3
    ivtype='long'
    ivsize=8
    nvtype='double'
    nvsize=8
    Off_t='off_t'
    lseeksize=8
    alignbytes=8
    prototype=define
  Linker and Libraries:
    ld='cc'
    ldflags =' -fstack-protector-strong -L/usr/local/lib'
    libpth=/usr/local/lib /usr/lib/x86_64-linux-gnu /usr/lib /usr/lib64
    libs=-lpthread -lnsl -ldl -lm -lcrypt -lutil -lc
    perllibs=-lpthread -lnsl -ldl -lm -lcrypt -lutil -lc
    libc=/lib/x86_64-linux-gnu/libc.so.6
    so=so
    useshrplib=false
    libperl=libperl.a
    gnulibc_version='2.36'
  Dynamic Linking:
    dlsrc=dl_dlopen.xs
    dlext=so
    d_dlsymun=undef
    ccdlflags='-Wl,-E'
    cccdlflags='-fPIC'
    lddlflags='-shared -O2 -L/usr/local/lib -fstack-protector-strong'


Characteristics of this binary (from libperl): 
  Compile-time options:
    HAS_TIMES
    MULTIPLICITY
    PERLIO_LAYERS
    PERL_COPY_ON_WRITE
    PERL_DONT_CREATE_GVSV
    PERL_IMPLICIT_CONTEXT
    PERL_MALLOC_WRAP
    PERL_OP_PARENT
    PERL_PRESERVE_IVUV
    USE_64_BIT_ALL
    USE_64_BIT_INT
    USE_ITHREADS
    USE_LARGE_FILES
    USE_LOCALE
    USE_LOCALE_COLLATE
    USE_LOCALE_CTYPE
    USE_LOCALE_NUMERIC
    USE_LOCALE_TIME
    USE_PERLIO
    USE_PERL_ATOF
    USE_REENTRANT_API
    USE_THREAD_SAFE_LOCALE
  Built under linux
  Compiled at Nov 30 2023 23:58:47
  %ENV:
    PERL="5.34.3"
    PERL5LIB=""
    PERL5OPT=""
    PERL5_CPANPLUS_IS_RUNNING="225711"
    PERL5_CPAN_IS_RUNNING="225711"
    PERLBREW_HOME="/home/david/.perlbrew"
    PERLBREW_MANPATH="/home/david/perl5/perlbrew/perls/perl-5.30.2/man"
    PERLBREW_PATH="/home/david/perl5/perlbrew/bin:/home/david/perl5/perlbrew/perls/perl-5.30.2/bin"
    PERLBREW_PERL="perl-5.30.2"
    PERLBREW_ROOT="/home/david/perl5/perlbrew"
    PERLBREW_SHELLRC_VERSION="0.98"
    PERLBREW_VERSION="0.98"
    PERLVER="5.34.3"
    PERL_INLINE_DIRECTORY="/home/david/.Inline-5.34.3"
    PERL_MM_USE_DEFAULT="1"
    PERL_USE_UNSAFE_INC="0"
  @INC:
    /home/david/cpantesting/perl-5.34.3/lib/site_perl/5.34.3/x86_64-linux-thread-multi
    /home/david/cpantesting/perl-5.34.3/lib/site_perl/5.34.3
    /home/david/cpantesting/perl-5.34.3/lib/5.34.3/x86_64-linux-thread-multi
    /home/david/cpantesting/perl-5.34.3/lib/5.34.3