Report for Taint-0.09

Back
From: metabase:user:322078bc-2aae-11df-837a-5e0a49663a4f
Subject: FAIL Taint-0.09 v5.12.2 SunOS/Solaris
Date: 2010-11-26T02:43:04Z

This distribution has been tested as part of the CPAN Testers
project, supporting the Perl programming language.  See
http://wiki.cpantesters.org/ for more information or email
questions to cpan-testers-discuss@perl.org


--

Dear Tom Phoenix,
    
This is a computer-generated error report created automatically by
CPANPLUS, version 0.9010. Testers personal comments may appear 
at the end of this report.


Thank you for uploading your work to CPAN.  However, it appears that
there were some problems testing your distribution.

TEST RESULTS:

Below is the error stack from stage 'make test':

[MSG] [Fri Nov 26 01:42:50 2010] Trying to get 'ftp://cpan.bingosnet.co.uk/CPAN/authors/id/M/MI/MIKO/CHECKSUMS'
[MSG] [Fri Nov 26 01:42:51 2010] Checksum matches for 'Apache2-Request-Plus-0.10.tar.gz'
[MSG] [Fri Nov 26 01:42:51 2010] Extracted 'Apache2::Request::Plus' to '/export/home/cpan/pit/64bit/conf/perl-5.12.2/.cpanplus/5.12.2/build/Apache2-Request-Plus-0.10'
[MSG] [Fri Nov 26 01:42:51 2010] CPANPLUS is prefering Build.PL
[MSG] [Fri Nov 26 01:42:51 2010] Loading YACSmoke database "/export/home/cpan/pit/64bit/conf/perl-5.12.2/.cpanplus/cpansmoke.dat"
[MSG] [Fri Nov 26 01:42:52 2010] Checking if your kit is complete...
Looks good
Warning: prerequisite Debug::ShowStuff 1.1 not found.
Warning: prerequisite String::Util 1.01 not found.
WARNING: Setting ABSTRACT via file 'Plus.pm' failed
 at /export/home/cpan/pit/64bit/perl-5.12.2/lib/5.12.2/ExtUtils/MakeMaker.pm line 583
Writing Makefile for Apache2::Request::Plus

[MSG] [Fri Nov 26 01:42:52 2010] DEFAULT 'filter_prereqs' HANDLER RETURNING 'sub return value'
[MSG] [Fri Nov 26 01:42:52 2010] Checking for previous PASS result for "Apache2-Request-Plus-0.10"
[MSG] [Fri Nov 26 01:42:53 2010] Module 'Apache2::Request::Plus' requires 'Debug::ShowStuff' version '1.1' to be installed 
[MSG] [Fri Nov 26 01:42:53 2010] Module 'Apache2::Request::Plus' requires 'String::Util' version '1.01' to be installed 
[MSG] [Fri Nov 26 01:42:55 2010] Using cached file '/export/home/cpan/pit/64bit/conf/perl-5.12.2/.cpanplus/authors/id/M/MI/MIKO/CHECKSUMS' on disk; ttl (3600s) is not exceeded
[MSG] [Fri Nov 26 01:42:55 2010] Checksum matches for 'Debug-ShowStuff-1.11.tar.gz'
[MSG] [Fri Nov 26 01:42:56 2010] Extracted 'Debug::ShowStuff' to '/export/home/cpan/pit/64bit/conf/perl-5.12.2/.cpanplus/5.12.2/build/Debug-ShowStuff-1.11'
[MSG] [Fri Nov 26 01:42:56 2010] CPANPLUS is prefering Build.PL
[MSG] [Fri Nov 26 01:42:57 2010] Checking if your kit is complete...
Looks good
Warning: prerequisite MemHandle 0.06 not found.
Warning: prerequisite Taint 0.09 not found.
Warning: prerequisite Tie::IxHash 1.1 not found.
Writing Makefile for Debug::ShowStuff

[MSG] [Fri Nov 26 01:42:57 2010] DEFAULT 'filter_prereqs' HANDLER RETURNING 'sub return value'
[MSG] [Fri Nov 26 01:42:57 2010] Checking for previous PASS result for "Debug-ShowStuff-1.11"
[MSG] [Fri Nov 26 01:42:57 2010] Module 'Debug::ShowStuff' requires 'MemHandle' version '0.06' to be installed 
[MSG] [Fri Nov 26 01:42:57 2010] Module 'Debug::ShowStuff' requires 'Taint' version '0.09' to be installed 
[MSG] [Fri Nov 26 01:42:57 2010] Module 'Debug::ShowStuff' requires 'Tie::IxHash' version '1.1' to be installed 
[MSG] [Fri Nov 26 01:43:00 2010] Trying to get 'ftp://cpan.bingosnet.co.uk/CPAN/authors/id/S/SC/SCR/CHECKSUMS'
[MSG] [Fri Nov 26 01:43:00 2010] Checksum matches for 'MemHandle-0.06.tar.gz'
[MSG] [Fri Nov 26 01:43:01 2010] Extracted 'MemHandle' to '/export/home/cpan/pit/64bit/conf/perl-5.12.2/.cpanplus/5.12.2/build/MemHandle-0.06'
[MSG] [Fri Nov 26 01:43:01 2010] CPANPLUS is prefering Build.PL
[MSG] [Fri Nov 26 01:43:02 2010] Checking if your kit is complete...
Looks good
Writing Makefile for MemHandle

[MSG] [Fri Nov 26 01:43:02 2010] DEFAULT 'filter_prereqs' HANDLER RETURNING 'sub return value'
[MSG] [Fri Nov 26 01:43:02 2010] Checking for previous PASS result for "MemHandle-0.06"
[MSG] [Fri Nov 26 01:43:04 2010] cp MemHandle/Tie.pm blib/lib/MemHandle/Tie.pm
cp MemHandle.pm blib/lib/MemHandle.pm
Manifying blib/man3/MemHandle::Tie.3
Manifying blib/man3/MemHandle.3

[MSG] [Fri Nov 26 01:43:04 2010] MAKE TEST passed: PERL_DL_NONLAZY=1 /export/home/cpan/pit/64bit/perl-5.12.2/bin/perl "-Iblib/lib" "-Iblib/arch" test.pl
1..3
ok 1
ok 2
ok 3

[MSG] [Fri Nov 26 01:43:04 2010] Sending test report for 'MemHandle-0.06'
[MSG] [Fri Nov 26 01:43:04 2010] Successfully sent 'pass' report for 'MemHandle-0.06'
[MSG] [Fri Nov 26 01:43:05 2010] Trying to get 'ftp://cpan.bingosnet.co.uk/CPAN/authors/id/P/PH/PHOENIX/CHECKSUMS'
[MSG] [Fri Nov 26 01:43:05 2010] Checksum matches for 'Taint-0.09.tar.gz'
[MSG] [Fri Nov 26 01:43:06 2010] Extracted 'Taint' to '/export/home/cpan/pit/64bit/conf/perl-5.12.2/.cpanplus/5.12.2/build/Taint-0.09'
[MSG] [Fri Nov 26 01:43:06 2010] CPANPLUS is prefering Build.PL
[MSG] [Fri Nov 26 01:43:07 2010] Checking if your kit is complete...
Looks good
Writing Makefile for Taint

[MSG] [Fri Nov 26 01:43:07 2010] DEFAULT 'filter_prereqs' HANDLER RETURNING 'sub return value'
[MSG] [Fri Nov 26 01:43:07 2010] Checking for previous PASS result for "Taint-0.09"
[MSG] [Fri Nov 26 01:43:10 2010] cp Taint.pm blib/lib/Taint.pm
Manifying blib/man3/Taint.3

[ERROR] [Fri Nov 26 01:43:11 2010] MAKE TEST failed: No such file or directory PERL_DL_NONLAZY=1 /export/home/cpan/pit/64bit/perl-5.12.2/bin/perl "-MExtUtils::Command::MM" "-e" "test_harness(0, 'blib/lib', 'blib/arch')" t/*.t
t/0-basic.t .... 
Failed 7/52 subtests 
t/no-taint.t ... ok
t/tied.t ....... 
Failed 2/11 subtests 
t/u-untaint.t .. ok

Test Summary Report
-------------------
t/0-basic.t  (Wstat: 0 Tests: 52 Failed: 7)
  Failed tests:  32, 38-41, 43, 52
t/tied.t     (Wstat: 0 Tests: 12 Failed: 3)
  Failed tests:  8-9, 12
  Parse errors: Bad plan.  You planned 11 tests but ran 12.
Files=4, Tests=78,  1 wallclock secs ( 0.23 usr  0.10 sys +  0.24 cusr  0.16 csys =  0.73 CPU)
Result: FAIL
Failed 2/4 test programs. 10/78 subtests failed.
*** Error code 255
make: Fatal error: Command failed for target `test_dynamic'

[MSG] [Fri Nov 26 01:43:11 2010] DEFAULT 'proceed_on_test_failure' HANDLER RETURNING 'sub return value'


Perl module toolchain versions installed:
	Module Name                        Have
	CPANPLUS                         0.9010
	CPANPLUS::Dist::Build              0.50
	Cwd                                3.33
	ExtUtils::CBuilder               0.2703
	ExtUtils::Command                  1.16
	ExtUtils::Install                  1.55
	ExtUtils::MakeMaker                6.56
	ExtUtils::Manifest                 1.58
	ExtUtils::ParseXS                2.2206
	File::Spec                         3.33
	Module::Build                    0.3607
	Test::Harness                      3.22
	Test::More                         0.96
	version                            0.85

******************************** NOTE ********************************
The comments above are created mechanically, possibly without manual
checking by the sender.  As there are many people performing automatic
tests on each upload to CPAN, it is likely that you will receive 
identical messages about the same problem.

If you believe that the message is mistaken, please reply to the first
one with correction and/or additional informations, and do not take
it personally.  We appreciate your patience. :)
**********************************************************************

Additional comments:
 

This report was machine-generated by CPANPLUS::Dist::YACSmoke 0.58.
Powered by minismokebox version 0.36

------------------------------
ENVIRONMENT AND OTHER CONTEXT
------------------------------

Environment variables:

    AUTOMATED_TESTING = 1
    LC_COLLATE = en_GB.UTF-8
    LC_CTYPE = en_GB.UTF-8
    LC_MESSAGES = C
    LC_MONETARY = en_GB.UTF-8
    LC_NUMERIC = en_GB.UTF-8
    PATH = /opt/SUNswpro/bin:/usr/ccs/bin:/usr/bin:/usr/sfw/bin
    PERL5LIB = :/export/home/cpan/pit/64bit/conf/perl-5.12.2/.cpanplus/5.12.2/build/MemHandle-0.06/blib/lib:/export/home/cpan/pit/64bit/conf/perl-5.12.2/.cpanplus/5.12.2/build/MemHandle-0.06/blib/arch:/export/home/cpan/pit/64bit/conf/perl-5.12.2/.cpanplus/5.12.2/build/Taint-0.09/blib/lib:/export/home/cpan/pit/64bit/conf/perl-5.12.2/.cpanplus/5.12.2/build/Taint-0.09/blib/arch
    PERL5_CPANPLUS_IS_RUNNING = 10545
    PERL5_CPANPLUS_IS_VERSION = 0.9010
    PERL5_MINISMOKEBOX = 0.36
    PERL5_YACSMOKE_BASE = /export/home/cpan/pit/64bit/conf/perl-5.12.2
    PERL_EXTUTILS_AUTOINSTALL = --defaultdeps
    PERL_MM_USE_DEFAULT = 1
    SHELL = /usr/bin/bash
    TERM = vt100

Perl special variables (and OS-specific diagnostics, for MSWin32):

    Perl: $^X = /export/home/cpan/pit/64bit/perl-5.12.2/bin/perl
    UID:  $<  = 100
    EUID: $>  = 100
    GID:  $(  = 100 100
    EGID: $)  = 100 100


-------------------------------


--

Summary of my perl5 (revision 5 version 12 subversion 2) configuration:
   
  Platform:
    osname=solaris, osvers=2.10, archname=i86pc-solaris-64int
    uname='sunos sharpnel 5.10 generic_120012-14 i86pc i386 i86pc '
    config_args='-des -Dprefix=/export/home/cpan/pit/64bit/perl-5.12.2 -Duse64bitint'
    hint=recommended, useposix=true, d_sigaction=define
    useithreads=undef, usemultiplicity=undef
    useperlio=define, d_sfio=undef, uselargefiles=define, usesocks=undef
    use64bitint=define, use64bitall=undef, uselongdouble=undef
    usemymalloc=n, bincompat5005=undef
  Compiler:
    cc='/opt/SUNWspro/bin/cc', ccflags ='-DPTR_IS_LONG -D_LARGEFILE_SOURCE -D_FILE_OFFSET_BITS=64 -DPERL_USE_SAFE_PUTENV',
    optimize='-O',
    cppflags='-DPTR_IS_LONG'
    ccversion='Sun C 5.9 SunOS_i386 2007/05/03', gccversion='', gccosandvers=''
    intsize=4, longsize=4, ptrsize=4, doublesize=8, byteorder=12345678
    d_longlong=define, longlongsize=8, d_longdbl=define, longdblsize=12
    ivtype='long long', ivsize=8, nvtype='double', nvsize=8, Off_t='off_t', lseeksize=8
    alignbytes=4, prototype=define
  Linker and Libraries:
    ld='/opt/SUNWspro/bin/cc', ldflags =' -L/usr/lib -L/usr/ccs/lib -L/opt/SUNWspro/prod/lib -L/lib '
    libpth=/usr/lib /usr/ccs/lib /opt/SUNWspro/prod/lib /lib
    libs=-lsocket -lnsl -ldl -lm -lc
    perllibs=-lsocket -lnsl -ldl -lm -lc
    libc=/lib/libc.so, so=so, useshrplib=false, libperl=libperl.a
    gnulibc_version=''
  Dynamic Linking:
    dlsrc=dl_dlopen.xs, dlext=so, d_dlsymun=undef, ccdlflags=' '
    cccdlflags='-KPIC', lddlflags='-G -L/usr/lib -L/usr/ccs/lib -L/opt/SUNWspro/prod/lib -L/lib'


Characteristics of this binary (from libperl): 
  Compile-time options: PERL_DONT_CREATE_GVSV PERL_MALLOC_WRAP
                        PERL_USE_SAFE_PUTENV USE_64_BIT_INT USE_LARGE_FILES
                        USE_PERLIO USE_PERL_ATOF
  Built under solaris
  Compiled at Sep 28 2010 11:15:48
  %ENV:
    PERL5LIB=":/export/home/cpan/pit/64bit/conf/perl-5.12.2/.cpanplus/5.12.2/build/MemHandle-0.06/blib/lib:/export/home/cpan/pit/64bit/conf/perl-5.12.2/.cpanplus/5.12.2/build/MemHandle-0.06/blib/arch:/export/home/cpan/pit/64bit/conf/perl-5.12.2/.cpanplus/5.12.2/build/Taint-0.09/blib/lib:/export/home/cpan/pit/64bit/conf/perl-5.12.2/.cpanplus/5.12.2/build/Taint-0.09/blib/arch"
    PERL5_CPANPLUS_IS_RUNNING="10545"
    PERL5_CPANPLUS_IS_VERSION="0.9010"
    PERL5_MINISMOKEBOX="0.36"
    PERL5_YACSMOKE_BASE="/export/home/cpan/pit/64bit/conf/perl-5.12.2"
    PERL_EXTUTILS_AUTOINSTALL="--defaultdeps"
    PERL_MM_USE_DEFAULT="1"
  @INC:
    /export/home/cpan/pit/64bit/conf/perl-5.12.2/.cpanplus/5.12.2/build/MemHandle-0.06/blib/lib
    /export/home/cpan/pit/64bit/conf/perl-5.12.2/.cpanplus/5.12.2/build/MemHandle-0.06/blib/arch
    /export/home/cpan/pit/64bit/conf/perl-5.12.2/.cpanplus/5.12.2/build/Taint-0.09/blib/lib
    /export/home/cpan/pit/64bit/conf/perl-5.12.2/.cpanplus/5.12.2/build/Taint-0.09/blib/arch
    /export/home/cpan/pit/64bit/perl-5.12.2/lib/site_perl/5.12.2/i86pc-solaris-64int
    /export/home/cpan/pit/64bit/perl-5.12.2/lib/site_perl/5.12.2
    /export/home/cpan/pit/64bit/perl-5.12.2/lib/5.12.2/i86pc-solaris-64int
    /export/home/cpan/pit/64bit/perl-5.12.2/lib/5.12.2
    .