Back
From: metabase:user:30ae4450-2aae-11df-837a-5e0a49663a4f
Subject: FAIL Test-Unit-0.25 v5.20.0 RC1 GNU/Linux
Date: 2014-05-18T16:53:09Z
This distribution has been tested as part of the CPAN Testers
project, supporting the Perl programming language. See
http://wiki.cpantesters.org/ for more information or email
questions to cpan-testers-discuss@perl.org
--
Dear Matthew Astley,
This is a computer-generated report for Test-Unit-0.25
on perl 5.20.0, created by CPAN-Reporter-1.2011.
Thank you for uploading your work to CPAN. However, there was a problem
testing your distribution.
If you think this report is invalid, please consult the CPAN Testers Wiki
for suggestions on how to avoid getting FAIL reports for missing library
or binary dependencies, unsupported operating systems, and so on:
http://wiki.cpantesters.org/wiki/CPANAuthorNotes
Sections of this report:
* Tester comments
* Program output
* Prerequisites
* Environment and other context
------------------------------
TESTER COMMENTS
------------------------------
Additional comments from tester:
this report is from an automated smoke testing program
and was not reviewed by a human for accuracy
------------------------------
PROGRAM OUTPUT
------------------------------
Output from '/usr/bin/make test':
PERL_DL_NONLAZY=1 /home/c/perl5/perlbrew/perls/20rc1i/bin/perl "-MExtUtils::Command::MM" "-MTest::Harness" "-e" "undef *Test::Harness::Switches; test_harness(0, 'blib/lib', 'blib/arch')" t/*.t
defined(@array) is deprecated at /home/c/.cpan/build/Test-Unit-0.25-YkYcUL/blib/lib/Test/Unit/TestCase.pm line 106.
(Maybe you should just omit the defined()?)
t/all_tests.t ..... ok
defined(@array) is deprecated at /home/c/.cpan/build/Test-Unit-0.25-YkYcUL/blib/lib/Test/Unit/TestCase.pm line 106.
(Maybe you should just omit the defined()?)
t/assert.t ........
Failed 2/40 subtests
# Test 1 got: "defined(@array) is deprecated at /home/c/.cpan/build/Test-Unit-0.25-YkYcUL/blib/lib/Test/Unit/TestCase.pm line 106.\n# \t(Maybe you should just omit the defined()?)\n# Suite setup\n# TEST-RUN-SUMMARY\n# \n# TIME-SUMMARY\n# \n# !!!FAILURES!!!\n# Test Results:\n# Run: 2, Failures: 1, Errors: 0\n# \n# There was 1 failure:\n# 1) examples/fail_example.pm:19 - test_fail(fail_example)\n# Born to lose ...\n# \n# Test was not successful.\n# " (t/try_examples.t at line 106)
# Expected: "Suite setup\n# TEST-RUN-SUMMARY\n# \n# TIME-SUMMARY\n# \n# !!!FAILURES!!!\n# Test Results:\n# Run: 2, Failures: 1, Errors: 0\n# \n# There was 1 failure:\n# 1) examples/fail_example.pm:19 - test_fail(fail_example)\n# Born to lose ...\n# \n# Test was not successful.\n# "
# Line 1 is changed:
# - "Suite setup\n"
# + "defined(@array) is deprecated at /home/c/.cpan/build/Test-Unit-0.25-YkYcUL/blib/lib/Test/Unit/TestCase.pm line 106.\n"
# Got 2 extra lines at line 2:
# + "# \t(Maybe you should just omit the defined()?)\n"
# + "# Suite setup\n"
# t/try_examples.t line 106 is: ok($out, $guru_checked{$e});
# Test 2 got: "defined(@array) is deprecated at /home/c/.cpan/build/Test-Unit-0.25-YkYcUL/blib/lib/Test/Unit/TestCase.pm line 106.\n# \t(Maybe you should just omit the defined()?)\n# ...\n# TIME-SUMMARY\n# \n# OK (3 tests)\n# " (t/try_examples.t at line 106 fail #2)
# Expected: "...\n# TIME-SUMMARY\n# \n# OK (3 tests)\n# "
# Line 1 is changed:
# - "...\n"
# + "defined(@array) is deprecated at /home/c/.cpan/build/Test-Unit-0.25-YkYcUL/blib/lib/Test/Unit/TestCase.pm line 106.\n"
# Got 2 extra lines at line 2:
# + "# \t(Maybe you should just omit the defined()?)\n"
# + "# ...\n"
# Test 3 got: "defined(@array) is deprecated at /home/c/.cpan/build/Test-Unit-0.25-YkYcUL/blib/lib/Test/Unit/TestCase.pm line 106.\n# \t(Maybe you should just omit the defined()?)\n# ...\n# TIME-SUMMARY\n# \n# OK (3 tests)\n# " (t/try_examples.t at line 106 fail #3)
# Expected: "...\n# TIME-SUMMARY\n# \n# OK (3 tests)\n# "
# Line 1 is changed:
# - "...\n"
# + "defined(@array) is deprecated at /home/c/.cpan/build/Test-Unit-0.25-YkYcUL/blib/lib/Test/Unit/TestCase.pm line 106.\n"
# Got 2 extra lines at line 2:
# + "# \t(Maybe you should just omit the defined()?)\n"
# + "# ...\n"
# Test 4 got: "defined(@array) is deprecated at /home/c/.cpan/build/Test-Unit-0.25-YkYcUL/blib/lib/Test/Unit/TestCase.pm line 106.\n# \t(Maybe you should just omit the defined()?)\n# ...\n# TIME-SUMMARY\n# \n# OK (3 tests)\n# " (t/try_examples.t at line 106 fail #4)
# Expected: "...\n# TIME-SUMMARY\n# \n# OK (3 tests)\n# "
# Line 1 is changed:
# - "...\n"
# + "defined(@array) is deprecated at /home/c/.cpan/build/Test-Unit-0.25-YkYcUL/blib/lib/Test/Unit/TestCase.pm line 106.\n"
# Got 2 extra lines at line 2:
# + "# \t(Maybe you should just omit the defined()?)\n"
# + "# ...\n"
t/try_examples.t ..
Failed 4/4 subtests
Test Summary Report
-------------------
t/assert.t (Wstat: 0 Tests: 40 Failed: 2)
Failed tests: 22, 26
t/try_examples.t (Wstat: 0 Tests: 4 Failed: 4)
Failed tests: 1-4
Files=3, Tests=89, 2 wallclock secs ( 0.04 usr 0.02 sys + 1.10 cusr 0.18 csys = 1.34 CPU)
Result: FAIL
Failed 2/3 test programs. 6/89 subtests failed.
make: *** [test_dynamic] ÐÑибка 255
------------------------------
PREREQUISITES
------------------------------
Prerequisite modules loaded:
requires:
Module Need Have
------------------- ---- --------
base 1 2.22
Class::Inner 0 0.200001
Devel::Symdump 0 2.11
Error 0 0.17022
build_requires:
Module Need Have
------------------- ---- --------
ExtUtils::MakeMaker 0 6.98
------------------------------
ENVIRONMENT AND OTHER CONTEXT
------------------------------
Environment variables:
AUTOMATED_TESTING = 1
LANG = ru_RU.utf8
PATH = /home/c/perl5/perlbrew/bin:/home/c/perl5/perlbrew/perls/20rc1i/bin:/usr/local/bin:/usr/bin:/bin:/usr/local/games:/usr/games
PERL5LIB =
PERL5OPT =
PERL5_CPANPLUS_IS_RUNNING = 11911
PERL5_CPAN_IS_RUNNING = 11911
PERL5_CPAN_IS_RUNNING_IN_RECURSION = 21202,11911
PERLBREW_MANPATH = /home/c/perl5/perlbrew/perls/20rc1i/man
PERLBREW_PATH = /home/c/perl5/perlbrew/bin:/home/c/perl5/perlbrew/perls/20rc1i/bin
PERLBREW_PERL = 20rc1i
PERLBREW_ROOT = /home/c/perl5/perlbrew
PERLBREW_SKIP_INIT = 1
PERLBREW_VERSION = 0.67
PERL_CR_SMOKER_CURRENT = Task::Cpanel
PERL_EXTUTILS_AUTOINSTALL = --defaultdeps
PERL_MM_USE_DEFAULT = 1
SHELL = /bin/bash
TERM = xterm
Perl special variables (and OS-specific diagnostics, for MSWin32):
$^X = /home/c/perl5/perlbrew/perls/20rc1i/bin/perl
$UID/$EUID = 1000 / 1000
$GID = 1000 24 25 29 30 44 46 103 105 108 110 1000
$EGID = 1000 24 25 29 30 44 46 103 105 108 110 1000
Perl module toolchain versions installed:
Module Have
------------------- --------
CPAN 2.05
CPAN::Meta 2.140640
Cwd 3.47
ExtUtils::CBuilder 0.280216
ExtUtils::Command 1.18
ExtUtils::Install 1.67
ExtUtils::MakeMaker 6.98
ExtUtils::Manifest 1.63
ExtUtils::ParseXS 3.24
File::Spec 3.47
JSON 2.90
JSON::PP 2.27203
Module::Build 0.4205
Module::Signature n/a
Parse::CPAN::Meta 1.4414
Test::Harness 3.30
Test::More 1.001003
YAML 0.90
YAML::Syck 1.27
version 0.9908
--
Summary of my perl5 (revision 5 version 20 subversion 0) configuration:
Platform:
osname=linux, osvers=3.2.0-4-486, archname=i686-linux-thread-multi-64int
uname='linux deb7 3.2.0-4-486 #1 debian 3.2.51-1 i686 gnulinux '
config_args='-de -Dprefix=/home/c/perl5/perlbrew/perls/20rc1i -Dusethreads -Duse64bitint -Aeval:scriptdir=/home/c/perl5/perlbrew/perls/20rc1i/bin'
hint=recommended, useposix=true, d_sigaction=define
useithreads=define, usemultiplicity=define
use64bitint=define, use64bitall=undef, uselongdouble=undef
usemymalloc=n, bincompat5005=undef
Compiler:
cc='cc', ccflags ='-D_REENTRANT -D_GNU_SOURCE -fwrapv -fno-strict-aliasing -pipe -fstack-protector -I/usr/local/include -D_LARGEFILE_SOURCE -D_FILE_OFFSET_BITS=64',
optimize='-O2',
cppflags='-D_REENTRANT -D_GNU_SOURCE -fwrapv -fno-strict-aliasing -pipe -fstack-protector -I/usr/local/include'
ccversion='', gccversion='4.7.2', gccosandvers=''
intsize=4, longsize=4, ptrsize=4, doublesize=8, byteorder=12345678
d_longlong=define, longlongsize=8, d_longdbl=define, longdblsize=12
ivtype='long long', ivsize=8, nvtype='double', nvsize=8, Off_t='off_t', lseeksize=8
alignbytes=4, prototype=define
Linker and Libraries:
ld='cc', ldflags =' -fstack-protector -L/usr/local/lib'
libpth=/usr/local/lib /usr/lib/gcc/i486-linux-gnu/4.7/include-fixed /usr/include/i386-linux-gnu /usr/lib /lib/i386-linux-gnu /lib/../lib /usr/lib/i386-linux-gnu /usr/lib/../lib /lib
libs=-lnsl -lgdbm -ldb -ldl -lm -lcrypt -lutil -lpthread -lc -lgdbm_compat
perllibs=-lnsl -ldl -lm -lcrypt -lutil -lpthread -lc
libc=, so=so, useshrplib=false, libperl=libperl.a
gnulibc_version='2.13'
Dynamic Linking:
dlsrc=dl_dlopen.xs, dlext=so, d_dlsymun=undef, ccdlflags='-Wl,-E'
cccdlflags='-fPIC', lddlflags='-shared -O2 -L/usr/local/lib -fstack-protector'
Characteristics of this binary (from libperl):
Compile-time options: HAS_TIMES MULTIPLICITY PERLIO_LAYERS
PERL_DONT_CREATE_GVSV
PERL_HASH_FUNC_ONE_AT_A_TIME_HARD
PERL_IMPLICIT_CONTEXT PERL_MALLOC_WRAP
PERL_NEW_COPY_ON_WRITE PERL_PRESERVE_IVUV
USE_64_BIT_INT USE_ITHREADS USE_LARGE_FILES
USE_LOCALE USE_LOCALE_COLLATE USE_LOCALE_CTYPE
USE_LOCALE_NUMERIC USE_PERLIO USE_PERL_ATOF
USE_REENTRANT_API
Locally applied patches:
RC1
Built under linux
Compiled at May 18 2014 11:45:22
%ENV:
PERL5LIB=""
PERL5OPT=""
PERL5_CPANPLUS_IS_RUNNING="11911"
PERL5_CPAN_IS_RUNNING="11911"
PERL5_CPAN_IS_RUNNING_IN_RECURSION="21202,11911"
PERLBREW_MANPATH="/home/c/perl5/perlbrew/perls/20rc1i/man"
PERLBREW_PATH="/home/c/perl5/perlbrew/bin:/home/c/perl5/perlbrew/perls/20rc1i/bin"
PERLBREW_PERL="20rc1i"
PERLBREW_ROOT="/home/c/perl5/perlbrew"
PERLBREW_SKIP_INIT="1"
PERLBREW_VERSION="0.67"
PERL_CR_SMOKER_CURRENT="Task::Cpanel"
PERL_EXTUTILS_AUTOINSTALL="--defaultdeps"
PERL_MM_USE_DEFAULT="1"
@INC:
/home/c/perl5/perlbrew/perls/20rc1i/lib/site_perl/5.20.0/i686-linux-thread-multi-64int
/home/c/perl5/perlbrew/perls/20rc1i/lib/site_perl/5.20.0
/home/c/perl5/perlbrew/perls/20rc1i/lib/5.20.0/i686-linux-thread-multi-64int
/home/c/perl5/perlbrew/perls/20rc1i/lib/5.20.0
.