Back
From: metabase:user:605733f7-6bf4-1014-9fd9-f5c948f79432
Subject: FAIL rpm-build-perl-0.82 v5.16.3 GNU/Linux
Date: 2013-04-22T15:18:30Z
This distribution has been tested as part of the CPAN Testers
project, supporting the Perl programming language.  See
http://wiki.cpantesters.org/ for more information or email
questions to cpan-testers-discuss@perl.org
--
Dear Alexey Tourbin,
This is a computer-generated report for rpm-build-perl-0.82
on perl 5.16.3, created by CPAN-Reporter-1.2009.
Thank you for uploading your work to CPAN.  However, there was a problem
testing your distribution.
If you think this report is invalid, please consult the CPAN Testers Wiki
for suggestions on how to avoid getting FAIL reports for missing library
or binary dependencies, unsupported operating systems, and so on:
http://wiki.cpantesters.org/wiki/CPANAuthorNotes
Sections of this report:
    * Tester comments
    * Program output
    * Prerequisites
    * Environment and other context
------------------------------
TESTER COMMENTS
------------------------------
Additional comments from tester:
this report is from an automated smoke testing program
and was not reviewed by a human for accuracy
------------------------------
PROGRAM OUTPUT
------------------------------
Output from '/usr/bin/make test':
make[1]: Entering directory `/home/jackal/.cpan/build/rpm-build-perl-0.82-4XDVFh/ConstOptree'
make[1]: Leaving directory `/home/jackal/.cpan/build/rpm-build-perl-0.82-4XDVFh/ConstOptree'
PERL_DL_NONLAZY=1 /home/jackal/perl5/perlbrew/perls/perl-5.16.3/bin/perl "-MExtUtils::Command::MM" "-e" "test_harness(0, 'blib/lib', 'blib/arch')" t/*.t
dying at -e line 1
 at /home/jackal/.cpan/build/rpm-build-perl-0.82-4XDVFh/blib/lib/B/PerlReq.pm line 388.
	B::PerlReq::__ANON__('Can\'t locate object method "padix" via package "B::SVOP" at ...') called at /home/jackal/.cpan/build/rpm-build-perl-0.82-4XDVFh/blib/lib/B/PerlReq.pm line 319
	B::PerlReq::grok_entersub('B::UNOP=SCALAR(0x8aad320)') called at /home/jackal/.cpan/build/rpm-build-perl-0.82-4XDVFh/blib/lib/B/Walker.pm line 56
	B::Walker::walk_root('B::UNOP=SCALAR(0x8aad320)') called at /home/jackal/.cpan/build/rpm-build-perl-0.82-4XDVFh/blib/lib/B/Walker.pm line 64
	B::Walker::walk_root('B::LISTOP=SCALAR(0x8aad360)') called at /home/jackal/.cpan/build/rpm-build-perl-0.82-4XDVFh/blib/lib/B/Walker.pm line 105
	B::Walker::walk_main() called at /home/jackal/.cpan/build/rpm-build-perl-0.82-4XDVFh/blib/lib/B/PerlReq.pm line 391
	B::PerlReq::__ANON__() called at (eval 1) line 31
	O::CHECK() called at -e line 0
	eval {...} called at -e line 0
Can't locate object method "padix" via package "B::SVOP" at /home/jackal/.cpan/build/rpm-build-perl-0.82-4XDVFh/blib/lib/B/PerlReq.pm line 319.
CHECK failed--call queue aborted.
#   Failed test at t/01-B-PerlReq.t line 93.
#          got: 'perl(Try/Tiny.pm)
# perl(Bar.pm)'
#     expected: ''
dying at -e line 1
 at /home/jackal/.cpan/build/rpm-build-perl-0.82-4XDVFh/blib/lib/B/PerlReq.pm line 388.
	B::PerlReq::__ANON__('Can\'t locate object method "padix" via package "B::SVOP" at ...') called at /home/jackal/.cpan/build/rpm-build-perl-0.82-4XDVFh/blib/lib/B/PerlReq.pm line 319
	B::PerlReq::grok_entersub('B::UNOP=SCALAR(0x87ccac0)') called at /home/jackal/.cpan/build/rpm-build-perl-0.82-4XDVFh/blib/lib/B/Walker.pm line 56
	B::Walker::walk_root('B::UNOP=SCALAR(0x87ccac0)') called at /home/jackal/.cpan/build/rpm-build-perl-0.82-4XDVFh/blib/lib/B/Walker.pm line 64
	B::Walker::walk_root('B::LISTOP=SCALAR(0x87ccad0)') called at /home/jackal/.cpan/build/rpm-build-perl-0.82-4XDVFh/blib/lib/B/Walker.pm line 64
	B::Walker::walk_root('B::UNOP=SCALAR(0x87ccb30)') called at /home/jackal/.cpan/build/rpm-build-perl-0.82-4XDVFh/blib/lib/B/Walker.pm line 91
	B::Walker::walk_cv('B::CV=SCALAR(0x87ccb80)') called at /home/jackal/.cpan/build/rpm-build-perl-0.82-4XDVFh/blib/lib/B/Walker.pm line 116
	B::Walker::walk_gv('B::GV=SCALAR(0x87ccba0)') called at /home/jackal/.cpan/build/rpm-build-perl-0.82-4XDVFh/blib/lib/B/Walker.pm line 132
	B::Walker::walk_stash('HASH(0x8646f58)', '') called at /home/jackal/.cpan/build/rpm-build-perl-0.82-4XDVFh/blib/lib/B/Walker.pm line 139
	B::Walker::walk_subs() called at /home/jackal/.cpan/build/rpm-build-perl-0.82-4XDVFh/blib/lib/B/PerlReq.pm line 392
	B::PerlReq::__ANON__() called at (eval 1) line 31
	O::CHECK() called at -e line 0
	eval {...} called at -e line 0
Can't locate object method "padix" via package "B::SVOP" at /home/jackal/.cpan/build/rpm-build-perl-0.82-4XDVFh/blib/lib/B/PerlReq.pm line 319.
CHECK failed--call queue aborted.
#   Failed test at t/01-B-PerlReq.t line 94.
#          got: 'perl(Try/Tiny.pm)
# perl(Bar.pm)'
#     expected: ''
dying at -e line 1
 at /home/jackal/.cpan/build/rpm-build-perl-0.82-4XDVFh/blib/lib/B/PerlReq.pm line 388.
	B::PerlReq::__ANON__('Can\'t locate object method "padix" via package "B::SVOP" at ...') called at /home/jackal/.cpan/build/rpm-build-perl-0.82-4XDVFh/blib/lib/B/PerlReq.pm line 319
	B::PerlReq::grok_entersub('B::UNOP=SCALAR(0x8e9b190)') called at /home/jackal/.cpan/build/rpm-build-perl-0.82-4XDVFh/blib/lib/B/Walker.pm line 56
	B::Walker::walk_root('B::UNOP=SCALAR(0x8e9b190)') called at /home/jackal/.cpan/build/rpm-build-perl-0.82-4XDVFh/blib/lib/B/Walker.pm line 64
	B::Walker::walk_root('B::LISTOP=SCALAR(0x8e9b1d0)') called at /home/jackal/.cpan/build/rpm-build-perl-0.82-4XDVFh/blib/lib/B/Walker.pm line 105
	B::Walker::walk_main() called at /home/jackal/.cpan/build/rpm-build-perl-0.82-4XDVFh/blib/lib/B/PerlReq.pm line 391
	B::PerlReq::__ANON__() called at (eval 1) line 31
	O::CHECK() called at -e line 0
	eval {...} called at -e line 0
Can't locate object method "padix" via package "B::SVOP" at /home/jackal/.cpan/build/rpm-build-perl-0.82-4XDVFh/blib/lib/B/PerlReq.pm line 319.
CHECK failed--call queue aborted.
#   Failed test at t/01-B-PerlReq.t line 95.
#          got: 'perl(Try/Tiny.pm)
# perl(Baz.pm)'
#     expected: ''
# Looks like you failed 3 tests of 78.
t/01-B-PerlReq.t .. 
Dubious, test returned 3 (wstat 768, 0x300)
Failed 3/78 subtests 
dying at /home/jackal/perl5/perlbrew/perls/perl-5.16.3/lib/5.16.3/AutoLoader.pm line 23
 at /home/jackal/.cpan/build/rpm-build-perl-0.82-4XDVFh/blib/lib/B/PerlReq.pm line 388.
	B::PerlReq::__ANON__('Can\'t locate object method "padix" via package "B::SVOP" at ...') called at /home/jackal/.cpan/build/rpm-build-perl-0.82-4XDVFh/blib/lib/B/PerlReq.pm line 319
	B::PerlReq::grok_entersub('B::UNOP=SCALAR(0x8cb24f0)') called at /home/jackal/.cpan/build/rpm-build-perl-0.82-4XDVFh/blib/lib/B/Walker.pm line 56
	B::Walker::walk_root('B::UNOP=SCALAR(0x8cb24f0)') called at /home/jackal/.cpan/build/rpm-build-perl-0.82-4XDVFh/blib/lib/B/Walker.pm line 64
	B::Walker::walk_root('B::BINOP=SCALAR(0x8cb5f88)') called at /home/jackal/.cpan/build/rpm-build-perl-0.82-4XDVFh/blib/lib/B/Walker.pm line 64
	B::Walker::walk_root('B::LISTOP=SCALAR(0x8cb5f98)') called at /home/jackal/.cpan/build/rpm-build-perl-0.82-4XDVFh/blib/lib/B/Walker.pm line 64
	B::Walker::walk_root('B::UNOP=SCALAR(0x8cb6098)') called at /home/jackal/.cpan/build/rpm-build-perl-0.82-4XDVFh/blib/lib/B/Walker.pm line 91
	B::Walker::walk_cv('B::CV=SCALAR(0x8cb60e8)') called at /home/jackal/.cpan/build/rpm-build-perl-0.82-4XDVFh/blib/lib/B/Walker.pm line 116
	B::Walker::walk_gv('B::GV=SCALAR(0x8cb6138)') called at /home/jackal/.cpan/build/rpm-build-perl-0.82-4XDVFh/blib/lib/B/Walker.pm line 132
	B::Walker::walk_stash('HASH(0x8bc6ba0)', 'AutoLoader::') called at /home/jackal/.cpan/build/rpm-build-perl-0.82-4XDVFh/blib/lib/B/Walker.pm line 127
	B::Walker::walk_stash('HASH(0x8b31f58)', '') called at /home/jackal/.cpan/build/rpm-build-perl-0.82-4XDVFh/blib/lib/B/Walker.pm line 139
	B::Walker::walk_subs() called at /home/jackal/.cpan/build/rpm-build-perl-0.82-4XDVFh/blib/lib/B/PerlReq.pm line 392
	B::PerlReq::__ANON__() called at (eval 2) line 31
	O::CHECK() called at /home/jackal/perl5/perlbrew/perls/perl-5.16.3/lib/5.16.3/AutoLoader.pm line 0
	eval {...} called at /home/jackal/perl5/perlbrew/perls/perl-5.16.3/lib/5.16.3/AutoLoader.pm line 0
Can't locate object method "padix" via package "B::SVOP" at /home/jackal/.cpan/build/rpm-build-perl-0.82-4XDVFh/blib/lib/B/PerlReq.pm line 319.
CHECK failed--call queue aborted.
# /home/jackal/perl5/perlbrew/perls/perl-5.16.3/lib/5.16.3/AutoLoader.pm: deparse failed. prefix=/home/jackal/perl5/perlbrew/perls/perl-5.16.3/lib/5.16.3
#   Failed test 'AutoLoader.pm zero exit status'
#   at t/02-perlreq.t line 33.
dying at /home/jackal/perl5/perlbrew/perls/perl-5.16.3/lib/5.16.3/Exporter.pm line 85
 at /home/jackal/.cpan/build/rpm-build-perl-0.82-4XDVFh/blib/lib/B/PerlReq.pm line 388.
	B::PerlReq::__ANON__('Can\'t locate object method "padix" via package "B::SVOP" at ...') called at /home/jackal/.cpan/build/rpm-build-perl-0.82-4XDVFh/blib/lib/B/PerlReq.pm line 319
	B::PerlReq::grok_entersub('B::UNOP=SCALAR(0x9a64e08)') called at /home/jackal/.cpan/build/rpm-build-perl-0.82-4XDVFh/blib/lib/B/Walker.pm line 56
	B::Walker::walk_root('B::UNOP=SCALAR(0x9a64e08)') called at /home/jackal/.cpan/build/rpm-build-perl-0.82-4XDVFh/blib/lib/B/Walker.pm line 64
	B::Walker::walk_root('B::LISTOP=SCALAR(0x9a6cb10)') called at /home/jackal/.cpan/build/rpm-build-perl-0.82-4XDVFh/blib/lib/B/Walker.pm line 64
	B::Walker::walk_root('B::UNOP=SCALAR(0x9a6cb00)') called at /home/jackal/.cpan/build/rpm-build-perl-0.82-4XDVFh/blib/lib/B/Walker.pm line 64
	B::Walker::walk_root('B::UNOP=SCALAR(0x9a6c7b0)') called at /home/jackal/.cpan/build/rpm-build-perl-0.82-4XDVFh/blib/lib/B/Walker.pm line 64
	B::Walker::walk_root('B::UNOP=SCALAR(0x9a6c760)') called at /home/jackal/.cpan/build/rpm-build-perl-0.82-4XDVFh/blib/lib/B/Walker.pm line 64
	B::Walker::walk_root('B::UNOP=SCALAR(0x9a6c770)') called at /home/jackal/.cpan/build/rpm-build-perl-0.82-4XDVFh/blib/lib/B/Walker.pm line 64
	B::Walker::walk_root('B::UNOP=SCALAR(0x9a7a2b0)') called at /home/jackal/.cpan/build/rpm-build-perl-0.82-4XDVFh/blib/lib/B/Walker.pm line 64
	B::Walker::walk_root('B::UNOP=SCALAR(0x9a7a280)') called at /home/jackal/.cpan/build/rpm-build-perl-0.82-4XDVFh/blib/lib/B/Walker.pm line 64
	B::Walker::walk_root('B::LISTOP=SCALAR(0x9a7a1e0)') called at /home/jackal/.cpan/build/rpm-build-perl-0.82-4XDVFh/blib/lib/B/Walker.pm line 64
	B::Walker::walk_root('B::UNOP=SCALAR(0x9a7a1d0)') called at /home/jackal/.cpan/build/rpm-build-perl-0.82-4XDVFh/blib/lib/B/Walker.pm line 91
	B::Walker::walk_cv('B::CV=SCALAR(0x9a7a250)') called at /home/jackal/.cpan/build/rpm-build-perl-0.82-4XDVFh/blib/lib/B/Walker.pm line 116
	B::Walker::walk_gv('B::GV=SCALAR(0x9a7a2a0)') called at /home/jackal/.cpan/build/rpm-build-perl-0.82-4XDVFh/blib/lib/B/Walker.pm line 132
	B::Walker::walk_stash('HASH(0x98eab08)', 'Exporter::') called at /home/jackal/.cpan/build/rpm-build-perl-0.82-4XDVFh/blib/lib/B/Walker.pm line 127
	B::Walker::walk_stash('HASH(0x98daf58)', '') called at /home/jackal/.cpan/build/rpm-build-perl-0.82-4XDVFh/blib/lib/B/Walker.pm line 139
	B::Walker::walk_subs() called at /home/jackal/.cpan/build/rpm-build-perl-0.82-4XDVFh/blib/lib/B/PerlReq.pm line 392
	B::PerlReq::__ANON__() called at (eval 2) line 31
	O::CHECK() called at /home/jackal/perl5/perlbrew/perls/perl-5.16.3/lib/5.16.3/Exporter.pm line 0
	eval {...} called at /home/jackal/perl5/perlbrew/perls/perl-5.16.3/lib/5.16.3/Exporter.pm line 0
Can't locate object method "padix" via package "B::SVOP" at /home/jackal/.cpan/build/rpm-build-perl-0.82-4XDVFh/blib/lib/B/PerlReq.pm line 319.
CHECK failed--call queue aborted.
# /home/jackal/perl5/perlbrew/perls/perl-5.16.3/lib/5.16.3/Exporter.pm: deparse failed. prefix=/home/jackal/perl5/perlbrew/perls/perl-5.16.3/lib/5.16.3
#   Failed test 'Exporter.pm dependencies'
#   at t/02-perlreq.t line 32.
#          got: ''
#     expected: 'perl(Exporter/Heavy.pm)'
#   Failed test 'Exporter.pm zero exit status'
#   at t/02-perlreq.t line 33.
# Looks like you failed 3 tests of 4.
t/02-perlreq.t .... 
Dubious, test returned 3 (wstat 768, 0x300)
Failed 3/4 subtests 
t/03-perlprov.t ... ok
Test Summary Report
-------------------
t/01-B-PerlReq.t (Wstat: 768 Tests: 78 Failed: 3)
  Failed tests:  46-48
  Non-zero exit status: 3
t/02-perlreq.t  (Wstat: 768 Tests: 4 Failed: 3)
  Failed tests:  2-4
  Non-zero exit status: 3
Files=3, Tests=112,  4 wallclock secs ( 0.05 usr  0.02 sys +  3.33 cusr  0.45 csys =  3.85 CPU)
Result: FAIL
Failed 2/3 test programs. 6/112 subtests failed.
make: *** [test_dynamic] Error 255
------------------------------
PREREQUISITES
------------------------------
Prerequisite modules loaded:
requires:
    Module              Need Have   
    ------------------- ---- -------
    B                   0    1.35   
    Encode              0    2.44_01
    O                   0    1.01   
    Safe                0    2.31_01
    Test::More          0    0.98   
build_requires:
    Module              Need Have   
    ------------------- ---- -------
    ExtUtils::MakeMaker 0    6.63_02
configure_requires:
    Module              Need Have   
    ------------------- ---- -------
    ExtUtils::MakeMaker 0    6.63_02
------------------------------
ENVIRONMENT AND OTHER CONTEXT
------------------------------
Environment variables:
    AUTOMATED_TESTING = 1
    LANG = en_US.UTF-8
    PATH = /home/jackal/perl5/perlbrew/bin:/home/jackal/perl5/perlbrew/perls/perl-5.16.3/bin:/usr/lib/qt-3.3/bin:/usr/local/bin:/bin:/usr/bin:/usr/local/sbin:/usr/sbin:/sbin:/home/jackal/bin
    PERL5LIB = 
    PERL5OPT = 
    PERL5_CPANPLUS_IS_RUNNING = 17352
    PERL5_CPAN_IS_RUNNING = 17352
    PERL5_CPAN_IS_RUNNING_IN_RECURSION = 1777,17352
    PERLBREW_BASHRC_VERSION = 0.59
    PERLBREW_HOME = /home/jackal/.perlbrew
    PERLBREW_MANPATH = /home/jackal/perl5/perlbrew/perls/perl-5.16.3/man
    PERLBREW_PATH = /home/jackal/perl5/perlbrew/bin:/home/jackal/perl5/perlbrew/perls/perl-5.16.3/bin
    PERLBREW_PERL = perl-5.16.3
    PERLBREW_ROOT = /home/jackal/perl5/perlbrew
    PERLBREW_VERSION = 0.59
    PERL_CR_SMOKER_CURRENT = rpm-build-perl-0.82
    PERL_EXTUTILS_AUTOINSTALL = --defaultdeps
    PERL_MM_USE_DEFAULT = 1
    SHELL = /bin/bash
    TERM = xterm
Perl special variables (and OS-specific diagnostics, for MSWin32):
    $^X = /home/jackal/perl5/perlbrew/perls/perl-5.16.3/bin/perl
    $UID/$EUID = 500 / 500
    $GID = 501 501
    $EGID = 501 501
Perl module toolchain versions installed:
    Module              Have    
    ------------------- --------
    CPAN                1.9800  
    CPAN::Meta          2.120630
    Cwd                 3.39_02 
    ExtUtils::CBuilder  0.280206
    ExtUtils::Command   1.17    
    ExtUtils::Install   1.58    
    ExtUtils::MakeMaker 6.63_02 
    ExtUtils::Manifest  1.61    
    ExtUtils::ParseXS   3.16    
    File::Spec          3.39_02 
    JSON                2.53    
    JSON::PP            2.27200 
    Module::Build       0.4003  
    Module::Signature   n/a     
    Parse::CPAN::Meta   1.4402  
    Test::Harness       3.23    
    Test::More          0.98    
    YAML                0.84    
    YAML::Syck          1.22    
    version             0.9901  
--
Summary of my perl5 (revision 5 version 16 subversion 3) configuration:
   
  Platform:
    osname=linux, osvers=2.6.32-358.2.1.el6.i686, archname=i686-linux
    uname='linux foobar 2.6.32-358.2.1.el6.i686 #1 smp tue mar 12 21:42:46 utc 2013 i686 i686 i386 gnulinux '
    config_args='-de -Dprefix=/home/jackal/perl5/perlbrew/perls/perl-5.16.3 -Aeval:scriptdir=/home/jackal/perl5/perlbrew/perls/perl-5.16.3/bin'
    hint=recommended, useposix=true, d_sigaction=define
    useithreads=undef, usemultiplicity=undef
    useperlio=define, d_sfio=undef, uselargefiles=define, usesocks=undef
    use64bitint=undef, use64bitall=undef, uselongdouble=undef
    usemymalloc=n, bincompat5005=undef
  Compiler:
    cc='cc', ccflags ='-fno-strict-aliasing -pipe -fstack-protector -I/usr/local/include -D_LARGEFILE_SOURCE -D_FILE_OFFSET_BITS=64',
    optimize='-O2',
    cppflags='-fno-strict-aliasing -pipe -fstack-protector -I/usr/local/include'
    ccversion='', gccversion='4.4.7 20120313 (Red Hat 4.4.7-3)', gccosandvers=''
    intsize=4, longsize=4, ptrsize=4, doublesize=8, byteorder=1234
    d_longlong=define, longlongsize=8, d_longdbl=define, longdblsize=12
    ivtype='long', ivsize=4, nvtype='double', nvsize=8, Off_t='off_t', lseeksize=8
    alignbytes=4, prototype=define
  Linker and Libraries:
    ld='cc', ldflags =' -fstack-protector -L/usr/local/lib'
    libpth=/usr/local/lib /lib /usr/lib
    libs=-lnsl -ldl -lm -lcrypt -lutil -lc
    perllibs=-lnsl -ldl -lm -lcrypt -lutil -lc
    libc=/lib/libc-2.12.so, so=so, useshrplib=false, libperl=libperl.a
    gnulibc_version='2.12'
  Dynamic Linking:
    dlsrc=dl_dlopen.xs, dlext=so, d_dlsymun=undef, ccdlflags='-Wl,-E'
    cccdlflags='-fPIC', lddlflags='-shared -O2 -L/usr/local/lib -fstack-protector'
Characteristics of this binary (from libperl): 
  Compile-time options: HAS_TIMES PERLIO_LAYERS PERL_DONT_CREATE_GVSV
                        PERL_MALLOC_WRAP PERL_PRESERVE_IVUV USE_LARGE_FILES
                        USE_LOCALE USE_LOCALE_COLLATE USE_LOCALE_CTYPE
                        USE_LOCALE_NUMERIC USE_PERLIO USE_PERL_ATOF
  Built under linux
  Compiled at Apr 11 2013 21:56:53
  %ENV:
    PERL5LIB=""
    PERL5OPT=""
    PERL5_CPANPLUS_IS_RUNNING="17352"
    PERL5_CPAN_IS_RUNNING="17352"
    PERL5_CPAN_IS_RUNNING_IN_RECURSION="1777,17352"
    PERLBREW_BASHRC_VERSION="0.59"
    PERLBREW_HOME="/home/jackal/.perlbrew"
    PERLBREW_MANPATH="/home/jackal/perl5/perlbrew/perls/perl-5.16.3/man"
    PERLBREW_PATH="/home/jackal/perl5/perlbrew/bin:/home/jackal/perl5/perlbrew/perls/perl-5.16.3/bin"
    PERLBREW_PERL="perl-5.16.3"
    PERLBREW_ROOT="/home/jackal/perl5/perlbrew"
    PERLBREW_VERSION="0.59"
    PERL_CR_SMOKER_CURRENT="rpm-build-perl-0.82"
    PERL_EXTUTILS_AUTOINSTALL="--defaultdeps"
    PERL_MM_USE_DEFAULT="1"
  @INC:
    /home/jackal/perl5/perlbrew/perls/perl-5.16.3/lib/site_perl/5.16.3/i686-linux
    /home/jackal/perl5/perlbrew/perls/perl-5.16.3/lib/site_perl/5.16.3
    /home/jackal/perl5/perlbrew/perls/perl-5.16.3/lib/5.16.3/i686-linux
    /home/jackal/perl5/perlbrew/perls/perl-5.16.3/lib/5.16.3
    .